Nov 24 11:25:34.679294 dv-cinder-819089-1-iscsi neutron-server[102482]: INFO neutron.wsgi [req-9f3aa9a5-94c1-4906-86ab-2a0d21bccaeb req-398f8cf4-072a-4b89-9137-79cd4a571eee tempest-ServerRescueNegativeTestJSON-1705551020 tempest-ServerRescueNegativeTestJSON-1705551020-project] 10.222.0.54 "GET /v2.0/security-groups?id=66ddce45-982a-44e9-b832-749abfd3ea67&fields=id&fields=name HTTP/1.1" status: 200 len: 286 time: 0.0670917
Nov 24 11:25:34.720167 dv-cinder-819089-1-iscsi neutron-server[102483]: DEBUG neutron.api.rpc.handlers.l3_rpc [None req-ca049cd8-7cc6-4e85-9426-de87ca149476 None None] Sync routers for ids ['bc6be8e5-cc49-41d5-8553-cba4700e981e'] in dv-cinder-819089-1-iscsi {{(pid=102483) sync_routers /opt/stack/neutron/neutron/api/rpc/handlers/l3_rpc.py:125}}
Nov 24 11:25:34.731592 dv-cinder-819089-1-iscsi neutron-server[102483]: DEBUG neutron.db.l3_dvrscheduler_db [None req-ca049cd8-7cc6-4e85-9426-de87ca149476 None None] Routers {'bc6be8e5-cc49-41d5-8553-cba4700e981e'} bound to L3 agent in host dv-cinder-819089-1-iscsi {{(pid=102483) _get_router_ids_for_agent /opt/stack/neutron/neutron/db/l3_dvrscheduler_db.py:420}}
Nov 24 11:25:34.732512 dv-cinder-819089-1-iscsi neutron-server[102483]: DEBUG neutron.db.l3_hamode_db [None req-ca049cd8-7cc6-4e85-9426-de87ca149476 None None] neutron.services.l3_router.l3_router_plugin.L3RouterPlugin method get_ha_sync_data_for_host called with arguments (, 'dv-cinder-819089-1-iscsi', Agent(admin_state_up=True,agent_type='L3 agent',availability_zone='nova',binary='neutron-l3-agent',configurations={"agent_mode": "legacy", "ex_gw_ports": 4, "extensions": [], "floating_ips": 1, "handle_internal_only_routers": true, "interface_driver": "openvswitch", "interfaces": 3, "log_agent_heartbeats": false, "routers": 4},created_at=2021-11-24T11:16:29Z,description=,heartbeat_timestamp=2021-11-24T11:25:29Z,host='dv-cinder-819089-1-iscsi',id=db6ab484-35e5-4ac5-bab9-bd1ee864826e,load=0,resource_versions=,resources_synced=,started_at=2021-11-24T11:16:29Z,topic='l3_agent')) {'router_ids': ['bc6be8e5-cc49-41d5-8553-cba4700e981e'], 'active': True} {{(pid=102483) wrapper /usr/local/lib/python3.8/dist-packages/oslo_log/helpers.py:65}}
Nov 24 11:25:34.856156 dv-cinder-819089-1-iscsi neutron-server[102483]: DEBUG neutron.db.l3_dvr_db [None req-ca049cd8-7cc6-4e85-9426-de87ca149476 None None] Set router bc6be8e5-cc49-41d5-8553-cba4700e981e gateway port host: dv-cinder-819089-1-iscsi {{(pid=102483) _build_routers_list /opt/stack/neutron/neutron/db/l3_dvr_db.py:906}}
Nov 24 11:25:34.984791 dv-cinder-819089-1-iscsi neutron-server[102482]: DEBUG neutron.wsgi [-] (102482) accepted ('10.222.0.54', 52026) {{(pid=102482) server /usr/local/lib/python3.8/dist-packages/eventlet/wsgi.py:1004}}
Nov 24 11:25:35.033966 dv-cinder-819089-1-iscsi neutron-server[102482]: DEBUG neutron.db.db_base_plugin_v2 [None req-a23562f1-68e1-4970-ab80-b9fdc8465409 admin admin] Deleting subnet 998e6652-39c2-4c19-b723-d69e3254f5d2 {{(pid=102482) delete_subnet /opt/stack/neutron/neutron/db/db_base_plugin_v2.py:1059}}
Nov 24 11:25:35.037541 dv-cinder-819089-1-iscsi neutron-server[102482]: DEBUG neutron_lib.callbacks.manager [None req-a23562f1-68e1-4970-ab80-b9fdc8465409 admin admin] Publish callbacks [] for subnet, before_delete {{(pid=102482) _notify_loop /usr/local/lib/python3.8/dist-packages/neutron_lib/callbacks/manager.py:175}}
Nov 24 11:25:35.093209 dv-cinder-819089-1-iscsi neutron-server[102483]: DEBUG neutron.db.l3_hamode_db [None req-ca049cd8-7cc6-4e85-9426-de87ca149476 None None] neutron.services.l3_router.l3_router_plugin.L3RouterPlugin method _process_sync_ha_data called with arguments (, [{'id': 'bc6be8e5-cc49-41d5-8553-cba4700e981e', 'name': 'tempest-TestVolumeBootPattern-185234706-router', 'tenant_id': '37f1d77d1905445aa237876e5597e619', 'admin_state_up': True, 'status': 'ACTIVE', 'external_gateway_info': {'network_id': 'abec3bdb-3f5f-43d3-a05f-b74eaa51b59e', 'external_fixed_ips': [{'subnet_id': '68c5d2bd-607c-45ea-a578-f70e1637afae', 'ip_address': '172.27.1.44'}], 'enable_snat': True}, 'gw_port_id': 'e4d98db4-b260-418b-907a-ca771c1f65c9', 'description': '', 'availability_zones': ['nova'], 'distributed': False, 'ha': False, 'ha_vr_id': 0, 'availability_zone_hints': [], 'routes': [], 'flavor_id': None, 'tags': [], 'created_at': '2021-11-24T11:25:27Z', 'updated_at': '2021-11-24T11:25:32Z', 'revision_number': 4, 'project_id': '37f1d77d1905445aa237876e5597e619', 'gw_port': {'id': 'e4d98db4-b260-418b-907a-ca771c1f65c9', 'name': '', 'network_id': 'abec3bdb-3f5f-43d3-a05f-b74eaa51b59e', 'tenant_id': '', 'mac_address': 'fa:16:3e:a2:0a:a9', 'admin_state_up': True, 'status': 'ACTIVE', 'device_id': 'bc6be8e5-cc49-41d5-8553-cba4700e981e', 'device_owner': 'network:router_gateway', 'standard_attr_id': 275, 'fixed_ips': [{'subnet_id': '68c5d2bd-607c-45ea-a578-f70e1637afae', 'ip_address': '172.27.1.44', 'prefixlen': 24}], 'allowed_address_pairs': [], 'extra_dhcp_opts': [], 'security_groups': [], 'description': '', 'binding:vnic_type': 'normal', 'binding:profile': {}, 'binding:host_id': 'dv-cinder-819089-1-iscsi', 'binding:vif_type': 'ovs', 'binding:vif_details': {'connectivity': 'l2', 'port_filter': True, 'ovs_hybrid_plug': False, 'datapath_type': 'system', 'bridge_name': 'br-int'}, 'port_security_enabled': False, 'tags': [], 'created_at': '2021-11-24T11:25:27Z', 'updated_at': '2021-11-24T11:25:34Z', 'revision_number': 4, 'project_id': '', 'subnets': [{'id': '68c5d2bd-607c-45ea-a578-f70e1637afae', 'cidr': '172.27.1.0/24', 'gateway_ip': '172.27.1.1', 'dns_nameservers': [], 'ipv6_ra_mode': None, 'subnetpool_id': None}], 'extra_subnets': [], 'address_scopes': {4: None, 6: None}, 'mtu': 1500}, 'enable_snat': True, 'gw_port_host': 'dv-cinder-819089-1-iscsi', '_interfaces': [{'id': '9ffb8216-4e43-49a7-b3ef-3fedfb4d5301', 'name': '', 'network_id': '8e50e086-fddf-4cf9-8046-0093f7bc68d8', 'tenant_id': '37f1d77d1905445aa237876e5597e619', 'mac_address': 'fa:16:3e:61:aa:55', 'admin_state_up': True, 'status': 'DOWN', 'device_id': 'bc6be8e5-cc49-41d5-8553-cba4700e981e', 'device_owner': 'network:router_interface', 'standard_attr_id': 296, 'fixed_ips': [{'subnet_id': '9ae07da6-fbf2-4aa1-a050-6e5b4269ee36', 'ip_address': '172.20.0.1', 'prefixlen': 28}], 'allowed_address_pairs': [], 'extra_dhcp_opts': [], 'security_groups': [], 'description': '', 'binding:vnic_type': 'normal', 'binding:profile': {}, 'binding:host_id': '', 'binding:vif_type': 'unbound', 'binding:vif_details': {}, 'port_security_enabled': False, 'tags': [], 'created_at': '2021-11-24T11:25:31Z', 'updated_at': '2021-11-24T11:25:33Z', 'revision_number': 2, 'project_id': '37f1d77d1905445aa237876e5597e619', 'subnets': [{'id': '9ae07da6-fbf2-4aa1-a050-6e5b4269ee36', 'cidr': '172.20.0.0/28', 'gateway_ip': '172.20.0.1', 'dns_nameservers': [], 'ipv6_ra_mode': None, 'subnetpool_id': None}], 'extra_subnets': [], 'address_scopes': {4: None, 6: None}, 'mtu': 1500}]}], 'dv-cinder-819089-1-iscsi', False) {} {{(pid=102483) wrapper /usr/local/lib/python3.8/dist-packages/oslo_log/helpers.py:65}}
Nov 24 11:25:35.094875 dv-cinder-819089-1-iscsi neutron-server[102482]: DEBUG neutron_lib.callbacks.manager [None req-a23562f1-68e1-4970-ab80-b9fdc8465409 admin admin] Publish callbacks [] for subnet, precommit_delete_associations {{(pid=102482) _notify_loop /usr/local/lib/python3.8/dist-packages/neutron_lib/callbacks/manager.py:175}}
Nov 24 11:25:35.115510 dv-cinder-819089-1-iscsi neutron-server[102482]: DEBUG neutron_lib.callbacks.manager [None req-a23562f1-68e1-4970-ab80-b9fdc8465409 admin admin] Publish callbacks ['neutron.plugins.ml2.plugin.Ml2Plugin._subnet_delete_precommit_handler-1036365'] for subnet, precommit_delete {{(pid=102482) _notify_loop /usr/local/lib/python3.8/dist-packages/neutron_lib/callbacks/manager.py:175}}
Nov 24 11:25:35.130506 dv-cinder-819089-1-iscsi neutron-server[102483]: DEBUG neutron.api.rpc.handlers.l3_rpc [None req-ca049cd8-7cc6-4e85-9426-de87ca149476 None None] Checking router: bc6be8e5-cc49-41d5-8553-cba4700e981e for host: dv-cinder-819089-1-iscsi {{(pid=102483) _ensure_host_set_on_ports /opt/stack/neutron/neutron/api/rpc/handlers/l3_rpc.py:155}}
Nov 24 11:25:35.131048 dv-cinder-819089-1-iscsi neutron-server[102483]: DEBUG neutron.api.rpc.handlers.l3_rpc [None req-ca049cd8-7cc6-4e85-9426-de87ca149476 None None] Updating router bc6be8e5-cc49-41d5-8553-cba4700e981e port 9ffb8216-4e43-49a7-b3ef-3fedfb4d5301 binding host dv-cinder-819089-1-iscsi {{(pid=102483) _ensure_host_set_on_port /opt/stack/neutron/neutron/api/rpc/handlers/l3_rpc.py:205}}
Nov 24 11:25:35.157863 dv-cinder-819089-1-iscsi neutron-server[102483]: DEBUG neutron_lib.callbacks.manager [None req-ca049cd8-7cc6-4e85-9426-de87ca149476 None None] Publish callbacks ['neutron.plugins.ml2.plugin.SecurityGroupDbMixin._ensure_default_security_group_handler-555912'] for port, before_update {{(pid=102483) _notify_loop /usr/local/lib/python3.8/dist-packages/neutron_lib/callbacks/manager.py:175}}
Nov 24 11:25:35.249736 dv-cinder-819089-1-iscsi neutron-server[102482]: DEBUG neutron_lib.callbacks.manager [None req-a23562f1-68e1-4970-ab80-b9fdc8465409 admin admin] Publish callbacks ['neutron.plugins.ml2.plugin.Ml2Plugin._subnet_delete_after_delete_handler-1036356', 'neutron.plugins.ml2.ovo_rpc._ObjectChangeHandler.handle_event-2033811', 'neutron.api.rpc.agentnotifiers.dhcp_rpc_agent_api.DhcpAgentNotifyAPI._native_event_send_dhcp_notification-1677091'] for subnet, after_delete {{(pid=102482) _notify_loop /usr/local/lib/python3.8/dist-packages/neutron_lib/callbacks/manager.py:175}}
Nov 24 11:25:35.285157 dv-cinder-819089-1-iscsi neutron-server[102482]: DEBUG neutron.api.rpc.handlers.resources_rpc [None req-a23562f1-68e1-4970-ab80-b9fdc8465409 admin admin] Pushing event deleted for resources: {'Subnet': ['ID=998e6652-39c2-4c19-b723-d69e3254f5d2,revision_number=None']} {{(pid=102482) push /opt/stack/neutron/neutron/api/rpc/handlers/resources_rpc.py:237}}
Nov 24 11:25:35.292120 dv-cinder-819089-1-iscsi neutron-server[102482]: DEBUG neutron_lib.callbacks.manager [None req-a23562f1-68e1-4970-ab80-b9fdc8465409 admin admin] Publish callbacks ['neutron.api.rpc.agentnotifiers.dhcp_rpc_agent_api.DhcpAgentNotifyAPI._send_dhcp_notification-1677105'] for subnet, before_response {{(pid=102482) _notify_loop /usr/local/lib/python3.8/dist-packages/neutron_lib/callbacks/manager.py:175}}
Nov 24 11:25:35.296487 dv-cinder-819089-1-iscsi neutron-server[102482]: INFO neutron.wsgi [None req-a23562f1-68e1-4970-ab80-b9fdc8465409 admin admin] 10.222.0.54 "DELETE /v2.0/subnets/998e6652-39c2-4c19-b723-d69e3254f5d2 HTTP/1.1" status: 204 len: 168 time: 0.3098681
Nov 24 11:25:35.298309 dv-cinder-819089-1-iscsi neutron-server[102482]: DEBUG neutron.wsgi [-] (102482) accepted ('10.222.0.54', 52036) {{(pid=102482) server /usr/local/lib/python3.8/dist-packages/eventlet/wsgi.py:1004}}
Nov 24 11:25:35.345383 dv-cinder-819089-1-iscsi neutron-server[102481]: DEBUG neutron.wsgi [-] (102481) accepted ('10.222.0.54', 52040) {{(pid=102481) server /usr/local/lib/python3.8/dist-packages/eventlet/wsgi.py:1004}}
Nov 24 11:25:35.351146 dv-cinder-819089-1-iscsi neutron-server[102481]: DEBUG neutron.api.v2.base [None req-6a3866a1-5970-4637-8488-a5546a312f12 tempest-TestVolumeBootPattern-62086973 tempest-TestVolumeBootPattern-62086973-project] Request body: {'security_group': {'name': 'tempest-secgroup-smoke-1439076233', 'description': 'tempest-secgroup-smoke-1439076233 description', 'project_id': '303d49c4d2774367b4d1606a579ed56b'}} {{(pid=102481) prepare_request_body /opt/stack/neutron/neutron/api/v2/base.py:729}}
Nov 24 11:25:35.392531 dv-cinder-819089-1-iscsi neutron-server[102482]: DEBUG neutron_lib.callbacks.manager [None req-396a156f-8b92-4013-9c93-700a1e136dbc admin admin] Publish callbacks ['neutron.plugins.ml2.plugin.External_net_db_mixin._before_network_delete_handler-622759'] for network, before_delete {{(pid=102482) _notify_loop /usr/local/lib/python3.8/dist-packages/neutron_lib/callbacks/manager.py:175}}
Nov 24 11:25:35.394799 dv-cinder-819089-1-iscsi neutron-server[102481]: DEBUG neutron_lib.callbacks.manager [None req-6a3866a1-5970-4637-8488-a5546a312f12 tempest-TestVolumeBootPattern-62086973 tempest-TestVolumeBootPattern-62086973-project] Publish callbacks [] for security_group, before_create {{(pid=102481) _notify_loop /usr/local/lib/python3.8/dist-packages/neutron_lib/callbacks/manager.py:175}}
Nov 24 11:25:35.500174 dv-cinder-819089-1-iscsi neutron-server[102482]: DEBUG neutron_lib.callbacks.manager [None req-396a156f-8b92-4013-9c93-700a1e136dbc admin admin] Publish callbacks ['neutron.plugins.ml2.plugin.Ml2Plugin._network_delete_precommit_handler-1037944', 'neutron.services.segments.db._delete_segments_for_network-8771666762424'] for network, precommit_delete {{(pid=102482) _notify_loop /usr/local/lib/python3.8/dist-packages/neutron_lib/callbacks/manager.py:175}}
Nov 24 11:25:35.505839 dv-cinder-819089-1-iscsi neutron-server[102481]: DEBUG neutron_lib.callbacks.manager [None req-6a3866a1-5970-4637-8488-a5546a312f12 tempest-TestVolumeBootPattern-62086973 tempest-TestVolumeBootPattern-62086973-project] Publish callbacks [] for security_group, precommit_create {{(pid=102481) _notify_loop /usr/local/lib/python3.8/dist-packages/neutron_lib/callbacks/manager.py:175}}
Nov 24 11:25:35.514228 dv-cinder-819089-1-iscsi neutron-server[102481]: DEBUG neutron_lib.callbacks.manager [None req-6a3866a1-5970-4637-8488-a5546a312f12 tempest-TestVolumeBootPattern-62086973 tempest-TestVolumeBootPattern-62086973-project] Publish callbacks ['neutron.plugins.ml2.ovo_rpc._ObjectChangeHandler.handle_event-2039335'] for security_group, after_create {{(pid=102481) _notify_loop /usr/local/lib/python3.8/dist-packages/neutron_lib/callbacks/manager.py:175}}
Nov 24 11:25:35.540117 dv-cinder-819089-1-iscsi neutron-server[102482]: DEBUG neutron_lib.callbacks.manager [None req-396a156f-8b92-4013-9c93-700a1e136dbc admin admin] Subscribe: > segment before_delete 55550000 {{(pid=102482) subscribe /usr/local/lib/python3.8/dist-packages/neutron_lib/callbacks/manager.py:45}}
Nov 24 11:25:35.541563 dv-cinder-819089-1-iscsi neutron-server[102482]: DEBUG neutron_lib.callbacks.manager [None req-396a156f-8b92-4013-9c93-700a1e136dbc admin admin] Subscribe: > subnet precommit_delete_associations 55550000 {{(pid=102482) subscribe /usr/local/lib/python3.8/dist-packages/neutron_lib/callbacks/manager.py:45}}
Nov 24 11:25:35.542719 dv-cinder-819089-1-iscsi neutron-server[102482]: DEBUG neutron_lib.callbacks.manager [None req-396a156f-8b92-4013-9c93-700a1e136dbc admin admin] Subscribe: > segment_host_mapping after_create 55550000 {{(pid=102482) subscribe /usr/local/lib/python3.8/dist-packages/neutron_lib/callbacks/manager.py:45}}
Nov 24 11:25:35.545553 dv-cinder-819089-1-iscsi neutron-server[102482]: DEBUG neutron_lib.callbacks.manager [None req-396a156f-8b92-4013-9c93-700a1e136dbc admin admin] Subscribe: > port after_create 55550000 {{(pid=102482) subscribe /usr/local/lib/python3.8/dist-packages/neutron_lib/callbacks/manager.py:45}}
Nov 24 11:25:35.546179 dv-cinder-819089-1-iscsi neutron-server[102482]: DEBUG neutron_lib.callbacks.manager [None req-396a156f-8b92-4013-9c93-700a1e136dbc admin admin] Subscribe: > port after_delete 55550000 {{(pid=102482) subscribe /usr/local/lib/python3.8/dist-packages/neutron_lib/callbacks/manager.py:45}}
Nov 24 11:25:35.546909 dv-cinder-819089-1-iscsi neutron-server[102482]: DEBUG neutron_lib.callbacks.manager [None req-396a156f-8b92-4013-9c93-700a1e136dbc admin admin] Subscribe: > port after_update 55550000 {{(pid=102482) subscribe /usr/local/lib/python3.8/dist-packages/neutron_lib/callbacks/manager.py:45}}
Nov 24 11:25:35.547538 dv-cinder-819089-1-iscsi neutron-server[102482]: DEBUG neutron_lib.callbacks.manager [None req-396a156f-8b92-4013-9c93-700a1e136dbc admin admin] Subscribe: > segment after_delete 55550000 {{(pid=102482) subscribe /usr/local/lib/python3.8/dist-packages/neutron_lib/callbacks/manager.py:45}}
Nov 24 11:25:35.548193 dv-cinder-819089-1-iscsi neutron-server[102482]: DEBUG neutron_lib.callbacks.manager [None req-396a156f-8b92-4013-9c93-700a1e136dbc admin admin] Subscribe: > subnet after_create 55550000 {{(pid=102482) subscribe /usr/local/lib/python3.8/dist-packages/neutron_lib/callbacks/manager.py:45}}
Nov 24 11:25:35.549159 dv-cinder-819089-1-iscsi neutron-server[102482]: DEBUG neutron_lib.callbacks.manager [None req-396a156f-8b92-4013-9c93-700a1e136dbc admin admin] Subscribe: > subnet after_delete 55550000 {{(pid=102482) subscribe /usr/local/lib/python3.8/dist-packages/neutron_lib/callbacks/manager.py:45}}
Nov 24 11:25:35.550539 dv-cinder-819089-1-iscsi neutron-server[102482]: DEBUG neutron_lib.callbacks.manager [None req-396a156f-8b92-4013-9c93-700a1e136dbc admin admin] Subscribe: > subnet after_update 55550000 {{(pid=102482) subscribe /usr/local/lib/python3.8/dist-packages/neutron_lib/callbacks/manager.py:45}}
Nov 24 11:25:35.561768 dv-cinder-819089-1-iscsi neutron-server[102481]: DEBUG neutron_lib.callbacks.manager [None req-6a3866a1-5970-4637-8488-a5546a312f12 tempest-TestVolumeBootPattern-62086973 tempest-TestVolumeBootPattern-62086973-project] Publish callbacks [] for security_group, before_response {{(pid=102481) _notify_loop /usr/local/lib/python3.8/dist-packages/neutron_lib/callbacks/manager.py:175}}
Nov 24 11:25:35.563997 dv-cinder-819089-1-iscsi neutron-server[102481]: INFO neutron.wsgi [None req-6a3866a1-5970-4637-8488-a5546a312f12 tempest-TestVolumeBootPattern-62086973 tempest-TestVolumeBootPattern-62086973-project] 10.222.0.54 "POST /v2.0/security-groups HTTP/1.1" status: 201 len: 1811 time: 0.2160006
Nov 24 11:25:35.564438 dv-cinder-819089-1-iscsi neutron-server[102483]: DEBUG neutron_lib.callbacks.manager [None req-ca049cd8-7cc6-4e85-9426-de87ca149476 None None] Publish callbacks [] for port, precommit_update {{(pid=102483) _notify_loop /usr/local/lib/python3.8/dist-packages/neutron_lib/callbacks/manager.py:175}}
Nov 24 11:25:35.567414 dv-cinder-819089-1-iscsi neutron-server[102481]: DEBUG neutron.wsgi [-] (102481) accepted ('10.222.0.54', 52048) {{(pid=102481) server /usr/local/lib/python3.8/dist-packages/eventlet/wsgi.py:1004}}
Nov 24 11:25:35.574148 dv-cinder-819089-1-iscsi neutron-server[102481]: DEBUG neutron.api.v2.base [None req-81b6a36e-d81b-4781-ada4-89ef9c21ea16 tempest-TestVolumeBootPattern-62086973 tempest-TestVolumeBootPattern-62086973-project] Request body: {'security_group_rule': {'security_group_id': '749864b3-651e-4be6-8e69-9d1153ebce5c', 'project_id': '303d49c4d2774367b4d1606a579ed56b', 'protocol': 'tcp', 'port_range_min': 22, 'port_range_max': 22, 'direction': 'ingress'}} {{(pid=102481) prepare_request_body /opt/stack/neutron/neutron/api/v2/base.py:729}}
Nov 24 11:25:35.577199 dv-cinder-819089-1-iscsi neutron-server[102483]: DEBUG neutron_lib.callbacks.manager [None req-ca049cd8-7cc6-4e85-9426-de87ca149476 None None] Publish callbacks ['neutron.plugins.ml2.plugin.SecurityGroupServerNotifierRpcMixin._notify_sg_on_port_change-554061', 'neutron.plugins.ml2.ovo_rpc._ObjectChangeHandler.handle_event-477366', 'neutron.api.rpc.agentnotifiers.dhcp_rpc_agent_api.DhcpAgentNotifyAPI._native_event_send_dhcp_notification-1677091', 'neutron.db.l3_db.L3RpcNotifierMixin._notify_gateway_port_ip_changed-8771666634222', 'neutron.db.l3_dvrscheduler_db._notify_l3_agent_port_update-8771666203127', 'neutron.db.l3_hascheduler_db._notify_l3_agent_ha_port_update-8771666198541'] for port, after_update {{(pid=102483) _notify_loop /usr/local/lib/python3.8/dist-packages/neutron_lib/callbacks/manager.py:175}}
Nov 24 11:25:35.601457 dv-cinder-819089-1-iscsi neutron-server[102481]: DEBUG neutron.api.rpc.handlers.resources_rpc [None req-6a3866a1-5970-4637-8488-a5546a312f12 tempest-TestVolumeBootPattern-62086973 tempest-TestVolumeBootPattern-62086973-project] Pushing event updated for resources: {'SecurityGroup': ['ID=749864b3-651e-4be6-8e69-9d1153ebce5c,revision_number=1']} {{(pid=102481) push /opt/stack/neutron/neutron/api/rpc/handlers/resources_rpc.py:237}}
Nov 24 11:25:35.622268 dv-cinder-819089-1-iscsi neutron-server[102481]: DEBUG neutron_lib.callbacks.manager [None req-81b6a36e-d81b-4781-ada4-89ef9c21ea16 tempest-TestVolumeBootPattern-62086973 tempest-TestVolumeBootPattern-62086973-project] Publish callbacks [] for security_group_rule, before_create {{(pid=102481) _notify_loop /usr/local/lib/python3.8/dist-packages/neutron_lib/callbacks/manager.py:175}}
Nov 24 11:25:35.735591 dv-cinder-819089-1-iscsi neutron-server[102481]: DEBUG neutron_lib.callbacks.manager [None req-81b6a36e-d81b-4781-ada4-89ef9c21ea16 tempest-TestVolumeBootPattern-62086973 tempest-TestVolumeBootPattern-62086973-project] Publish callbacks [] for security_group_rule, precommit_create {{(pid=102481) _notify_loop /usr/local/lib/python3.8/dist-packages/neutron_lib/callbacks/manager.py:175}}
Nov 24 11:25:35.738035 dv-cinder-819089-1-iscsi neutron-server[102481]: DEBUG neutron.wsgi [-] (102481) accepted ('10.222.0.54', 52050) {{(pid=102481) server /usr/local/lib/python3.8/dist-packages/eventlet/wsgi.py:1004}}
Nov 24 11:25:35.745348 dv-cinder-819089-1-iscsi neutron-server[102483]: DEBUG neutron.api.rpc.handlers.resources_rpc [None req-7edb34e0-18b5-42a1-8661-9868e2f0e80f None None] Pushing event updated for resources: {'Port': ['ID=9ffb8216-4e43-49a7-b3ef-3fedfb4d5301,revision_number=3']} {{(pid=102483) push /opt/stack/neutron/neutron/api/rpc/handlers/resources_rpc.py:237}}
Nov 24 11:25:35.764387 dv-cinder-819089-1-iscsi neutron-server[102481]: DEBUG neutron_lib.callbacks.manager [None req-81b6a36e-d81b-4781-ada4-89ef9c21ea16 tempest-TestVolumeBootPattern-62086973 tempest-TestVolumeBootPattern-62086973-project] Publish callbacks ['neutron.plugins.ml2.ovo_rpc._ObjectChangeHandler.handle_event-2023308'] for security_group_rule, after_create {{(pid=102481) _notify_loop /usr/local/lib/python3.8/dist-packages/neutron_lib/callbacks/manager.py:175}}
Nov 24 11:25:35.765455 dv-cinder-819089-1-iscsi neutron-server[102483]: DEBUG neutron.plugins.ml2.managers [None req-ca049cd8-7cc6-4e85-9426-de87ca149476 None None] Attempting to bind port 9ffb8216-4e43-49a7-b3ef-3fedfb4d5301 on host dv-cinder-819089-1-iscsi for vnic_type normal with profile {{(pid=102483) bind_port /opt/stack/neutron/neutron/plugins/ml2/managers.py:795}}
Nov 24 11:25:35.765788 dv-cinder-819089-1-iscsi neutron-server[102483]: DEBUG neutron.plugins.ml2.managers [None req-ca049cd8-7cc6-4e85-9426-de87ca149476 None None] Attempting to bind port 9ffb8216-4e43-49a7-b3ef-3fedfb4d5301 by drivers openvswitch,hyperv on host dv-cinder-819089-1-iscsi at level 0 using segments [{'id': '0de52ef8-536f-46d5-bdf9-954daaf4effb', 'network_type': 'vlan', 'physical_network': 'physnet1', 'segmentation_id': 741, 'network_id': '8e50e086-fddf-4cf9-8046-0093f7bc68d8'}] {{(pid=102483) _bind_port_level /opt/stack/neutron/neutron/plugins/ml2/managers.py:820}}
Nov 24 11:25:35.766442 dv-cinder-819089-1-iscsi neutron-server[102483]: DEBUG neutron.plugins.ml2.drivers.mech_agent [None req-ca049cd8-7cc6-4e85-9426-de87ca149476 None None] Attempting to bind port 9ffb8216-4e43-49a7-b3ef-3fedfb4d5301 on network 8e50e086-fddf-4cf9-8046-0093f7bc68d8 {{(pid=102483) bind_port /opt/stack/neutron/neutron/plugins/ml2/drivers/mech_agent.py:91}}
Nov 24 11:25:35.771276 dv-cinder-819089-1-iscsi neutron-server[102482]: DEBUG neutron_lib.callbacks.manager [None req-396a156f-8b92-4013-9c93-700a1e136dbc admin admin] Subscribe: > subnet after_create 55550000 {{(pid=102482) subscribe /usr/local/lib/python3.8/dist-packages/neutron_lib/callbacks/manager.py:45}}
Nov 24 11:25:35.772002 dv-cinder-819089-1-iscsi neutron-server[102482]: DEBUG neutron_lib.callbacks.manager [None req-396a156f-8b92-4013-9c93-700a1e136dbc admin admin] Subscribe: > subnet after_delete 55550000 {{(pid=102482) subscribe /usr/local/lib/python3.8/dist-packages/neutron_lib/callbacks/manager.py:45}}
Nov 24 11:25:35.772832 dv-cinder-819089-1-iscsi neutron-server[102482]: DEBUG neutron_lib.callbacks.manager [None req-396a156f-8b92-4013-9c93-700a1e136dbc admin admin] Subscribe: > subnet before_create 55550000 {{(pid=102482) subscribe /usr/local/lib/python3.8/dist-packages/neutron_lib/callbacks/manager.py:45}}
Nov 24 11:25:35.773511 dv-cinder-819089-1-iscsi neutron-server[102482]: DEBUG neutron_lib.callbacks.manager [None req-396a156f-8b92-4013-9c93-700a1e136dbc admin admin] Subscribe: > subnet before_update 55550000 {{(pid=102482) subscribe /usr/local/lib/python3.8/dist-packages/neutron_lib/callbacks/manager.py:45}}
Nov 24 11:25:35.774253 dv-cinder-819089-1-iscsi neutron-server[102482]: DEBUG neutron.services.segments.db [None req-396a156f-8b92-4013-9c93-700a1e136dbc admin admin] neutron.services.segments.plugin.Plugin method get_segments called with arguments (,) {'filters': {'network_id': ['f9c777c0-86f9-4ac0-a3c4-21e00095a7f2']}} {{(pid=102482) wrapper /usr/local/lib/python3.8/dist-packages/oslo_log/helpers.py:65}}
Nov 24 11:25:35.781344 dv-cinder-819089-1-iscsi neutron-server[102483]: DEBUG neutron.plugins.ml2.drivers.mech_agent [None req-ca049cd8-7cc6-4e85-9426-de87ca149476 None None] Checking agent: {'id': '5b7d0c11-b29a-4fb8-9748-65f5dd0d4cb5', 'agent_type': 'Open vSwitch agent', 'binary': 'neutron-openvswitch-agent', 'topic': 'N/A', 'host': 'dv-cinder-819089-1-iscsi', 'admin_state_up': True, 'created_at': datetime.datetime(2021, 11, 24, 11, 16, 32), 'started_at': datetime.datetime(2021, 11, 24, 11, 17, 2), 'heartbeat_timestamp': datetime.datetime(2021, 11, 24, 11, 25, 33), 'description': None, 'resources_synced': None, 'availability_zone': None, 'alive': True, 'configurations': {'arp_responder_enabled': False, 'baremetal_smartnic': False, 'bridge_mappings': {'physnet1': 'br-data'}, 'datapath_type': 'system', 'devices': 0, 'enable_distributed_routing': False, 'extensions': [], 'in_distributed_mode': False, 'integration_bridge': 'br-int', 'l2_population': False, 'log_agent_heartbeats': False, 'ovs_capabilities': {'datapath_types': ['netdev', 'system'], 'iface_types': ['erspan', 'geneve', 'gre', 'internal', 'ip6erspan', 'ip6gre', 'lisp', 'patch', 'stt', 'system', 'tap', 'vxlan']}, 'ovs_hybrid_plug': False, 'resource_provider_bandwidths': {}, 'resource_provider_hypervisors': {'br-data': 'dv-cinder-819089-1-iscsi'}, 'resource_provider_inventory_defaults': {'allocation_ratio': 1.0, 'min_unit': 1, 'step_size': 1, 'reserved': 0}, 'resource_provider_packet_processing_inventory_defaults': {'allocation_ratio': 1.0, 'min_unit': 1, 'step_size': 1, 'reserved': 0}, 'resource_provider_packet_processing_with_direction': {}, 'resource_provider_packet_processing_without_direction': {}, 'tunnel_types': [], 'tunneling_ip': None, 'vhostuser_socket_dir': '/var/run/openvswitch'}, 'resource_versions': {'AddressGroup': '1.2', 'ConntrackHelper': '1.0', 'Log': '1.0', 'Network': '1.1', 'Port': '1.7', 'PortForwarding': '1.2', 'QosPolicy': '1.10', 'SecurityGroup': '1.5', 'SecurityGroupRule': '1.2', 'SubPort': '1.0', 'Subnet': '1.1', 'Trunk': '1.1'}} {{(pid=102483) bind_port /opt/stack/neutron/neutron/plugins/ml2/drivers/mech_agent.py:110}}
Nov 24 11:25:35.781598 dv-cinder-819089-1-iscsi neutron-server[102483]: DEBUG neutron.plugins.ml2.drivers.mech_agent [None req-ca049cd8-7cc6-4e85-9426-de87ca149476 None None] Checking segment: {'id': '0de52ef8-536f-46d5-bdf9-954daaf4effb', 'network_type': 'vlan', 'physical_network': 'physnet1', 'segmentation_id': 741, 'network_id': '8e50e086-fddf-4cf9-8046-0093f7bc68d8'} for mappings: {'physnet1': 'br-data'} with network types: ['local', 'flat', 'vlan'] {{(pid=102483) check_segment_for_agent /opt/stack/neutron/neutron/plugins/ml2/drivers/mech_agent.py:371}}
Nov 24 11:25:35.782157 dv-cinder-819089-1-iscsi neutron-server[102483]: DEBUG neutron_lib.callbacks.manager [None req-ca049cd8-7cc6-4e85-9426-de87ca149476 None None] Publish callbacks [] for ovs_bridge_name, before_read {{(pid=102483) _notify_loop /usr/local/lib/python3.8/dist-packages/neutron_lib/callbacks/manager.py:175}}
Nov 24 11:25:35.782561 dv-cinder-819089-1-iscsi neutron-server[102483]: DEBUG neutron.plugins.ml2.drivers.mech_agent [None req-ca049cd8-7cc6-4e85-9426-de87ca149476 None None] Bound using segment: {'id': '0de52ef8-536f-46d5-bdf9-954daaf4effb', 'network_type': 'vlan', 'physical_network': 'physnet1', 'segmentation_id': 741, 'network_id': '8e50e086-fddf-4cf9-8046-0093f7bc68d8'} {{(pid=102483) bind_port /opt/stack/neutron/neutron/plugins/ml2/drivers/mech_agent.py:120}}
Nov 24 11:25:35.783097 dv-cinder-819089-1-iscsi neutron-server[102483]: DEBUG neutron.plugins.ml2.managers [None req-ca049cd8-7cc6-4e85-9426-de87ca149476 None None] Bound port: 9ffb8216-4e43-49a7-b3ef-3fedfb4d5301, host: dv-cinder-819089-1-iscsi, vif_type: ovs, vif_details: {"connectivity": "l2", "port_filter": true, "ovs_hybrid_plug": false, "datapath_type": "system", "bridge_name": "br-int"}, binding_levels: [{'bound_driver': 'openvswitch', 'bound_segment': {'id': '0de52ef8-536f-46d5-bdf9-954daaf4effb', 'network_type': 'vlan', 'physical_network': 'physnet1', 'segmentation_id': 741, 'network_id': '8e50e086-fddf-4cf9-8046-0093f7bc68d8'}}] {{(pid=102483) _bind_port_level /opt/stack/neutron/neutron/plugins/ml2/managers.py:932}}
Nov 24 11:25:35.783535 dv-cinder-819089-1-iscsi neutron-server[102483]: DEBUG neutron_lib.callbacks.manager [None req-ca049cd8-7cc6-4e85-9426-de87ca149476 None None] Publish callbacks ['neutron.plugins.ml2.plugin.SecurityGroupDbMixin._ensure_default_security_group_handler-555912'] for port, before_update {{(pid=102483) _notify_loop /usr/local/lib/python3.8/dist-packages/neutron_lib/callbacks/manager.py:175}}
Nov 24 11:25:35.805374 dv-cinder-819089-1-iscsi neutron-server[102481]: DEBUG neutron.api.rpc.handlers.resources_rpc [None req-81b6a36e-d81b-4781-ada4-89ef9c21ea16 tempest-TestVolumeBootPattern-62086973 tempest-TestVolumeBootPattern-62086973-project] Pushing event updated for resources: {'SecurityGroupRule': ['ID=c635a5e1-823c-44f4-8c6a-05e3d7d59044,revision_number=0']} {{(pid=102481) push /opt/stack/neutron/neutron/api/rpc/handlers/resources_rpc.py:237}}
Nov 24 11:25:35.831626 dv-cinder-819089-1-iscsi neutron-server[102481]: DEBUG neutron_lib.callbacks.manager [None req-81b6a36e-d81b-4781-ada4-89ef9c21ea16 tempest-TestVolumeBootPattern-62086973 tempest-TestVolumeBootPattern-62086973-project] Publish callbacks [] for security_group_rule, before_response {{(pid=102481) _notify_loop /usr/local/lib/python3.8/dist-packages/neutron_lib/callbacks/manager.py:175}}
Nov 24 11:25:35.832005 dv-cinder-819089-1-iscsi neutron-server[102482]: DEBUG neutron.services.segments.db [None req-396a156f-8b92-4013-9c93-700a1e136dbc admin admin] neutron.services.segments.plugin.Plugin method delete_segment called with arguments (, '033a639b-5f2e-4ee4-ba92-66f4eb21a82d') {'for_net_delete': True} {{(pid=102482) wrapper /usr/local/lib/python3.8/dist-packages/oslo_log/helpers.py:65}}
Nov 24 11:25:35.832895 dv-cinder-819089-1-iscsi neutron-server[102482]: DEBUG neutron.services.segments.db [None req-396a156f-8b92-4013-9c93-700a1e136dbc admin admin] neutron.services.segments.plugin.Plugin method get_segment called with arguments (, '033a639b-5f2e-4ee4-ba92-66f4eb21a82d') {} {{(pid=102482) wrapper /usr/local/lib/python3.8/dist-packages/oslo_log/helpers.py:65}}
Nov 24 11:25:35.833025 dv-cinder-819089-1-iscsi neutron-server[102481]: INFO neutron.wsgi [None req-81b6a36e-d81b-4781-ada4-89ef9c21ea16 tempest-TestVolumeBootPattern-62086973 tempest-TestVolumeBootPattern-62086973-project] 10.222.0.54 "POST /v2.0/security-group-rules HTTP/1.1" status: 201 len: 764 time: 0.2644861
Nov 24 11:25:35.835869 dv-cinder-819089-1-iscsi neutron-server[102481]: DEBUG neutron.wsgi [-] (102481) accepted ('10.222.0.54', 52062) {{(pid=102481) server /usr/local/lib/python3.8/dist-packages/eventlet/wsgi.py:1004}}
Nov 24 11:25:35.845267 dv-cinder-819089-1-iscsi neutron-server[102481]: DEBUG neutron.api.v2.base [None req-0abd83af-0057-4722-b9ae-bd64c9335e10 tempest-TestVolumeBootPattern-62086973 tempest-TestVolumeBootPattern-62086973-project] Request body: {'security_group_rule': {'security_group_id': '749864b3-651e-4be6-8e69-9d1153ebce5c', 'project_id': '303d49c4d2774367b4d1606a579ed56b', 'protocol': 'tcp', 'port_range_min': 22, 'port_range_max': 22, 'direction': 'egress'}} {{(pid=102481) prepare_request_body /opt/stack/neutron/neutron/api/v2/base.py:729}}
Nov 24 11:25:35.895313 dv-cinder-819089-1-iscsi neutron-server[102481]: DEBUG neutron_lib.callbacks.manager [None req-0abd83af-0057-4722-b9ae-bd64c9335e10 tempest-TestVolumeBootPattern-62086973 tempest-TestVolumeBootPattern-62086973-project] Publish callbacks [] for security_group_rule, before_create {{(pid=102481) _notify_loop /usr/local/lib/python3.8/dist-packages/neutron_lib/callbacks/manager.py:175}}
Nov 24 11:25:35.901743 dv-cinder-819089-1-iscsi neutron-server[102482]: DEBUG neutron_lib.callbacks.manager [None req-396a156f-8b92-4013-9c93-700a1e136dbc admin admin] Publish callbacks ['neutron.plugins.ml2.db._prevent_segment_delete_with_port_bound-8771666709580', 'neutron.services.segments.plugin.Plugin._prevent_segment_delete_with_subnet_associated-532784894'] for segment, before_delete {{(pid=102482) _notify_loop /usr/local/lib/python3.8/dist-packages/neutron_lib/callbacks/manager.py:175}}
Nov 24 11:25:35.926303 dv-cinder-819089-1-iscsi neutron-server[102483]: DEBUG neutron.plugins.ml2.db [None req-ca049cd8-7cc6-4e85-9426-de87ca149476 None None] For port 9ffb8216-4e43-49a7-b3ef-3fedfb4d5301, host dv-cinder-819089-1-iscsi, cleared binding levels {{(pid=102483) clear_binding_levels /opt/stack/neutron/neutron/plugins/ml2/db.py:87}}
Nov 24 11:25:35.930950 dv-cinder-819089-1-iscsi neutron-server[102483]: DEBUG neutron.plugins.ml2.db [None req-ca049cd8-7cc6-4e85-9426-de87ca149476 None None] For port 9ffb8216-4e43-49a7-b3ef-3fedfb4d5301, host dv-cinder-819089-1-iscsi, set binding levels [PortBindingLevel(driver='openvswitch',host='dv-cinder-819089-1-iscsi',level=0,port_id=9ffb8216-4e43-49a7-b3ef-3fedfb4d5301,segment=NetworkSegment(0de52ef8-536f-46d5-bdf9-954daaf4effb),segment_id=0de52ef8-536f-46d5-bdf9-954daaf4effb)] {{(pid=102483) set_binding_levels /opt/stack/neutron/neutron/plugins/ml2/db.py:59}}
Nov 24 11:25:35.935803 dv-cinder-819089-1-iscsi neutron-server[102483]: DEBUG neutron_lib.callbacks.manager [None req-ca049cd8-7cc6-4e85-9426-de87ca149476 None None] Publish callbacks ['neutron.plugins.ml2.plugin.SecurityGroupServerNotifierRpcMixin._notify_sg_on_port_change-554061', 'neutron.plugins.ml2.ovo_rpc._ObjectChangeHandler.handle_event-477366', 'neutron.api.rpc.agentnotifiers.dhcp_rpc_agent_api.DhcpAgentNotifyAPI._native_event_send_dhcp_notification-1677091', 'neutron.db.l3_db.L3RpcNotifierMixin._notify_gateway_port_ip_changed-8771666634222', 'neutron.db.l3_dvrscheduler_db._notify_l3_agent_port_update-8771666203127', 'neutron.db.l3_hascheduler_db._notify_l3_agent_ha_port_update-8771666198541'] for port, after_update {{(pid=102483) _notify_loop /usr/local/lib/python3.8/dist-packages/neutron_lib/callbacks/manager.py:175}}
Nov 24 11:25:35.947327 dv-cinder-819089-1-iscsi neutron-server[102482]: DEBUG neutron_lib.callbacks.manager [None req-396a156f-8b92-4013-9c93-700a1e136dbc admin admin] Publish callbacks ['neutron.plugins.ml2.plugin.Ml2Plugin._handle_segment_change-1035930'] for segment, precommit_delete {{(pid=102482) _notify_loop /usr/local/lib/python3.8/dist-packages/neutron_lib/callbacks/manager.py:175}}
Nov 24 11:25:35.961195 dv-cinder-819089-1-iscsi neutron-server[102482]: DEBUG neutron.plugins.ml2.drivers.type_vlan [None req-396a156f-8b92-4013-9c93-700a1e136dbc admin admin] Releasing vlan 734 on physical network physnet1 to pool {{(pid=102482) release_segment /opt/stack/neutron/neutron/plugins/ml2/drivers/type_vlan.py:304}}
Nov 24 11:25:35.961864 dv-cinder-819089-1-iscsi neutron-server[102482]: DEBUG neutron_lib.callbacks.manager [None req-396a156f-8b92-4013-9c93-700a1e136dbc admin admin] Publish callbacks ['neutron.plugins.ml2.plugin.Ml2Plugin._handle_segment_change-1035930', 'neutron.services.segments.plugin.NovaSegmentNotifier._notify_segment_deleted-536164608'] for segment, after_delete {{(pid=102482) _notify_loop /usr/local/lib/python3.8/dist-packages/neutron_lib/callbacks/manager.py:175}}
Nov 24 11:25:35.962769 dv-cinder-819089-1-iscsi neutron-server[102481]: DEBUG neutron_lib.callbacks.manager [None req-0abd83af-0057-4722-b9ae-bd64c9335e10 tempest-TestVolumeBootPattern-62086973 tempest-TestVolumeBootPattern-62086973-project] Publish callbacks [] for security_group_rule, precommit_create {{(pid=102481) _notify_loop /usr/local/lib/python3.8/dist-packages/neutron_lib/callbacks/manager.py:175}}
Nov 24 11:25:35.968106 dv-cinder-819089-1-iscsi neutron-server[102481]: DEBUG neutron_lib.callbacks.manager [None req-0abd83af-0057-4722-b9ae-bd64c9335e10 tempest-TestVolumeBootPattern-62086973 tempest-TestVolumeBootPattern-62086973-project] Publish callbacks ['neutron.plugins.ml2.ovo_rpc._ObjectChangeHandler.handle_event-2023308'] for security_group_rule, after_create {{(pid=102481) _notify_loop /usr/local/lib/python3.8/dist-packages/neutron_lib/callbacks/manager.py:175}}
Nov 24 11:25:35.996293 dv-cinder-819089-1-iscsi neutron-server[102482]: /usr/lib/python3/dist-packages/secretstorage/dhcrypto.py:15: CryptographyDeprecationWarning: int_from_bytes is deprecated, use int.from_bytes instead
Nov 24 11:25:35.996293 dv-cinder-819089-1-iscsi neutron-server[102482]: from cryptography.utils import int_from_bytes
Nov 24 11:25:35.996293 dv-cinder-819089-1-iscsi neutron-server[102482]: /usr/lib/python3/dist-packages/secretstorage/util.py:19: CryptographyDeprecationWarning: int_from_bytes is deprecated, use int.from_bytes instead
Nov 24 11:25:35.996293 dv-cinder-819089-1-iscsi neutron-server[102482]: from cryptography.utils import int_from_bytes
Nov 24 11:25:35.996293 dv-cinder-819089-1-iscsi neutron-server[102482]: Traceback (most recent call last):
Nov 24 11:25:35.996293 dv-cinder-819089-1-iscsi neutron-server[102482]: File "/usr/local/lib/python3.8/dist-packages/eventlet/hubs/hub.py", line 476, in fire_timers
Nov 24 11:25:35.996293 dv-cinder-819089-1-iscsi neutron-server[102482]: timer()
Nov 24 11:25:35.996293 dv-cinder-819089-1-iscsi neutron-server[102482]: File "/usr/local/lib/python3.8/dist-packages/eventlet/hubs/timer.py", line 59, in __call__
Nov 24 11:25:35.996293 dv-cinder-819089-1-iscsi neutron-server[102482]: cb(*args, **kw)
Nov 24 11:25:35.996293 dv-cinder-819089-1-iscsi neutron-server[102482]: File "/opt/stack/neutron/neutron/common/utils.py", line 914, in wrapper
Nov 24 11:25:35.996293 dv-cinder-819089-1-iscsi neutron-server[102482]: return func(*args, **kwargs)
Nov 24 11:25:35.996293 dv-cinder-819089-1-iscsi neutron-server[102482]: File "/opt/stack/neutron/neutron/notifiers/batch_notifier.py", line 58, in synced_send
Nov 24 11:25:35.996293 dv-cinder-819089-1-iscsi neutron-server[102482]: self._notify()
Nov 24 11:25:35.996293 dv-cinder-819089-1-iscsi neutron-server[102482]: File "/opt/stack/neutron/neutron/notifiers/batch_notifier.py", line 69, in _notify
Nov 24 11:25:35.996293 dv-cinder-819089-1-iscsi neutron-server[102482]: self.callback(batched_events)
Nov 24 11:25:35.996293 dv-cinder-819089-1-iscsi neutron-server[102482]: File "/opt/stack/neutron/neutron/services/segments/plugin.py", line 211, in _send_notifications
Nov 24 11:25:35.996293 dv-cinder-819089-1-iscsi neutron-server[102482]: event.method(event)
Nov 24 11:25:35.996293 dv-cinder-819089-1-iscsi neutron-server[102482]: File "/opt/stack/neutron/neutron/services/segments/plugin.py", line 383, in _delete_nova_inventory
Nov 24 11:25:35.996293 dv-cinder-819089-1-iscsi neutron-server[102482]: aggregate_id = self._get_aggregate_id(event.segment_id)
Nov 24 11:25:35.996293 dv-cinder-819089-1-iscsi neutron-server[102482]: File "/opt/stack/neutron/neutron/services/segments/plugin.py", line 370, in _get_aggregate_id
Nov 24 11:25:35.996293 dv-cinder-819089-1-iscsi neutron-server[102482]: aggregate_uuid = self.p_client.list_aggregates(
Nov 24 11:25:35.996293 dv-cinder-819089-1-iscsi neutron-server[102482]: File "/usr/local/lib/python3.8/dist-packages/neutron_lib/placement/client.py", line 58, in wrapper
Nov 24 11:25:35.996293 dv-cinder-819089-1-iscsi neutron-server[102482]: return f(self, *a, **k)
Nov 24 11:25:35.996293 dv-cinder-819089-1-iscsi neutron-server[102482]: File "/usr/local/lib/python3.8/dist-packages/neutron_lib/placement/client.py", line 554, in list_aggregates
Nov 24 11:25:35.996293 dv-cinder-819089-1-iscsi neutron-server[102482]: return self._get(url).json()
Nov 24 11:25:35.996293 dv-cinder-819089-1-iscsi neutron-server[102482]: File "/usr/local/lib/python3.8/dist-packages/neutron_lib/placement/client.py", line 190, in _get
Nov 24 11:25:35.996293 dv-cinder-819089-1-iscsi neutron-server[102482]: return self._client.get(url, endpoint_filter=self._ks_filter,
Nov 24 11:25:35.996293 dv-cinder-819089-1-iscsi neutron-server[102482]: File "/usr/local/lib/python3.8/dist-packages/keystoneauth1/session.py", line 1141, in get
Nov 24 11:25:35.996293 dv-cinder-819089-1-iscsi neutron-server[102482]: return self.request(url, 'GET', **kwargs)
Nov 24 11:25:35.996293 dv-cinder-819089-1-iscsi neutron-server[102482]: File "/usr/local/lib/python3.8/dist-packages/keystoneauth1/session.py", line 811, in request
Nov 24 11:25:35.996293 dv-cinder-819089-1-iscsi neutron-server[102482]: base_url = self.get_endpoint(auth, allow=allow,
Nov 24 11:25:35.996293 dv-cinder-819089-1-iscsi neutron-server[102482]: File "/usr/local/lib/python3.8/dist-packages/keystoneauth1/session.py", line 1241, in get_endpoint
Nov 24 11:25:35.996293 dv-cinder-819089-1-iscsi neutron-server[102482]: auth = self._auth_required(auth, 'determine endpoint URL')
Nov 24 11:25:35.996293 dv-cinder-819089-1-iscsi neutron-server[102482]: File "/usr/local/lib/python3.8/dist-packages/keystoneauth1/session.py", line 1181, in _auth_required
Nov 24 11:25:35.996293 dv-cinder-819089-1-iscsi neutron-server[102482]: raise exceptions.MissingAuthPlugin(msg_fmt % msg)
Nov 24 11:25:35.996293 dv-cinder-819089-1-iscsi neutron-server[102482]: keystoneauth1.exceptions.auth_plugins.MissingAuthPlugin: An auth plugin is required to determine endpoint URL
Nov 24 11:25:36.016890 dv-cinder-819089-1-iscsi neutron-server[102481]: DEBUG neutron_lib.callbacks.manager [None req-0abd83af-0057-4722-b9ae-bd64c9335e10 tempest-TestVolumeBootPattern-62086973 tempest-TestVolumeBootPattern-62086973-project] Publish callbacks [] for security_group_rule, before_response {{(pid=102481) _notify_loop /usr/local/lib/python3.8/dist-packages/neutron_lib/callbacks/manager.py:175}}
Nov 24 11:25:36.019624 dv-cinder-819089-1-iscsi neutron-server[102481]: INFO neutron.wsgi [None req-0abd83af-0057-4722-b9ae-bd64c9335e10 tempest-TestVolumeBootPattern-62086973 tempest-TestVolumeBootPattern-62086973-project] 10.222.0.54 "POST /v2.0/security-group-rules HTTP/1.1" status: 201 len: 763 time: 0.1828022
Nov 24 11:25:36.022588 dv-cinder-819089-1-iscsi neutron-server[102481]: DEBUG neutron.wsgi [-] (102481) accepted ('10.222.0.54', 52066) {{(pid=102481) server /usr/local/lib/python3.8/dist-packages/eventlet/wsgi.py:1004}}
Nov 24 11:25:36.029898 dv-cinder-819089-1-iscsi neutron-server[102481]: DEBUG neutron.api.v2.base [None req-5a32cb2f-3c47-4e48-98d6-b343246f2d2b tempest-TestVolumeBootPattern-62086973 tempest-TestVolumeBootPattern-62086973-project] Request body: {'security_group_rule': {'security_group_id': '749864b3-651e-4be6-8e69-9d1153ebce5c', 'project_id': '303d49c4d2774367b4d1606a579ed56b', 'protocol': 'icmp', 'direction': 'ingress'}} {{(pid=102481) prepare_request_body /opt/stack/neutron/neutron/api/v2/base.py:729}}
Nov 24 11:25:36.035793 dv-cinder-819089-1-iscsi neutron-server[102481]: DEBUG neutron.api.rpc.handlers.resources_rpc [None req-0abd83af-0057-4722-b9ae-bd64c9335e10 tempest-TestVolumeBootPattern-62086973 tempest-TestVolumeBootPattern-62086973-project] Pushing event updated for resources: {'SecurityGroupRule': ['ID=687264ff-843b-492e-ac4a-e95f6cb6201c,revision_number=0']} {{(pid=102481) push /opt/stack/neutron/neutron/api/rpc/handlers/resources_rpc.py:237}}
Nov 24 11:25:36.044954 dv-cinder-819089-1-iscsi neutron-server[102483]: DEBUG neutron.db.provisioning_blocks [None req-50a7c903-22eb-442a-af2c-2775f8836216 None None] Provisioning complete for port 9ffb8216-4e43-49a7-b3ef-3fedfb4d5301 triggered by entity DHCP. {{(pid=102483) provisioning_complete /opt/stack/neutron/neutron/db/provisioning_blocks.py:139}}
Nov 24 11:25:36.045335 dv-cinder-819089-1-iscsi neutron-server[102483]: DEBUG neutron_lib.callbacks.manager [None req-50a7c903-22eb-442a-af2c-2775f8836216 None None] Publish callbacks ['neutron.plugins.ml2.plugin.Ml2Plugin._port_provisioned-1039747'] for port, provisioning_complete {{(pid=102483) _notify_loop /usr/local/lib/python3.8/dist-packages/neutron_lib/callbacks/manager.py:175}}
Nov 24 11:25:36.050354 dv-cinder-819089-1-iscsi neutron-server[102482]: DEBUG neutron.pecan_wsgi.hooks.policy_enforcement [req-5e618941-8353-40e7-81d5-b8f80a3709f3 req-a31e90e9-106a-4014-9eee-30fd56855ecd tempest-ServerRescueNegativeTestJSON-1705551020 tempest-ServerRescueNegativeTestJSON-1705551020-project] Attributes excluded by policy engine: ['standard_attr_id', 'binding:profile', 'binding:host_id', 'binding:vif_type', 'binding:vif_details'] {{(pid=102482) _exclude_attributes_by_policy /opt/stack/neutron/neutron/pecan_wsgi/hooks/policy_enforcement.py:255}}
Nov 24 11:25:36.052742 dv-cinder-819089-1-iscsi neutron-server[102482]: INFO neutron.wsgi [req-5e618941-8353-40e7-81d5-b8f80a3709f3 req-a31e90e9-106a-4014-9eee-30fd56855ecd tempest-ServerRescueNegativeTestJSON-1705551020 tempest-ServerRescueNegativeTestJSON-1705551020-project] 10.222.0.54 "GET /v2.0/ports?device_id=8f54e297-ae97-477b-b3ad-b32f8bc5555e HTTP/1.1" status: 200 len: 945 time: 0.2090697
Nov 24 11:25:36.089554 dv-cinder-819089-1-iscsi neutron-server[102481]: DEBUG neutron_lib.callbacks.manager [None req-5a32cb2f-3c47-4e48-98d6-b343246f2d2b tempest-TestVolumeBootPattern-62086973 tempest-TestVolumeBootPattern-62086973-project] Publish callbacks [] for security_group_rule, before_create {{(pid=102481) _notify_loop /usr/local/lib/python3.8/dist-packages/neutron_lib/callbacks/manager.py:175}}
Nov 24 11:25:36.126801 dv-cinder-819089-1-iscsi neutron-server[102483]: DEBUG neutron.api.rpc.handlers.resources_rpc [None req-7edb34e0-18b5-42a1-8661-9868e2f0e80f None None] Pushing event updated for resources: {'Port': ['ID=9ffb8216-4e43-49a7-b3ef-3fedfb4d5301,revision_number=4']} {{(pid=102483) push /opt/stack/neutron/neutron/api/rpc/handlers/resources_rpc.py:237}}
Nov 24 11:25:36.140341 dv-cinder-819089-1-iscsi neutron-server[102483]: DEBUG neutron.db.l3_dvrscheduler_db [None req-ca049cd8-7cc6-4e85-9426-de87ca149476 None None] Routers {'bc6be8e5-cc49-41d5-8553-cba4700e981e'} bound to L3 agent in host dv-cinder-819089-1-iscsi {{(pid=102483) _get_router_ids_for_agent /opt/stack/neutron/neutron/db/l3_dvrscheduler_db.py:420}}
Nov 24 11:25:36.141927 dv-cinder-819089-1-iscsi neutron-server[102483]: DEBUG neutron.db.l3_hamode_db [None req-ca049cd8-7cc6-4e85-9426-de87ca149476 None None] neutron.services.l3_router.l3_router_plugin.L3RouterPlugin method get_ha_sync_data_for_host called with arguments (, 'dv-cinder-819089-1-iscsi', Agent(admin_state_up=True,agent_type='L3 agent',availability_zone='nova',binary='neutron-l3-agent',configurations={"agent_mode": "legacy", "ex_gw_ports": 4, "extensions": [], "floating_ips": 1, "handle_internal_only_routers": true, "interface_driver": "openvswitch", "interfaces": 3, "log_agent_heartbeats": false, "routers": 4},created_at=2021-11-24T11:16:29Z,description=,heartbeat_timestamp=2021-11-24T11:25:29Z,host='dv-cinder-819089-1-iscsi',id=db6ab484-35e5-4ac5-bab9-bd1ee864826e,load=0,resource_versions=,resources_synced=,started_at=2021-11-24T11:16:29Z,topic='l3_agent')) {'router_ids': ['bc6be8e5-cc49-41d5-8553-cba4700e981e'], 'active': True} {{(pid=102483) wrapper /usr/local/lib/python3.8/dist-packages/oslo_log/helpers.py:65}}
Nov 24 11:25:36.148791 dv-cinder-819089-1-iscsi neutron-server[102481]: DEBUG neutron_lib.callbacks.manager [None req-a96c2eb7-375a-48c1-b389-c1205168a1ea admin admin] Publish callbacks [] for security_group, before_create {{(pid=102481) _notify_loop /usr/local/lib/python3.8/dist-packages/neutron_lib/callbacks/manager.py:175}}
Nov 24 11:25:36.169118 dv-cinder-819089-1-iscsi neutron-server[102483]: DEBUG neutron.plugins.ml2.rpc [None req-2481566d-8b41-42ed-9800-65959a2685d8 None None] Device e4d98db4-b260-418b-907a-ca771c1f65c9 up at agent ovs-agent-dv-cinder-819089-1-iscsi {{(pid=102483) update_device_up /opt/stack/neutron/neutron/plugins/ml2/rpc.py:296}}
Nov 24 11:25:36.196599 dv-cinder-819089-1-iscsi neutron-server[102482]: DEBUG neutron_lib.callbacks.manager [None req-396a156f-8b92-4013-9c93-700a1e136dbc admin admin] Publish callbacks ['neutron.plugins.ml2.plugin.Ml2Plugin._network_delete_after_delete_handler-1037921', 'neutron.plugins.ml2.ovo_rpc._ObjectChangeHandler.handle_event-2033866', 'neutron.api.rpc.agentnotifiers.dhcp_rpc_agent_api.DhcpAgentNotifyAPI._native_event_send_dhcp_notification-1677091', 'neutron.services.l3_router.l3_router_plugin.DVRResourceOperationHandler.delete_fip_namespaces_for_ext_net-1975206'] for network, after_delete {{(pid=102482) _notify_loop /usr/local/lib/python3.8/dist-packages/neutron_lib/callbacks/manager.py:175}}
Nov 24 11:25:36.221841 dv-cinder-819089-1-iscsi neutron-server[102481]: DEBUG neutron_lib.callbacks.manager [None req-5a32cb2f-3c47-4e48-98d6-b343246f2d2b tempest-TestVolumeBootPattern-62086973 tempest-TestVolumeBootPattern-62086973-project] Publish callbacks [] for security_group_rule, precommit_create {{(pid=102481) _notify_loop /usr/local/lib/python3.8/dist-packages/neutron_lib/callbacks/manager.py:175}}
