Nov 24 11:25:31.531257 dv-cinder-819089-1-iscsi neutron-server[102484]: DEBUG neutron.plugins.ml2.managers [None req-e086f596-7928-4375-b73f-5c3762c18089 None None] Bound port: e4d98db4-b260-418b-907a-ca771c1f65c9, host: dv-cinder-819089-1-iscsi, vif_type: ovs, vif_details: {"connectivity": "l2", "port_filter": true, "ovs_hybrid_plug": false, "datapath_type": "system", "bridge_name": "br-int"}, binding_levels: [{'bound_driver': 'openvswitch', 'bound_segment': {'id': 'd6f55a1d-2dde-4ae1-89fc-901cec644823', 'network_type': 'flat', 'physical_network': 'physnet1', 'segmentation_id': None, 'network_id': 'abec3bdb-3f5f-43d3-a05f-b74eaa51b59e'}}] {{(pid=102484) _bind_port_level /opt/stack/neutron/neutron/plugins/ml2/managers.py:932}}
Nov 24 11:25:31.531748 dv-cinder-819089-1-iscsi neutron-server[102484]: DEBUG neutron_lib.callbacks.manager [None req-e086f596-7928-4375-b73f-5c3762c18089 None None] Publish callbacks ['neutron.plugins.ml2.plugin.SecurityGroupDbMixin._ensure_default_security_group_handler-555912'] for port, before_update {{(pid=102484) _notify_loop /usr/local/lib/python3.8/dist-packages/neutron_lib/callbacks/manager.py:175}}
Nov 24 11:25:31.537622 dv-cinder-819089-1-iscsi neutron-server[102482]: DEBUG neutron_lib.callbacks.manager [None req-f08f3ffa-9e53-4135-b87b-c09bb30e2972 admin admin] Publish callbacks [] for security_group, precommit_create {{(pid=102482) _notify_loop /usr/local/lib/python3.8/dist-packages/neutron_lib/callbacks/manager.py:175}}
Nov 24 11:25:31.551780 dv-cinder-819089-1-iscsi neutron-server[102482]: DEBUG neutron.api.rpc.handlers.resources_rpc [None req-61d901ae-8d32-4d19-b2cb-83e36a48d6ff admin admin] Pushing event deleted for resources: {'SecurityGroup': ['ID=1af4c265-474e-4aa8-a676-8c79d03fb2d0,revision_number=None']} {{(pid=102482) push /opt/stack/neutron/neutron/api/rpc/handlers/resources_rpc.py:237}}
Nov 24 11:25:31.553756 dv-cinder-819089-1-iscsi neutron-server[102482]: DEBUG neutron_lib.callbacks.manager [None req-f08f3ffa-9e53-4135-b87b-c09bb30e2972 admin admin] Publish callbacks ['neutron.plugins.ml2.ovo_rpc._ObjectChangeHandler.handle_event-2039335'] for security_group, after_create {{(pid=102482) _notify_loop /usr/local/lib/python3.8/dist-packages/neutron_lib/callbacks/manager.py:175}}
Nov 24 11:25:31.619815 dv-cinder-819089-1-iscsi neutron-server[102482]: INFO neutron.wsgi [None req-f08f3ffa-9e53-4135-b87b-c09bb30e2972 admin admin] 10.222.0.54 "GET /v2.0/security-groups?tenant_id=d80e704502754b8b9d91e62dcac94823&name=default HTTP/1.1" status: 200 len: 2996 time: 0.7608244
Nov 24 11:25:31.619815 dv-cinder-819089-1-iscsi neutron-server[102482]: DEBUG neutron.api.rpc.handlers.resources_rpc [None req-f08f3ffa-9e53-4135-b87b-c09bb30e2972 admin admin] Pushing event updated for resources: {'SecurityGroup': ['ID=c5cc652a-be93-4ef5-a61b-688d0d0c5c40,revision_number=1']} {{(pid=102482) push /opt/stack/neutron/neutron/api/rpc/handlers/resources_rpc.py:237}}
Nov 24 11:25:31.620902 dv-cinder-819089-1-iscsi neutron-server[102482]: DEBUG neutron.wsgi [-] (102482) accepted ('10.222.0.54', 51890) {{(pid=102482) server /usr/local/lib/python3.8/dist-packages/eventlet/wsgi.py:1004}}
Nov 24 11:25:31.631657 dv-cinder-819089-1-iscsi neutron-server[102484]: DEBUG neutron.plugins.ml2.db [None req-e086f596-7928-4375-b73f-5c3762c18089 None None] For port e4d98db4-b260-418b-907a-ca771c1f65c9, host dv-cinder-819089-1-iscsi, cleared binding levels {{(pid=102484) clear_binding_levels /opt/stack/neutron/neutron/plugins/ml2/db.py:87}}
Nov 24 11:25:31.641611 dv-cinder-819089-1-iscsi neutron-server[102484]: DEBUG neutron.plugins.ml2.db [None req-e086f596-7928-4375-b73f-5c3762c18089 None None] For port e4d98db4-b260-418b-907a-ca771c1f65c9, host dv-cinder-819089-1-iscsi, set binding levels [PortBindingLevel(driver='openvswitch',host='dv-cinder-819089-1-iscsi',level=0,port_id=e4d98db4-b260-418b-907a-ca771c1f65c9,segment=NetworkSegment(d6f55a1d-2dde-4ae1-89fc-901cec644823),segment_id=d6f55a1d-2dde-4ae1-89fc-901cec644823)] {{(pid=102484) set_binding_levels /opt/stack/neutron/neutron/plugins/ml2/db.py:59}}
Nov 24 11:25:31.646761 dv-cinder-819089-1-iscsi neutron-server[102482]: DEBUG neutron_lib.callbacks.manager [None req-8b29b925-fce5-47dd-aaa8-3408e068b512 admin admin] Publish callbacks [] for security_group, before_delete {{(pid=102482) _notify_loop /usr/local/lib/python3.8/dist-packages/neutron_lib/callbacks/manager.py:175}}
Nov 24 11:25:31.649736 dv-cinder-819089-1-iscsi neutron-server[102484]: DEBUG neutron_lib.callbacks.manager [None req-e086f596-7928-4375-b73f-5c3762c18089 None None] Publish callbacks ['neutron.plugins.ml2.plugin.SecurityGroupServerNotifierRpcMixin._notify_sg_on_port_change-554061', 'neutron.plugins.ml2.ovo_rpc._ObjectChangeHandler.handle_event-477366', 'neutron.api.rpc.agentnotifiers.dhcp_rpc_agent_api.DhcpAgentNotifyAPI._native_event_send_dhcp_notification-1677091', 'neutron.db.l3_db.L3RpcNotifierMixin._notify_gateway_port_ip_changed-8771666634222', 'neutron.db.l3_dvrscheduler_db._notify_l3_agent_port_update-8771666203127', 'neutron.db.l3_hascheduler_db._notify_l3_agent_ha_port_update-8771666198541'] for port, after_update {{(pid=102484) _notify_loop /usr/local/lib/python3.8/dist-packages/neutron_lib/callbacks/manager.py:175}}
Nov 24 11:25:31.686200 dv-cinder-819089-1-iscsi neutron-server[102482]: DEBUG neutron_lib.callbacks.manager [None req-8b29b925-fce5-47dd-aaa8-3408e068b512 admin admin] Publish callbacks [] for security_group, precommit_delete {{(pid=102482) _notify_loop /usr/local/lib/python3.8/dist-packages/neutron_lib/callbacks/manager.py:175}}
Nov 24 11:25:31.724288 dv-cinder-819089-1-iscsi neutron-server[102482]: DEBUG neutron_lib.callbacks.manager [None req-d09f22c6-7235-467c-9724-b60c495a73c2 admin admin] Publish callbacks [] for security_group, before_delete {{(pid=102482) _notify_loop /usr/local/lib/python3.8/dist-packages/neutron_lib/callbacks/manager.py:175}}
Nov 24 11:25:31.762289 dv-cinder-819089-1-iscsi neutron-server[102482]: DEBUG neutron_lib.callbacks.manager [None req-d09f22c6-7235-467c-9724-b60c495a73c2 admin admin] Publish callbacks [] for security_group, precommit_delete {{(pid=102482) _notify_loop /usr/local/lib/python3.8/dist-packages/neutron_lib/callbacks/manager.py:175}}
Nov 24 11:25:31.763385 dv-cinder-819089-1-iscsi neutron-server[102484]: DEBUG neutron.api.rpc.handlers.resources_rpc [None req-9f7b65bc-28df-48c2-9d9a-83a65fc27c36 None None] Pushing event updated for resources: {'Port': ['ID=e4d98db4-b260-418b-907a-ca771c1f65c9,revision_number=3']} {{(pid=102484) push /opt/stack/neutron/neutron/api/rpc/handlers/resources_rpc.py:237}}
Nov 24 11:25:31.769402 dv-cinder-819089-1-iscsi neutron-server[102484]: DEBUG neutron.db.l3_dvrscheduler_db [None req-e086f596-7928-4375-b73f-5c3762c18089 None None] Routers {'bc6be8e5-cc49-41d5-8553-cba4700e981e'} bound to L3 agent in host dv-cinder-819089-1-iscsi {{(pid=102484) _get_router_ids_for_agent /opt/stack/neutron/neutron/db/l3_dvrscheduler_db.py:420}}
Nov 24 11:25:31.770303 dv-cinder-819089-1-iscsi neutron-server[102484]: DEBUG neutron.db.l3_hamode_db [None req-e086f596-7928-4375-b73f-5c3762c18089 None None] neutron.services.l3_router.l3_router_plugin.L3RouterPlugin method get_ha_sync_data_for_host called with arguments (, 'dv-cinder-819089-1-iscsi', Agent(admin_state_up=True,agent_type='L3 agent',availability_zone='nova',binary='neutron-l3-agent',configurations={"agent_mode": "legacy", "ex_gw_ports": 4, "extensions": [], "floating_ips": 1, "handle_internal_only_routers": true, "interface_driver": "openvswitch", "interfaces": 3, "log_agent_heartbeats": false, "routers": 4},created_at=2021-11-24T11:16:29Z,description=,heartbeat_timestamp=2021-11-24T11:25:29Z,host='dv-cinder-819089-1-iscsi',id=db6ab484-35e5-4ac5-bab9-bd1ee864826e,load=0,resource_versions=,resources_synced=,started_at=2021-11-24T11:16:29Z,topic='l3_agent')) {'router_ids': ['bc6be8e5-cc49-41d5-8553-cba4700e981e'], 'active': True} {{(pid=102484) wrapper /usr/local/lib/python3.8/dist-packages/oslo_log/helpers.py:65}}
Nov 24 11:25:31.807339 dv-cinder-819089-1-iscsi neutron-server[102482]: DEBUG neutron_lib.callbacks.manager [None req-8b29b925-fce5-47dd-aaa8-3408e068b512 admin admin] Publish callbacks ['neutron.plugins.ml2.ovo_rpc._ObjectChangeHandler.handle_event-2039335'] for security_group, after_delete {{(pid=102482) _notify_loop /usr/local/lib/python3.8/dist-packages/neutron_lib/callbacks/manager.py:175}}
Nov 24 11:25:31.810053 dv-cinder-819089-1-iscsi neutron-server[102482]: DEBUG neutron_lib.callbacks.manager [None req-8b29b925-fce5-47dd-aaa8-3408e068b512 admin admin] Publish callbacks [] for security_group, before_response {{(pid=102482) _notify_loop /usr/local/lib/python3.8/dist-packages/neutron_lib/callbacks/manager.py:175}}
Nov 24 11:25:31.811273 dv-cinder-819089-1-iscsi neutron-server[102482]: INFO neutron.wsgi [None req-8b29b925-fce5-47dd-aaa8-3408e068b512 admin admin] 10.222.0.54 "DELETE /v2.0/security-groups/c3d8f964-09f2-4401-9145-821ff197e1f1 HTTP/1.1" status: 204 len: 168 time: 0.3130882
Nov 24 11:25:31.852216 dv-cinder-819089-1-iscsi neutron-server[102481]: DEBUG neutron_lib.callbacks.manager [req-1f623820-e640-43e5-b43c-3a428a3bdd06 req-677ca98b-c192-4be5-8a22-03539755dd6c tempest-DeleteServersTestJSON-2050172421 tempest-DeleteServersTestJSON-2050172421-project] Publish callbacks ['neutron.plugins.ml2.plugin.SecurityGroupServerNotifierRpcMixin._notify_sg_on_port_change-554061', 'neutron.plugins.ml2.ovo_rpc._ObjectChangeHandler.handle_event-477366', 'neutron.api.rpc.agentnotifiers.dhcp_rpc_agent_api.DhcpAgentNotifyAPI._native_event_send_dhcp_notification-1677091', 'neutron.db.l3_db.L3RpcNotifierMixin._notify_routers_callback-8771666636144', 'neutron.db.l3_dvrscheduler_db._notify_port_delete-8771666203118'] for port, after_delete {{(pid=102481) _notify_loop /usr/local/lib/python3.8/dist-packages/neutron_lib/callbacks/manager.py:175}}
Nov 24 11:25:31.862952 dv-cinder-819089-1-iscsi neutron-server[102482]: DEBUG neutron.api.rpc.handlers.resources_rpc [None req-8b29b925-fce5-47dd-aaa8-3408e068b512 admin admin] Pushing event deleted for resources: {'SecurityGroup': ['ID=c3d8f964-09f2-4401-9145-821ff197e1f1,revision_number=None']} {{(pid=102482) push /opt/stack/neutron/neutron/api/rpc/handlers/resources_rpc.py:237}}
Nov 24 11:25:31.870272 dv-cinder-819089-1-iscsi neutron-server[102483]: DEBUG neutron.plugins.ml2.db [None req-db703f55-229b-4c39-b8b2-adbe35bfae0b None None] get_ports_and_sgs() called for port_ids ['226cdf83-e6fb-4e6e-b2a9-0b9d5c4c60cf'] {{(pid=102483) get_ports_and_sgs /opt/stack/neutron/neutron/plugins/ml2/db.py:156}}
Nov 24 11:25:31.906044 dv-cinder-819089-1-iscsi neutron-server[102482]: DEBUG neutron_lib.callbacks.manager [None req-d09f22c6-7235-467c-9724-b60c495a73c2 admin admin] Publish callbacks ['neutron.plugins.ml2.ovo_rpc._ObjectChangeHandler.handle_event-2039335'] for security_group, after_delete {{(pid=102482) _notify_loop /usr/local/lib/python3.8/dist-packages/neutron_lib/callbacks/manager.py:175}}
Nov 24 11:25:31.909763 dv-cinder-819089-1-iscsi neutron-server[102482]: DEBUG neutron_lib.callbacks.manager [None req-d09f22c6-7235-467c-9724-b60c495a73c2 admin admin] Publish callbacks [] for security_group, before_response {{(pid=102482) _notify_loop /usr/local/lib/python3.8/dist-packages/neutron_lib/callbacks/manager.py:175}}
Nov 24 11:25:31.914017 dv-cinder-819089-1-iscsi neutron-server[102482]: INFO neutron.wsgi [None req-d09f22c6-7235-467c-9724-b60c495a73c2 admin admin] 10.222.0.54 "DELETE /v2.0/security-groups/c5cc652a-be93-4ef5-a61b-688d0d0c5c40 HTTP/1.1" status: 204 len: 168 time: 0.2872567
Nov 24 11:25:31.936471 dv-cinder-819089-1-iscsi neutron-server[102482]: DEBUG neutron.api.rpc.handlers.resources_rpc [None req-d09f22c6-7235-467c-9724-b60c495a73c2 admin admin] Pushing event deleted for resources: {'SecurityGroup': ['ID=c5cc652a-be93-4ef5-a61b-688d0d0c5c40,revision_number=None']} {{(pid=102482) push /opt/stack/neutron/neutron/api/rpc/handlers/resources_rpc.py:237}}
Nov 24 11:25:31.955014 dv-cinder-819089-1-iscsi neutron-server[102484]: DEBUG neutron.db.l3_dvr_db [None req-e086f596-7928-4375-b73f-5c3762c18089 None None] Set router bc6be8e5-cc49-41d5-8553-cba4700e981e gateway port host: dv-cinder-819089-1-iscsi {{(pid=102484) _build_routers_list /opt/stack/neutron/neutron/db/l3_dvr_db.py:906}}
Nov 24 11:25:31.989743 dv-cinder-819089-1-iscsi neutron-server[102481]: DEBUG neutron.api.rpc.handlers.resources_rpc [None req-677ca98b-c192-4be5-8a22-03539755dd6c tempest-DeleteServersTestJSON-2050172421 tempest-DeleteServersTestJSON-2050172421-project] Pushing event deleted for resources: {'Port': ['ID=226cdf83-e6fb-4e6e-b2a9-0b9d5c4c60cf,revision_number=None']} {{(pid=102481) push /opt/stack/neutron/neutron/api/rpc/handlers/resources_rpc.py:237}}
Nov 24 11:25:32.010671 dv-cinder-819089-1-iscsi neutron-server[102481]: DEBUG neutron.db.l3_dvrscheduler_db [req-1f623820-e640-43e5-b43c-3a428a3bdd06 req-677ca98b-c192-4be5-8a22-03539755dd6c tempest-DeleteServersTestJSON-2050172421 tempest-DeleteServersTestJSON-2050172421-project] No DVR routers for this DVR port 226cdf83-e6fb-4e6e-b2a9-0b9d5c4c60cf on host hv-cinder-81908 {{(pid=102481) get_dvr_routers_to_remove /opt/stack/neutron/neutron/db/l3_dvrscheduler_db.py:214}}
Nov 24 11:25:32.015616 dv-cinder-819089-1-iscsi neutron-server[102481]: DEBUG neutron_lib.callbacks.manager [req-1f623820-e640-43e5-b43c-3a428a3bdd06 req-677ca98b-c192-4be5-8a22-03539755dd6c tempest-DeleteServersTestJSON-2050172421 tempest-DeleteServersTestJSON-2050172421-project] Publish callbacks ['neutron.notifiers.nova.Notifier._send_nova_notification-409173'] for port, before_response {{(pid=102481) _notify_loop /usr/local/lib/python3.8/dist-packages/neutron_lib/callbacks/manager.py:175}}
Nov 24 11:25:32.019335 dv-cinder-819089-1-iscsi neutron-server[102481]: INFO neutron.wsgi [req-1f623820-e640-43e5-b43c-3a428a3bdd06 req-677ca98b-c192-4be5-8a22-03539755dd6c tempest-DeleteServersTestJSON-2050172421 tempest-DeleteServersTestJSON-2050172421-project] 10.222.0.65 "DELETE /v2.0/ports/226cdf83-e6fb-4e6e-b2a9-0b9d5c4c60cf HTTP/1.1" status: 204 len: 173 time: 1.7450891
Nov 24 11:25:32.021654 dv-cinder-819089-1-iscsi neutron-server[102481]: DEBUG neutron.notifiers.nova [-] Sending events: [{'server_uuid': '079efd70-9d85-4fe9-a920-db1529301880', 'name': 'network-vif-deleted', 'tag': '226cdf83-e6fb-4e6e-b2a9-0b9d5c4c60cf'}] {{(pid=102481) send_events /opt/stack/neutron/neutron/notifiers/nova.py:262}}
Nov 24 11:25:32.025122 dv-cinder-819089-1-iscsi neutron-server[102481]: DEBUG novaclient.v2.client [-] REQ: curl -g -i --cacert "/opt/stack/data/ca-bundle.pem" -X POST http://10.222.0.54/compute/v2.1/os-server-external-events -H "Accept: application/json" -H "Content-Type: application/json" -H "User-Agent: python-novaclient" -H "X-Auth-Token: {SHA256}db495949ea6f0e452fb7fd526954b07610a5d19824c23092cf9cddaea76d05ac" -H "X-OpenStack-Nova-API-Version: 2.1" -H "X-OpenStack-Request-ID: req-d01a3e8f-f86d-4836-ad1c-d06a2e779262" -d '{"events": [{"server_uuid": "079efd70-9d85-4fe9-a920-db1529301880", "name": "network-vif-deleted", "tag": "226cdf83-e6fb-4e6e-b2a9-0b9d5c4c60cf"}]}' {{(pid=102481) _http_log_request /usr/local/lib/python3.8/dist-packages/keystoneauth1/session.py:519}}
Nov 24 11:25:32.025620 dv-cinder-819089-1-iscsi neutron-server[102482]: DEBUG neutron.pecan_wsgi.hooks.policy_enforcement [req-e2e8855d-77ea-45b9-9c7b-22752c38c8a7 req-e3b55b04-f484-43d8-8cd2-80155947bd1b tempest-ServerRescueNegativeTestJSON-1705551020 tempest-ServerRescueNegativeTestJSON-1705551020-project] Attributes excluded by policy engine: ['standard_attr_id', 'binding:profile', 'binding:host_id', 'binding:vif_type', 'binding:vif_details'] {{(pid=102482) _exclude_attributes_by_policy /opt/stack/neutron/neutron/pecan_wsgi/hooks/policy_enforcement.py:255}}
Nov 24 11:25:32.027315 dv-cinder-819089-1-iscsi neutron-server[102482]: INFO neutron.wsgi [req-e2e8855d-77ea-45b9-9c7b-22752c38c8a7 req-e3b55b04-f484-43d8-8cd2-80155947bd1b tempest-ServerRescueNegativeTestJSON-1705551020 tempest-ServerRescueNegativeTestJSON-1705551020-project] 10.222.0.54 "GET /v2.0/ports?device_id=8f54e297-ae97-477b-b3ad-b32f8bc5555e HTTP/1.1" status: 200 len: 945 time: 0.0934486
Nov 24 11:25:32.034757 dv-cinder-819089-1-iscsi neutron-server[102481]: DEBUG neutron.db.db_base_plugin_common [None req-ea59a8b8-fec2-428a-afdf-5733988334ea admin admin] Allocated IP 172.20.0.1 (8e50e086-fddf-4cf9-8046-0093f7bc68d8/9ae07da6-fbf2-4aa1-a050-6e5b4269ee36/9ffb8216-4e43-49a7-b3ef-3fedfb4d5301) {{(pid=102481) _store_ip_allocation /opt/stack/neutron/neutron/db/db_base_plugin_common.py:131}}
Nov 24 11:25:32.102116 dv-cinder-819089-1-iscsi neutron-server[102481]: DEBUG neutron.wsgi [-] (102481) accepted ('10.222.0.54', 51904) {{(pid=102481) server /usr/local/lib/python3.8/dist-packages/eventlet/wsgi.py:1004}}
Nov 24 11:25:32.140009 dv-cinder-819089-1-iscsi neutron-server[102481]: DEBUG novaclient.v2.client [-] RESP: [200] Connection: close Content-Length: 183 Content-Type: application/json Date: Wed, 24 Nov 2021 11:25:32 GMT OpenStack-API-Version: compute 2.1 Server: Apache/2.4.41 (Ubuntu) Vary: OpenStack-API-Version,X-OpenStack-Nova-API-Version X-OpenStack-Nova-API-Version: 2.1 x-compute-request-id: req-acf44fdf-fb06-46f6-825d-3a47630ef7c6 x-openstack-request-id: req-acf44fdf-fb06-46f6-825d-3a47630ef7c6 {{(pid=102481) _http_log_response /usr/local/lib/python3.8/dist-packages/keystoneauth1/session.py:550}}
Nov 24 11:25:32.140312 dv-cinder-819089-1-iscsi neutron-server[102481]: DEBUG novaclient.v2.client [-] RESP BODY: {"events": [{"server_uuid": "079efd70-9d85-4fe9-a920-db1529301880", "name": "network-vif-deleted", "tag": "226cdf83-e6fb-4e6e-b2a9-0b9d5c4c60cf", "status": "completed", "code": 200}]} {{(pid=102481) _http_log_response /usr/local/lib/python3.8/dist-packages/keystoneauth1/session.py:582}}
Nov 24 11:25:32.140571 dv-cinder-819089-1-iscsi neutron-server[102481]: DEBUG novaclient.v2.client [-] POST call to compute for http://10.222.0.54/compute/v2.1/os-server-external-events used request id req-acf44fdf-fb06-46f6-825d-3a47630ef7c6 {{(pid=102481) request /usr/local/lib/python3.8/dist-packages/keystoneauth1/session.py:954}}
Nov 24 11:25:32.142752 dv-cinder-819089-1-iscsi neutron-server[102481]: INFO neutron.notifiers.nova [-] Nova event response: {'server_uuid': '079efd70-9d85-4fe9-a920-db1529301880', 'name': 'network-vif-deleted', 'tag': '226cdf83-e6fb-4e6e-b2a9-0b9d5c4c60cf', 'status': 'completed', 'code': 200}
Nov 24 11:25:32.154415 dv-cinder-819089-1-iscsi neutron-server[102481]: DEBUG neutron_lib.callbacks.manager [None req-b4af3d00-1524-40d1-8777-37ecb45a5c9b admin admin] Publish callbacks [] for security_group, before_create {{(pid=102481) _notify_loop /usr/local/lib/python3.8/dist-packages/neutron_lib/callbacks/manager.py:175}}
Nov 24 11:25:32.172622 dv-cinder-819089-1-iscsi neutron-server[102482]: INFO neutron.wsgi [req-e2e8855d-77ea-45b9-9c7b-22752c38c8a7 req-bd77c601-d4c2-4783-8bf3-f5974cb4069e tempest-ServerRescueNegativeTestJSON-1705551020 tempest-ServerRescueNegativeTestJSON-1705551020-project] 10.222.0.54 "GET /v2.0/security-groups?id=66ddce45-982a-44e9-b832-749abfd3ea67&fields=id&fields=name HTTP/1.1" status: 200 len: 286 time: 0.1358399
Nov 24 11:25:32.225158 dv-cinder-819089-1-iscsi neutron-server[102483]: DEBUG neutron.plugins.ml2.rpc [None req-2481566d-8b41-42ed-9800-65959a2685d8 None None] Device 31f0db1c-a0dc-4739-b7e0-724b23f070b9 up at agent ovs-agent-dv-cinder-819089-1-iscsi {{(pid=102483) update_device_up /opt/stack/neutron/neutron/plugins/ml2/rpc.py:296}}
Nov 24 11:25:32.308756 dv-cinder-819089-1-iscsi neutron-server[102484]: DEBUG neutron.db.l3_hamode_db [None req-e086f596-7928-4375-b73f-5c3762c18089 None None] neutron.services.l3_router.l3_router_plugin.L3RouterPlugin method _process_sync_ha_data called with arguments (, [{'id': 'bc6be8e5-cc49-41d5-8553-cba4700e981e', 'name': 'tempest-TestVolumeBootPattern-185234706-router', 'tenant_id': '37f1d77d1905445aa237876e5597e619', 'admin_state_up': True, 'status': 'ACTIVE', 'external_gateway_info': {'network_id': 'abec3bdb-3f5f-43d3-a05f-b74eaa51b59e', 'external_fixed_ips': [{'subnet_id': '68c5d2bd-607c-45ea-a578-f70e1637afae', 'ip_address': '172.27.1.44'}], 'enable_snat': True}, 'gw_port_id': 'e4d98db4-b260-418b-907a-ca771c1f65c9', 'description': '', 'availability_zones': ['nova'], 'distributed': False, 'ha': False, 'ha_vr_id': 0, 'availability_zone_hints': [], 'routes': [], 'flavor_id': None, 'tags': [], 'created_at': '2021-11-24T11:25:27Z', 'updated_at': '2021-11-24T11:25:28Z', 'revision_number': 3, 'project_id': '37f1d77d1905445aa237876e5597e619', 'gw_port': {'id': 'e4d98db4-b260-418b-907a-ca771c1f65c9', 'name': '', 'network_id': 'abec3bdb-3f5f-43d3-a05f-b74eaa51b59e', 'tenant_id': '', 'mac_address': 'fa:16:3e:a2:0a:a9', 'admin_state_up': True, 'status': 'DOWN', 'device_id': 'bc6be8e5-cc49-41d5-8553-cba4700e981e', 'device_owner': 'network:router_gateway', 'standard_attr_id': 275, 'fixed_ips': [{'subnet_id': '68c5d2bd-607c-45ea-a578-f70e1637afae', 'ip_address': '172.27.1.44', 'prefixlen': 24}], 'allowed_address_pairs': [], 'extra_dhcp_opts': [], 'security_groups': [], 'description': '', 'binding:vnic_type': 'normal', 'binding:profile': {}, 'binding:host_id': 'dv-cinder-819089-1-iscsi', 'binding:vif_type': 'ovs', 'binding:vif_details': {'connectivity': 'l2', 'port_filter': True, 'ovs_hybrid_plug': False, 'datapath_type': 'system', 'bridge_name': 'br-int'}, 'port_security_enabled': False, 'tags': [], 'created_at': '2021-11-24T11:25:27Z', 'updated_at': '2021-11-24T11:25:31Z', 'revision_number': 3, 'project_id': '', 'subnets': [{'id': '68c5d2bd-607c-45ea-a578-f70e1637afae', 'cidr': '172.27.1.0/24', 'gateway_ip': '172.27.1.1', 'dns_nameservers': [], 'ipv6_ra_mode': None, 'subnetpool_id': None}], 'extra_subnets': [], 'address_scopes': {4: None, 6: None}, 'mtu': 1500}, 'enable_snat': True, 'gw_port_host': 'dv-cinder-819089-1-iscsi'}], 'dv-cinder-819089-1-iscsi', False) {} {{(pid=102484) wrapper /usr/local/lib/python3.8/dist-packages/oslo_log/helpers.py:65}}
Nov 24 11:25:32.339060 dv-cinder-819089-1-iscsi neutron-server[102482]: INFO neutron.wsgi [req-15253fe7-3c42-440f-833a-591aa45791f6 req-f636ccfd-0081-463d-829e-a2357ff8e2e0 tempest-DeleteServersTestJSON-2050172421 tempest-DeleteServersTestJSON-2050172421-project] 10.222.0.54 "GET /v2.0/ports?device_id=079efd70-9d85-4fe9-a920-db1529301880 HTTP/1.1" status: 200 len: 210 time: 0.0345855
Nov 24 11:25:32.360330 dv-cinder-819089-1-iscsi neutron-server[102484]: DEBUG neutron.api.rpc.handlers.l3_rpc [None req-e086f596-7928-4375-b73f-5c3762c18089 None None] The sync data for ids ['bc6be8e5-cc49-41d5-8553-cba4700e981e'] in dv-cinder-819089-1-iscsi is: [{'id': 'bc6be8e5-cc49-41d5-8553-cba4700e981e', 'name': 'tempest-TestVolumeBootPattern-185234706-router', 'tenant_id': '37f1d77d1905445aa237876e5597e619', 'admin_state_up': True, 'status': 'ACTIVE', 'external_gateway_info': {'network_id': 'abec3bdb-3f5f-43d3-a05f-b74eaa51b59e', 'external_fixed_ips': [{'subnet_id': '68c5d2bd-607c-45ea-a578-f70e1637afae', 'ip_address': '172.27.1.44'}], 'enable_snat': True}, 'gw_port_id': 'e4d98db4-b260-418b-907a-ca771c1f65c9', 'description': '', 'availability_zones': ['nova'], 'distributed': False, 'ha': False, 'ha_vr_id': 0, 'availability_zone_hints': [], 'routes': [], 'flavor_id': None, 'tags': [], 'created_at': '2021-11-24T11:25:27Z', 'updated_at': '2021-11-24T11:25:28Z', 'revision_number': 3, 'project_id': '37f1d77d1905445aa237876e5597e619', 'gw_port': {'id': 'e4d98db4-b260-418b-907a-ca771c1f65c9', 'name': '', 'network_id': 'abec3bdb-3f5f-43d3-a05f-b74eaa51b59e', 'tenant_id': '', 'mac_address': 'fa:16:3e:a2:0a:a9', 'admin_state_up': True, 'status': 'DOWN', 'device_id': 'bc6be8e5-cc49-41d5-8553-cba4700e981e', 'device_owner': 'network:router_gateway', 'standard_attr_id': 275, 'fixed_ips': [{'subnet_id': '68c5d2bd-607c-45ea-a578-f70e1637afae', 'ip_address': '172.27.1.44', 'prefixlen': 24}], 'allowed_address_pairs': [], 'extra_dhcp_opts': [], 'security_groups': [], 'description': '', 'binding:vnic_type': 'normal', 'binding:profile': {}, 'binding:host_id': 'dv-cinder-819089-1-iscsi', 'binding:vif_type': 'ovs', 'binding:vif_details': {'connectivity': 'l2', 'port_filter': True, 'ovs_hybrid_plug': False, 'datapath_type': 'system', 'bridge_name': 'br-int'}, 'port_security_enabled': False, 'tags': [], 'created_at': '2021-11-24T11:25:27Z', 'updated_at': '2021-11-24T11:25:31Z', 'revision_number': 3, 'project_id': '', 'subnets': [{'id': '68c5d2bd-607c-45ea-a578-f70e1637afae', 'cidr': '172.27.1.0/24', 'gateway_ip': '172.27.1.1', 'dns_nameservers': [], 'ipv6_ra_mode': None, 'subnetpool_id': None}], 'extra_subnets': [], 'address_scopes': {4: None, 6: None}, 'mtu': 1500}, 'enable_snat': True, 'gw_port_host': 'dv-cinder-819089-1-iscsi'}] {{(pid=102484) sync_routers /opt/stack/neutron/neutron/api/rpc/handlers/l3_rpc.py:137}}
Nov 24 11:25:32.382717 dv-cinder-819089-1-iscsi neutron-server[102481]: DEBUG neutron_lib.callbacks.manager [None req-ea59a8b8-fec2-428a-afdf-5733988334ea admin admin] Publish callbacks [] for port, precommit_create {{(pid=102481) _notify_loop /usr/local/lib/python3.8/dist-packages/neutron_lib/callbacks/manager.py:175}}
Nov 24 11:25:32.387520 dv-cinder-819089-1-iscsi neutron-server[102483]: DEBUG neutron.db.provisioning_blocks [None req-2481566d-8b41-42ed-9800-65959a2685d8 None None] Provisioning complete for port 31f0db1c-a0dc-4739-b7e0-724b23f070b9 triggered by entity L2. {{(pid=102483) provisioning_complete /opt/stack/neutron/neutron/db/provisioning_blocks.py:139}}
Nov 24 11:25:32.387885 dv-cinder-819089-1-iscsi neutron-server[102483]: DEBUG neutron_lib.callbacks.manager [None req-2481566d-8b41-42ed-9800-65959a2685d8 None None] Publish callbacks ['neutron.plugins.ml2.plugin.Ml2Plugin._port_provisioned-1039747'] for port, provisioning_complete {{(pid=102483) _notify_loop /usr/local/lib/python3.8/dist-packages/neutron_lib/callbacks/manager.py:175}}
Nov 24 11:25:32.484285 dv-cinder-819089-1-iscsi neutron-server[102481]: DEBUG neutron_lib.callbacks.manager [None req-ea59a8b8-fec2-428a-afdf-5733988334ea admin admin] Publish callbacks ['neutron.plugins.ml2.plugin.SecurityGroupServerNotifierRpcMixin._notify_sg_on_port_change-554061', 'neutron.plugins.ml2.ovo_rpc._ObjectChangeHandler.handle_event-477366', 'neutron.api.rpc.agentnotifiers.dhcp_rpc_agent_api.DhcpAgentNotifyAPI._native_event_send_dhcp_notification-1677091', 'neutron.db.l3_dvrscheduler_db._notify_l3_agent_new_port-8771666203109'] for port, after_create {{(pid=102481) _notify_loop /usr/local/lib/python3.8/dist-packages/neutron_lib/callbacks/manager.py:175}}
Nov 24 11:25:32.559392 dv-cinder-819089-1-iscsi neutron-server[102481]: DEBUG neutron.scheduler.dhcp_agent_scheduler [None req-ea59a8b8-fec2-428a-afdf-5733988334ea admin admin] Network 8e50e086-fddf-4cf9-8046-0093f7bc68d8 is already hosted by enough agents. {{(pid=102481) _get_dhcp_agents_hosting_network /opt/stack/neutron/neutron/scheduler/dhcp_agent_scheduler.py:275}}
Nov 24 11:25:32.569337 dv-cinder-819089-1-iscsi neutron-server[102483]: DEBUG neutron_lib.callbacks.manager [None req-2481566d-8b41-42ed-9800-65959a2685d8 None None] Publish callbacks ['neutron.services.segments.db._update_segment_host_mapping_for_agent-8771666762433', 'neutron.plugins.ml2.plugin.Ml2Plugin._retry_binding_revived_agents-1039446'] for agent, after_update {{(pid=102483) _notify_loop /usr/local/lib/python3.8/dist-packages/neutron_lib/callbacks/manager.py:175}}
Nov 24 11:25:32.571644 dv-cinder-819089-1-iscsi neutron-server[102481]: DEBUG neutron.scheduler.base_scheduler [None req-ea59a8b8-fec2-428a-afdf-5733988334ea admin admin] Resources bound (agent type, host, resource id): {{(pid=102481) schedule /opt/stack/neutron/neutron/scheduler/base_scheduler.py:57}}
Nov 24 11:25:32.587409 dv-cinder-819089-1-iscsi neutron-server[102481]: DEBUG neutron.db.l3_dvrscheduler_db [None req-ea59a8b8-fec2-428a-afdf-5733988334ea admin admin] Received port after_create {{(pid=102481) _notify_l3_agent_new_port /opt/stack/neutron/neutron/db/l3_dvrscheduler_db.py:535}}
Nov 24 11:25:32.587903 dv-cinder-819089-1-iscsi neutron-server[102481]: DEBUG neutron_lib.callbacks.manager [None req-ea59a8b8-fec2-428a-afdf-5733988334ea admin admin] Publish callbacks ['neutron.services.l3_router.l3_router_plugin.DVRResourceOperationHandler._add_csnat_on_interface_create-2040115'] for router_interface, before_create {{(pid=102481) _notify_loop /usr/local/lib/python3.8/dist-packages/neutron_lib/callbacks/manager.py:175}}
Nov 24 11:25:32.595370 dv-cinder-819089-1-iscsi neutron-server[102481]: DEBUG neutron_lib.callbacks.manager [None req-b4af3d00-1524-40d1-8777-37ecb45a5c9b admin admin] Publish callbacks [] for security_group, precommit_create {{(pid=102481) _notify_loop /usr/local/lib/python3.8/dist-packages/neutron_lib/callbacks/manager.py:175}}
Nov 24 11:25:32.630890 dv-cinder-819089-1-iscsi neutron-server[102481]: DEBUG neutron.api.rpc.handlers.resources_rpc [None req-ea59a8b8-fec2-428a-afdf-5733988334ea admin admin] Pushing event updated for resources: {'Port': ['ID=9ffb8216-4e43-49a7-b3ef-3fedfb4d5301,revision_number=1']} {{(pid=102481) push /opt/stack/neutron/neutron/api/rpc/handlers/resources_rpc.py:237}}
Nov 24 11:25:32.634811 dv-cinder-819089-1-iscsi neutron-server[102481]: DEBUG neutron_lib.callbacks.manager [None req-b4af3d00-1524-40d1-8777-37ecb45a5c9b admin admin] Publish callbacks ['neutron.plugins.ml2.ovo_rpc._ObjectChangeHandler.handle_event-2039335'] for security_group, after_create {{(pid=102481) _notify_loop /usr/local/lib/python3.8/dist-packages/neutron_lib/callbacks/manager.py:175}}
Nov 24 11:25:32.656021 dv-cinder-819089-1-iscsi neutron-server[102482]: DEBUG neutron.wsgi [-] (102482) accepted ('10.222.0.54', 51916) {{(pid=102482) server /usr/local/lib/python3.8/dist-packages/eventlet/wsgi.py:1004}}
Nov 24 11:25:32.672972 dv-cinder-819089-1-iscsi neutron-server[102482]: DEBUG neutron_lib.callbacks.manager [None req-019db4f8-23cf-4006-bdf8-c9144efeb4ca admin admin] Publish callbacks [] for security_group, before_create {{(pid=102482) _notify_loop /usr/local/lib/python3.8/dist-packages/neutron_lib/callbacks/manager.py:175}}
Nov 24 11:25:32.697837 dv-cinder-819089-1-iscsi neutron-server[102481]: DEBUG neutron.api.rpc.handlers.resources_rpc [None req-b4af3d00-1524-40d1-8777-37ecb45a5c9b admin admin] Pushing event updated for resources: {'SecurityGroup': ['ID=f1c81afc-6b51-40b5-9b36-e81973eb6ac6,revision_number=1']} {{(pid=102481) push /opt/stack/neutron/neutron/api/rpc/handlers/resources_rpc.py:237}}
Nov 24 11:25:32.731196 dv-cinder-819089-1-iscsi neutron-server[102481]: INFO neutron.wsgi [None req-b4af3d00-1524-40d1-8777-37ecb45a5c9b admin admin] 10.222.0.54 "GET /v2.0/security-groups?tenant_id=928b94cbe4bf4e8a811a97fc6991d96d&name=default HTTP/1.1" status: 200 len: 2996 time: 0.6280274
Nov 24 11:25:32.734958 dv-cinder-819089-1-iscsi neutron-server[102481]: DEBUG neutron.wsgi [-] (102481) accepted ('10.222.0.54', 51920) {{(pid=102481) server /usr/local/lib/python3.8/dist-packages/eventlet/wsgi.py:1004}}
Nov 24 11:25:32.829020 dv-cinder-819089-1-iscsi neutron-server[102482]: DEBUG neutron_lib.callbacks.manager [None req-019db4f8-23cf-4006-bdf8-c9144efeb4ca admin admin] Publish callbacks [] for security_group, precommit_create {{(pid=102482) _notify_loop /usr/local/lib/python3.8/dist-packages/neutron_lib/callbacks/manager.py:175}}
Nov 24 11:25:32.834653 dv-cinder-819089-1-iscsi neutron-server[102482]: DEBUG neutron_lib.callbacks.manager [None req-019db4f8-23cf-4006-bdf8-c9144efeb4ca admin admin] Publish callbacks ['neutron.plugins.ml2.ovo_rpc._ObjectChangeHandler.handle_event-2039335'] for security_group, after_create {{(pid=102482) _notify_loop /usr/local/lib/python3.8/dist-packages/neutron_lib/callbacks/manager.py:175}}
Nov 24 11:25:32.885705 dv-cinder-819089-1-iscsi neutron-server[102482]: INFO neutron.wsgi [None req-019db4f8-23cf-4006-bdf8-c9144efeb4ca admin admin] 10.222.0.54 "GET /v2.0/security-groups?tenant_id=a04b07509e54423bbebe2181ea64767f&name=default HTTP/1.1" status: 200 len: 2996 time: 0.2258801
Nov 24 11:25:32.886803 dv-cinder-819089-1-iscsi neutron-server[102482]: DEBUG neutron.wsgi [-] (102482) accepted ('10.222.0.54', 51922) {{(pid=102482) server /usr/local/lib/python3.8/dist-packages/eventlet/wsgi.py:1004}}
Nov 24 11:25:32.958826 dv-cinder-819089-1-iscsi neutron-server[102481]: DEBUG neutron_lib.callbacks.manager [None req-359c7f70-b909-4cda-b1af-ba7f12ea7751 admin admin] Publish callbacks [] for security_group, before_delete {{(pid=102481) _notify_loop /usr/local/lib/python3.8/dist-packages/neutron_lib/callbacks/manager.py:175}}
Nov 24 11:25:32.961342 dv-cinder-819089-1-iscsi neutron-server[102482]: DEBUG neutron.api.rpc.handlers.resources_rpc [None req-019db4f8-23cf-4006-bdf8-c9144efeb4ca admin admin] Pushing event updated for resources: {'SecurityGroup': ['ID=f9259d5b-d054-4df2-ad89-10fb3a587360,revision_number=1']} {{(pid=102482) push /opt/stack/neutron/neutron/api/rpc/handlers/resources_rpc.py:237}}
Nov 24 11:25:32.987486 dv-cinder-819089-1-iscsi neutron-server[102482]: DEBUG neutron_lib.callbacks.manager [None req-833d7205-675e-4edf-8fe8-80a4b14abd45 admin admin] Publish callbacks [] for security_group, before_delete {{(pid=102482) _notify_loop /usr/local/lib/python3.8/dist-packages/neutron_lib/callbacks/manager.py:175}}
Nov 24 11:25:32.991461 dv-cinder-819089-1-iscsi neutron-server[102481]: DEBUG neutron_lib.callbacks.manager [None req-ea59a8b8-fec2-428a-afdf-5733988334ea admin admin] Publish callbacks ['neutron.plugins.ml2.plugin.SecurityGroupDbMixin._ensure_default_security_group_handler-555912'] for port, before_update {{(pid=102481) _notify_loop /usr/local/lib/python3.8/dist-packages/neutron_lib/callbacks/manager.py:175}}
Nov 24 11:25:33.041706 dv-cinder-819089-1-iscsi neutron-server[102482]: DEBUG neutron_lib.callbacks.manager [None req-833d7205-675e-4edf-8fe8-80a4b14abd45 admin admin] Publish callbacks [] for security_group, precommit_delete {{(pid=102482) _notify_loop /usr/local/lib/python3.8/dist-packages/neutron_lib/callbacks/manager.py:175}}
Nov 24 11:25:33.045079 dv-cinder-819089-1-iscsi neutron-server[102483]: DEBUG neutron.db.provisioning_blocks [None req-88b0f5b1-5ed7-4b1b-a0f7-ff796fa353f6 None None] Provisioning complete for port 9ffb8216-4e43-49a7-b3ef-3fedfb4d5301 triggered by entity DHCP. {{(pid=102483) provisioning_complete /opt/stack/neutron/neutron/db/provisioning_blocks.py:139}}
Nov 24 11:25:33.046452 dv-cinder-819089-1-iscsi neutron-server[102483]: DEBUG neutron_lib.callbacks.manager [None req-88b0f5b1-5ed7-4b1b-a0f7-ff796fa353f6 None None] Publish callbacks ['neutron.plugins.ml2.plugin.Ml2Plugin._port_provisioned-1039747'] for port, provisioning_complete {{(pid=102483) _notify_loop /usr/local/lib/python3.8/dist-packages/neutron_lib/callbacks/manager.py:175}}
Nov 24 11:25:33.053517 dv-cinder-819089-1-iscsi neutron-server[102481]: DEBUG neutron_lib.callbacks.manager [None req-359c7f70-b909-4cda-b1af-ba7f12ea7751 admin admin] Publish callbacks [] for security_group, precommit_delete {{(pid=102481) _notify_loop /usr/local/lib/python3.8/dist-packages/neutron_lib/callbacks/manager.py:175}}
Nov 24 11:25:33.107111 dv-cinder-819089-1-iscsi neutron-server[102483]: DEBUG neutron.plugins.ml2.plugin [None req-88b0f5b1-5ed7-4b1b-a0f7-ff796fa353f6 None None] Port 9ffb8216-4e43-49a7-b3ef-3fedfb4d5301 cannot update to ACTIVE because it is not bound. {{(pid=102483) _port_provisioned /opt/stack/neutron/neutron/plugins/ml2/plugin.py:342}}
Nov 24 11:25:33.140253 dv-cinder-819089-1-iscsi neutron-server[102482]: DEBUG neutron_lib.callbacks.manager [None req-833d7205-675e-4edf-8fe8-80a4b14abd45 admin admin] Publish callbacks ['neutron.plugins.ml2.ovo_rpc._ObjectChangeHandler.handle_event-2039335'] for security_group, after_delete {{(pid=102482) _notify_loop /usr/local/lib/python3.8/dist-packages/neutron_lib/callbacks/manager.py:175}}
Nov 24 11:25:33.143260 dv-cinder-819089-1-iscsi neutron-server[102482]: DEBUG neutron_lib.callbacks.manager [None req-833d7205-675e-4edf-8fe8-80a4b14abd45 admin admin] Publish callbacks [] for security_group, before_response {{(pid=102482) _notify_loop /usr/local/lib/python3.8/dist-packages/neutron_lib/callbacks/manager.py:175}}
Nov 24 11:25:33.146940 dv-cinder-819089-1-iscsi neutron-server[102482]: INFO neutron.wsgi [None req-833d7205-675e-4edf-8fe8-80a4b14abd45 admin admin] 10.222.0.54 "DELETE /v2.0/security-groups/f9259d5b-d054-4df2-ad89-10fb3a587360 HTTP/1.1" status: 204 len: 168 time: 0.2407038
Nov 24 11:25:33.164175 dv-cinder-819089-1-iscsi neutron-server[102482]: DEBUG neutron.api.rpc.handlers.resources_rpc [None req-833d7205-675e-4edf-8fe8-80a4b14abd45 admin admin] Pushing event deleted for resources: {'SecurityGroup': ['ID=f9259d5b-d054-4df2-ad89-10fb3a587360,revision_number=None']} {{(pid=102482) push /opt/stack/neutron/neutron/api/rpc/handlers/resources_rpc.py:237}}
Nov 24 11:25:33.310169 dv-cinder-819089-1-iscsi neutron-server[102481]: DEBUG neutron_lib.callbacks.manager [None req-359c7f70-b909-4cda-b1af-ba7f12ea7751 admin admin] Publish callbacks ['neutron.plugins.ml2.ovo_rpc._ObjectChangeHandler.handle_event-2039335'] for security_group, after_delete {{(pid=102481) _notify_loop /usr/local/lib/python3.8/dist-packages/neutron_lib/callbacks/manager.py:175}}
Nov 24 11:25:33.313035 dv-cinder-819089-1-iscsi neutron-server[102481]: DEBUG neutron_lib.callbacks.manager [None req-359c7f70-b909-4cda-b1af-ba7f12ea7751 admin admin] Publish callbacks [] for security_group, before_response {{(pid=102481) _notify_loop /usr/local/lib/python3.8/dist-packages/neutron_lib/callbacks/manager.py:175}}
Nov 24 11:25:33.317095 dv-cinder-819089-1-iscsi neutron-server[102481]: INFO neutron.wsgi [None req-359c7f70-b909-4cda-b1af-ba7f12ea7751 admin admin] 10.222.0.54 "DELETE /v2.0/security-groups/f1c81afc-6b51-40b5-9b36-e81973eb6ac6 HTTP/1.1" status: 204 len: 168 time: 0.5781443
Nov 24 11:25:33.339759 dv-cinder-819089-1-iscsi neutron-server[102481]: DEBUG neutron.api.rpc.handlers.resources_rpc [None req-359c7f70-b909-4cda-b1af-ba7f12ea7751 admin admin] Pushing event deleted for resources: {'SecurityGroup': ['ID=f1c81afc-6b51-40b5-9b36-e81973eb6ac6,revision_number=None']} {{(pid=102481) push /opt/stack/neutron/neutron/api/rpc/handlers/resources_rpc.py:237}}
Nov 24 11:25:33.376745 dv-cinder-819089-1-iscsi neutron-server[102482]: DEBUG neutron.pecan_wsgi.hooks.policy_enforcement [req-98d7bb99-5966-4bd5-bf4a-585d6b3a2624 req-68a6f436-d8e0-4f69-b82c-826857e8fe81 tempest-ServerRescueNegativeTestJSON-1705551020 tempest-ServerRescueNegativeTestJSON-1705551020-project] Attributes excluded by policy engine: ['standard_attr_id', 'binding:profile', 'binding:host_id', 'binding:vif_type', 'binding:vif_details'] {{(pid=102482) _exclude_attributes_by_policy /opt/stack/neutron/neutron/pecan_wsgi/hooks/policy_enforcement.py:255}}
Nov 24 11:25:33.379301 dv-cinder-819089-1-iscsi neutron-server[102482]: INFO neutron.wsgi [req-98d7bb99-5966-4bd5-bf4a-585d6b3a2624 req-68a6f436-d8e0-4f69-b82c-826857e8fe81 tempest-ServerRescueNegativeTestJSON-1705551020 tempest-ServerRescueNegativeTestJSON-1705551020-project] 10.222.0.54 "GET /v2.0/ports?device_id=8f54e297-ae97-477b-b3ad-b32f8bc5555e HTTP/1.1" status: 200 len: 945 time: 0.0759420
Nov 24 11:25:33.456826 dv-cinder-819089-1-iscsi neutron-server[102482]: INFO neutron.wsgi [req-98d7bb99-5966-4bd5-bf4a-585d6b3a2624 req-27410375-4666-4123-8a2c-4c2487bdcff5 tempest-ServerRescueNegativeTestJSON-1705551020 tempest-ServerRescueNegativeTestJSON-1705551020-project] 10.222.0.54 "GET /v2.0/security-groups?id=66ddce45-982a-44e9-b832-749abfd3ea67&fields=id&fields=name HTTP/1.1" status: 200 len: 286 time: 0.0635657
Nov 24 11:25:33.483525 dv-cinder-819089-1-iscsi neutron-server[102481]: DEBUG neutron_lib.callbacks.manager [None req-ea59a8b8-fec2-428a-afdf-5733988334ea admin admin] Publish callbacks [] for port, precommit_update {{(pid=102481) _notify_loop /usr/local/lib/python3.8/dist-packages/neutron_lib/callbacks/manager.py:175}}
Nov 24 11:25:33.489922 dv-cinder-819089-1-iscsi neutron-server[102481]: DEBUG neutron_lib.callbacks.manager [None req-ea59a8b8-fec2-428a-afdf-5733988334ea admin admin] Publish callbacks ['neutron.plugins.ml2.plugin.SecurityGroupServerNotifierRpcMixin._notify_sg_on_port_change-554061', 'neutron.plugins.ml2.ovo_rpc._ObjectChangeHandler.handle_event-477366', 'neutron.api.rpc.agentnotifiers.dhcp_rpc_agent_api.DhcpAgentNotifyAPI._native_event_send_dhcp_notification-1677091', 'neutron.db.l3_db.L3RpcNotifierMixin._notify_gateway_port_ip_changed-8771666634222', 'neutron.db.l3_dvrscheduler_db._notify_l3_agent_port_update-8771666203127', 'neutron.db.l3_hascheduler_db._notify_l3_agent_ha_port_update-8771666198541'] for port, after_update {{(pid=102481) _notify_loop /usr/local/lib/python3.8/dist-packages/neutron_lib/callbacks/manager.py:175}}
Nov 24 11:25:33.492250 dv-cinder-819089-1-iscsi neutron-server[102481]: DEBUG neutron_lib.callbacks.manager [None req-ea59a8b8-fec2-428a-afdf-5733988334ea admin admin] Publish callbacks ['neutron.api.rpc.agentnotifiers.dhcp_rpc_agent_api.DhcpAgentNotifyAPI._after_router_interface_created-1676249', 'neutron.services.l3_router.l3_router_plugin.DVRResourceOperationHandler._update_snat_v6_addrs_after_intf_update-2040223'] for router_interface, after_create {{(pid=102481) _notify_loop /usr/local/lib/python3.8/dist-packages/neutron_lib/callbacks/manager.py:175}}
Nov 24 11:25:33.544788 dv-cinder-819089-1-iscsi neutron-server[102481]: DEBUG neutron.api.rpc.handlers.resources_rpc [None req-ea59a8b8-fec2-428a-afdf-5733988334ea admin admin] Pushing event updated for resources: {'Port': ['ID=9ffb8216-4e43-49a7-b3ef-3fedfb4d5301,revision_number=2']} {{(pid=102481) push /opt/stack/neutron/neutron/api/rpc/handlers/resources_rpc.py:237}}
Nov 24 11:25:33.682177 dv-cinder-819089-1-iscsi neutron-server[102481]: DEBUG neutron.scheduler.dhcp_agent_scheduler [None req-ea59a8b8-fec2-428a-afdf-5733988334ea admin admin] Network 8e50e086-fddf-4cf9-8046-0093f7bc68d8 is already hosted by enough agents. {{(pid=102481) _get_dhcp_agents_hosting_network /opt/stack/neutron/neutron/scheduler/dhcp_agent_scheduler.py:275}}
Nov 24 11:25:33.683768 dv-cinder-819089-1-iscsi neutron-server[102481]: DEBUG neutron.scheduler.base_scheduler [None req-ea59a8b8-fec2-428a-afdf-5733988334ea admin admin] Resources bound (agent type, host, resource id): {{(pid=102481) schedule /opt/stack/neutron/neutron/scheduler/base_scheduler.py:57}}
Nov 24 11:25:34.061952 dv-cinder-819089-1-iscsi neutron-server[102483]: DEBUG neutron.db.provisioning_blocks [None req-902d2c72-49a5-4290-8cb0-2dd01fe1f998 None None] Provisioning complete for port 9ffb8216-4e43-49a7-b3ef-3fedfb4d5301 triggered by entity DHCP. {{(pid=102483) provisioning_complete /opt/stack/neutron/neutron/db/provisioning_blocks.py:139}}
Nov 24 11:25:34.062467 dv-cinder-819089-1-iscsi neutron-server[102483]: DEBUG neutron_lib.callbacks.manager [None req-902d2c72-49a5-4290-8cb0-2dd01fe1f998 None None] Publish callbacks ['neutron.plugins.ml2.plugin.Ml2Plugin._port_provisioned-1039747'] for port, provisioning_complete {{(pid=102483) _notify_loop /usr/local/lib/python3.8/dist-packages/neutron_lib/callbacks/manager.py:175}}
Nov 24 11:25:34.139551 dv-cinder-819089-1-iscsi neutron-server[102483]: DEBUG neutron.plugins.ml2.plugin [None req-902d2c72-49a5-4290-8cb0-2dd01fe1f998 None None] Port 9ffb8216-4e43-49a7-b3ef-3fedfb4d5301 cannot update to ACTIVE because it is not bound. {{(pid=102483) _port_provisioned /opt/stack/neutron/neutron/plugins/ml2/plugin.py:342}}
Nov 24 11:25:34.160822 dv-cinder-819089-1-iscsi neutron-server[102483]: DEBUG neutron.plugins.ml2.rpc [None req-2481566d-8b41-42ed-9800-65959a2685d8 None None] Device e4d98db4-b260-418b-907a-ca771c1f65c9 up at agent ovs-agent-dv-cinder-819089-1-iscsi {{(pid=102483) update_device_up /opt/stack/neutron/neutron/plugins/ml2/rpc.py:296}}
Nov 24 11:25:34.195972 dv-cinder-819089-1-iscsi neutron-server[102483]: DEBUG neutron.plugins.ml2.rpc [None req-db703f55-229b-4c39-b8b2-adbe35bfae0b None None] Device 226cdf83-e6fb-4e6e-b2a9-0b9d5c4c60cf no longer exists at agent hyperv_hv-cinder-81908 {{(pid=102483) update_device_down /opt/stack/neutron/neutron/plugins/ml2/rpc.py:259}}
Nov 24 11:25:34.196615 dv-cinder-819089-1-iscsi neutron-server[102481]: DEBUG neutron.scheduler.l3_agent_scheduler [None req-ea59a8b8-fec2-428a-afdf-5733988334ea admin admin] Router bc6be8e5-cc49-41d5-8553-cba4700e981e has already been hosted by L3 agent db6ab484-35e5-4ac5-bab9-bd1ee864826e {{(pid=102481) _get_candidates /opt/stack/neutron/neutron/scheduler/l3_agent_scheduler.py:126}}
Nov 24 11:25:34.222809 dv-cinder-819089-1-iscsi neutron-server[102483]: DEBUG neutron.plugins.ml2.plugin [None req-db703f55-229b-4c39-b8b2-adbe35bfae0b None None] No Port match for: 226cdf83-e6fb-4e6e-b2a9-0b9d5c4c60cf {{(pid=102483) port_bound_to_host /opt/stack/neutron/neutron/plugins/ml2/plugin.py:2272}}
Nov 24 11:25:34.223418 dv-cinder-819089-1-iscsi neutron-server[102483]: DEBUG neutron.plugins.ml2.rpc [None req-db703f55-229b-4c39-b8b2-adbe35bfae0b None None] Device 226cdf83-e6fb-4e6e-b2a9-0b9d5c4c60cf not bound to the agent host hv-cinder-81908 {{(pid=102483) update_device_down /opt/stack/neutron/neutron/plugins/ml2/rpc.py:269}}
Nov 24 11:25:34.245066 dv-cinder-819089-1-iscsi neutron-server[102483]: DEBUG neutron.db.provisioning_blocks [None req-2481566d-8b41-42ed-9800-65959a2685d8 None None] Provisioning complete for port e4d98db4-b260-418b-907a-ca771c1f65c9 triggered by entity L2. {{(pid=102483) provisioning_complete /opt/stack/neutron/neutron/db/provisioning_blocks.py:139}}
Nov 24 11:25:34.245696 dv-cinder-819089-1-iscsi neutron-server[102483]: DEBUG neutron_lib.callbacks.manager [None req-2481566d-8b41-42ed-9800-65959a2685d8 None None] Publish callbacks ['neutron.plugins.ml2.plugin.Ml2Plugin._port_provisioned-1039747'] for port, provisioning_complete {{(pid=102483) _notify_loop /usr/local/lib/python3.8/dist-packages/neutron_lib/callbacks/manager.py:175}}
Nov 24 11:25:34.370673 dv-cinder-819089-1-iscsi neutron-server[102483]: DEBUG neutron_lib.callbacks.manager [None req-2481566d-8b41-42ed-9800-65959a2685d8 None None] Publish callbacks ['neutron.plugins.ml2.plugin.SecurityGroupDbMixin._ensure_default_security_group_handler-555912'] for port, before_update {{(pid=102483) _notify_loop /usr/local/lib/python3.8/dist-packages/neutron_lib/callbacks/manager.py:175}}
Nov 24 11:25:34.378162 dv-cinder-819089-1-iscsi neutron-server[102481]: DEBUG neutron.api.rpc.agentnotifiers.l3_rpc_agent_api [None req-ea59a8b8-fec2-428a-afdf-5733988334ea admin admin] Notify agent at l3_agent.dv-cinder-819089-1-iscsi the message routers_updated {{(pid=102481) _agent_notification /opt/stack/neutron/neutron/api/rpc/agentnotifiers/l3_rpc_agent_api.py:65}}
Nov 24 11:25:34.395172 dv-cinder-819089-1-iscsi neutron-server[102481]: INFO neutron.wsgi [None req-ea59a8b8-fec2-428a-afdf-5733988334ea admin admin] 10.222.0.54 "PUT /v2.0/routers/bc6be8e5-cc49-41d5-8553-cba4700e981e/add_router_interface HTTP/1.1" status: 200 len: 503 time: 4.5407031
Nov 24 11:25:34.401811 dv-cinder-819089-1-iscsi neutron-server[102483]: DEBUG neutron.plugins.ml2.db [None req-2481566d-8b41-42ed-9800-65959a2685d8 None None] For port e4d98db4-b260-418b-907a-ca771c1f65c9, host dv-cinder-819089-1-iscsi, got binding levels [PortBindingLevel(driver='openvswitch',host='dv-cinder-819089-1-iscsi',level=0,port_id=e4d98db4-b260-418b-907a-ca771c1f65c9,segment=NetworkSegment(d6f55a1d-2dde-4ae1-89fc-901cec644823),segment_id=d6f55a1d-2dde-4ae1-89fc-901cec644823)] {{(pid=102483) get_binding_level_objs /opt/stack/neutron/neutron/plugins/ml2/db.py:74}}
Nov 24 11:25:34.406808 dv-cinder-819089-1-iscsi neutron-server[102483]: DEBUG neutron_lib.callbacks.manager [None req-2481566d-8b41-42ed-9800-65959a2685d8 None None] Publish callbacks ['neutron.plugins.ml2.plugin.SecurityGroupServerNotifierRpcMixin._notify_sg_on_port_change-554061', 'neutron.plugins.ml2.ovo_rpc._ObjectChangeHandler.handle_event-477366', 'neutron.api.rpc.agentnotifiers.dhcp_rpc_agent_api.DhcpAgentNotifyAPI._native_event_send_dhcp_notification-1677091', 'neutron.db.l3_db.L3RpcNotifierMixin._notify_gateway_port_ip_changed-8771666634222', 'neutron.db.l3_dvrscheduler_db._notify_l3_agent_port_update-8771666203127', 'neutron.db.l3_hascheduler_db._notify_l3_agent_ha_port_update-8771666198541'] for port, after_update {{(pid=102483) _notify_loop /usr/local/lib/python3.8/dist-packages/neutron_lib/callbacks/manager.py:175}}
Nov 24 11:25:34.475977 dv-cinder-819089-1-iscsi neutron-server[102483]: DEBUG neutron.api.rpc.handlers.resources_rpc [None req-2481566d-8b41-42ed-9800-65959a2685d8 None None] Pushing event updated for resources: {'Port': ['ID=e4d98db4-b260-418b-907a-ca771c1f65c9,revision_number=4']} {{(pid=102483) push /opt/stack/neutron/neutron/api/rpc/handlers/resources_rpc.py:237}}
Nov 24 11:25:34.603275 dv-cinder-819089-1-iscsi neutron-server[102482]: DEBUG neutron.pecan_wsgi.hooks.policy_enforcement [req-9f3aa9a5-94c1-4906-86ab-2a0d21bccaeb req-8e204ec6-035f-4b79-9bb4-820776f9b7aa tempest-ServerRescueNegativeTestJSON-1705551020 tempest-ServerRescueNegativeTestJSON-1705551020-project] Attributes excluded by policy engine: ['standard_attr_id', 'binding:profile', 'binding:host_id', 'binding:vif_type', 'binding:vif_details'] {{(pid=102482) _exclude_attributes_by_policy /opt/stack/neutron/neutron/pecan_wsgi/hooks/policy_enforcement.py:255}}
Nov 24 11:25:34.611110 dv-cinder-819089-1-iscsi neutron-server[102482]: INFO neutron.wsgi [req-9f3aa9a5-94c1-4906-86ab-2a0d21bccaeb req-8e204ec6-035f-4b79-9bb4-820776f9b7aa tempest-ServerRescueNegativeTestJSON-1705551020 tempest-ServerRescueNegativeTestJSON-1705551020-project] 10.222.0.54 "GET /v2.0/ports?device_id=8f54e297-ae97-477b-b3ad-b32f8bc5555e HTTP/1.1" status: 200 len: 945 time: 0.0640850
