Nov 24 11:24:06.039651 dv-cinder-819089-1-iscsi devstack@n-api.service[116046]: DEBUG nova.network.neutron [None req-bae2b25a-2f86-440f-a0c3-f80bc3f089fe tempest-DeleteServersTestJSON-2050172421 tempest-DeleteServersTestJSON-2050172421-project] validate_networks() for [('f9c777c0-86f9-4ac0-a3c4-21e00095a7f2', None, None, None, None, None)] {{(pid=116046) validate_networks /opt/stack/nova/nova/network/neutron.py:2482}}
Nov 24 11:24:06.223610 dv-cinder-819089-1-iscsi devstack@n-api.service[116045]: INFO nova.api.openstack.requestlog [None req-d1431f7f-df4f-4a6b-974d-9aef456c586d tempest-VolumesSnapshotsTestJSON-1298409603 tempest-VolumesSnapshotsTestJSON-1298409603-project] 10.222.0.54 "POST /compute/v2.1/os-volumes" status: 200 len: 345 microversion: 2.1 time: 3.367112
Nov 24 11:24:06.225585 dv-cinder-819089-1-iscsi devstack@n-api.service[116045]: [pid: 116045|app: 0|req: 1/3] 10.222.0.54 () {60 vars in 1154 bytes} [Wed Nov 24 11:24:02 2021] POST /compute/v2.1/os-volumes => generated 345 bytes in 3371 msecs (HTTP/1.1 200) 10 headers in 448 bytes (2 switches on core 0)
Nov 24 11:24:06.238487 dv-cinder-819089-1-iscsi devstack@n-api.service[116045]: DEBUG nova.api.openstack.wsgi [None req-cac028fd-db4b-4a03-b200-c03fffcd6382 tempest-VolumesGetTestJSON-847139190 tempest-VolumesGetTestJSON-847139190-project] Calling method '.version_select at 0x7fa81af58160>' {{(pid=116045) _process_stack /opt/stack/nova/nova/api/openstack/wsgi.py:513}}
Nov 24 11:24:06.344122 dv-cinder-819089-1-iscsi devstack@n-api.service[116045]: INFO nova.api.openstack.requestlog [None req-cac028fd-db4b-4a03-b200-c03fffcd6382 tempest-VolumesGetTestJSON-847139190 tempest-VolumesGetTestJSON-847139190-project] 10.222.0.54 "GET /compute/v2.1/os-volumes/72b1bb60-28da-4b67-8a6a-43b9508efd73" status: 200 len: 354 microversion: 2.1 time: 0.109500
Nov 24 11:24:06.357142 dv-cinder-819089-1-iscsi devstack@n-api.service[116045]: [pid: 116045|app: 0|req: 2/4] 10.222.0.54 () {58 vars in 1244 bytes} [Wed Nov 24 11:24:06 2021] GET /compute/v2.1/os-volumes/72b1bb60-28da-4b67-8a6a-43b9508efd73 => generated 354 bytes in 123 msecs (HTTP/1.1 200) 9 headers in 357 bytes (1 switches on core 0)
Nov 24 11:24:06.376664 dv-cinder-819089-1-iscsi devstack@n-api.service[116045]: DEBUG nova.api.openstack.wsgi [None req-9d5735e0-c589-47e9-8f6f-2765e0be5f26 tempest-VolumesSnapshotsTestJSON-1298409603 tempest-VolumesSnapshotsTestJSON-1298409603-project] Calling method '.version_select at 0x7fa81af589d0>' {{(pid=116045) _process_stack /opt/stack/nova/nova/api/openstack/wsgi.py:513}}
Nov 24 11:24:06.603345 dv-cinder-819089-1-iscsi devstack@n-api.service[116045]: INFO nova.api.openstack.requestlog [None req-9d5735e0-c589-47e9-8f6f-2765e0be5f26 tempest-VolumesSnapshotsTestJSON-1298409603 tempest-VolumesSnapshotsTestJSON-1298409603-project] 10.222.0.54 "GET /compute/v2.1/os-volumes/d09bb2fe-126e-4b62-ae74-6bcbf4abd081" status: 200 len: 346 microversion: 2.1 time: 0.243881
Nov 24 11:24:06.604189 dv-cinder-819089-1-iscsi devstack@n-api.service[116045]: [pid: 116045|app: 0|req: 3/5] 10.222.0.54 () {58 vars in 1244 bytes} [Wed Nov 24 11:24:06 2021] GET /compute/v2.1/os-volumes/d09bb2fe-126e-4b62-ae74-6bcbf4abd081 => generated 346 bytes in 245 msecs (HTTP/1.1 200) 9 headers in 357 bytes (1 switches on core 0)
Nov 24 11:24:06.618420 dv-cinder-819089-1-iscsi devstack@n-api.service[116045]: DEBUG nova.api.openstack.wsgi [None req-686ee2aa-b9eb-475f-93ac-3a166f1e43da tempest-VolumesGetTestJSON-847139190 tempest-VolumesGetTestJSON-847139190-project] Calling method '.version_select at 0x7fa81af58af0>' {{(pid=116045) _process_stack /opt/stack/nova/nova/api/openstack/wsgi.py:513}}
Nov 24 11:24:06.747857 dv-cinder-819089-1-iscsi devstack@n-api.service[116045]: INFO nova.api.openstack.requestlog [None req-686ee2aa-b9eb-475f-93ac-3a166f1e43da tempest-VolumesGetTestJSON-847139190 tempest-VolumesGetTestJSON-847139190-project] 10.222.0.54 "GET /compute/v2.1/os-volumes/72b1bb60-28da-4b67-8a6a-43b9508efd73" status: 200 len: 354 microversion: 2.1 time: 0.138983
Nov 24 11:24:06.762273 dv-cinder-819089-1-iscsi devstack@n-api.service[116045]: [pid: 116045|app: 0|req: 4/6] 10.222.0.54 () {58 vars in 1244 bytes} [Wed Nov 24 11:24:06 2021] GET /compute/v2.1/os-volumes/72b1bb60-28da-4b67-8a6a-43b9508efd73 => generated 354 bytes in 157 msecs (HTTP/1.1 200) 9 headers in 357 bytes (1 switches on core 0)
Nov 24 11:24:06.866154 dv-cinder-819089-1-iscsi devstack@n-api.service[116045]: DEBUG nova.api.openstack.wsgi [None req-34695207-5a79-43ad-98a8-b0ade9e9b61e tempest-VolumesSnapshotsTestJSON-1298409603 tempest-VolumesSnapshotsTestJSON-1298409603-project] Action: 'create', calling method: .version_select at 0x7fa81aeed4c0>, body: {"snapshot": {"volume_id": "d09bb2fe-126e-4b62-ae74-6bcbf4abd081", "display_name": "tempest-VolumesSnapshotsTestJSON-Snapshot-1013684301"}} {{(pid=116045) _process_stack /opt/stack/nova/nova/api/openstack/wsgi.py:511}}
Nov 24 11:24:07.256269 dv-cinder-819089-1-iscsi devstack@n-api.service[116045]: INFO nova.api.openstack.requestlog [None req-34695207-5a79-43ad-98a8-b0ade9e9b61e tempest-VolumesSnapshotsTestJSON-1298409603 tempest-VolumesSnapshotsTestJSON-1298409603-project] 10.222.0.54 "POST /compute/v2.1/os-snapshots" status: 200 len: 287 microversion: 2.1 time: 0.492711
Nov 24 11:24:07.257227 dv-cinder-819089-1-iscsi devstack@n-api.service[116045]: [pid: 116045|app: 0|req: 5/7] 10.222.0.54 () {60 vars in 1161 bytes} [Wed Nov 24 11:24:06 2021] POST /compute/v2.1/os-snapshots => generated 287 bytes in 494 msecs (HTTP/1.1 200) 9 headers in 357 bytes (1 switches on core 0)
Nov 24 11:24:07.261827 dv-cinder-819089-1-iscsi devstack@n-api.service[116045]: DEBUG nova.api.openstack.wsgi [None req-429352e9-4bdf-45fc-ac0b-870369dd9723 tempest-VolumesGetTestJSON-847139190 tempest-VolumesGetTestJSON-847139190-project] Calling method '.version_select at 0x7fa81af58ee0>' {{(pid=116045) _process_stack /opt/stack/nova/nova/api/openstack/wsgi.py:513}}
Nov 24 11:24:07.403110 dv-cinder-819089-1-iscsi devstack@n-api.service[116045]: INFO nova.api.openstack.requestlog [None req-429352e9-4bdf-45fc-ac0b-870369dd9723 tempest-VolumesGetTestJSON-847139190 tempest-VolumesGetTestJSON-847139190-project] 10.222.0.54 "DELETE /compute/v2.1/os-volumes/72b1bb60-28da-4b67-8a6a-43b9508efd73" status: 202 len: 0 microversion: 2.1 time: 0.144153
Nov 24 11:24:07.404810 dv-cinder-819089-1-iscsi devstack@n-api.service[116045]: [pid: 116045|app: 0|req: 6/8] 10.222.0.54 () {58 vars in 1247 bytes} [Wed Nov 24 11:24:07 2021] DELETE /compute/v2.1/os-volumes/72b1bb60-28da-4b67-8a6a-43b9508efd73 => generated 0 bytes in 146 msecs (HTTP/1.1 202) 9 headers in 361 bytes (1 switches on core 0)
Nov 24 11:24:07.412048 dv-cinder-819089-1-iscsi devstack@n-api.service[116045]: DEBUG nova.api.openstack.wsgi [None req-90644ccb-6a27-4752-8bbf-df1c1982742c tempest-VolumesSnapshotsTestJSON-1298409603 tempest-VolumesSnapshotsTestJSON-1298409603-project] Calling method '.version_select at 0x7fa81af58280>' {{(pid=116045) _process_stack /opt/stack/nova/nova/api/openstack/wsgi.py:513}}
Nov 24 11:24:07.531008 dv-cinder-819089-1-iscsi devstack@n-api.service[116045]: INFO nova.api.openstack.requestlog [None req-90644ccb-6a27-4752-8bbf-df1c1982742c tempest-VolumesSnapshotsTestJSON-1298409603 tempest-VolumesSnapshotsTestJSON-1298409603-project] 10.222.0.54 "GET /compute/v2.1/os-snapshots/3768b10c-76bc-494f-8e3e-6aebba4b31e4" status: 200 len: 287 microversion: 2.1 time: 0.124859
Nov 24 11:24:07.532501 dv-cinder-819089-1-iscsi devstack@n-api.service[116045]: [pid: 116045|app: 0|req: 7/9] 10.222.0.54 () {58 vars in 1250 bytes} [Wed Nov 24 11:24:07 2021] GET /compute/v2.1/os-snapshots/3768b10c-76bc-494f-8e3e-6aebba4b31e4 => generated 287 bytes in 127 msecs (HTTP/1.1 200) 9 headers in 357 bytes (1 switches on core 0)
Nov 24 11:24:07.537691 dv-cinder-819089-1-iscsi devstack@n-api.service[116045]: DEBUG nova.api.openstack.wsgi [None req-95b7e30a-dc7e-4453-8491-e7f78547a908 tempest-VolumesGetTestJSON-847139190 tempest-VolumesGetTestJSON-847139190-project] Calling method '.version_select at 0x7fa81aeedd30>' {{(pid=116045) _process_stack /opt/stack/nova/nova/api/openstack/wsgi.py:513}}
Nov 24 11:24:07.603583 dv-cinder-819089-1-iscsi devstack@n-api.service[116045]: INFO nova.api.openstack.requestlog [None req-95b7e30a-dc7e-4453-8491-e7f78547a908 tempest-VolumesGetTestJSON-847139190 tempest-VolumesGetTestJSON-847139190-project] 10.222.0.54 "GET /compute/v2.1/os-volumes/72b1bb60-28da-4b67-8a6a-43b9508efd73" status: 200 len: 353 microversion: 2.1 time: 0.069483
Nov 24 11:24:07.604927 dv-cinder-819089-1-iscsi devstack@n-api.service[116045]: [pid: 116045|app: 0|req: 8/10] 10.222.0.54 () {58 vars in 1244 bytes} [Wed Nov 24 11:24:07 2021] GET /compute/v2.1/os-volumes/72b1bb60-28da-4b67-8a6a-43b9508efd73 => generated 353 bytes in 72 msecs (HTTP/1.1 200) 9 headers in 357 bytes (1 switches on core 0)
Nov 24 11:24:07.609347 dv-cinder-819089-1-iscsi devstack@n-api.service[116045]: DEBUG nova.api.openstack.wsgi [None req-e7589593-7046-445e-a7c4-1f294b0a5ac7 tempest-VolumesSnapshotsTestJSON-1298409603 tempest-VolumesSnapshotsTestJSON-1298409603-project] Calling method '.version_select at 0x7fa81b091550>' {{(pid=116045) _process_stack /opt/stack/nova/nova/api/openstack/wsgi.py:513}}
Nov 24 11:24:07.666944 dv-cinder-819089-1-iscsi devstack@n-api.service[116045]: INFO nova.api.openstack.requestlog [None req-e7589593-7046-445e-a7c4-1f294b0a5ac7 tempest-VolumesSnapshotsTestJSON-1298409603 tempest-VolumesSnapshotsTestJSON-1298409603-project] 10.222.0.54 "GET /compute/v2.1/os-snapshots" status: 200 len: 290 microversion: 2.1 time: 0.060870
Nov 24 11:24:07.667582 dv-cinder-819089-1-iscsi devstack@n-api.service[116045]: [pid: 116045|app: 0|req: 9/11] 10.222.0.54 () {58 vars in 1139 bytes} [Wed Nov 24 11:24:07 2021] GET /compute/v2.1/os-snapshots => generated 290 bytes in 62 msecs (HTTP/1.1 200) 9 headers in 357 bytes (1 switches on core 0)
Nov 24 11:24:07.679998 dv-cinder-819089-1-iscsi devstack@n-api.service[116045]: DEBUG nova.api.openstack.wsgi [None req-3ddb1eb9-acb0-437a-b603-15fad0d44fec tempest-VolumesSnapshotsTestJSON-1298409603 tempest-VolumesSnapshotsTestJSON-1298409603-project] Calling method '.version_select at 0x7fa81aeed700>' {{(pid=116045) _process_stack /opt/stack/nova/nova/api/openstack/wsgi.py:513}}
Nov 24 11:24:07.715938 dv-cinder-819089-1-iscsi devstack@n-api.service[116045]: INFO nova.api.openstack.requestlog [None req-3ddb1eb9-acb0-437a-b603-15fad0d44fec tempest-VolumesSnapshotsTestJSON-1298409603 tempest-VolumesSnapshotsTestJSON-1298409603-project] 10.222.0.54 "GET /compute/v2.1/os-snapshots/3768b10c-76bc-494f-8e3e-6aebba4b31e4" status: 200 len: 287 microversion: 2.1 time: 0.041347
Nov 24 11:24:07.716982 dv-cinder-819089-1-iscsi devstack@n-api.service[116045]: [pid: 116045|app: 0|req: 10/12] 10.222.0.54 () {58 vars in 1250 bytes} [Wed Nov 24 11:24:07 2021] GET /compute/v2.1/os-snapshots/3768b10c-76bc-494f-8e3e-6aebba4b31e4 => generated 287 bytes in 43 msecs (HTTP/1.1 200) 9 headers in 357 bytes (1 switches on core 0)
Nov 24 11:24:07.737213 dv-cinder-819089-1-iscsi devstack@n-api.service[116046]: DEBUG nova.virt.hardware [None req-bae2b25a-2f86-440f-a0c3-f80bc3f089fe tempest-DeleteServersTestJSON-2050172421 tempest-DeleteServersTestJSON-2050172421-project] Flavor limits 0:0:0 {{(pid=116046) get_cpu_topology_constraints /opt/stack/nova/nova/virt/hardware.py:343}}
Nov 24 11:24:07.737785 dv-cinder-819089-1-iscsi devstack@n-api.service[116046]: DEBUG nova.virt.hardware [None req-bae2b25a-2f86-440f-a0c3-f80bc3f089fe tempest-DeleteServersTestJSON-2050172421 tempest-DeleteServersTestJSON-2050172421-project] Image limits 0:0:0 {{(pid=116046) get_cpu_topology_constraints /opt/stack/nova/nova/virt/hardware.py:347}}
Nov 24 11:24:07.739184 dv-cinder-819089-1-iscsi devstack@n-api.service[116046]: DEBUG nova.virt.hardware [None req-bae2b25a-2f86-440f-a0c3-f80bc3f089fe tempest-DeleteServersTestJSON-2050172421 tempest-DeleteServersTestJSON-2050172421-project] Flavor pref 0:0:0 {{(pid=116046) get_cpu_topology_constraints /opt/stack/nova/nova/virt/hardware.py:383}}
Nov 24 11:24:07.740502 dv-cinder-819089-1-iscsi devstack@n-api.service[116046]: DEBUG nova.virt.hardware [None req-bae2b25a-2f86-440f-a0c3-f80bc3f089fe tempest-DeleteServersTestJSON-2050172421 tempest-DeleteServersTestJSON-2050172421-project] Image pref 0:0:0 {{(pid=116046) get_cpu_topology_constraints /opt/stack/nova/nova/virt/hardware.py:387}}
Nov 24 11:24:07.741263 dv-cinder-819089-1-iscsi devstack@n-api.service[116046]: DEBUG nova.virt.hardware [None req-bae2b25a-2f86-440f-a0c3-f80bc3f089fe tempest-DeleteServersTestJSON-2050172421 tempest-DeleteServersTestJSON-2050172421-project] Chose sockets=0, cores=0, threads=0; limits were sockets=65536, cores=65536, threads=65536 {{(pid=116046) get_cpu_topology_constraints /opt/stack/nova/nova/virt/hardware.py:425}}
Nov 24 11:24:07.762481 dv-cinder-819089-1-iscsi devstack@n-api.service[116046]: DEBUG oslo_concurrency.lockutils [None req-bae2b25a-2f86-440f-a0c3-f80bc3f089fe tempest-DeleteServersTestJSON-2050172421 tempest-DeleteServersTestJSON-2050172421-project] Lock "00000000-0000-0000-0000-000000000000" acquired by "nova.context.set_target_cell..get_or_set_cached_cell_and_set_connections" :: waited 0.000s {{(pid=116046) inner /usr/local/lib/python3.8/dist-packages/oslo_concurrency/lockutils.py:386}}
Nov 24 11:24:07.762950 dv-cinder-819089-1-iscsi devstack@n-api.service[116046]: DEBUG oslo_concurrency.lockutils [None req-bae2b25a-2f86-440f-a0c3-f80bc3f089fe tempest-DeleteServersTestJSON-2050172421 tempest-DeleteServersTestJSON-2050172421-project] Lock "00000000-0000-0000-0000-000000000000" "released" by "nova.context.set_target_cell..get_or_set_cached_cell_and_set_connections" :: held 0.001s {{(pid=116046) inner /usr/local/lib/python3.8/dist-packages/oslo_concurrency/lockutils.py:400}}
Nov 24 11:24:07.764204 dv-cinder-819089-1-iscsi devstack@n-api.service[116046]: DEBUG oslo_concurrency.lockutils [None req-bae2b25a-2f86-440f-a0c3-f80bc3f089fe tempest-DeleteServersTestJSON-2050172421 tempest-DeleteServersTestJSON-2050172421-project] Lock "9e79a74c-83db-4e07-bf9d-043f8924b0df" acquired by "nova.context.set_target_cell..get_or_set_cached_cell_and_set_connections" :: waited 0.000s {{(pid=116046) inner /usr/local/lib/python3.8/dist-packages/oslo_concurrency/lockutils.py:386}}
Nov 24 11:24:07.765993 dv-cinder-819089-1-iscsi devstack@n-api.service[116046]: DEBUG oslo_concurrency.lockutils [None req-bae2b25a-2f86-440f-a0c3-f80bc3f089fe tempest-DeleteServersTestJSON-2050172421 tempest-DeleteServersTestJSON-2050172421-project] Lock "9e79a74c-83db-4e07-bf9d-043f8924b0df" "released" by "nova.context.set_target_cell..get_or_set_cached_cell_and_set_connections" :: held 0.001s {{(pid=116046) inner /usr/local/lib/python3.8/dist-packages/oslo_concurrency/lockutils.py:400}}
Nov 24 11:24:07.808022 dv-cinder-819089-1-iscsi devstack@n-api.service[116046]: DEBUG nova.quota [None req-bae2b25a-2f86-440f-a0c3-f80bc3f089fe tempest-DeleteServersTestJSON-2050172421 tempest-DeleteServersTestJSON-2050172421-project] Getting quotas for project d8801ea1a6f842268aba209942a667f7. Resources: {'instances', 'ram', 'cores'} {{(pid=116046) _get_quotas /opt/stack/nova/nova/quota.py:387}}
Nov 24 11:24:07.816145 dv-cinder-819089-1-iscsi devstack@n-api.service[116046]: DEBUG nova.quota [None req-bae2b25a-2f86-440f-a0c3-f80bc3f089fe tempest-DeleteServersTestJSON-2050172421 tempest-DeleteServersTestJSON-2050172421-project] Getting quotas for user aaa34c88613a46e58af194d008637b38 and project d8801ea1a6f842268aba209942a667f7. Resources: {'instances', 'ram', 'cores'} {{(pid=116046) _get_quotas /opt/stack/nova/nova/quota.py:377}}
Nov 24 11:24:07.829758 dv-cinder-819089-1-iscsi devstack@n-api.service[116046]: DEBUG nova.compute.api [None req-bae2b25a-2f86-440f-a0c3-f80bc3f089fe tempest-DeleteServersTestJSON-2050172421 tempest-DeleteServersTestJSON-2050172421-project] Going to run 1 instances... {{(pid=116046) _provision_instances /opt/stack/nova/nova/compute/api.py:1350}}
Nov 24 11:24:07.832989 dv-cinder-819089-1-iscsi devstack@n-api.service[116046]: DEBUG nova.compute.api [None req-bae2b25a-2f86-440f-a0c3-f80bc3f089fe tempest-DeleteServersTestJSON-2050172421 tempest-DeleteServersTestJSON-2050172421-project] [instance: 079efd70-9d85-4fe9-a920-db1529301880] block_device_mapping [BlockDeviceMapping(attachment_id=,boot_index=0,connection_info=None,created_at=,delete_on_termination=True,deleted=,deleted_at=,destination_type='local',device_name=None,device_type='disk',disk_bus=None,guest_format=None,id=,image_id='723facca-55e1-4468-b563-057f4f9f8202',instance=,instance_uuid=,no_device=False,snapshot_id=None,source_type='image',tag=None,updated_at=,uuid=,volume_id=None,volume_size=None,volume_type=None)] {{(pid=116046) _bdm_validate_set_size_and_instance /opt/stack/nova/nova/compute/api.py:1757}}
Nov 24 11:24:07.943189 dv-cinder-819089-1-iscsi devstack@n-api.service[116046]: INFO nova.api.openstack.requestlog [None req-bae2b25a-2f86-440f-a0c3-f80bc3f089fe tempest-DeleteServersTestJSON-2050172421 tempest-DeleteServersTestJSON-2050172421-project] 10.222.0.54 "POST /compute/v2.1/servers" status: 202 len: 380 microversion: 2.1 time: 2.213392
Nov 24 11:24:07.945903 dv-cinder-819089-1-iscsi devstack@n-api.service[116046]: [pid: 116046|app: 0|req: 3/13] 10.222.0.54 () {60 vars in 1146 bytes} [Wed Nov 24 11:24:05 2021] POST /compute/v2.1/servers => generated 380 bytes in 2217 msecs (HTTP/1.1 202) 10 headers in 451 bytes (2 switches on core 0)
Nov 24 11:24:07.957282 dv-cinder-819089-1-iscsi devstack@n-api.service[116045]: DEBUG nova.api.openstack.wsgi [None req-a9d4eaf3-b4c1-41d3-9e00-befdd21076af tempest-DeleteServersTestJSON-2050172421 tempest-DeleteServersTestJSON-2050172421-project] Calling method '>' {{(pid=116045) _process_stack /opt/stack/nova/nova/api/openstack/wsgi.py:513}}
Nov 24 11:24:07.958261 dv-cinder-819089-1-iscsi devstack@n-api.service[116045]: DEBUG nova.compute.api [None req-a9d4eaf3-b4c1-41d3-9e00-befdd21076af tempest-DeleteServersTestJSON-2050172421 tempest-DeleteServersTestJSON-2050172421-project] [instance: 079efd70-9d85-4fe9-a920-db1529301880] Fetching instance by UUID {{(pid=116045) get /opt/stack/nova/nova/compute/api.py:2865}}
Nov 24 11:24:08.362938 dv-cinder-819089-1-iscsi devstack@n-api.service[116045]: DEBUG nova.policy [None req-a9d4eaf3-b4c1-41d3-9e00-befdd21076af tempest-DeleteServersTestJSON-2050172421 tempest-DeleteServersTestJSON-2050172421-project] Policy check for os_compute_api:os-extended-server-attributes failed with credentials {'is_admin': False, 'user_id': 'aaa34c88613a46e58af194d008637b38', 'user_domain_id': 'default', 'system_scope': None, 'domain_id': None, 'project_id': 'd8801ea1a6f842268aba209942a667f7', 'project_domain_id': 'default', 'roles': ['member', 'reader'], 'is_admin_project': True, 'service_user_id': None, 'service_user_domain_id': None, 'service_project_id': None, 'service_project_domain_id': None, 'service_roles': []} {{(pid=116045) authorize /opt/stack/nova/nova/policy.py:199}}
Nov 24 11:24:08.392753 dv-cinder-819089-1-iscsi devstack@n-api.service[116045]: INFO nova.api.openstack.requestlog [None req-a9d4eaf3-b4c1-41d3-9e00-befdd21076af tempest-DeleteServersTestJSON-2050172421 tempest-DeleteServersTestJSON-2050172421-project] 10.222.0.54 "GET /compute/v2.1/servers/079efd70-9d85-4fe9-a920-db1529301880" status: 200 len: 1215 microversion: 2.1 time: 0.439225
Nov 24 11:24:08.402802 dv-cinder-819089-1-iscsi devstack@n-api.service[116045]: [pid: 116045|app: 0|req: 11/14] 10.222.0.54 () {58 vars in 1235 bytes} [Wed Nov 24 11:24:07 2021] GET /compute/v2.1/servers/079efd70-9d85-4fe9-a920-db1529301880 => generated 1215 bytes in 450 msecs (HTTP/1.1 200) 9 headers in 358 bytes (1 switches on core 0)
Nov 24 11:24:08.624159 dv-cinder-819089-1-iscsi devstack@n-api.service[116046]: DEBUG nova.api.openstack.wsgi [None req-01060917-4207-4a6f-8a26-7e0e23308013 tempest-VolumesGetTestJSON-847139190 tempest-VolumesGetTestJSON-847139190-project] Calling method '.version_select at 0x7fa81ae5a8b0>' {{(pid=116046) _process_stack /opt/stack/nova/nova/api/openstack/wsgi.py:513}}
Nov 24 11:24:08.730130 dv-cinder-819089-1-iscsi devstack@n-api.service[116045]: DEBUG nova.api.openstack.wsgi [None req-947fc3a9-b9a2-4a16-b8d9-4273a8d99c3a tempest-VolumesSnapshotsTestJSON-1298409603 tempest-VolumesSnapshotsTestJSON-1298409603-project] Calling method '.version_select at 0x7fa81af78430>' {{(pid=116045) _process_stack /opt/stack/nova/nova/api/openstack/wsgi.py:513}}
Nov 24 11:24:08.760669 dv-cinder-819089-1-iscsi devstack@n-api.service[116046]: INFO nova.api.openstack.requestlog [None req-01060917-4207-4a6f-8a26-7e0e23308013 tempest-VolumesGetTestJSON-847139190 tempest-VolumesGetTestJSON-847139190-project] 10.222.0.54 "GET /compute/v2.1/os-volumes/72b1bb60-28da-4b67-8a6a-43b9508efd73" status: 200 len: 353 microversion: 2.1 time: 0.147823
Nov 24 11:24:08.766411 dv-cinder-819089-1-iscsi devstack@n-api.service[116046]: [pid: 116046|app: 0|req: 4/15] 10.222.0.54 () {58 vars in 1244 bytes} [Wed Nov 24 11:24:08 2021] GET /compute/v2.1/os-volumes/72b1bb60-28da-4b67-8a6a-43b9508efd73 => generated 353 bytes in 151 msecs (HTTP/1.1 200) 9 headers in 357 bytes (1 switches on core 0)
Nov 24 11:24:08.809171 dv-cinder-819089-1-iscsi devstack@n-api.service[116045]: INFO nova.api.openstack.requestlog [None req-947fc3a9-b9a2-4a16-b8d9-4273a8d99c3a tempest-VolumesSnapshotsTestJSON-1298409603 tempest-VolumesSnapshotsTestJSON-1298409603-project] 10.222.0.54 "GET /compute/v2.1/os-snapshots/3768b10c-76bc-494f-8e3e-6aebba4b31e4" status: 200 len: 287 microversion: 2.1 time: 0.083906
Nov 24 11:24:08.810382 dv-cinder-819089-1-iscsi devstack@n-api.service[116045]: [pid: 116045|app: 0|req: 12/16] 10.222.0.54 () {58 vars in 1250 bytes} [Wed Nov 24 11:24:08 2021] GET /compute/v2.1/os-snapshots/3768b10c-76bc-494f-8e3e-6aebba4b31e4 => generated 287 bytes in 86 msecs (HTTP/1.1 200) 9 headers in 357 bytes (1 switches on core 0)
Nov 24 11:24:09.425450 dv-cinder-819089-1-iscsi devstack@n-api.service[116046]: DEBUG nova.api.openstack.wsgi [None req-2504008c-ce65-48ff-97af-36c30ed2a031 tempest-DeleteServersTestJSON-2050172421 tempest-DeleteServersTestJSON-2050172421-project] Calling method '>' {{(pid=116046) _process_stack /opt/stack/nova/nova/api/openstack/wsgi.py:513}}
Nov 24 11:24:09.425450 dv-cinder-819089-1-iscsi devstack@n-api.service[116046]: DEBUG nova.compute.api [None req-2504008c-ce65-48ff-97af-36c30ed2a031 tempest-DeleteServersTestJSON-2050172421 tempest-DeleteServersTestJSON-2050172421-project] [instance: 079efd70-9d85-4fe9-a920-db1529301880] Fetching instance by UUID {{(pid=116046) get /opt/stack/nova/nova/compute/api.py:2865}}
Nov 24 11:24:09.586495 dv-cinder-819089-1-iscsi devstack@n-api.service[116046]: DEBUG nova.policy [None req-2504008c-ce65-48ff-97af-36c30ed2a031 tempest-DeleteServersTestJSON-2050172421 tempest-DeleteServersTestJSON-2050172421-project] Policy check for os_compute_api:os-extended-server-attributes failed with credentials {'is_admin': False, 'user_id': 'aaa34c88613a46e58af194d008637b38', 'user_domain_id': 'default', 'system_scope': None, 'domain_id': None, 'project_id': 'd8801ea1a6f842268aba209942a667f7', 'project_domain_id': 'default', 'roles': ['member', 'reader'], 'is_admin_project': True, 'service_user_id': None, 'service_user_domain_id': None, 'service_project_id': None, 'service_project_domain_id': None, 'service_roles': []} {{(pid=116046) authorize /opt/stack/nova/nova/policy.py:199}}
Nov 24 11:24:09.613252 dv-cinder-819089-1-iscsi devstack@n-api.service[116046]: INFO nova.api.openstack.requestlog [None req-2504008c-ce65-48ff-97af-36c30ed2a031 tempest-DeleteServersTestJSON-2050172421 tempest-DeleteServersTestJSON-2050172421-project] 10.222.0.54 "GET /compute/v2.1/servers/079efd70-9d85-4fe9-a920-db1529301880" status: 200 len: 1215 microversion: 2.1 time: 0.197412
Nov 24 11:24:09.626721 dv-cinder-819089-1-iscsi devstack@n-api.service[116046]: [pid: 116046|app: 0|req: 5/17] 10.222.0.54 () {58 vars in 1235 bytes} [Wed Nov 24 11:24:09 2021] GET /compute/v2.1/servers/079efd70-9d85-4fe9-a920-db1529301880 => generated 1215 bytes in 203 msecs (HTTP/1.1 200) 9 headers in 358 bytes (1 switches on core 0)
Nov 24 11:24:09.775933 dv-cinder-819089-1-iscsi devstack@n-api.service[116045]: DEBUG nova.api.openstack.wsgi [None req-da895ae7-8762-47a6-8f4e-0c3cd67a40cf tempest-VolumesGetTestJSON-847139190 tempest-VolumesGetTestJSON-847139190-project] Calling method '.version_select at 0x7fa81aeba0d0>' {{(pid=116045) _process_stack /opt/stack/nova/nova/api/openstack/wsgi.py:513}}
Nov 24 11:24:09.822870 dv-cinder-819089-1-iscsi devstack@n-api.service[116046]: DEBUG nova.api.openstack.wsgi [None req-c1035820-a4c8-41d9-8631-7edc488ad63f tempest-VolumesSnapshotsTestJSON-1298409603 tempest-VolumesSnapshotsTestJSON-1298409603-project] Calling method '.version_select at 0x7fa81a613310>' {{(pid=116046) _process_stack /opt/stack/nova/nova/api/openstack/wsgi.py:513}}
Nov 24 11:24:09.897694 dv-cinder-819089-1-iscsi devstack@n-api.service[116045]: INFO nova.api.openstack.requestlog [None req-da895ae7-8762-47a6-8f4e-0c3cd67a40cf tempest-VolumesGetTestJSON-847139190 tempest-VolumesGetTestJSON-847139190-project] 10.222.0.54 "GET /compute/v2.1/os-volumes/72b1bb60-28da-4b67-8a6a-43b9508efd73" status: 200 len: 353 microversion: 2.1 time: 0.127590
Nov 24 11:24:09.902634 dv-cinder-819089-1-iscsi devstack@n-api.service[116046]: INFO nova.api.openstack.requestlog [None req-c1035820-a4c8-41d9-8631-7edc488ad63f tempest-VolumesSnapshotsTestJSON-1298409603 tempest-VolumesSnapshotsTestJSON-1298409603-project] 10.222.0.54 "GET /compute/v2.1/os-snapshots/3768b10c-76bc-494f-8e3e-6aebba4b31e4" status: 200 len: 287 microversion: 2.1 time: 0.080732
Nov 24 11:24:09.902634 dv-cinder-819089-1-iscsi devstack@n-api.service[116046]: [pid: 116046|app: 0|req: 6/18] 10.222.0.54 () {58 vars in 1250 bytes} [Wed Nov 24 11:24:09 2021] GET /compute/v2.1/os-snapshots/3768b10c-76bc-494f-8e3e-6aebba4b31e4 => generated 287 bytes in 83 msecs (HTTP/1.1 200) 9 headers in 357 bytes (2 switches on core 0)
Nov 24 11:24:09.902926 dv-cinder-819089-1-iscsi devstack@n-api.service[116045]: [pid: 116045|app: 0|req: 13/19] 10.222.0.54 () {58 vars in 1244 bytes} [Wed Nov 24 11:24:09 2021] GET /compute/v2.1/os-volumes/72b1bb60-28da-4b67-8a6a-43b9508efd73 => generated 353 bytes in 131 msecs (HTTP/1.1 200) 9 headers in 357 bytes (1 switches on core 0)
Nov 24 11:24:10.634283 dv-cinder-819089-1-iscsi devstack@n-api.service[116046]: DEBUG nova.api.openstack.wsgi [None req-a13000ae-52a7-4d9f-a040-8711f18f8a05 tempest-DeleteServersTestJSON-2050172421 tempest-DeleteServersTestJSON-2050172421-project] Calling method '>' {{(pid=116046) _process_stack /opt/stack/nova/nova/api/openstack/wsgi.py:513}}
Nov 24 11:24:10.634906 dv-cinder-819089-1-iscsi devstack@n-api.service[116046]: DEBUG nova.compute.api [None req-a13000ae-52a7-4d9f-a040-8711f18f8a05 tempest-DeleteServersTestJSON-2050172421 tempest-DeleteServersTestJSON-2050172421-project] [instance: 079efd70-9d85-4fe9-a920-db1529301880] Fetching instance by UUID {{(pid=116046) get /opt/stack/nova/nova/compute/api.py:2865}}
Nov 24 11:24:10.665808 dv-cinder-819089-1-iscsi devstack@n-api.service[116046]: DEBUG oslo_concurrency.lockutils [None req-a13000ae-52a7-4d9f-a040-8711f18f8a05 tempest-DeleteServersTestJSON-2050172421 tempest-DeleteServersTestJSON-2050172421-project] Lock "9e79a74c-83db-4e07-bf9d-043f8924b0df" acquired by "nova.context.set_target_cell..get_or_set_cached_cell_and_set_connections" :: waited 0.000s {{(pid=116046) inner /usr/local/lib/python3.8/dist-packages/oslo_concurrency/lockutils.py:386}}
Nov 24 11:24:10.666276 dv-cinder-819089-1-iscsi devstack@n-api.service[116046]: DEBUG oslo_concurrency.lockutils [None req-a13000ae-52a7-4d9f-a040-8711f18f8a05 tempest-DeleteServersTestJSON-2050172421 tempest-DeleteServersTestJSON-2050172421-project] Lock "9e79a74c-83db-4e07-bf9d-043f8924b0df" "released" by "nova.context.set_target_cell..get_or_set_cached_cell_and_set_connections" :: held 0.001s {{(pid=116046) inner /usr/local/lib/python3.8/dist-packages/oslo_concurrency/lockutils.py:400}}
Nov 24 11:24:10.677701 dv-cinder-819089-1-iscsi devstack@n-api.service[116046]: DEBUG oslo_concurrency.lockutils [None req-a13000ae-52a7-4d9f-a040-8711f18f8a05 tempest-DeleteServersTestJSON-2050172421 tempest-DeleteServersTestJSON-2050172421-project] Lock "9e79a74c-83db-4e07-bf9d-043f8924b0df" acquired by "nova.context.set_target_cell..get_or_set_cached_cell_and_set_connections" :: waited 0.000s {{(pid=116046) inner /usr/local/lib/python3.8/dist-packages/oslo_concurrency/lockutils.py:386}}
Nov 24 11:24:10.678542 dv-cinder-819089-1-iscsi devstack@n-api.service[116046]: DEBUG oslo_concurrency.lockutils [None req-a13000ae-52a7-4d9f-a040-8711f18f8a05 tempest-DeleteServersTestJSON-2050172421 tempest-DeleteServersTestJSON-2050172421-project] Lock "9e79a74c-83db-4e07-bf9d-043f8924b0df" "released" by "nova.context.set_target_cell..get_or_set_cached_cell_and_set_connections" :: held 0.001s {{(pid=116046) inner /usr/local/lib/python3.8/dist-packages/oslo_concurrency/lockutils.py:400}}
Nov 24 11:24:10.914888 dv-cinder-819089-1-iscsi devstack@n-api.service[116045]: DEBUG nova.api.openstack.wsgi [None req-3a03e38c-e42d-45e0-bb2e-f59b53b1b9bf tempest-VolumesSnapshotsTestJSON-1298409603 tempest-VolumesSnapshotsTestJSON-1298409603-project] Calling method '.version_select at 0x7fa81aef7c10>' {{(pid=116045) _process_stack /opt/stack/nova/nova/api/openstack/wsgi.py:513}}
Nov 24 11:24:10.978493 dv-cinder-819089-1-iscsi devstack@n-api.service[116045]: INFO nova.api.openstack.requestlog [None req-3a03e38c-e42d-45e0-bb2e-f59b53b1b9bf tempest-VolumesSnapshotsTestJSON-1298409603 tempest-VolumesSnapshotsTestJSON-1298409603-project] 10.222.0.54 "GET /compute/v2.1/os-snapshots/3768b10c-76bc-494f-8e3e-6aebba4b31e4" status: 200 len: 288 microversion: 2.1 time: 0.071417
Nov 24 11:24:10.979769 dv-cinder-819089-1-iscsi devstack@n-api.service[116045]: [pid: 116045|app: 0|req: 14/20] 10.222.0.54 () {58 vars in 1250 bytes} [Wed Nov 24 11:24:10 2021] GET /compute/v2.1/os-snapshots/3768b10c-76bc-494f-8e3e-6aebba4b31e4 => generated 288 bytes in 73 msecs (HTTP/1.1 200) 9 headers in 357 bytes (1 switches on core 0)
Nov 24 11:24:10.989035 dv-cinder-819089-1-iscsi devstack@n-api.service[116045]: DEBUG nova.api.openstack.wsgi [None req-287f4a6d-03cf-40ef-8e10-4ab508252ff1 tempest-VolumesGetTestJSON-847139190 tempest-VolumesGetTestJSON-847139190-project] Calling method '.version_select at 0x7fa81aeba8b0>' {{(pid=116045) _process_stack /opt/stack/nova/nova/api/openstack/wsgi.py:513}}
Nov 24 11:24:11.117081 dv-cinder-819089-1-iscsi devstack@n-api.service[116045]: INFO nova.api.openstack.requestlog [None req-287f4a6d-03cf-40ef-8e10-4ab508252ff1 tempest-VolumesGetTestJSON-847139190 tempest-VolumesGetTestJSON-847139190-project] 10.222.0.54 "GET /compute/v2.1/os-volumes/72b1bb60-28da-4b67-8a6a-43b9508efd73" status: 200 len: 353 microversion: 2.1 time: 0.135949
Nov 24 11:24:11.122463 dv-cinder-819089-1-iscsi devstack@n-api.service[116045]: [pid: 116045|app: 0|req: 15/21] 10.222.0.54 () {58 vars in 1244 bytes} [Wed Nov 24 11:24:10 2021] GET /compute/v2.1/os-volumes/72b1bb60-28da-4b67-8a6a-43b9508efd73 => generated 353 bytes in 142 msecs (HTTP/1.1 200) 9 headers in 357 bytes (1 switches on core 0)
Nov 24 11:24:11.127806 dv-cinder-819089-1-iscsi devstack@n-api.service[116045]: DEBUG nova.api.openstack.wsgi [None req-655827b6-6bce-4385-9e13-548c5d89897c tempest-VolumesSnapshotsTestJSON-1298409603 tempest-VolumesSnapshotsTestJSON-1298409603-project] Calling method '.version_select at 0x7fa81aebaa60>' {{(pid=116045) _process_stack /opt/stack/nova/nova/api/openstack/wsgi.py:513}}
Nov 24 11:24:11.129139 dv-cinder-819089-1-iscsi devstack@n-api.service[116046]: DEBUG nova.policy [None req-a13000ae-52a7-4d9f-a040-8711f18f8a05 tempest-DeleteServersTestJSON-2050172421 tempest-DeleteServersTestJSON-2050172421-project] Policy check for os_compute_api:os-extended-server-attributes failed with credentials {'is_admin': False, 'user_id': 'aaa34c88613a46e58af194d008637b38', 'user_domain_id': 'default', 'system_scope': None, 'domain_id': None, 'project_id': 'd8801ea1a6f842268aba209942a667f7', 'project_domain_id': 'default', 'roles': ['member', 'reader'], 'is_admin_project': True, 'service_user_id': None, 'service_user_domain_id': None, 'service_project_id': None, 'service_project_domain_id': None, 'service_roles': []} {{(pid=116046) authorize /opt/stack/nova/nova/policy.py:199}}
Nov 24 11:24:11.172872 dv-cinder-819089-1-iscsi devstack@n-api.service[116046]: INFO nova.api.openstack.requestlog [None req-a13000ae-52a7-4d9f-a040-8711f18f8a05 tempest-DeleteServersTestJSON-2050172421 tempest-DeleteServersTestJSON-2050172421-project] 10.222.0.54 "GET /compute/v2.1/servers/079efd70-9d85-4fe9-a920-db1529301880" status: 200 len: 1211 microversion: 2.1 time: 0.541280
Nov 24 11:24:11.173476 dv-cinder-819089-1-iscsi devstack@n-api.service[116046]: [pid: 116046|app: 0|req: 7/22] 10.222.0.54 () {58 vars in 1235 bytes} [Wed Nov 24 11:24:10 2021] GET /compute/v2.1/servers/079efd70-9d85-4fe9-a920-db1529301880 => generated 1211 bytes in 544 msecs (HTTP/1.1 200) 9 headers in 358 bytes (1 switches on core 0)
Nov 24 11:24:11.232913 dv-cinder-819089-1-iscsi devstack@n-api.service[116045]: INFO nova.api.openstack.requestlog [None req-655827b6-6bce-4385-9e13-548c5d89897c tempest-VolumesSnapshotsTestJSON-1298409603 tempest-VolumesSnapshotsTestJSON-1298409603-project] 10.222.0.54 "DELETE /compute/v2.1/os-snapshots/3768b10c-76bc-494f-8e3e-6aebba4b31e4" status: 202 len: 0 microversion: 2.1 time: 0.108975
Nov 24 11:24:11.233488 dv-cinder-819089-1-iscsi devstack@n-api.service[116045]: [pid: 116045|app: 0|req: 16/23] 10.222.0.54 () {58 vars in 1253 bytes} [Wed Nov 24 11:24:11 2021] DELETE /compute/v2.1/os-snapshots/3768b10c-76bc-494f-8e3e-6aebba4b31e4 => generated 0 bytes in 110 msecs (HTTP/1.1 202) 9 headers in 361 bytes (1 switches on core 0)
Nov 24 11:24:11.242605 dv-cinder-819089-1-iscsi devstack@n-api.service[116046]: DEBUG nova.api.openstack.wsgi [None req-94d08043-ca49-4293-88bb-a26c3fdd664a tempest-VolumesSnapshotsTestJSON-1298409603 tempest-VolumesSnapshotsTestJSON-1298409603-project] Calling method '.version_select at 0x7fa819d95b80>' {{(pid=116046) _process_stack /opt/stack/nova/nova/api/openstack/wsgi.py:513}}
Nov 24 11:24:11.293114 dv-cinder-819089-1-iscsi devstack@n-api.service[116046]: INFO nova.api.openstack.requestlog [None req-94d08043-ca49-4293-88bb-a26c3fdd664a tempest-VolumesSnapshotsTestJSON-1298409603 tempest-VolumesSnapshotsTestJSON-1298409603-project] 10.222.0.54 "GET /compute/v2.1/os-snapshots/3768b10c-76bc-494f-8e3e-6aebba4b31e4" status: 200 len: 287 microversion: 2.1 time: 0.055358
Nov 24 11:24:11.295425 dv-cinder-819089-1-iscsi devstack@n-api.service[116046]: [pid: 116046|app: 0|req: 8/24] 10.222.0.54 () {58 vars in 1250 bytes} [Wed Nov 24 11:24:11 2021] GET /compute/v2.1/os-snapshots/3768b10c-76bc-494f-8e3e-6aebba4b31e4 => generated 287 bytes in 58 msecs (HTTP/1.1 200) 9 headers in 357 bytes (1 switches on core 0)
Nov 24 11:24:12.129688 dv-cinder-819089-1-iscsi devstack@n-api.service[116045]: DEBUG nova.api.openstack.wsgi [None req-e06f2415-4aab-4bd3-b8d7-1f256aac9e3c tempest-VolumesGetTestJSON-847139190 tempest-VolumesGetTestJSON-847139190-project] Calling method '.version_select at 0x7fa81aebaee0>' {{(pid=116045) _process_stack /opt/stack/nova/nova/api/openstack/wsgi.py:513}}
Nov 24 11:24:12.189877 dv-cinder-819089-1-iscsi devstack@n-api.service[116046]: DEBUG nova.api.openstack.wsgi [None req-27cbef78-0152-49b5-ad6f-56fb13b61fd9 tempest-DeleteServersTestJSON-2050172421 tempest-DeleteServersTestJSON-2050172421-project] Calling method '>' {{(pid=116046) _process_stack /opt/stack/nova/nova/api/openstack/wsgi.py:513}}
Nov 24 11:24:12.191111 dv-cinder-819089-1-iscsi devstack@n-api.service[116046]: DEBUG nova.compute.api [None req-27cbef78-0152-49b5-ad6f-56fb13b61fd9 tempest-DeleteServersTestJSON-2050172421 tempest-DeleteServersTestJSON-2050172421-project] [instance: 079efd70-9d85-4fe9-a920-db1529301880] Fetching instance by UUID {{(pid=116046) get /opt/stack/nova/nova/compute/api.py:2865}}
Nov 24 11:24:12.216817 dv-cinder-819089-1-iscsi devstack@n-api.service[116046]: DEBUG oslo_concurrency.lockutils [None req-27cbef78-0152-49b5-ad6f-56fb13b61fd9 tempest-DeleteServersTestJSON-2050172421 tempest-DeleteServersTestJSON-2050172421-project] Lock "9e79a74c-83db-4e07-bf9d-043f8924b0df" acquired by "nova.context.set_target_cell..get_or_set_cached_cell_and_set_connections" :: waited 0.000s {{(pid=116046) inner /usr/local/lib/python3.8/dist-packages/oslo_concurrency/lockutils.py:386}}
Nov 24 11:24:12.217189 dv-cinder-819089-1-iscsi devstack@n-api.service[116046]: DEBUG oslo_concurrency.lockutils [None req-27cbef78-0152-49b5-ad6f-56fb13b61fd9 tempest-DeleteServersTestJSON-2050172421 tempest-DeleteServersTestJSON-2050172421-project] Lock "9e79a74c-83db-4e07-bf9d-043f8924b0df" "released" by "nova.context.set_target_cell..get_or_set_cached_cell_and_set_connections" :: held 0.001s {{(pid=116046) inner /usr/local/lib/python3.8/dist-packages/oslo_concurrency/lockutils.py:400}}
Nov 24 11:24:12.217985 dv-cinder-819089-1-iscsi devstack@n-api.service[116046]: DEBUG oslo_concurrency.lockutils [None req-27cbef78-0152-49b5-ad6f-56fb13b61fd9 tempest-DeleteServersTestJSON-2050172421 tempest-DeleteServersTestJSON-2050172421-project] Lock "9e79a74c-83db-4e07-bf9d-043f8924b0df" acquired by "nova.context.set_target_cell..get_or_set_cached_cell_and_set_connections" :: waited 0.000s {{(pid=116046) inner /usr/local/lib/python3.8/dist-packages/oslo_concurrency/lockutils.py:386}}
Nov 24 11:24:12.218426 dv-cinder-819089-1-iscsi devstack@n-api.service[116046]: DEBUG oslo_concurrency.lockutils [None req-27cbef78-0152-49b5-ad6f-56fb13b61fd9 tempest-DeleteServersTestJSON-2050172421 tempest-DeleteServersTestJSON-2050172421-project] Lock "9e79a74c-83db-4e07-bf9d-043f8924b0df" "released" by "nova.context.set_target_cell..get_or_set_cached_cell_and_set_connections" :: held 0.000s {{(pid=116046) inner /usr/local/lib/python3.8/dist-packages/oslo_concurrency/lockutils.py:400}}
Nov 24 11:24:12.261075 dv-cinder-819089-1-iscsi devstack@n-api.service[116045]: INFO nova.api.openstack.requestlog [None req-e06f2415-4aab-4bd3-b8d7-1f256aac9e3c tempest-VolumesGetTestJSON-847139190 tempest-VolumesGetTestJSON-847139190-project] 10.222.0.54 "GET /compute/v2.1/os-volumes/72b1bb60-28da-4b67-8a6a-43b9508efd73" status: 200 len: 353 microversion: 2.1 time: 0.135295
Nov 24 11:24:12.262748 dv-cinder-819089-1-iscsi devstack@n-api.service[116045]: [pid: 116045|app: 0|req: 17/25] 10.222.0.54 () {58 vars in 1244 bytes} [Wed Nov 24 11:24:12 2021] GET /compute/v2.1/os-volumes/72b1bb60-28da-4b67-8a6a-43b9508efd73 => generated 353 bytes in 138 msecs (HTTP/1.1 200) 9 headers in 357 bytes (1 switches on core 0)
Nov 24 11:24:12.310203 dv-cinder-819089-1-iscsi devstack@n-api.service[116045]: DEBUG nova.api.openstack.wsgi [None req-cdc0adca-ffb8-4c01-a056-89f49cbfc43a tempest-VolumesSnapshotsTestJSON-1298409603 tempest-VolumesSnapshotsTestJSON-1298409603-project] Calling method '.version_select at 0x7fa81aeba550>' {{(pid=116045) _process_stack /opt/stack/nova/nova/api/openstack/wsgi.py:513}}
Nov 24 11:24:12.330205 dv-cinder-819089-1-iscsi devstack@n-api.service[116046]: DEBUG nova.policy [None req-27cbef78-0152-49b5-ad6f-56fb13b61fd9 tempest-DeleteServersTestJSON-2050172421 tempest-DeleteServersTestJSON-2050172421-project] Policy check for os_compute_api:os-extended-server-attributes failed with credentials {'is_admin': False, 'user_id': 'aaa34c88613a46e58af194d008637b38', 'user_domain_id': 'default', 'system_scope': None, 'domain_id': None, 'project_id': 'd8801ea1a6f842268aba209942a667f7', 'project_domain_id': 'default', 'roles': ['member', 'reader'], 'is_admin_project': True, 'service_user_id': None, 'service_user_domain_id': None, 'service_project_id': None, 'service_project_domain_id': None, 'service_roles': []} {{(pid=116046) authorize /opt/stack/nova/nova/policy.py:199}}
Nov 24 11:24:12.341702 dv-cinder-819089-1-iscsi devstack@n-api.service[116046]: INFO nova.api.openstack.requestlog [None req-27cbef78-0152-49b5-ad6f-56fb13b61fd9 tempest-DeleteServersTestJSON-2050172421 tempest-DeleteServersTestJSON-2050172421-project] 10.222.0.54 "GET /compute/v2.1/servers/079efd70-9d85-4fe9-a920-db1529301880" status: 200 len: 1211 microversion: 2.1 time: 0.155613
Nov 24 11:24:12.344334 dv-cinder-819089-1-iscsi devstack@n-api.service[116046]: [pid: 116046|app: 0|req: 9/26] 10.222.0.54 () {58 vars in 1235 bytes} [Wed Nov 24 11:24:12 2021] GET /compute/v2.1/servers/079efd70-9d85-4fe9-a920-db1529301880 => generated 1211 bytes in 159 msecs (HTTP/1.1 200) 9 headers in 358 bytes (1 switches on core 0)
Nov 24 11:24:12.393060 dv-cinder-819089-1-iscsi devstack@n-api.service[116045]: INFO nova.api.openstack.requestlog [None req-cdc0adca-ffb8-4c01-a056-89f49cbfc43a tempest-VolumesSnapshotsTestJSON-1298409603 tempest-VolumesSnapshotsTestJSON-1298409603-project] 10.222.0.54 "GET /compute/v2.1/os-snapshots/3768b10c-76bc-494f-8e3e-6aebba4b31e4" status: 200 len: 287 microversion: 2.1 time: 0.091013
Nov 24 11:24:12.393920 dv-cinder-819089-1-iscsi devstack@n-api.service[116045]: [pid: 116045|app: 0|req: 18/27] 10.222.0.54 () {58 vars in 1250 bytes} [Wed Nov 24 11:24:12 2021] GET /compute/v2.1/os-snapshots/3768b10c-76bc-494f-8e3e-6aebba4b31e4 => generated 287 bytes in 93 msecs (HTTP/1.1 200) 9 headers in 357 bytes (2 switches on core 0)
Nov 24 11:24:12.715705 dv-cinder-819089-1-iscsi devstack@n-api.service[116046]: DEBUG nova.api.openstack.wsgi [None req-36045976-6fbf-46d3-bddd-2a7c86825461 tempest-AttachVolumeTestJSON-954536781 tempest-AttachVolumeTestJSON-954536781-project] Action: 'create', calling method: .version_select at 0x7fa81ae661f0>, body: {"keypair": {"name": "tempest-keypair-674577782"}} {{(pid=116046) _process_stack /opt/stack/nova/nova/api/openstack/wsgi.py:511}}
Nov 24 11:24:12.745628 dv-cinder-819089-1-iscsi devstack@n-api.service[116046]: DEBUG nova.quota [None req-36045976-6fbf-46d3-bddd-2a7c86825461 tempest-AttachVolumeTestJSON-954536781 tempest-AttachVolumeTestJSON-954536781-project] Getting quotas for project 6a92dfb7f26143f8aa4cc3ca2bcc9088. Resources: {'key_pairs'} {{(pid=116046) _get_quotas /opt/stack/nova/nova/quota.py:387}}
Nov 24 11:24:12.753292 dv-cinder-819089-1-iscsi devstack@n-api.service[116046]: DEBUG nova.quota [None req-36045976-6fbf-46d3-bddd-2a7c86825461 tempest-AttachVolumeTestJSON-954536781 tempest-AttachVolumeTestJSON-954536781-project] Getting quotas for user f6e64fe6d91b4d21995a9689b0f71397 and project 6a92dfb7f26143f8aa4cc3ca2bcc9088. Resources: {'key_pairs'} {{(pid=116046) _get_quotas /opt/stack/nova/nova/quota.py:377}}
Nov 24 11:24:13.090620 dv-cinder-819089-1-iscsi devstack@n-api.service[116046]: DEBUG nova.quota [None req-36045976-6fbf-46d3-bddd-2a7c86825461 tempest-AttachVolumeTestJSON-954536781 tempest-AttachVolumeTestJSON-954536781-project] Getting quotas for project 6a92dfb7f26143f8aa4cc3ca2bcc9088. Resources: {'key_pairs'} {{(pid=116046) _get_quotas /opt/stack/nova/nova/quota.py:387}}
Nov 24 11:24:13.095821 dv-cinder-819089-1-iscsi devstack@n-api.service[116046]: DEBUG nova.quota [None req-36045976-6fbf-46d3-bddd-2a7c86825461 tempest-AttachVolumeTestJSON-954536781 tempest-AttachVolumeTestJSON-954536781-project] Getting quotas for user f6e64fe6d91b4d21995a9689b0f71397 and project 6a92dfb7f26143f8aa4cc3ca2bcc9088. Resources: {'key_pairs'} {{(pid=116046) _get_quotas /opt/stack/nova/nova/quota.py:377}}
Nov 24 11:24:13.117410 dv-cinder-819089-1-iscsi devstack@n-api.service[116046]: INFO nova.api.openstack.requestlog [None req-36045976-6fbf-46d3-bddd-2a7c86825461 tempest-AttachVolumeTestJSON-954536781 tempest-AttachVolumeTestJSON-954536781-project] 10.222.0.54 "POST /compute/v2.1/os-keypairs" status: 200 len: 2304 microversion: 2.1 time: 0.689953
Nov 24 11:24:13.127770 dv-cinder-819089-1-iscsi devstack@n-api.service[116046]: [pid: 116046|app: 0|req: 10/28] 10.222.0.54 () {60 vars in 1157 bytes} [Wed Nov 24 11:24:12 2021] POST /compute/v2.1/os-keypairs => generated 2304 bytes in 701 msecs (HTTP/1.1 200) 9 headers in 358 bytes (1 switches on core 0)
Nov 24 11:24:13.276257 dv-cinder-819089-1-iscsi devstack@n-api.service[116046]: DEBUG nova.api.openstack.wsgi [None req-01109004-7422-43f9-894b-a11b2c71b877 tempest-VolumesGetTestJSON-847139190 tempest-VolumesGetTestJSON-847139190-project] Calling method '.version_select at 0x7fa819d24940>' {{(pid=116046) _process_stack /opt/stack/nova/nova/api/openstack/wsgi.py:513}}
Nov 24 11:24:13.302794 dv-cinder-819089-1-iscsi devstack@n-api.service[116045]: DEBUG nova.api.openstack.wsgi [None req-553f190f-ebc5-436f-a414-fabf051b4a74 tempest-ServerRescueNegativeTestJSON-1705551020 tempest-ServerRescueNegativeTestJSON-1705551020-project] Action: 'create', calling method: >, body: {"server": {"name": "tempest-ServerRescueNegativeTestJSON-server-1925331613", "imageRef": "723facca-55e1-4468-b563-057f4f9f8202", "flavorRef": "452", "adminPass": "***", "networks": [{"uuid": "46755722-9f6e-4465-a31a-32c0f19f7268"}]}} {{(pid=116045) _process_stack /opt/stack/nova/nova/api/openstack/wsgi.py:511}}
Nov 24 11:24:13.393940 dv-cinder-819089-1-iscsi devstack@n-api.service[116046]: INFO nova.api.openstack.requestlog [None req-01109004-7422-43f9-894b-a11b2c71b877 tempest-VolumesGetTestJSON-847139190 tempest-VolumesGetTestJSON-847139190-project] 10.222.0.54 "GET /compute/v2.1/os-volumes/72b1bb60-28da-4b67-8a6a-43b9508efd73" status: 200 len: 353 microversion: 2.1 time: 0.123717
Nov 24 11:24:13.396390 dv-cinder-819089-1-iscsi devstack@n-api.service[116046]: [pid: 116046|app: 0|req: 11/29] 10.222.0.54 () {58 vars in 1244 bytes} [Wed Nov 24 11:24:13 2021] GET /compute/v2.1/os-volumes/72b1bb60-28da-4b67-8a6a-43b9508efd73 => generated 353 bytes in 126 msecs (HTTP/1.1 200) 9 headers in 357 bytes (2 switches on core 0)
Nov 24 11:24:13.415238 dv-cinder-819089-1-iscsi devstack@n-api.service[116046]: DEBUG nova.api.openstack.wsgi [None req-0acad5b2-72e7-4c53-8cf3-90e1f5282698 tempest-DeleteServersTestJSON-2050172421 tempest-DeleteServersTestJSON-2050172421-project] Calling method '>' {{(pid=116046) _process_stack /opt/stack/nova/nova/api/openstack/wsgi.py:513}}
Nov 24 11:24:13.415238 dv-cinder-819089-1-iscsi devstack@n-api.service[116046]: DEBUG nova.compute.api [None req-0acad5b2-72e7-4c53-8cf3-90e1f5282698 tempest-DeleteServersTestJSON-2050172421 tempest-DeleteServersTestJSON-2050172421-project] [instance: 079efd70-9d85-4fe9-a920-db1529301880] Fetching instance by UUID {{(pid=116046) get /opt/stack/nova/nova/compute/api.py:2865}}
Nov 24 11:24:13.434618 dv-cinder-819089-1-iscsi devstack@n-api.service[116046]: DEBUG oslo_concurrency.lockutils [None req-0acad5b2-72e7-4c53-8cf3-90e1f5282698 tempest-DeleteServersTestJSON-2050172421 tempest-DeleteServersTestJSON-2050172421-project] Lock "9e79a74c-83db-4e07-bf9d-043f8924b0df" acquired by "nova.context.set_target_cell..get_or_set_cached_cell_and_set_connections" :: waited 0.003s {{(pid=116046) inner /usr/local/lib/python3.8/dist-packages/oslo_concurrency/lockutils.py:386}}
Nov 24 11:24:13.435626 dv-cinder-819089-1-iscsi devstack@n-api.service[116046]: DEBUG oslo_concurrency.lockutils [None req-0acad5b2-72e7-4c53-8cf3-90e1f5282698 tempest-DeleteServersTestJSON-2050172421 tempest-DeleteServersTestJSON-2050172421-project] Lock "9e79a74c-83db-4e07-bf9d-043f8924b0df" "released" by "nova.context.set_target_cell..get_or_set_cached_cell_and_set_connections" :: held 0.001s {{(pid=116046) inner /usr/local/lib/python3.8/dist-packages/oslo_concurrency/lockutils.py:400}}
Nov 24 11:24:13.437069 dv-cinder-819089-1-iscsi devstack@n-api.service[116046]: DEBUG oslo_concurrency.lockutils [None req-0acad5b2-72e7-4c53-8cf3-90e1f5282698 tempest-DeleteServersTestJSON-2050172421 tempest-DeleteServersTestJSON-2050172421-project] Lock "9e79a74c-83db-4e07-bf9d-043f8924b0df" acquired by "nova.context.set_target_cell..get_or_set_cached_cell_and_set_connections" :: waited 0.000s {{(pid=116046) inner /usr/local/lib/python3.8/dist-packages/oslo_concurrency/lockutils.py:386}}
Nov 24 11:24:13.437925 dv-cinder-819089-1-iscsi devstack@n-api.service[116046]: DEBUG oslo_concurrency.lockutils [None req-0acad5b2-72e7-4c53-8cf3-90e1f5282698 tempest-DeleteServersTestJSON-2050172421 tempest-DeleteServersTestJSON-2050172421-project] Lock "9e79a74c-83db-4e07-bf9d-043f8924b0df" "released" by "nova.context.set_target_cell..get_or_set_cached_cell_and_set_connections" :: held 0.001s {{(pid=116046) inner /usr/local/lib/python3.8/dist-packages/oslo_concurrency/lockutils.py:400}}
Nov 24 11:24:13.542976 dv-cinder-819089-1-iscsi devstack@n-api.service[116046]: DEBUG nova.policy [None req-0acad5b2-72e7-4c53-8cf3-90e1f5282698 tempest-DeleteServersTestJSON-2050172421 tempest-DeleteServersTestJSON-2050172421-project] Policy check for os_compute_api:os-extended-server-attributes failed with credentials {'is_admin': False, 'user_id': 'aaa34c88613a46e58af194d008637b38', 'user_domain_id': 'default', 'system_scope': None, 'domain_id': None, 'project_id': 'd8801ea1a6f842268aba209942a667f7', 'project_domain_id': 'default', 'roles': ['member', 'reader'], 'is_admin_project': True, 'service_user_id': None, 'service_user_domain_id': None, 'service_project_id': None, 'service_project_domain_id': None, 'service_roles': []} {{(pid=116046) authorize /opt/stack/nova/nova/policy.py:199}}
Nov 24 11:24:13.552601 dv-cinder-819089-1-iscsi devstack@n-api.service[116046]: INFO nova.api.openstack.requestlog [None req-0acad5b2-72e7-4c53-8cf3-90e1f5282698 tempest-DeleteServersTestJSON-2050172421 tempest-DeleteServersTestJSON-2050172421-project] 10.222.0.54 "GET /compute/v2.1/servers/079efd70-9d85-4fe9-a920-db1529301880" status: 200 len: 1211 microversion: 2.1 time: 0.155047
