Nov 24 11:16:06.836191 dv-cinder-819089-1-iscsi devstack@n-api.service[101789]: DEBUG oslo_concurrency.lockutils [None req-2ba1c3d1-c483-481b-b3da-ddbc7e906a20 None None] Lock "00000000-0000-0000-0000-000000000000" acquired by "nova.context.set_target_cell..get_or_set_cached_cell_and_set_connections" :: waited 0.000s {{(pid=101789) inner /usr/local/lib/python3.8/dist-packages/oslo_concurrency/lockutils.py:386}}
Nov 24 11:16:06.837847 dv-cinder-819089-1-iscsi devstack@n-api.service[101789]: DEBUG oslo_concurrency.lockutils [None req-2ba1c3d1-c483-481b-b3da-ddbc7e906a20 None None] Lock "00000000-0000-0000-0000-000000000000" "released" by "nova.context.set_target_cell..get_or_set_cached_cell_and_set_connections" :: held 0.002s {{(pid=101789) inner /usr/local/lib/python3.8/dist-packages/oslo_concurrency/lockutils.py:400}}
Nov 24 11:16:06.838701 dv-cinder-819089-1-iscsi devstack@n-api.service[101789]: DEBUG oslo_concurrency.lockutils [None req-2ba1c3d1-c483-481b-b3da-ddbc7e906a20 None None] Lock "9e79a74c-83db-4e07-bf9d-043f8924b0df" acquired by "nova.context.set_target_cell..get_or_set_cached_cell_and_set_connections" :: waited 0.000s {{(pid=101789) inner /usr/local/lib/python3.8/dist-packages/oslo_concurrency/lockutils.py:386}}
Nov 24 11:16:06.840802 dv-cinder-819089-1-iscsi devstack@n-api.service[101789]: DEBUG oslo_concurrency.lockutils [None req-2ba1c3d1-c483-481b-b3da-ddbc7e906a20 None None] Lock "9e79a74c-83db-4e07-bf9d-043f8924b0df" "released" by "nova.context.set_target_cell..get_or_set_cached_cell_and_set_connections" :: held 0.002s {{(pid=101789) inner /usr/local/lib/python3.8/dist-packages/oslo_concurrency/lockutils.py:400}}
Nov 24 11:16:06.854300 dv-cinder-819089-1-iscsi devstack@n-api.service[101789]: DEBUG oslo_db.sqlalchemy.engines [None req-2ba1c3d1-c483-481b-b3da-ddbc7e906a20 None None] MySQL server mode set to STRICT_TRANS_TABLES,STRICT_ALL_TABLES,NO_ZERO_IN_DATE,NO_ZERO_DATE,ERROR_FOR_DIVISION_BY_ZERO,TRADITIONAL,NO_ENGINE_SUBSTITUTION {{(pid=101789) _check_effective_sql_mode /usr/local/lib/python3.8/dist-packages/oslo_db/sqlalchemy/engines.py:314}}
Nov 24 11:16:06.856668 dv-cinder-819089-1-iscsi devstack@n-api.service[101789]: DEBUG oslo_db.sqlalchemy.engines [None req-2ba1c3d1-c483-481b-b3da-ddbc7e906a20 None None] MySQL server mode set to STRICT_TRANS_TABLES,STRICT_ALL_TABLES,NO_ZERO_IN_DATE,NO_ZERO_DATE,ERROR_FOR_DIVISION_BY_ZERO,TRADITIONAL,NO_ENGINE_SUBSTITUTION {{(pid=101789) _check_effective_sql_mode /usr/local/lib/python3.8/dist-packages/oslo_db/sqlalchemy/engines.py:314}}
Nov 24 11:16:07.030783 dv-cinder-819089-1-iscsi devstack@n-api.service[101790]: DEBUG oslo_db.sqlalchemy.engines [None req-a8ee33e1-d337-4b80-915e-d56bc7498912 None None] MySQL server mode set to STRICT_TRANS_TABLES,STRICT_ALL_TABLES,NO_ZERO_IN_DATE,NO_ZERO_DATE,ERROR_FOR_DIVISION_BY_ZERO,TRADITIONAL,NO_ENGINE_SUBSTITUTION {{(pid=101790) _check_effective_sql_mode /usr/local/lib/python3.8/dist-packages/oslo_db/sqlalchemy/engines.py:314}}
Nov 24 11:16:07.116398 dv-cinder-819089-1-iscsi devstack@n-api.service[101789]: DEBUG oslo_db.sqlalchemy.engines [None req-2ba1c3d1-c483-481b-b3da-ddbc7e906a20 None None] MySQL server mode set to STRICT_TRANS_TABLES,STRICT_ALL_TABLES,NO_ZERO_IN_DATE,NO_ZERO_DATE,ERROR_FOR_DIVISION_BY_ZERO,TRADITIONAL,NO_ENGINE_SUBSTITUTION {{(pid=101789) _check_effective_sql_mode /usr/local/lib/python3.8/dist-packages/oslo_db/sqlalchemy/engines.py:314}}
Nov 24 11:16:07.377972 dv-cinder-819089-1-iscsi devstack@n-api.service[101790]: WARNING keystonemiddleware.auth_token [None req-a8ee33e1-d337-4b80-915e-d56bc7498912 None None] AuthToken middleware is set with keystone_authtoken.service_token_roles_required set to False. This is backwards compatible but deprecated behaviour. Please set this to True.
Nov 24 11:16:07.385135 dv-cinder-819089-1-iscsi devstack@n-api.service[101790]: WARNING keystonemiddleware.auth_token [None req-a8ee33e1-d337-4b80-915e-d56bc7498912 None None] Configuring www_authenticate_uri to point to the public identity endpoint is required; clients may not be able to authenticate against an admin endpoint
Nov 24 11:16:07.440101 dv-cinder-819089-1-iscsi devstack@n-api.service[101789]: WARNING keystonemiddleware.auth_token [None req-2ba1c3d1-c483-481b-b3da-ddbc7e906a20 None None] AuthToken middleware is set with keystone_authtoken.service_token_roles_required set to False. This is backwards compatible but deprecated behaviour. Please set this to True.
Nov 24 11:16:07.447590 dv-cinder-819089-1-iscsi devstack@n-api.service[101789]: WARNING keystonemiddleware.auth_token [None req-2ba1c3d1-c483-481b-b3da-ddbc7e906a20 None None] Configuring www_authenticate_uri to point to the public identity endpoint is required; clients may not be able to authenticate against an admin endpoint
Nov 24 11:16:07.610485 dv-cinder-819089-1-iscsi devstack@n-api.service[101790]: WARNING keystonemiddleware.auth_token [None req-a8ee33e1-d337-4b80-915e-d56bc7498912 None None] AuthToken middleware is set with keystone_authtoken.service_token_roles_required set to False. This is backwards compatible but deprecated behaviour. Please set this to True.
Nov 24 11:16:07.616238 dv-cinder-819089-1-iscsi devstack@n-api.service[101790]: WARNING keystonemiddleware.auth_token [None req-a8ee33e1-d337-4b80-915e-d56bc7498912 None None] Configuring www_authenticate_uri to point to the public identity endpoint is required; clients may not be able to authenticate against an admin endpoint
Nov 24 11:16:07.621637 dv-cinder-819089-1-iscsi devstack@n-api.service[101790]: WSGI app 0 (mountpoint='') ready in 5 seconds on interpreter 0x5635f38c89c0 pid: 101790 (default app)
Nov 24 11:16:07.623697 dv-cinder-819089-1-iscsi devstack@n-api.service[101790]: DEBUG nova.api.openstack.wsgi [None req-a8ee33e1-d337-4b80-915e-d56bc7498912 None None] Calling method '>' {{(pid=101790) _process_stack /opt/stack/nova/nova/api/openstack/wsgi.py:513}}
Nov 24 11:16:07.624906 dv-cinder-819089-1-iscsi devstack@n-api.service[101790]: INFO nova.api.openstack.requestlog [None req-a8ee33e1-d337-4b80-915e-d56bc7498912 None None] 10.222.0.54 "GET /compute/v2.1/" status: 200 len: 388 microversion: 2.1 time: 0.001722
Nov 24 11:16:07.625310 dv-cinder-819089-1-iscsi devstack@n-api.service[101790]: [pid: 101790|app: 0|req: 1/1] 10.222.0.54 () {50 vars in 788 bytes} [Wed Nov 24 11:16:07 2021] GET /compute/v2.1/ => generated 388 bytes in 3 msecs (HTTP/1.1 200) 9 headers in 357 bytes (1 switches on core 0)
Nov 24 11:16:07.669982 dv-cinder-819089-1-iscsi devstack@n-api.service[101789]: WARNING keystonemiddleware.auth_token [None req-2ba1c3d1-c483-481b-b3da-ddbc7e906a20 None None] AuthToken middleware is set with keystone_authtoken.service_token_roles_required set to False. This is backwards compatible but deprecated behaviour. Please set this to True.
Nov 24 11:16:07.675135 dv-cinder-819089-1-iscsi devstack@n-api.service[101789]: WARNING keystonemiddleware.auth_token [None req-2ba1c3d1-c483-481b-b3da-ddbc7e906a20 None None] Configuring www_authenticate_uri to point to the public identity endpoint is required; clients may not be able to authenticate against an admin endpoint
Nov 24 11:16:07.681038 dv-cinder-819089-1-iscsi devstack@n-api.service[101789]: WSGI app 0 (mountpoint='') ready in 5 seconds on interpreter 0x5635f38c89c0 pid: 101789 (default app)
Nov 24 11:17:28.691980 dv-cinder-819089-1-iscsi devstack@n-api.service[101790]: DEBUG nova.api.openstack.wsgi [None req-a8ee33e1-d337-4b80-915e-d56bc7498912 None None] Calling method '>' {{(pid=101790) _process_stack /opt/stack/nova/nova/api/openstack/wsgi.py:513}}
Nov 24 11:17:28.693067 dv-cinder-819089-1-iscsi devstack@n-api.service[101790]: INFO nova.api.openstack.requestlog [None req-a8ee33e1-d337-4b80-915e-d56bc7498912 None None] 10.222.0.54 "GET /compute/v2.1" status: 200 len: 388 microversion: 2.1 time: 0.001449
Nov 24 11:17:28.693848 dv-cinder-819089-1-iscsi devstack@n-api.service[101790]: [pid: 101790|app: 0|req: 2/2] 10.222.0.54 () {54 vars in 930 bytes} [Wed Nov 24 11:17:28 2021] GET /compute/v2.1 => generated 388 bytes in 3 msecs (HTTP/1.1 200) 9 headers in 357 bytes (1 switches on core 0)
Nov 24 11:17:29.257904 dv-cinder-819089-1-iscsi devstack@n-api.service[101789]: DEBUG nova.api.openstack.wsgi [None req-3e8bc364-5b09-4f5b-abdc-1a92161ae5f4 admin admin] Calling method '>' {{(pid=101789) _process_stack /opt/stack/nova/nova/api/openstack/wsgi.py:513}}
Nov 24 11:17:29.287177 dv-cinder-819089-1-iscsi devstack@n-api.service[101789]: INFO nova.api.openstack.requestlog [None req-3e8bc364-5b09-4f5b-abdc-1a92161ae5f4 admin admin] 10.222.0.54 "GET /compute/v2.1/flavors/detail?is_public=True" status: 200 len: 15 microversion: 2.61 time: 0.585589
Nov 24 11:17:29.301444 dv-cinder-819089-1-iscsi devstack@n-api.service[101789]: [pid: 101789|app: 0|req: 1/3] 10.222.0.54 () {60 vars in 1291 bytes} [Wed Nov 24 11:17:28 2021] GET /compute/v2.1/flavors/detail?is_public=True => generated 15 bytes in 588 msecs (HTTP/1.1 200) 9 headers in 358 bytes (1 switches on core 0)
Nov 24 11:17:31.616985 dv-cinder-819089-1-iscsi devstack@n-api.service[101790]: DEBUG nova.api.openstack.wsgi [None req-a8ee33e1-d337-4b80-915e-d56bc7498912 None None] Calling method '>' {{(pid=101790) _process_stack /opt/stack/nova/nova/api/openstack/wsgi.py:513}}
Nov 24 11:17:31.620447 dv-cinder-819089-1-iscsi devstack@n-api.service[101790]: INFO nova.api.openstack.requestlog [None req-a8ee33e1-d337-4b80-915e-d56bc7498912 None None] 10.222.0.54 "GET /compute/v2.1" status: 200 len: 388 microversion: 2.1 time: 0.004081
Nov 24 11:17:31.620925 dv-cinder-819089-1-iscsi devstack@n-api.service[101790]: [pid: 101790|app: 0|req: 3/4] 10.222.0.54 () {54 vars in 930 bytes} [Wed Nov 24 11:17:31 2021] GET /compute/v2.1 => generated 388 bytes in 6 msecs (HTTP/1.1 200) 9 headers in 357 bytes (1 switches on core 0)
Nov 24 11:17:31.684862 dv-cinder-819089-1-iscsi devstack@n-api.service[101789]: DEBUG nova.api.openstack.wsgi [None req-7a10ca55-c1de-4018-b816-78e0506feed7 admin admin] Action: 'create', calling method: >, body: {"flavor": {"vcpus": 1, "rxtx_factor": 1.0, "name": "cirros256", "os-flavor-access:is_public": true, "id": "c1", "OS-FLV-EXT-DATA:ephemeral": 0, "swap": 0, "disk": 1, "ram": 256}} {{(pid=101789) _process_stack /opt/stack/nova/nova/api/openstack/wsgi.py:511}}
Nov 24 11:17:31.703955 dv-cinder-819089-1-iscsi devstack@n-api.service[101789]: /usr/local/lib/python3.8/dist-packages/oslo_policy/policy.py:1075: UserWarning: Policy os_compute_api:os-flavor-manage:create failed scope check. The token used to make the request was project scoped but the policy requires ['system'] scope. This behavior may change in the future where using the intended scope is required
Nov 24 11:17:31.703955 dv-cinder-819089-1-iscsi devstack@n-api.service[101789]: warnings.warn(msg)
Nov 24 11:17:31.736209 dv-cinder-819089-1-iscsi devstack@n-api.service[101789]: INFO nova.api.openstack.requestlog [None req-7a10ca55-c1de-4018-b816-78e0506feed7 admin admin] 10.222.0.54 "POST /compute/v2.1/flavors" status: 200 len: 407 microversion: 2.61 time: 0.107697
Nov 24 11:17:31.741236 dv-cinder-819089-1-iscsi devstack@n-api.service[101789]: [pid: 101789|app: 0|req: 2/5] 10.222.0.54 () {64 vars in 1282 bytes} [Wed Nov 24 11:17:31 2021] POST /compute/v2.1/flavors => generated 407 bytes in 110 msecs (HTTP/1.1 200) 9 headers in 359 bytes (1 switches on core 0)
Nov 24 11:17:32.144194 dv-cinder-819089-1-iscsi devstack@n-api.service[101790]: DEBUG nova.api.openstack.wsgi [None req-b21307c8-4ce0-46e0-850c-2ece2f38ed99 admin admin] Action: 'create', calling method: >, body: {"extra_specs": {"hw_rng:allowed": "True"}} {{(pid=101790) _process_stack /opt/stack/nova/nova/api/openstack/wsgi.py:511}}
Nov 24 11:17:32.146638 dv-cinder-819089-1-iscsi devstack@n-api.service[101790]: /usr/local/lib/python3.8/dist-packages/oslo_policy/policy.py:1075: UserWarning: Policy os_compute_api:os-flavor-extra-specs:create failed scope check. The token used to make the request was project scoped but the policy requires ['system'] scope. This behavior may change in the future where using the intended scope is required
Nov 24 11:17:32.146638 dv-cinder-819089-1-iscsi devstack@n-api.service[101790]: warnings.warn(msg)
Nov 24 11:17:32.208480 dv-cinder-819089-1-iscsi devstack@n-api.service[101790]: INFO nova.api.openstack.requestlog [None req-b21307c8-4ce0-46e0-850c-2ece2f38ed99 admin admin] 10.222.0.54 "POST /compute/v2.1/flavors/c1/os-extra_specs" status: 200 len: 43 microversion: 2.61 time: 0.462311
Nov 24 11:17:32.209878 dv-cinder-819089-1-iscsi devstack@n-api.service[101790]: [pid: 101790|app: 0|req: 4/6] 10.222.0.54 () {64 vars in 1335 bytes} [Wed Nov 24 11:17:31 2021] POST /compute/v2.1/flavors/c1/os-extra_specs => generated 43 bytes in 464 msecs (HTTP/1.1 200) 9 headers in 358 bytes (2 switches on core 0)
Nov 24 11:17:34.529906 dv-cinder-819089-1-iscsi devstack@n-api.service[101789]: DEBUG nova.api.openstack.wsgi [None req-7a10ca55-c1de-4018-b816-78e0506feed7 admin admin] Calling method '>' {{(pid=101789) _process_stack /opt/stack/nova/nova/api/openstack/wsgi.py:513}}
Nov 24 11:17:34.531024 dv-cinder-819089-1-iscsi devstack@n-api.service[101789]: INFO nova.api.openstack.requestlog [None req-7a10ca55-c1de-4018-b816-78e0506feed7 admin admin] 10.222.0.54 "GET /compute/v2.1" status: 200 len: 388 microversion: 2.1 time: 0.001615
Nov 24 11:17:34.531429 dv-cinder-819089-1-iscsi devstack@n-api.service[101789]: [pid: 101789|app: 0|req: 3/7] 10.222.0.54 () {54 vars in 930 bytes} [Wed Nov 24 11:17:34 2021] GET /compute/v2.1 => generated 388 bytes in 3 msecs (HTTP/1.1 200) 9 headers in 357 bytes (1 switches on core 0)
Nov 24 11:17:34.656075 dv-cinder-819089-1-iscsi devstack@n-api.service[101790]: DEBUG nova.api.openstack.wsgi [None req-adf655b6-cfac-4178-99b7-1b89beee3730 admin admin] Action: 'create', calling method: >, body: {"flavor": {"disk": 5, "ram": 512, "id": "d1", "name": "ds512M", "swap": 0, "os-flavor-access:is_public": true, "vcpus": 1, "rxtx_factor": 1.0, "OS-FLV-EXT-DATA:ephemeral": 0}} {{(pid=101790) _process_stack /opt/stack/nova/nova/api/openstack/wsgi.py:511}}
Nov 24 11:17:34.674360 dv-cinder-819089-1-iscsi devstack@n-api.service[101790]: /usr/local/lib/python3.8/dist-packages/oslo_policy/policy.py:1075: UserWarning: Policy os_compute_api:os-flavor-manage:create failed scope check. The token used to make the request was project scoped but the policy requires ['system'] scope. This behavior may change in the future where using the intended scope is required
Nov 24 11:17:34.674360 dv-cinder-819089-1-iscsi devstack@n-api.service[101790]: warnings.warn(msg)
Nov 24 11:17:34.694850 dv-cinder-819089-1-iscsi devstack@n-api.service[101790]: INFO nova.api.openstack.requestlog [None req-adf655b6-cfac-4178-99b7-1b89beee3730 admin admin] 10.222.0.54 "POST /compute/v2.1/flavors" status: 200 len: 404 microversion: 2.61 time: 0.155955
Nov 24 11:17:34.695398 dv-cinder-819089-1-iscsi devstack@n-api.service[101790]: [pid: 101790|app: 0|req: 5/8] 10.222.0.54 () {64 vars in 1282 bytes} [Wed Nov 24 11:17:34 2021] POST /compute/v2.1/flavors => generated 404 bytes in 158 msecs (HTTP/1.1 200) 9 headers in 359 bytes (1 switches on core 0)
Nov 24 11:17:34.708143 dv-cinder-819089-1-iscsi devstack@n-api.service[101789]: DEBUG nova.api.openstack.wsgi [None req-083818d9-d7f7-4fe1-9709-0ace59627489 admin admin] Action: 'create', calling method: >, body: {"extra_specs": {"hw_rng:allowed": "True"}} {{(pid=101789) _process_stack /opt/stack/nova/nova/api/openstack/wsgi.py:511}}
Nov 24 11:17:34.709580 dv-cinder-819089-1-iscsi devstack@n-api.service[101789]: /usr/local/lib/python3.8/dist-packages/oslo_policy/policy.py:1075: UserWarning: Policy os_compute_api:os-flavor-extra-specs:create failed scope check. The token used to make the request was project scoped but the policy requires ['system'] scope. This behavior may change in the future where using the intended scope is required
Nov 24 11:17:34.709580 dv-cinder-819089-1-iscsi devstack@n-api.service[101789]: warnings.warn(msg)
Nov 24 11:17:34.745701 dv-cinder-819089-1-iscsi devstack@n-api.service[101789]: INFO nova.api.openstack.requestlog [None req-083818d9-d7f7-4fe1-9709-0ace59627489 admin admin] 10.222.0.54 "POST /compute/v2.1/flavors/d1/os-extra_specs" status: 200 len: 43 microversion: 2.61 time: 0.041135
Nov 24 11:17:34.746489 dv-cinder-819089-1-iscsi devstack@n-api.service[101789]: [pid: 101789|app: 0|req: 4/9] 10.222.0.54 () {64 vars in 1335 bytes} [Wed Nov 24 11:17:34 2021] POST /compute/v2.1/flavors/d1/os-extra_specs => generated 43 bytes in 42 msecs (HTTP/1.1 200) 9 headers in 358 bytes (1 switches on core 0)
Nov 24 11:17:37.078195 dv-cinder-819089-1-iscsi devstack@n-api.service[101790]: DEBUG nova.api.openstack.wsgi [None req-adf655b6-cfac-4178-99b7-1b89beee3730 admin admin] Calling method '>' {{(pid=101790) _process_stack /opt/stack/nova/nova/api/openstack/wsgi.py:513}}
Nov 24 11:17:37.079219 dv-cinder-819089-1-iscsi devstack@n-api.service[101790]: INFO nova.api.openstack.requestlog [None req-adf655b6-cfac-4178-99b7-1b89beee3730 admin admin] 10.222.0.54 "GET /compute/v2.1" status: 200 len: 388 microversion: 2.1 time: 0.001479
Nov 24 11:17:37.079696 dv-cinder-819089-1-iscsi devstack@n-api.service[101790]: [pid: 101790|app: 0|req: 6/10] 10.222.0.54 () {54 vars in 930 bytes} [Wed Nov 24 11:17:37 2021] GET /compute/v2.1 => generated 388 bytes in 2 msecs (HTTP/1.1 200) 9 headers in 357 bytes (1 switches on core 0)
Nov 24 11:17:37.155383 dv-cinder-819089-1-iscsi devstack@n-api.service[101789]: DEBUG nova.api.openstack.wsgi [None req-ac224423-2225-47cb-b988-92cf0ce0c48b admin admin] Action: 'create', calling method: >, body: {"flavor": {"vcpus": 1, "name": "ds1G", "disk": 10, "swap": 0, "OS-FLV-EXT-DATA:ephemeral": 0, "ram": 1024, "rxtx_factor": 1.0, "os-flavor-access:is_public": true, "id": "d2"}} {{(pid=101789) _process_stack /opt/stack/nova/nova/api/openstack/wsgi.py:511}}
Nov 24 11:17:37.175607 dv-cinder-819089-1-iscsi devstack@n-api.service[101789]: INFO nova.api.openstack.requestlog [None req-ac224423-2225-47cb-b988-92cf0ce0c48b admin admin] 10.222.0.54 "POST /compute/v2.1/flavors" status: 200 len: 404 microversion: 2.61 time: 0.088956
Nov 24 11:17:37.176526 dv-cinder-819089-1-iscsi devstack@n-api.service[101789]: [pid: 101789|app: 0|req: 5/11] 10.222.0.54 () {64 vars in 1282 bytes} [Wed Nov 24 11:17:37 2021] POST /compute/v2.1/flavors => generated 404 bytes in 90 msecs (HTTP/1.1 200) 9 headers in 359 bytes (1 switches on core 0)
Nov 24 11:17:37.189227 dv-cinder-819089-1-iscsi devstack@n-api.service[101790]: DEBUG nova.api.openstack.wsgi [None req-aea5487a-b564-4db4-ae8c-12d4f32e8e28 admin admin] Action: 'create', calling method: >, body: {"extra_specs": {"hw_rng:allowed": "True"}} {{(pid=101790) _process_stack /opt/stack/nova/nova/api/openstack/wsgi.py:511}}
Nov 24 11:17:37.214378 dv-cinder-819089-1-iscsi devstack@n-api.service[101790]: INFO nova.api.openstack.requestlog [None req-aea5487a-b564-4db4-ae8c-12d4f32e8e28 admin admin] 10.222.0.54 "POST /compute/v2.1/flavors/d2/os-extra_specs" status: 200 len: 43 microversion: 2.61 time: 0.028689
Nov 24 11:17:37.214962 dv-cinder-819089-1-iscsi devstack@n-api.service[101790]: [pid: 101790|app: 0|req: 7/12] 10.222.0.54 () {64 vars in 1335 bytes} [Wed Nov 24 11:17:37 2021] POST /compute/v2.1/flavors/d2/os-extra_specs => generated 43 bytes in 30 msecs (HTTP/1.1 200) 9 headers in 358 bytes (1 switches on core 0)
Nov 24 11:17:39.578183 dv-cinder-819089-1-iscsi devstack@n-api.service[101789]: DEBUG nova.api.openstack.wsgi [None req-ac224423-2225-47cb-b988-92cf0ce0c48b admin admin] Calling method '>' {{(pid=101789) _process_stack /opt/stack/nova/nova/api/openstack/wsgi.py:513}}
Nov 24 11:17:39.579191 dv-cinder-819089-1-iscsi devstack@n-api.service[101789]: INFO nova.api.openstack.requestlog [None req-ac224423-2225-47cb-b988-92cf0ce0c48b admin admin] 10.222.0.54 "GET /compute/v2.1" status: 200 len: 388 microversion: 2.1 time: 0.001462
Nov 24 11:17:39.579599 dv-cinder-819089-1-iscsi devstack@n-api.service[101789]: [pid: 101789|app: 0|req: 6/13] 10.222.0.54 () {54 vars in 930 bytes} [Wed Nov 24 11:17:39 2021] GET /compute/v2.1 => generated 388 bytes in 2 msecs (HTTP/1.1 200) 9 headers in 357 bytes (1 switches on core 0)
Nov 24 11:17:39.648856 dv-cinder-819089-1-iscsi devstack@n-api.service[101790]: DEBUG nova.api.openstack.wsgi [None req-9af521c2-2f6d-4974-baf9-3a66599f9d79 admin admin] Action: 'create', calling method: >, body: {"flavor": {"disk": 10, "name": "ds2G", "ram": 2048, "OS-FLV-EXT-DATA:ephemeral": 0, "rxtx_factor": 1.0, "vcpus": 2, "os-flavor-access:is_public": true, "id": "d3", "swap": 0}} {{(pid=101790) _process_stack /opt/stack/nova/nova/api/openstack/wsgi.py:511}}
Nov 24 11:17:39.667070 dv-cinder-819089-1-iscsi devstack@n-api.service[101790]: INFO nova.api.openstack.requestlog [None req-9af521c2-2f6d-4974-baf9-3a66599f9d79 admin admin] 10.222.0.54 "POST /compute/v2.1/flavors" status: 200 len: 404 microversion: 2.61 time: 0.077206
Nov 24 11:17:39.667607 dv-cinder-819089-1-iscsi devstack@n-api.service[101790]: [pid: 101790|app: 0|req: 8/14] 10.222.0.54 () {64 vars in 1282 bytes} [Wed Nov 24 11:17:39 2021] POST /compute/v2.1/flavors => generated 404 bytes in 78 msecs (HTTP/1.1 200) 9 headers in 359 bytes (1 switches on core 0)
Nov 24 11:17:39.680417 dv-cinder-819089-1-iscsi devstack@n-api.service[101789]: DEBUG nova.api.openstack.wsgi [None req-24c43766-48ca-47c1-85e8-903ddd65bc05 admin admin] Action: 'create', calling method: >, body: {"extra_specs": {"hw_rng:allowed": "True"}} {{(pid=101789) _process_stack /opt/stack/nova/nova/api/openstack/wsgi.py:511}}
Nov 24 11:17:39.703607 dv-cinder-819089-1-iscsi devstack@n-api.service[101789]: INFO nova.api.openstack.requestlog [None req-24c43766-48ca-47c1-85e8-903ddd65bc05 admin admin] 10.222.0.54 "POST /compute/v2.1/flavors/d3/os-extra_specs" status: 200 len: 43 microversion: 2.61 time: 0.027413
Nov 24 11:17:39.704200 dv-cinder-819089-1-iscsi devstack@n-api.service[101789]: [pid: 101789|app: 0|req: 7/15] 10.222.0.54 () {64 vars in 1335 bytes} [Wed Nov 24 11:17:39 2021] POST /compute/v2.1/flavors/d3/os-extra_specs => generated 43 bytes in 29 msecs (HTTP/1.1 200) 9 headers in 358 bytes (1 switches on core 0)
Nov 24 11:17:42.015059 dv-cinder-819089-1-iscsi devstack@n-api.service[101790]: DEBUG nova.api.openstack.wsgi [None req-9af521c2-2f6d-4974-baf9-3a66599f9d79 admin admin] Calling method '>' {{(pid=101790) _process_stack /opt/stack/nova/nova/api/openstack/wsgi.py:513}}
Nov 24 11:17:42.016057 dv-cinder-819089-1-iscsi devstack@n-api.service[101790]: INFO nova.api.openstack.requestlog [None req-9af521c2-2f6d-4974-baf9-3a66599f9d79 admin admin] 10.222.0.54 "GET /compute/v2.1" status: 200 len: 388 microversion: 2.1 time: 0.001460
Nov 24 11:17:42.016458 dv-cinder-819089-1-iscsi devstack@n-api.service[101790]: [pid: 101790|app: 0|req: 9/16] 10.222.0.54 () {54 vars in 930 bytes} [Wed Nov 24 11:17:42 2021] GET /compute/v2.1 => generated 388 bytes in 2 msecs (HTTP/1.1 200) 9 headers in 357 bytes (1 switches on core 0)
Nov 24 11:17:42.078682 dv-cinder-819089-1-iscsi devstack@n-api.service[101789]: DEBUG nova.api.openstack.wsgi [None req-8d026144-4302-4eb7-a73c-7db8ac7ffe1b admin admin] Action: 'create', calling method: >, body: {"flavor": {"os-flavor-access:is_public": true, "OS-FLV-EXT-DATA:ephemeral": 0, "id": "d4", "rxtx_factor": 1.0, "disk": 20, "ram": 4096, "swap": 0, "name": "ds4G", "vcpus": 4}} {{(pid=101789) _process_stack /opt/stack/nova/nova/api/openstack/wsgi.py:511}}
Nov 24 11:17:42.100907 dv-cinder-819089-1-iscsi devstack@n-api.service[101789]: INFO nova.api.openstack.requestlog [None req-8d026144-4302-4eb7-a73c-7db8ac7ffe1b admin admin] 10.222.0.54 "POST /compute/v2.1/flavors" status: 200 len: 404 microversion: 2.61 time: 0.077994
Nov 24 11:17:42.102609 dv-cinder-819089-1-iscsi devstack@n-api.service[101789]: [pid: 101789|app: 0|req: 8/17] 10.222.0.54 () {64 vars in 1282 bytes} [Wed Nov 24 11:17:42 2021] POST /compute/v2.1/flavors => generated 404 bytes in 80 msecs (HTTP/1.1 200) 9 headers in 359 bytes (1 switches on core 0)
Nov 24 11:17:42.115945 dv-cinder-819089-1-iscsi devstack@n-api.service[101790]: DEBUG nova.api.openstack.wsgi [None req-c58866e9-4580-42a5-b7ff-0a57defca3aa admin admin] Action: 'create', calling method: >, body: {"extra_specs": {"hw_rng:allowed": "True"}} {{(pid=101790) _process_stack /opt/stack/nova/nova/api/openstack/wsgi.py:511}}
Nov 24 11:17:42.148936 dv-cinder-819089-1-iscsi devstack@n-api.service[101790]: INFO nova.api.openstack.requestlog [None req-c58866e9-4580-42a5-b7ff-0a57defca3aa admin admin] 10.222.0.54 "POST /compute/v2.1/flavors/d4/os-extra_specs" status: 200 len: 43 microversion: 2.61 time: 0.037181
Nov 24 11:17:42.150071 dv-cinder-819089-1-iscsi devstack@n-api.service[101790]: [pid: 101790|app: 0|req: 10/18] 10.222.0.54 () {64 vars in 1335 bytes} [Wed Nov 24 11:17:42 2021] POST /compute/v2.1/flavors/d4/os-extra_specs => generated 43 bytes in 39 msecs (HTTP/1.1 200) 9 headers in 358 bytes (2 switches on core 0)
Nov 24 11:17:44.534709 dv-cinder-819089-1-iscsi devstack@n-api.service[101789]: DEBUG nova.api.openstack.wsgi [None req-8d026144-4302-4eb7-a73c-7db8ac7ffe1b admin admin] Calling method '>' {{(pid=101789) _process_stack /opt/stack/nova/nova/api/openstack/wsgi.py:513}}
Nov 24 11:17:44.535791 dv-cinder-819089-1-iscsi devstack@n-api.service[101789]: INFO nova.api.openstack.requestlog [None req-8d026144-4302-4eb7-a73c-7db8ac7ffe1b admin admin] 10.222.0.54 "GET /compute/v2.1" status: 200 len: 388 microversion: 2.1 time: 0.001554
Nov 24 11:17:44.536213 dv-cinder-819089-1-iscsi devstack@n-api.service[101789]: [pid: 101789|app: 0|req: 9/19] 10.222.0.54 () {54 vars in 930 bytes} [Wed Nov 24 11:17:44 2021] GET /compute/v2.1 => generated 388 bytes in 3 msecs (HTTP/1.1 200) 9 headers in 357 bytes (2 switches on core 0)
Nov 24 11:17:44.600565 dv-cinder-819089-1-iscsi devstack@n-api.service[101790]: DEBUG nova.api.openstack.wsgi [None req-d6c37425-379e-494d-b428-0ae00c58ac2b admin admin] Calling method '>' {{(pid=101790) _process_stack /opt/stack/nova/nova/api/openstack/wsgi.py:513}}
Nov 24 11:17:44.627103 dv-cinder-819089-1-iscsi devstack@n-api.service[101790]: INFO nova.api.openstack.requestlog [None req-d6c37425-379e-494d-b428-0ae00c58ac2b admin admin] 10.222.0.54 "GET /compute/v2.1/flavors/detail?is_public=True" status: 200 len: 2106 microversion: 2.61 time: 0.084226
Nov 24 11:17:44.627659 dv-cinder-819089-1-iscsi devstack@n-api.service[101790]: [pid: 101790|app: 0|req: 11/20] 10.222.0.54 () {60 vars in 1291 bytes} [Wed Nov 24 11:17:44 2021] GET /compute/v2.1/flavors/detail?is_public=True => generated 2106 bytes in 85 msecs (HTTP/1.1 200) 9 headers in 360 bytes (1 switches on core 0)
Nov 24 11:17:46.992946 dv-cinder-819089-1-iscsi devstack@n-api.service[101789]: DEBUG nova.api.openstack.wsgi [None req-8d026144-4302-4eb7-a73c-7db8ac7ffe1b admin admin] Calling method '>' {{(pid=101789) _process_stack /opt/stack/nova/nova/api/openstack/wsgi.py:513}}
Nov 24 11:17:46.993939 dv-cinder-819089-1-iscsi devstack@n-api.service[101789]: INFO nova.api.openstack.requestlog [None req-8d026144-4302-4eb7-a73c-7db8ac7ffe1b admin admin] 10.222.0.54 "GET /compute/v2.1" status: 200 len: 388 microversion: 2.1 time: 0.001542
Nov 24 11:17:46.994377 dv-cinder-819089-1-iscsi devstack@n-api.service[101789]: [pid: 101789|app: 0|req: 10/21] 10.222.0.54 () {54 vars in 930 bytes} [Wed Nov 24 11:17:46 2021] GET /compute/v2.1 => generated 388 bytes in 2 msecs (HTTP/1.1 200) 9 headers in 357 bytes (1 switches on core 0)
Nov 24 11:17:47.070899 dv-cinder-819089-1-iscsi devstack@n-api.service[101790]: DEBUG nova.api.openstack.wsgi [None req-f1031e93-38ec-4b9c-a9fa-931868b0d377 admin admin] Action: 'create', calling method: >, body: {"flavor": {"ram": 512, "disk": 1, "os-flavor-access:is_public": true, "name": "m1.tiny", "rxtx_factor": 1.0, "id": "1", "swap": 0, "vcpus": 1, "OS-FLV-EXT-DATA:ephemeral": 0}} {{(pid=101790) _process_stack /opt/stack/nova/nova/api/openstack/wsgi.py:511}}
Nov 24 11:17:47.090289 dv-cinder-819089-1-iscsi devstack@n-api.service[101790]: INFO nova.api.openstack.requestlog [None req-f1031e93-38ec-4b9c-a9fa-931868b0d377 admin admin] 10.222.0.54 "POST /compute/v2.1/flavors" status: 200 len: 402 microversion: 2.61 time: 0.089191
Nov 24 11:17:47.090870 dv-cinder-819089-1-iscsi devstack@n-api.service[101790]: [pid: 101790|app: 0|req: 12/22] 10.222.0.54 () {64 vars in 1282 bytes} [Wed Nov 24 11:17:46 2021] POST /compute/v2.1/flavors => generated 402 bytes in 90 msecs (HTTP/1.1 200) 9 headers in 359 bytes (1 switches on core 0)
Nov 24 11:17:47.105485 dv-cinder-819089-1-iscsi devstack@n-api.service[101789]: DEBUG nova.api.openstack.wsgi [None req-dacd839b-0b3a-46c2-9a27-15165fcce8d3 admin admin] Action: 'create', calling method: >, body: {"extra_specs": {"hw_rng:allowed": "True"}} {{(pid=101789) _process_stack /opt/stack/nova/nova/api/openstack/wsgi.py:511}}
Nov 24 11:17:47.131550 dv-cinder-819089-1-iscsi devstack@n-api.service[101789]: INFO nova.api.openstack.requestlog [None req-dacd839b-0b3a-46c2-9a27-15165fcce8d3 admin admin] 10.222.0.54 "POST /compute/v2.1/flavors/1/os-extra_specs" status: 200 len: 43 microversion: 2.61 time: 0.029749
Nov 24 11:17:47.132377 dv-cinder-819089-1-iscsi devstack@n-api.service[101789]: [pid: 101789|app: 0|req: 11/23] 10.222.0.54 () {64 vars in 1332 bytes} [Wed Nov 24 11:17:47 2021] POST /compute/v2.1/flavors/1/os-extra_specs => generated 43 bytes in 32 msecs (HTTP/1.1 200) 9 headers in 358 bytes (1 switches on core 0)
Nov 24 11:17:49.558680 dv-cinder-819089-1-iscsi devstack@n-api.service[101790]: DEBUG nova.api.openstack.wsgi [None req-f1031e93-38ec-4b9c-a9fa-931868b0d377 admin admin] Calling method '>' {{(pid=101790) _process_stack /opt/stack/nova/nova/api/openstack/wsgi.py:513}}
Nov 24 11:17:49.559688 dv-cinder-819089-1-iscsi devstack@n-api.service[101790]: INFO nova.api.openstack.requestlog [None req-f1031e93-38ec-4b9c-a9fa-931868b0d377 admin admin] 10.222.0.54 "GET /compute/v2.1" status: 200 len: 388 microversion: 2.1 time: 0.001462
Nov 24 11:17:49.560095 dv-cinder-819089-1-iscsi devstack@n-api.service[101790]: [pid: 101790|app: 0|req: 13/24] 10.222.0.54 () {54 vars in 930 bytes} [Wed Nov 24 11:17:49 2021] GET /compute/v2.1 => generated 388 bytes in 2 msecs (HTTP/1.1 200) 9 headers in 357 bytes (1 switches on core 0)
Nov 24 11:17:49.621138 dv-cinder-819089-1-iscsi devstack@n-api.service[101789]: DEBUG nova.api.openstack.wsgi [None req-a122d1f1-6d03-49de-833e-ccdf2847fb73 admin admin] Action: 'create', calling method: >, body: {"flavor": {"id": "2", "swap": 0, "rxtx_factor": 1.0, "OS-FLV-EXT-DATA:ephemeral": 0, "os-flavor-access:is_public": true, "name": "m1.small", "disk": 20, "vcpus": 1, "ram": 2048}} {{(pid=101789) _process_stack /opt/stack/nova/nova/api/openstack/wsgi.py:511}}
Nov 24 11:17:49.640445 dv-cinder-819089-1-iscsi devstack@n-api.service[101789]: INFO nova.api.openstack.requestlog [None req-a122d1f1-6d03-49de-833e-ccdf2847fb73 admin admin] 10.222.0.54 "POST /compute/v2.1/flavors" status: 200 len: 405 microversion: 2.61 time: 0.074055
Nov 24 11:17:49.641055 dv-cinder-819089-1-iscsi devstack@n-api.service[101789]: [pid: 101789|app: 0|req: 12/25] 10.222.0.54 () {64 vars in 1282 bytes} [Wed Nov 24 11:17:49 2021] POST /compute/v2.1/flavors => generated 405 bytes in 75 msecs (HTTP/1.1 200) 9 headers in 359 bytes (1 switches on core 0)
Nov 24 11:17:49.653102 dv-cinder-819089-1-iscsi devstack@n-api.service[101790]: DEBUG nova.api.openstack.wsgi [None req-8e15bd76-a8d3-40dc-a03b-8367658f09c3 admin admin] Action: 'create', calling method: >, body: {"extra_specs": {"hw_rng:allowed": "True"}} {{(pid=101790) _process_stack /opt/stack/nova/nova/api/openstack/wsgi.py:511}}
Nov 24 11:17:49.676471 dv-cinder-819089-1-iscsi devstack@n-api.service[101790]: INFO nova.api.openstack.requestlog [None req-8e15bd76-a8d3-40dc-a03b-8367658f09c3 admin admin] 10.222.0.54 "POST /compute/v2.1/flavors/2/os-extra_specs" status: 200 len: 43 microversion: 2.61 time: 0.026911
Nov 24 11:17:49.677092 dv-cinder-819089-1-iscsi devstack@n-api.service[101790]: [pid: 101790|app: 0|req: 14/26] 10.222.0.54 () {64 vars in 1332 bytes} [Wed Nov 24 11:17:49 2021] POST /compute/v2.1/flavors/2/os-extra_specs => generated 43 bytes in 28 msecs (HTTP/1.1 200) 9 headers in 358 bytes (1 switches on core 0)
Nov 24 11:17:52.098058 dv-cinder-819089-1-iscsi devstack@n-api.service[101789]: DEBUG nova.api.openstack.wsgi [None req-a122d1f1-6d03-49de-833e-ccdf2847fb73 admin admin] Calling method '>' {{(pid=101789) _process_stack /opt/stack/nova/nova/api/openstack/wsgi.py:513}}
Nov 24 11:17:52.099060 dv-cinder-819089-1-iscsi devstack@n-api.service[101789]: INFO nova.api.openstack.requestlog [None req-a122d1f1-6d03-49de-833e-ccdf2847fb73 admin admin] 10.222.0.54 "GET /compute/v2.1" status: 200 len: 388 microversion: 2.1 time: 0.001452
Nov 24 11:17:52.099510 dv-cinder-819089-1-iscsi devstack@n-api.service[101789]: [pid: 101789|app: 0|req: 13/27] 10.222.0.54 () {54 vars in 930 bytes} [Wed Nov 24 11:17:52 2021] GET /compute/v2.1 => generated 388 bytes in 2 msecs (HTTP/1.1 200) 9 headers in 357 bytes (1 switches on core 0)
Nov 24 11:17:52.158505 dv-cinder-819089-1-iscsi devstack@n-api.service[101790]: DEBUG nova.api.openstack.wsgi [None req-2756437d-a20f-4527-b053-a4065956173a admin admin] Action: 'create', calling method: >, body: {"flavor": {"ram": 4096, "OS-FLV-EXT-DATA:ephemeral": 0, "vcpus": 2, "name": "m1.medium", "disk": 40, "os-flavor-access:is_public": true, "id": "3", "rxtx_factor": 1.0, "swap": 0}} {{(pid=101790) _process_stack /opt/stack/nova/nova/api/openstack/wsgi.py:511}}
Nov 24 11:17:52.177508 dv-cinder-819089-1-iscsi devstack@n-api.service[101790]: INFO nova.api.openstack.requestlog [None req-2756437d-a20f-4527-b053-a4065956173a admin admin] 10.222.0.54 "POST /compute/v2.1/flavors" status: 200 len: 406 microversion: 2.61 time: 0.071066
Nov 24 11:17:52.178090 dv-cinder-819089-1-iscsi devstack@n-api.service[101790]: [pid: 101790|app: 0|req: 15/28] 10.222.0.54 () {64 vars in 1282 bytes} [Wed Nov 24 11:17:52 2021] POST /compute/v2.1/flavors => generated 406 bytes in 72 msecs (HTTP/1.1 200) 9 headers in 359 bytes (2 switches on core 0)
Nov 24 11:17:52.190495 dv-cinder-819089-1-iscsi devstack@n-api.service[101789]: DEBUG nova.api.openstack.wsgi [None req-4cddbe60-0f03-4cc8-84f2-9ac0cde24f25 admin admin] Action: 'create', calling method: >, body: {"extra_specs": {"hw_rng:allowed": "True"}} {{(pid=101789) _process_stack /opt/stack/nova/nova/api/openstack/wsgi.py:511}}
Nov 24 11:17:52.213943 dv-cinder-819089-1-iscsi devstack@n-api.service[101789]: INFO nova.api.openstack.requestlog [None req-4cddbe60-0f03-4cc8-84f2-9ac0cde24f25 admin admin] 10.222.0.54 "POST /compute/v2.1/flavors/3/os-extra_specs" status: 200 len: 43 microversion: 2.61 time: 0.026949
Nov 24 11:17:52.214531 dv-cinder-819089-1-iscsi devstack@n-api.service[101789]: [pid: 101789|app: 0|req: 14/29] 10.222.0.54 () {64 vars in 1332 bytes} [Wed Nov 24 11:17:52 2021] POST /compute/v2.1/flavors/3/os-extra_specs => generated 43 bytes in 28 msecs (HTTP/1.1 200) 9 headers in 358 bytes (1 switches on core 0)
Nov 24 11:17:54.581258 dv-cinder-819089-1-iscsi devstack@n-api.service[101790]: DEBUG nova.api.openstack.wsgi [None req-2756437d-a20f-4527-b053-a4065956173a admin admin] Calling method '>' {{(pid=101790) _process_stack /opt/stack/nova/nova/api/openstack/wsgi.py:513}}
Nov 24 11:17:54.582961 dv-cinder-819089-1-iscsi devstack@n-api.service[101790]: INFO nova.api.openstack.requestlog [None req-2756437d-a20f-4527-b053-a4065956173a admin admin] 10.222.0.54 "GET /compute/v2.1" status: 200 len: 388 microversion: 2.1 time: 0.002157
Nov 24 11:17:54.583451 dv-cinder-819089-1-iscsi devstack@n-api.service[101790]: [pid: 101790|app: 0|req: 16/30] 10.222.0.54 () {54 vars in 930 bytes} [Wed Nov 24 11:17:54 2021] GET /compute/v2.1 => generated 388 bytes in 3 msecs (HTTP/1.1 200) 9 headers in 357 bytes (1 switches on core 0)
Nov 24 11:17:54.650478 dv-cinder-819089-1-iscsi devstack@n-api.service[101789]: DEBUG nova.api.openstack.wsgi [None req-1b6ab33b-8ed2-4fcb-8b68-e94bc118df5a admin admin] Action: 'create', calling method: >, body: {"flavor": {"ram": 8192, "os-flavor-access:is_public": true, "id": "4", "name": "m1.large", "vcpus": 4, "swap": 0, "disk": 80, "OS-FLV-EXT-DATA:ephemeral": 0, "rxtx_factor": 1.0}} {{(pid=101789) _process_stack /opt/stack/nova/nova/api/openstack/wsgi.py:511}}
Nov 24 11:17:54.669214 dv-cinder-819089-1-iscsi devstack@n-api.service[101789]: INFO nova.api.openstack.requestlog [None req-1b6ab33b-8ed2-4fcb-8b68-e94bc118df5a admin admin] 10.222.0.54 "POST /compute/v2.1/flavors" status: 200 len: 405 microversion: 2.61 time: 0.079105
Nov 24 11:17:54.677032 dv-cinder-819089-1-iscsi devstack@n-api.service[101789]: [pid: 101789|app: 0|req: 15/31] 10.222.0.54 () {64 vars in 1282 bytes} [Wed Nov 24 11:17:54 2021] POST /compute/v2.1/flavors => generated 405 bytes in 87 msecs (HTTP/1.1 200) 9 headers in 359 bytes (2 switches on core 0)
Nov 24 11:17:54.683308 dv-cinder-819089-1-iscsi devstack@n-api.service[101790]: DEBUG nova.api.openstack.wsgi [None req-91f2426b-cecb-456a-97ef-3760551b77c7 admin admin] Action: 'create', calling method: >, body: {"extra_specs": {"hw_rng:allowed": "True"}} {{(pid=101790) _process_stack /opt/stack/nova/nova/api/openstack/wsgi.py:511}}
Nov 24 11:17:54.709973 dv-cinder-819089-1-iscsi devstack@n-api.service[101790]: INFO nova.api.openstack.requestlog [None req-91f2426b-cecb-456a-97ef-3760551b77c7 admin admin] 10.222.0.54 "POST /compute/v2.1/flavors/4/os-extra_specs" status: 200 len: 43 microversion: 2.61 time: 0.029607
Nov 24 11:17:54.710884 dv-cinder-819089-1-iscsi devstack@n-api.service[101790]: [pid: 101790|app: 0|req: 17/32] 10.222.0.54 () {64 vars in 1332 bytes} [Wed Nov 24 11:17:54 2021] POST /compute/v2.1/flavors/4/os-extra_specs => generated 43 bytes in 32 msecs (HTTP/1.1 200) 9 headers in 358 bytes (1 switches on core 0)
Nov 24 11:17:57.093979 dv-cinder-819089-1-iscsi devstack@n-api.service[101789]: DEBUG nova.api.openstack.wsgi [None req-1b6ab33b-8ed2-4fcb-8b68-e94bc118df5a admin admin] Calling method '>' {{(pid=101789) _process_stack /opt/stack/nova/nova/api/openstack/wsgi.py:513}}
Nov 24 11:17:57.094994 dv-cinder-819089-1-iscsi devstack@n-api.service[101789]: INFO nova.api.openstack.requestlog [None req-1b6ab33b-8ed2-4fcb-8b68-e94bc118df5a admin admin] 10.222.0.54 "GET /compute/v2.1" status: 200 len: 388 microversion: 2.1 time: 0.001459
Nov 24 11:17:57.100809 dv-cinder-819089-1-iscsi devstack@n-api.service[101789]: [pid: 101789|app: 0|req: 16/33] 10.222.0.54 () {54 vars in 930 bytes} [Wed Nov 24 11:17:57 2021] GET /compute/v2.1 => generated 388 bytes in 8 msecs (HTTP/1.1 200) 9 headers in 357 bytes (2 switches on core 0)
Nov 24 11:17:57.171744 dv-cinder-819089-1-iscsi devstack@n-api.service[101790]: DEBUG nova.api.openstack.wsgi [None req-f596a24e-0088-4905-b141-d55a38b86eed admin admin] Action: 'create', calling method: >, body: {"flavor": {"id": "5", "name": "m1.xlarge", "rxtx_factor": 1.0, "os-flavor-access:is_public": true, "vcpus": 8, "swap": 0, "OS-FLV-EXT-DATA:ephemeral": 0, "disk": 160, "ram": 16384}} {{(pid=101790) _process_stack /opt/stack/nova/nova/api/openstack/wsgi.py:511}}
Nov 24 11:17:57.192315 dv-cinder-819089-1-iscsi devstack@n-api.service[101790]: INFO nova.api.openstack.requestlog [None req-f596a24e-0088-4905-b141-d55a38b86eed admin admin] 10.222.0.54 "POST /compute/v2.1/flavors" status: 200 len: 408 microversion: 2.61 time: 0.090061
Nov 24 11:17:57.193721 dv-cinder-819089-1-iscsi devstack@n-api.service[101790]: [pid: 101790|app: 0|req: 18/34] 10.222.0.54 () {64 vars in 1282 bytes} [Wed Nov 24 11:17:57 2021] POST /compute/v2.1/flavors => generated 408 bytes in 92 msecs (HTTP/1.1 200) 9 headers in 359 bytes (1 switches on core 0)
Nov 24 11:17:57.206485 dv-cinder-819089-1-iscsi devstack@n-api.service[101789]: DEBUG nova.api.openstack.wsgi [None req-3f89ed80-7ffc-4a7c-a0d6-1d87940cd85f admin admin] Action: 'create', calling method: >, body: {"extra_specs": {"hw_rng:allowed": "True"}} {{(pid=101789) _process_stack /opt/stack/nova/nova/api/openstack/wsgi.py:511}}
Nov 24 11:17:57.230061 dv-cinder-819089-1-iscsi devstack@n-api.service[101789]: INFO nova.api.openstack.requestlog [None req-3f89ed80-7ffc-4a7c-a0d6-1d87940cd85f admin admin] 10.222.0.54 "POST /compute/v2.1/flavors/5/os-extra_specs" status: 200 len: 43 microversion: 2.61 time: 0.027286
Nov 24 11:17:57.230711 dv-cinder-819089-1-iscsi devstack@n-api.service[101789]: [pid: 101789|app: 0|req: 17/35] 10.222.0.54 () {64 vars in 1332 bytes} [Wed Nov 24 11:17:57 2021] POST /compute/v2.1/flavors/5/os-extra_specs => generated 43 bytes in 29 msecs (HTTP/1.1 200) 9 headers in 358 bytes (1 switches on core 0)
Nov 24 11:18:18.994018 dv-cinder-819089-1-iscsi devstack@n-api.service[101790]: DEBUG nova.api.openstack.wsgi [None req-f596a24e-0088-4905-b141-d55a38b86eed admin admin] Calling method '>' {{(pid=101790) _process_stack /opt/stack/nova/nova/api/openstack/wsgi.py:513}}
Nov 24 11:18:18.995035 dv-cinder-819089-1-iscsi devstack@n-api.service[101790]: INFO nova.api.openstack.requestlog [None req-f596a24e-0088-4905-b141-d55a38b86eed admin admin] 10.222.0.54 "GET /compute/v2.1" status: 200 len: 388 microversion: 2.1 time: 0.001446
Nov 24 11:18:18.995435 dv-cinder-819089-1-iscsi devstack@n-api.service[101790]: [pid: 101790|app: 0|req: 19/36] 10.222.0.54 () {54 vars in 930 bytes} [Wed Nov 24 11:18:18 2021] GET /compute/v2.1 => generated 388 bytes in 2 msecs (HTTP/1.1 200) 9 headers in 357 bytes (1 switches on core 0)
Nov 24 11:18:19.055371 dv-cinder-819089-1-iscsi devstack@n-api.service[101789]: DEBUG nova.api.openstack.wsgi [None req-05bb0085-c516-4198-9829-b326e433a286 admin admin] Calling method '>' {{(pid=101789) _process_stack /opt/stack/nova/nova/api/openstack/wsgi.py:513}}
Nov 24 11:18:19.072011 dv-cinder-819089-1-iscsi devstack@n-api.service[101789]: INFO nova.api.openstack.requestlog [None req-05bb0085-c516-4198-9829-b326e433a286 admin admin] 10.222.0.54 "GET /compute/v2.1/flavors/detail?is_public=True" status: 200 len: 4202 microversion: 2.61 time: 0.069848
Nov 24 11:18:19.072579 dv-cinder-819089-1-iscsi devstack@n-api.service[101789]: [pid: 101789|app: 0|req: 18/37] 10.222.0.54 () {60 vars in 1291 bytes} [Wed Nov 24 11:18:19 2021] GET /compute/v2.1/flavors/detail?is_public=True => generated 4202 bytes in 71 msecs (HTTP/1.1 200) 9 headers in 360 bytes (1 switches on core 0)
Nov 24 11:18:20.580832 dv-cinder-819089-1-iscsi devstack@n-api.service[101790]: DEBUG nova.api.openstack.wsgi [None req-f596a24e-0088-4905-b141-d55a38b86eed admin admin] Calling method '>' {{(pid=101790) _process_stack /opt/stack/nova/nova/api/openstack/wsgi.py:513}}
Nov 24 11:18:20.581877 dv-cinder-819089-1-iscsi devstack@n-api.service[101790]: INFO nova.api.openstack.requestlog [None req-f596a24e-0088-4905-b141-d55a38b86eed admin admin] 10.222.0.54 "GET /compute/v2.1" status: 200 len: 388 microversion: 2.1 time: 0.001455
Nov 24 11:18:20.582282 dv-cinder-819089-1-iscsi devstack@n-api.service[101790]: [pid: 101790|app: 0|req: 20/38] 10.222.0.54 () {56 vars in 1074 bytes} [Wed Nov 24 11:18:20 2021] GET /compute/v2.1 => generated 388 bytes in 2 msecs (HTTP/1.1 200) 9 headers in 357 bytes (1 switches on core 0)
Nov 24 11:18:20.773957 dv-cinder-819089-1-iscsi devstack@n-api.service[101789]: DEBUG nova.api.openstack.wsgi [None req-93070c12-ac7f-4f9d-b76d-88cce898894e admin admin] Calling method '>' {{(pid=101789) _process_stack /opt/stack/nova/nova/api/openstack/wsgi.py:513}}
Nov 24 11:18:20.780027 dv-cinder-819089-1-iscsi devstack@n-api.service[101789]: INFO nova.api.openstack.wsgi [None req-93070c12-ac7f-4f9d-b76d-88cce898894e admin admin] HTTP exception thrown: Flavor 42 could not be found.
Nov 24 11:18:20.780599 dv-cinder-819089-1-iscsi devstack@n-api.service[101789]: DEBUG nova.api.openstack.wsgi [None req-93070c12-ac7f-4f9d-b76d-88cce898894e admin admin] Returning 404 to user: Flavor 42 could not be found. {{(pid=101789) __call__ /opt/stack/nova/nova/api/openstack/wsgi.py:936}}
Nov 24 11:18:20.781427 dv-cinder-819089-1-iscsi devstack@n-api.service[101789]: INFO nova.api.openstack.requestlog [None req-93070c12-ac7f-4f9d-b76d-88cce898894e admin admin] 10.222.0.54 "GET /compute/v2.1/flavors/42" status: 404 len: 75 microversion: 2.90 time: 0.058613
Nov 24 11:18:20.781947 dv-cinder-819089-1-iscsi devstack@n-api.service[101789]: [pid: 101789|app: 0|req: 19/39] 10.222.0.54 () {60 vars in 1190 bytes} [Wed Nov 24 11:18:20 2021] GET /compute/v2.1/flavors/42 => generated 75 bytes in 60 msecs (HTTP/1.1 404) 9 headers in 380 bytes (1 switches on core 0)
Nov 24 11:18:20.792213 dv-cinder-819089-1-iscsi devstack@n-api.service[101790]: DEBUG nova.api.openstack.wsgi [None req-32981ea1-1f8a-40c5-8082-c5d9b8eac6c1 admin admin] Calling method '>' {{(pid=101790) _process_stack /opt/stack/nova/nova/api/openstack/wsgi.py:513}}
Nov 24 11:18:20.813569 dv-cinder-819089-1-iscsi devstack@n-api.service[101790]: INFO nova.api.openstack.requestlog [None req-32981ea1-1f8a-40c5-8082-c5d9b8eac6c1 admin admin] 10.222.0.54 "GET /compute/v2.1/flavors?is_public=None" status: 200 len: 2056 microversion: 2.90 time: 0.025406
Nov 24 11:18:20.814132 dv-cinder-819089-1-iscsi devstack@n-api.service[101790]: [pid: 101790|app: 0|req: 21/40] 10.222.0.54 () {60 vars in 1210 bytes} [Wed Nov 24 11:18:20 2021] GET /compute/v2.1/flavors?is_public=None => generated 2056 bytes in 27 msecs (HTTP/1.1 200) 9 headers in 360 bytes (1 switches on core 0)
Nov 24 11:18:20.824578 dv-cinder-819089-1-iscsi devstack@n-api.service[101789]: DEBUG nova.api.openstack.wsgi [None req-02a87bb7-f969-404e-b8f8-35539acc2ebe admin admin] Calling method '>' {{(pid=101789) _process_stack /opt/stack/nova/nova/api/openstack/wsgi.py:513}}
Nov 24 11:18:20.845351 dv-cinder-819089-1-iscsi devstack@n-api.service[101789]: INFO nova.api.openstack.requestlog [None req-02a87bb7-f969-404e-b8f8-35539acc2ebe admin admin] 10.222.0.54 "GET /compute/v2.1/flavors?is_public=None" status: 200 len: 2056 microversion: 2.90 time: 0.024420
Nov 24 11:18:20.845894 dv-cinder-819089-1-iscsi devstack@n-api.service[101789]: [pid: 101789|app: 0|req: 20/41] 10.222.0.54 () {60 vars in 1210 bytes} [Wed Nov 24 11:18:20 2021] GET /compute/v2.1/flavors?is_public=None => generated 2056 bytes in 25 msecs (HTTP/1.1 200) 9 headers in 360 bytes (1 switches on core 0)
Nov 24 11:18:20.856236 dv-cinder-819089-1-iscsi devstack@n-api.service[101790]: DEBUG nova.api.openstack.wsgi [None req-a0022f5e-d082-4c71-ada8-cc2412adc536 admin admin] Calling method '>' {{(pid=101790) _process_stack /opt/stack/nova/nova/api/openstack/wsgi.py:513}}
Nov 24 11:18:20.861876 dv-cinder-819089-1-iscsi devstack@n-api.service[101790]: INFO nova.api.openstack.wsgi [None req-a0022f5e-d082-4c71-ada8-cc2412adc536 admin admin] HTTP exception thrown: Flavor 42 could not be found.
Nov 24 11:18:20.862437 dv-cinder-819089-1-iscsi devstack@n-api.service[101790]: DEBUG nova.api.openstack.wsgi [None req-a0022f5e-d082-4c71-ada8-cc2412adc536 admin admin] Returning 404 to user: Flavor 42 could not be found. {{(pid=101790) __call__ /opt/stack/nova/nova/api/openstack/wsgi.py:936}}
Nov 24 11:18:20.863211 dv-cinder-819089-1-iscsi devstack@n-api.service[101790]: INFO nova.api.openstack.requestlog [None req-a0022f5e-d082-4c71-ada8-cc2412adc536 admin admin] 10.222.0.54 "GET /compute/v2.1/flavors/42" status: 404 len: 75 microversion: 2.90 time: 0.011101
Nov 24 11:18:20.863701 dv-cinder-819089-1-iscsi devstack@n-api.service[101790]: [pid: 101790|app: 0|req: 22/42] 10.222.0.54 () {60 vars in 1190 bytes} [Wed Nov 24 11:18:20 2021] GET /compute/v2.1/flavors/42 => generated 75 bytes in 12 msecs (HTTP/1.1 404) 9 headers in 380 bytes (2 switches on core 0)
Nov 24 11:18:22.262148 dv-cinder-819089-1-iscsi devstack@n-api.service[101789]: DEBUG nova.api.openstack.wsgi [None req-02a87bb7-f969-404e-b8f8-35539acc2ebe admin admin] Calling method '>' {{(pid=101789) _process_stack /opt/stack/nova/nova/api/openstack/wsgi.py:513}}
Nov 24 11:18:22.263448 dv-cinder-819089-1-iscsi devstack@n-api.service[101789]: INFO nova.api.openstack.requestlog [None req-02a87bb7-f969-404e-b8f8-35539acc2ebe admin admin] 10.222.0.54 "GET /compute/v2.1" status: 200 len: 388 microversion: 2.1 time: 0.001690
Nov 24 11:18:22.263850 dv-cinder-819089-1-iscsi devstack@n-api.service[101789]: [pid: 101789|app: 0|req: 21/43] 10.222.0.54 () {56 vars in 1074 bytes} [Wed Nov 24 11:18:22 2021] GET /compute/v2.1 => generated 388 bytes in 3 msecs (HTTP/1.1 200) 9 headers in 357 bytes (2 switches on core 0)
Nov 24 11:18:22.458292 dv-cinder-819089-1-iscsi devstack@n-api.service[101790]: DEBUG nova.api.openstack.wsgi [None req-d94f325e-e8f2-47f6-95a1-93285481173f admin admin] Calling method '>' {{(pid=101790) _process_stack /opt/stack/nova/nova/api/openstack/wsgi.py:513}}
Nov 24 11:18:22.464286 dv-cinder-819089-1-iscsi devstack@n-api.service[101790]: INFO nova.api.openstack.wsgi [None req-d94f325e-e8f2-47f6-95a1-93285481173f admin admin] HTTP exception thrown: Flavor 84 could not be found.
Nov 24 11:18:22.464866 dv-cinder-819089-1-iscsi devstack@n-api.service[101790]: DEBUG nova.api.openstack.wsgi [None req-d94f325e-e8f2-47f6-95a1-93285481173f admin admin] Returning 404 to user: Flavor 84 could not be found. {{(pid=101790) __call__ /opt/stack/nova/nova/api/openstack/wsgi.py:936}}
Nov 24 11:18:22.465644 dv-cinder-819089-1-iscsi devstack@n-api.service[101790]: INFO nova.api.openstack.requestlog [None req-d94f325e-e8f2-47f6-95a1-93285481173f admin admin] 10.222.0.54 "GET /compute/v2.1/flavors/84" status: 404 len: 75 microversion: 2.90 time: 0.061351
Nov 24 11:18:22.466153 dv-cinder-819089-1-iscsi devstack@n-api.service[101790]: [pid: 101790|app: 0|req: 23/44] 10.222.0.54 () {60 vars in 1190 bytes} [Wed Nov 24 11:18:22 2021] GET /compute/v2.1/flavors/84 => generated 75 bytes in 62 msecs (HTTP/1.1 404) 9 headers in 380 bytes (1 switches on core 0)
