Nov 24 11:24:50.373033 dv-cinder-819089-1-iscsi devstack@c-api.service[109363]: DEBUG cinder.api.openstack.wsgi [None req-97111faf-fe1e-46bc-9f85-167095b629fc tempest-VolumesDeleteCascade-116917994 tempest-VolumesDeleteCascade-116917994-project] Empty body provided in request {{(pid=109363) get_body /opt/stack/cinder/cinder/api/openstack/wsgi.py:703}}
Nov 24 11:24:50.373291 dv-cinder-819089-1-iscsi devstack@c-api.service[109363]: /usr/local/lib/python3.8/dist-packages/webob/acceptparse.py:1047: DeprecationWarning: The behavior of AcceptValidHeader.best_match is currently being maintained for backward compatibility, but it will be deprecated in the future, as it does not conform to the RFC.
Nov 24 11:24:50.373291 dv-cinder-819089-1-iscsi devstack@c-api.service[109363]: warnings.warn(
Nov 24 11:24:50.373776 dv-cinder-819089-1-iscsi devstack@c-api.service[109363]: DEBUG cinder.api.openstack.wsgi [None req-97111faf-fe1e-46bc-9f85-167095b629fc tempest-VolumesDeleteCascade-116917994 tempest-VolumesDeleteCascade-116917994-project] Calling method 'show' {{(pid=109363) _process_stack /opt/stack/cinder/cinder/api/openstack/wsgi.py:856}}
Nov 24 11:24:50.389709 dv-cinder-819089-1-iscsi devstack@c-api.service[109363]: /usr/local/lib/python3.8/dist-packages/oslo_context/context.py:105: DeprecationWarning: Policy enforcement is depending on the value of is_admin. This key is deprecated. Please update your policy file to use the standard policy values.
Nov 24 11:24:50.389709 dv-cinder-819089-1-iscsi devstack@c-api.service[109363]: warnings.warn('Policy enforcement is depending on the value of '
Nov 24 11:24:50.398716 dv-cinder-819089-1-iscsi devstack@c-api.service[109363]: INFO cinder.volume.api [None req-97111faf-fe1e-46bc-9f85-167095b629fc tempest-VolumesDeleteCascade-116917994 tempest-VolumesDeleteCascade-116917994-project] Volume info retrieved successfully.
Nov 24 11:24:50.410065 dv-cinder-819089-1-iscsi devstack@c-api.service[109363]: INFO cinder.api.openstack.wsgi [None req-97111faf-fe1e-46bc-9f85-167095b629fc tempest-VolumesDeleteCascade-116917994 tempest-VolumesDeleteCascade-116917994-project] http://10.222.0.54/volume/v3/b67e2838933e4eb88ffae0240d102fa3/volumes/1c219ad9-1b69-4a4c-8574-8bbd0e319f3f returned with HTTP 200
Nov 24 11:24:50.412798 dv-cinder-819089-1-iscsi devstack@c-api.service[109363]: [pid: 109363|app: 0|req: 166/326] 10.222.0.54 () {58 vars in 1324 bytes} [Wed Nov 24 11:24:50 2021] GET /volume/v3/b67e2838933e4eb88ffae0240d102fa3/volumes/1c219ad9-1b69-4a4c-8574-8bbd0e319f3f => generated 922 bytes in 45 msecs (HTTP/1.1 200) 7 headers in 285 bytes (1 switches on core 0)
Nov 24 11:24:50.457772 dv-cinder-819089-1-iscsi devstack@c-api.service[109364]: INFO cinder.api.openstack.wsgi [None req-2a5374c8-3cbc-472a-ac45-5ff5628faeac tempest-SnapshotsActionsTest-91542358 tempest-SnapshotsActionsTest-91542358-project] GET http://10.222.0.54/volume/v3/6810e84678ca4277bbbafe3776dfa24f/snapshots/00d0fc52-d115-4e56-b605-16bd918cd7a9
Nov 24 11:24:50.458451 dv-cinder-819089-1-iscsi devstack@c-api.service[109364]: DEBUG cinder.api.openstack.wsgi [None req-2a5374c8-3cbc-472a-ac45-5ff5628faeac tempest-SnapshotsActionsTest-91542358 tempest-SnapshotsActionsTest-91542358-project] Empty body provided in request {{(pid=109364) get_body /opt/stack/cinder/cinder/api/openstack/wsgi.py:703}}
Nov 24 11:24:50.458622 dv-cinder-819089-1-iscsi devstack@c-api.service[109364]: /usr/local/lib/python3.8/dist-packages/webob/acceptparse.py:1047: DeprecationWarning: The behavior of AcceptValidHeader.best_match is currently being maintained for backward compatibility, but it will be deprecated in the future, as it does not conform to the RFC.
Nov 24 11:24:50.458622 dv-cinder-819089-1-iscsi devstack@c-api.service[109364]: warnings.warn(
Nov 24 11:24:50.458930 dv-cinder-819089-1-iscsi devstack@c-api.service[109364]: DEBUG cinder.api.openstack.wsgi [None req-2a5374c8-3cbc-472a-ac45-5ff5628faeac tempest-SnapshotsActionsTest-91542358 tempest-SnapshotsActionsTest-91542358-project] Calling method 'show' {{(pid=109364) _process_stack /opt/stack/cinder/cinder/api/openstack/wsgi.py:856}}
Nov 24 11:24:50.466730 dv-cinder-819089-1-iscsi devstack@c-api.service[109364]: INFO cinder.api.openstack.wsgi [None req-2a5374c8-3cbc-472a-ac45-5ff5628faeac tempest-SnapshotsActionsTest-91542358 tempest-SnapshotsActionsTest-91542358-project] http://10.222.0.54/volume/v3/6810e84678ca4277bbbafe3776dfa24f/snapshots/00d0fc52-d115-4e56-b605-16bd918cd7a9 returned with HTTP 404
Nov 24 11:24:50.467613 dv-cinder-819089-1-iscsi devstack@c-api.service[109364]: [pid: 109364|app: 0|req: 161/327] 10.222.0.54 () {58 vars in 1330 bytes} [Wed Nov 24 11:24:50 2021] GET /volume/v3/6810e84678ca4277bbbafe3776dfa24f/snapshots/00d0fc52-d115-4e56-b605-16bd918cd7a9 => generated 111 bytes in 14 msecs (HTTP/1.1 404) 7 headers in 292 bytes (1 switches on core 0)
Nov 24 11:24:50.475933 dv-cinder-819089-1-iscsi devstack@c-api.service[109363]: INFO cinder.api.openstack.wsgi [None req-5fa97b86-55d7-4314-8856-6d5421141c69 tempest-SnapshotsActionsTest-1702612163 tempest-SnapshotsActionsTest-1702612163-project-admin] POST http://10.222.0.54/volume/v3/5e8f3ed184f44131b74ae6459e14cd95/snapshots/99c5d30d-6064-4d3f-8274-cfc5c3510b0a/action
Nov 24 11:24:50.476430 dv-cinder-819089-1-iscsi devstack@c-api.service[109363]: /usr/local/lib/python3.8/dist-packages/webob/acceptparse.py:1047: DeprecationWarning: The behavior of AcceptValidHeader.best_match is currently being maintained for backward compatibility, but it will be deprecated in the future, as it does not conform to the RFC.
Nov 24 11:24:50.476430 dv-cinder-819089-1-iscsi devstack@c-api.service[109363]: warnings.warn(
Nov 24 11:24:50.476766 dv-cinder-819089-1-iscsi devstack@c-api.service[109363]: DEBUG cinder.api.openstack.wsgi [None req-5fa97b86-55d7-4314-8856-6d5421141c69 tempest-SnapshotsActionsTest-1702612163 tempest-SnapshotsActionsTest-1702612163-project-admin] Action body: b'{"os-reset_status": {"status": "available"}}' {{(pid=109363) get_method /opt/stack/cinder/cinder/api/openstack/wsgi.py:971}}
Nov 24 11:24:50.477073 dv-cinder-819089-1-iscsi devstack@c-api.service[109363]: DEBUG cinder.api.openstack.wsgi [None req-5fa97b86-55d7-4314-8856-6d5421141c69 tempest-SnapshotsActionsTest-1702612163 tempest-SnapshotsActionsTest-1702612163-project-admin] Action: 'action', calling method: _reset_status, body: {"os-reset_status": {"status": "available"}} {{(pid=109363) _process_stack /opt/stack/cinder/cinder/api/openstack/wsgi.py:854}}
Nov 24 11:24:50.477922 dv-cinder-819089-1-iscsi devstack@c-api.service[109363]: DEBUG cinder.api.contrib.admin_actions [None req-5fa97b86-55d7-4314-8856-6d5421141c69 tempest-SnapshotsActionsTest-1702612163 tempest-SnapshotsActionsTest-1702612163-project-admin] Updating snapshot '99c5d30d-6064-4d3f-8274-cfc5c3510b0a' with '{'status': 'available'}' {{(pid=109363) _reset_status /opt/stack/cinder/cinder/api/contrib/admin_actions.py:100}}
Nov 24 11:24:50.498492 dv-cinder-819089-1-iscsi devstack@c-api.service[109363]: /usr/local/lib/python3.8/dist-packages/oslo_context/context.py:105: DeprecationWarning: Policy enforcement is depending on the value of is_admin. This key is deprecated. Please update your policy file to use the standard policy values.
Nov 24 11:24:50.498492 dv-cinder-819089-1-iscsi devstack@c-api.service[109363]: warnings.warn('Policy enforcement is depending on the value of '
Nov 24 11:24:50.518689 dv-cinder-819089-1-iscsi devstack@c-api.service[109363]: INFO cinder.api.openstack.wsgi [None req-5fa97b86-55d7-4314-8856-6d5421141c69 tempest-SnapshotsActionsTest-1702612163 tempest-SnapshotsActionsTest-1702612163-project-admin] http://10.222.0.54/volume/v3/5e8f3ed184f44131b74ae6459e14cd95/snapshots/99c5d30d-6064-4d3f-8274-cfc5c3510b0a/action returned with HTTP 202
Nov 24 11:24:50.519441 dv-cinder-819089-1-iscsi devstack@c-api.service[109363]: [pid: 109363|app: 0|req: 167/328] 10.222.0.54 () {60 vars in 1372 bytes} [Wed Nov 24 11:24:50 2021] POST /volume/v3/5e8f3ed184f44131b74ae6459e14cd95/snapshots/99c5d30d-6064-4d3f-8274-cfc5c3510b0a/action => generated 0 bytes in 48 msecs (HTTP/1.1 202) 7 headers in 289 bytes (1 switches on core 0)
Nov 24 11:24:50.527395 dv-cinder-819089-1-iscsi devstack@c-api.service[109364]: INFO cinder.api.openstack.wsgi [None req-a6ab6d82-03eb-454d-826a-a529df1040d9 tempest-SnapshotsActionsTest-91542358 tempest-SnapshotsActionsTest-91542358-project] GET http://10.222.0.54/volume/v3/6810e84678ca4277bbbafe3776dfa24f/snapshots/99c5d30d-6064-4d3f-8274-cfc5c3510b0a
Nov 24 11:24:50.527841 dv-cinder-819089-1-iscsi devstack@c-api.service[109364]: DEBUG cinder.api.openstack.wsgi [None req-a6ab6d82-03eb-454d-826a-a529df1040d9 tempest-SnapshotsActionsTest-91542358 tempest-SnapshotsActionsTest-91542358-project] Empty body provided in request {{(pid=109364) get_body /opt/stack/cinder/cinder/api/openstack/wsgi.py:703}}
Nov 24 11:24:50.528315 dv-cinder-819089-1-iscsi devstack@c-api.service[109364]: DEBUG cinder.api.openstack.wsgi [None req-a6ab6d82-03eb-454d-826a-a529df1040d9 tempest-SnapshotsActionsTest-91542358 tempest-SnapshotsActionsTest-91542358-project] Calling method 'show' {{(pid=109364) _process_stack /opt/stack/cinder/cinder/api/openstack/wsgi.py:856}}
Nov 24 11:24:50.538669 dv-cinder-819089-1-iscsi devstack@c-api.service[109364]: /usr/local/lib/python3.8/dist-packages/oslo_context/context.py:105: DeprecationWarning: Policy enforcement is depending on the value of is_admin. This key is deprecated. Please update your policy file to use the standard policy values.
Nov 24 11:24:50.538669 dv-cinder-819089-1-iscsi devstack@c-api.service[109364]: warnings.warn('Policy enforcement is depending on the value of '
Nov 24 11:24:50.539653 dv-cinder-819089-1-iscsi devstack@c-api.service[109364]: INFO cinder.volume.api [None req-a6ab6d82-03eb-454d-826a-a529df1040d9 tempest-SnapshotsActionsTest-91542358 tempest-SnapshotsActionsTest-91542358-project] Snapshot retrieved successfully.
Nov 24 11:24:50.541470 dv-cinder-819089-1-iscsi devstack@c-api.service[109364]: INFO cinder.api.openstack.wsgi [None req-a6ab6d82-03eb-454d-826a-a529df1040d9 tempest-SnapshotsActionsTest-91542358 tempest-SnapshotsActionsTest-91542358-project] http://10.222.0.54/volume/v3/6810e84678ca4277bbbafe3776dfa24f/snapshots/99c5d30d-6064-4d3f-8274-cfc5c3510b0a returned with HTTP 200
Nov 24 11:24:50.542575 dv-cinder-819089-1-iscsi devstack@c-api.service[109364]: [pid: 109364|app: 0|req: 162/329] 10.222.0.54 () {58 vars in 1330 bytes} [Wed Nov 24 11:24:50 2021] GET /volume/v3/6810e84678ca4277bbbafe3776dfa24f/snapshots/99c5d30d-6064-4d3f-8274-cfc5c3510b0a => generated 466 bytes in 19 msecs (HTTP/1.1 200) 7 headers in 285 bytes (1 switches on core 0)
Nov 24 11:24:50.557745 dv-cinder-819089-1-iscsi devstack@c-api.service[109364]: INFO cinder.api.openstack.wsgi [None req-af6a379b-14f1-44f4-84a2-1f3308829141 tempest-GroupSnapshotsTest-841525104 tempest-GroupSnapshotsTest-841525104-project] GET http://10.222.0.54/volume/v3/7301bb108d9c4b2fadea8d09a0c916b7/volumes/611df539-49e7-4afa-a7c1-1080ec014247
Nov 24 11:24:50.558193 dv-cinder-819089-1-iscsi devstack@c-api.service[109363]: INFO cinder.api.openstack.wsgi [None req-f4a3796e-780f-4905-b962-b277acf5b433 tempest-SnapshotsActionsTest-91542358 tempest-SnapshotsActionsTest-91542358-project] POST http://10.222.0.54/volume/v3/6810e84678ca4277bbbafe3776dfa24f/snapshots
Nov 24 11:24:50.558383 dv-cinder-819089-1-iscsi devstack@c-api.service[109364]: DEBUG cinder.api.openstack.wsgi [None req-af6a379b-14f1-44f4-84a2-1f3308829141 tempest-GroupSnapshotsTest-841525104 tempest-GroupSnapshotsTest-841525104-project] Empty body provided in request {{(pid=109364) get_body /opt/stack/cinder/cinder/api/openstack/wsgi.py:703}}
Nov 24 11:24:50.558707 dv-cinder-819089-1-iscsi devstack@c-api.service[109364]: /usr/local/lib/python3.8/dist-packages/webob/acceptparse.py:1047: DeprecationWarning: The behavior of AcceptValidHeader.best_match is currently being maintained for backward compatibility, but it will be deprecated in the future, as it does not conform to the RFC.
Nov 24 11:24:50.558707 dv-cinder-819089-1-iscsi devstack@c-api.service[109364]: warnings.warn(
Nov 24 11:24:50.559241 dv-cinder-819089-1-iscsi devstack@c-api.service[109364]: DEBUG cinder.api.openstack.wsgi [None req-af6a379b-14f1-44f4-84a2-1f3308829141 tempest-GroupSnapshotsTest-841525104 tempest-GroupSnapshotsTest-841525104-project] Calling method 'show' {{(pid=109364) _process_stack /opt/stack/cinder/cinder/api/openstack/wsgi.py:856}}
Nov 24 11:24:50.559584 dv-cinder-819089-1-iscsi devstack@c-api.service[109363]: /usr/local/lib/python3.8/dist-packages/webob/acceptparse.py:1047: DeprecationWarning: The behavior of AcceptValidHeader.best_match is currently being maintained for backward compatibility, but it will be deprecated in the future, as it does not conform to the RFC.
Nov 24 11:24:50.559584 dv-cinder-819089-1-iscsi devstack@c-api.service[109363]: warnings.warn(
Nov 24 11:24:50.560057 dv-cinder-819089-1-iscsi devstack@c-api.service[109363]: DEBUG cinder.api.openstack.wsgi [None req-f4a3796e-780f-4905-b962-b277acf5b433 tempest-SnapshotsActionsTest-91542358 tempest-SnapshotsActionsTest-91542358-project] Action: 'create', calling method: create, body: {"snapshot": {"volume_id": "1658013c-ed13-4321-89d0-e2182585da9c", "name": "tempest-SnapshotsActionsTest-Snapshot-534305459"}} {{(pid=109363) _process_stack /opt/stack/cinder/cinder/api/openstack/wsgi.py:854}}
Nov 24 11:24:50.573579 dv-cinder-819089-1-iscsi devstack@c-api.service[109364]: INFO cinder.api.openstack.wsgi [None req-af6a379b-14f1-44f4-84a2-1f3308829141 tempest-GroupSnapshotsTest-841525104 tempest-GroupSnapshotsTest-841525104-project] http://10.222.0.54/volume/v3/7301bb108d9c4b2fadea8d09a0c916b7/volumes/611df539-49e7-4afa-a7c1-1080ec014247 returned with HTTP 404
Nov 24 11:24:50.574858 dv-cinder-819089-1-iscsi devstack@c-api.service[109364]: [pid: 109364|app: 0|req: 163/330] 10.222.0.54 () {60 vars in 1365 bytes} [Wed Nov 24 11:24:50 2021] GET /volume/v3/7301bb108d9c4b2fadea8d09a0c916b7/volumes/611df539-49e7-4afa-a7c1-1080ec014247 => generated 109 bytes in 21 msecs (HTTP/1.1 404) 7 headers in 293 bytes (1 switches on core 0)
Nov 24 11:24:50.575732 dv-cinder-819089-1-iscsi devstack@c-api.service[109363]: /usr/local/lib/python3.8/dist-packages/oslo_context/context.py:105: DeprecationWarning: Policy enforcement is depending on the value of is_admin. This key is deprecated. Please update your policy file to use the standard policy values.
Nov 24 11:24:50.575732 dv-cinder-819089-1-iscsi devstack@c-api.service[109363]: warnings.warn('Policy enforcement is depending on the value of '
Nov 24 11:24:50.576808 dv-cinder-819089-1-iscsi devstack@c-api.service[109363]: INFO cinder.volume.api [None req-f4a3796e-780f-4905-b962-b277acf5b433 tempest-SnapshotsActionsTest-91542358 tempest-SnapshotsActionsTest-91542358-project] Volume info retrieved successfully.
Nov 24 11:24:50.577378 dv-cinder-819089-1-iscsi devstack@c-api.service[109363]: INFO cinder.api.v3.snapshots [None req-f4a3796e-780f-4905-b962-b277acf5b433 tempest-SnapshotsActionsTest-91542358 tempest-SnapshotsActionsTest-91542358-project] Create snapshot from volume 1658013c-ed13-4321-89d0-e2182585da9c
Nov 24 11:24:50.583312 dv-cinder-819089-1-iscsi devstack@c-api.service[109364]: INFO cinder.api.openstack.wsgi [None req-1e6f89ec-7979-46c7-a9da-b91907fd3c98 tempest-GroupSnapshotsTest-841525104 tempest-GroupSnapshotsTest-841525104-project] GET http://10.222.0.54/volume/v3/7301bb108d9c4b2fadea8d09a0c916b7/groups/f227c5b8-74b4-4875-8fbf-32cd396360c5
Nov 24 11:24:50.584341 dv-cinder-819089-1-iscsi devstack@c-api.service[109364]: DEBUG cinder.api.openstack.wsgi [None req-1e6f89ec-7979-46c7-a9da-b91907fd3c98 tempest-GroupSnapshotsTest-841525104 tempest-GroupSnapshotsTest-841525104-project] Empty body provided in request {{(pid=109364) get_body /opt/stack/cinder/cinder/api/openstack/wsgi.py:703}}
Nov 24 11:24:50.584849 dv-cinder-819089-1-iscsi devstack@c-api.service[109364]: DEBUG cinder.api.openstack.wsgi [None req-1e6f89ec-7979-46c7-a9da-b91907fd3c98 tempest-GroupSnapshotsTest-841525104 tempest-GroupSnapshotsTest-841525104-project] Calling method 'version_select' {{(pid=109364) _process_stack /opt/stack/cinder/cinder/api/openstack/wsgi.py:856}}
Nov 24 11:24:50.585194 dv-cinder-819089-1-iscsi devstack@c-api.service[109364]: DEBUG cinder.api.v3.groups [None req-1e6f89ec-7979-46c7-a9da-b91907fd3c98 tempest-GroupSnapshotsTest-841525104 tempest-GroupSnapshotsTest-841525104-project] show called for member f227c5b8-74b4-4875-8fbf-32cd396360c5 {{(pid=109364) show /opt/stack/cinder/cinder/api/v3/groups.py:58}}
Nov 24 11:24:50.590932 dv-cinder-819089-1-iscsi devstack@c-api.service[109364]: INFO cinder.api.openstack.wsgi [None req-1e6f89ec-7979-46c7-a9da-b91907fd3c98 tempest-GroupSnapshotsTest-841525104 tempest-GroupSnapshotsTest-841525104-project] http://10.222.0.54/volume/v3/7301bb108d9c4b2fadea8d09a0c916b7/groups/f227c5b8-74b4-4875-8fbf-32cd396360c5 returned with HTTP 404
Nov 24 11:24:50.592275 dv-cinder-819089-1-iscsi devstack@c-api.service[109364]: [pid: 109364|app: 0|req: 164/331] 10.222.0.54 () {60 vars in 1362 bytes} [Wed Nov 24 11:24:50 2021] GET /volume/v3/7301bb108d9c4b2fadea8d09a0c916b7/groups/f227c5b8-74b4-4875-8fbf-32cd396360c5 => generated 108 bytes in 13 msecs (HTTP/1.1 404) 7 headers in 293 bytes (2 switches on core 0)
Nov 24 11:24:50.602768 dv-cinder-819089-1-iscsi devstack@c-api.service[109364]: INFO cinder.api.openstack.wsgi [None req-bb7ab939-40f4-4543-ace0-993ff83eac9b tempest-GroupSnapshotsTest-908075473 tempest-GroupSnapshotsTest-908075473-project-admin] DELETE http://10.222.0.54/volume/v3/d80e704502754b8b9d91e62dcac94823/group_types/54b37d92-44f3-4e0c-b456-ede05460b01f
Nov 24 11:24:50.603335 dv-cinder-819089-1-iscsi devstack@c-api.service[109364]: DEBUG cinder.api.openstack.wsgi [None req-bb7ab939-40f4-4543-ace0-993ff83eac9b tempest-GroupSnapshotsTest-908075473 tempest-GroupSnapshotsTest-908075473-project-admin] Empty body provided in request {{(pid=109364) get_body /opt/stack/cinder/cinder/api/openstack/wsgi.py:703}}
Nov 24 11:24:50.603850 dv-cinder-819089-1-iscsi devstack@c-api.service[109364]: DEBUG cinder.api.openstack.wsgi [None req-bb7ab939-40f4-4543-ace0-993ff83eac9b tempest-GroupSnapshotsTest-908075473 tempest-GroupSnapshotsTest-908075473-project-admin] Calling method 'version_select' {{(pid=109364) _process_stack /opt/stack/cinder/cinder/api/openstack/wsgi.py:856}}
Nov 24 11:24:50.626972 dv-cinder-819089-1-iscsi devstack@c-api.service[109364]: INFO cinder.api.openstack.wsgi [None req-bb7ab939-40f4-4543-ace0-993ff83eac9b tempest-GroupSnapshotsTest-908075473 tempest-GroupSnapshotsTest-908075473-project-admin] http://10.222.0.54/volume/v3/d80e704502754b8b9d91e62dcac94823/group_types/54b37d92-44f3-4e0c-b456-ede05460b01f returned with HTTP 202
Nov 24 11:24:50.627867 dv-cinder-819089-1-iscsi devstack@c-api.service[109363]: DEBUG cinder.quota [None req-f4a3796e-780f-4905-b962-b277acf5b433 tempest-SnapshotsActionsTest-91542358 tempest-SnapshotsActionsTest-91542358-project] Created reservations ['a733462b-a044-4e27-bde1-6a940c23490d', 'e729347b-7206-4e20-bbda-bc655db17e4b', '8e1d2cc5-d1d6-4887-bb41-f099681355d8', 'b8423ba2-ead5-4a79-b33d-a65819d42b08'] {{(pid=109363) reserve /opt/stack/cinder/cinder/quota.py:755}}
Nov 24 11:24:50.631328 dv-cinder-819089-1-iscsi devstack@c-api.service[109364]: [pid: 109364|app: 0|req: 165/332] 10.222.0.54 () {60 vars in 1380 bytes} [Wed Nov 24 11:24:50 2021] DELETE /volume/v3/d80e704502754b8b9d91e62dcac94823/group_types/54b37d92-44f3-4e0c-b456-ede05460b01f => generated 0 bytes in 35 msecs (HTTP/1.1 202) 6 headers in 234 bytes (1 switches on core 0)
Nov 24 11:24:50.638328 dv-cinder-819089-1-iscsi devstack@c-api.service[109364]: INFO cinder.api.openstack.wsgi [None req-6f1ac675-d6fd-45dd-82af-4ad1bd5e8718 tempest-GroupSnapshotsTest-908075473 tempest-GroupSnapshotsTest-908075473-project-admin] POST http://10.222.0.54/volume/v3/d80e704502754b8b9d91e62dcac94823/types
Nov 24 11:24:50.640993 dv-cinder-819089-1-iscsi devstack@c-api.service[109364]: DEBUG cinder.api.openstack.wsgi [None req-6f1ac675-d6fd-45dd-82af-4ad1bd5e8718 tempest-GroupSnapshotsTest-908075473 tempest-GroupSnapshotsTest-908075473-project-admin] Action: 'create', calling method: _create, body: {"volume_type": {"name": "tempest-GroupSnapshotsTest-volume-type-1136009258"}} {{(pid=109364) _process_stack /opt/stack/cinder/cinder/api/openstack/wsgi.py:854}}
Nov 24 11:24:50.672127 dv-cinder-819089-1-iscsi devstack@c-api.service[109364]: INFO cinder.api.openstack.wsgi [None req-6f1ac675-d6fd-45dd-82af-4ad1bd5e8718 tempest-GroupSnapshotsTest-908075473 tempest-GroupSnapshotsTest-908075473-project-admin] http://10.222.0.54/volume/v3/d80e704502754b8b9d91e62dcac94823/types returned with HTTP 200
Nov 24 11:24:50.673043 dv-cinder-819089-1-iscsi devstack@c-api.service[109364]: [pid: 109364|app: 0|req: 166/333] 10.222.0.54 () {60 vars in 1228 bytes} [Wed Nov 24 11:24:50 2021] POST /volume/v3/d80e704502754b8b9d91e62dcac94823/types => generated 224 bytes in 39 msecs (HTTP/1.1 200) 7 headers in 285 bytes (2 switches on core 0)
Nov 24 11:24:50.682374 dv-cinder-819089-1-iscsi devstack@c-api.service[109364]: INFO cinder.api.openstack.wsgi [None req-a2892b93-144f-47bd-b6c9-2b470a7d8466 tempest-GroupSnapshotsTest-908075473 tempest-GroupSnapshotsTest-908075473-project-admin] POST http://10.222.0.54/volume/v3/d80e704502754b8b9d91e62dcac94823/group_types
Nov 24 11:24:50.683057 dv-cinder-819089-1-iscsi devstack@c-api.service[109364]: DEBUG cinder.api.openstack.wsgi [None req-a2892b93-144f-47bd-b6c9-2b470a7d8466 tempest-GroupSnapshotsTest-908075473 tempest-GroupSnapshotsTest-908075473-project-admin] Action: 'create', calling method: version_select, body: {"group_type": {"name": "tempest-GroupSnapshotsTest-group-type-1776252110"}} {{(pid=109364) _process_stack /opt/stack/cinder/cinder/api/openstack/wsgi.py:854}}
Nov 24 11:24:50.705205 dv-cinder-819089-1-iscsi devstack@c-api.service[109364]: INFO cinder.api.openstack.wsgi [None req-a2892b93-144f-47bd-b6c9-2b470a7d8466 tempest-GroupSnapshotsTest-908075473 tempest-GroupSnapshotsTest-908075473-project-admin] http://10.222.0.54/volume/v3/d80e704502754b8b9d91e62dcac94823/group_types returned with HTTP 202
Nov 24 11:24:50.705888 dv-cinder-819089-1-iscsi devstack@c-api.service[109364]: [pid: 109364|app: 0|req: 167/334] 10.222.0.54 () {62 vars in 1287 bytes} [Wed Nov 24 11:24:50 2021] POST /volume/v3/d80e704502754b8b9d91e62dcac94823/group_types => generated 181 bytes in 27 msecs (HTTP/1.1 202) 7 headers in 292 bytes (1 switches on core 0)
Nov 24 11:24:50.715156 dv-cinder-819089-1-iscsi devstack@c-api.service[109363]: INFO cinder.volume.api [None req-f4a3796e-780f-4905-b962-b277acf5b433 tempest-SnapshotsActionsTest-91542358 tempest-SnapshotsActionsTest-91542358-project] Snapshot create request issued successfully.
Nov 24 11:24:50.715495 dv-cinder-819089-1-iscsi devstack@c-api.service[109364]: INFO cinder.api.openstack.wsgi [None req-10244678-b66f-4f97-b4a2-a1944f64f847 tempest-GroupSnapshotsTest-841525104 tempest-GroupSnapshotsTest-841525104-project] POST http://10.222.0.54/volume/v3/7301bb108d9c4b2fadea8d09a0c916b7/groups
Nov 24 11:24:50.716358 dv-cinder-819089-1-iscsi devstack@c-api.service[109364]: DEBUG cinder.api.openstack.wsgi [None req-10244678-b66f-4f97-b4a2-a1944f64f847 tempest-GroupSnapshotsTest-841525104 tempest-GroupSnapshotsTest-841525104-project] Action: 'create', calling method: version_select, body: {"group": {"group_type": "507bbac2-9eee-45e0-9991-5d1dc5b8d613", "volume_types": ["8f1cdb4f-e35b-41bc-8fc6-6c305e70919e"], "name": "tempest-GroupSnapshotsTest-Group-2111095015"}} {{(pid=109364) _process_stack /opt/stack/cinder/cinder/api/openstack/wsgi.py:854}}
Nov 24 11:24:50.716503 dv-cinder-819089-1-iscsi devstack@c-api.service[109363]: INFO cinder.api.openstack.wsgi [None req-f4a3796e-780f-4905-b962-b277acf5b433 tempest-SnapshotsActionsTest-91542358 tempest-SnapshotsActionsTest-91542358-project] http://10.222.0.54/volume/v3/6810e84678ca4277bbbafe3776dfa24f/snapshots returned with HTTP 202
Nov 24 11:24:50.717451 dv-cinder-819089-1-iscsi devstack@c-api.service[109364]: DEBUG cinder.api.v3.groups [None req-10244678-b66f-4f97-b4a2-a1944f64f847 tempest-GroupSnapshotsTest-841525104 tempest-GroupSnapshotsTest-841525104-project] Creating new group {'group': {'group_type': '507bbac2-9eee-45e0-9991-5d1dc5b8d613', 'volume_types': ['8f1cdb4f-e35b-41bc-8fc6-6c305e70919e'], 'name': 'tempest-GroupSnapshotsTest-Group-2111095015'}} {{(pid=109364) create /opt/stack/cinder/cinder/api/v3/groups.py:190}}
Nov 24 11:24:50.717722 dv-cinder-819089-1-iscsi devstack@c-api.service[109363]: [pid: 109363|app: 0|req: 168/335] 10.222.0.54 () {60 vars in 1241 bytes} [Wed Nov 24 11:24:50 2021] POST /volume/v3/6810e84678ca4277bbbafe3776dfa24f/snapshots => generated 306 bytes in 164 msecs (HTTP/1.1 202) 7 headers in 291 bytes (1 switches on core 0)
Nov 24 11:24:50.728491 dv-cinder-819089-1-iscsi devstack@c-api.service[109364]: INFO cinder.api.v3.groups [None req-10244678-b66f-4f97-b4a2-a1944f64f847 tempest-GroupSnapshotsTest-841525104 tempest-GroupSnapshotsTest-841525104-project] Creating group tempest-GroupSnapshotsTest-Group-2111095015.
Nov 24 11:24:50.733844 dv-cinder-819089-1-iscsi devstack@c-api.service[109363]: INFO cinder.api.openstack.wsgi [None req-ad917cb7-35f3-4f0c-b685-6a16bd30da06 tempest-SnapshotsActionsTest-91542358 tempest-SnapshotsActionsTest-91542358-project] GET http://10.222.0.54/volume/v3/6810e84678ca4277bbbafe3776dfa24f/snapshots/fabe0f59-10fc-430b-9b60-5b4f3fe9355d
Nov 24 11:24:50.736062 dv-cinder-819089-1-iscsi devstack@c-api.service[109363]: DEBUG cinder.api.openstack.wsgi [None req-ad917cb7-35f3-4f0c-b685-6a16bd30da06 tempest-SnapshotsActionsTest-91542358 tempest-SnapshotsActionsTest-91542358-project] Empty body provided in request {{(pid=109363) get_body /opt/stack/cinder/cinder/api/openstack/wsgi.py:703}}
Nov 24 11:24:50.736254 dv-cinder-819089-1-iscsi devstack@c-api.service[109363]: /usr/local/lib/python3.8/dist-packages/webob/acceptparse.py:1047: DeprecationWarning: The behavior of AcceptValidHeader.best_match is currently being maintained for backward compatibility, but it will be deprecated in the future, as it does not conform to the RFC.
Nov 24 11:24:50.736254 dv-cinder-819089-1-iscsi devstack@c-api.service[109363]: warnings.warn(
Nov 24 11:24:50.736698 dv-cinder-819089-1-iscsi devstack@c-api.service[109363]: DEBUG cinder.api.openstack.wsgi [None req-ad917cb7-35f3-4f0c-b685-6a16bd30da06 tempest-SnapshotsActionsTest-91542358 tempest-SnapshotsActionsTest-91542358-project] Calling method 'show' {{(pid=109363) _process_stack /opt/stack/cinder/cinder/api/openstack/wsgi.py:856}}
Nov 24 11:24:50.743262 dv-cinder-819089-1-iscsi devstack@c-api.service[109364]: INFO cinder.volume.api [None req-10244678-b66f-4f97-b4a2-a1944f64f847 tempest-GroupSnapshotsTest-841525104 tempest-GroupSnapshotsTest-841525104-project] Availability Zones retrieved successfully.
Nov 24 11:24:50.746850 dv-cinder-819089-1-iscsi devstack@c-api.service[109363]: /usr/local/lib/python3.8/dist-packages/oslo_context/context.py:105: DeprecationWarning: Policy enforcement is depending on the value of is_admin. This key is deprecated. Please update your policy file to use the standard policy values.
Nov 24 11:24:50.746850 dv-cinder-819089-1-iscsi devstack@c-api.service[109363]: warnings.warn('Policy enforcement is depending on the value of '
Nov 24 11:24:50.747752 dv-cinder-819089-1-iscsi devstack@c-api.service[109363]: INFO cinder.volume.api [None req-ad917cb7-35f3-4f0c-b685-6a16bd30da06 tempest-SnapshotsActionsTest-91542358 tempest-SnapshotsActionsTest-91542358-project] Snapshot retrieved successfully.
Nov 24 11:24:50.749681 dv-cinder-819089-1-iscsi devstack@c-api.service[109363]: INFO cinder.api.openstack.wsgi [None req-ad917cb7-35f3-4f0c-b685-6a16bd30da06 tempest-SnapshotsActionsTest-91542358 tempest-SnapshotsActionsTest-91542358-project] http://10.222.0.54/volume/v3/6810e84678ca4277bbbafe3776dfa24f/snapshots/fabe0f59-10fc-430b-9b60-5b4f3fe9355d returned with HTTP 200
Nov 24 11:24:50.750466 dv-cinder-819089-1-iscsi devstack@c-api.service[109363]: [pid: 109363|app: 0|req: 169/336] 10.222.0.54 () {58 vars in 1330 bytes} [Wed Nov 24 11:24:50 2021] GET /volume/v3/6810e84678ca4277bbbafe3776dfa24f/snapshots/fabe0f59-10fc-430b-9b60-5b4f3fe9355d => generated 438 bytes in 26 msecs (HTTP/1.1 200) 7 headers in 285 bytes (2 switches on core 0)
Nov 24 11:24:50.763015 dv-cinder-819089-1-iscsi devstack@c-api.service[109364]: DEBUG cinder.quota [None req-10244678-b66f-4f97-b4a2-a1944f64f847 tempest-GroupSnapshotsTest-841525104 tempest-GroupSnapshotsTest-841525104-project] Created reservations ['ecc19f22-8600-4c87-9d0e-5c358ea1b71e'] {{(pid=109364) reserve /opt/stack/cinder/cinder/quota.py:755}}
Nov 24 11:24:50.805938 dv-cinder-819089-1-iscsi devstack@c-api.service[109364]: INFO cinder.api.openstack.wsgi [None req-10244678-b66f-4f97-b4a2-a1944f64f847 tempest-GroupSnapshotsTest-841525104 tempest-GroupSnapshotsTest-841525104-project] http://10.222.0.54/volume/v3/7301bb108d9c4b2fadea8d09a0c916b7/groups returned with HTTP 202
Nov 24 11:24:50.810968 dv-cinder-819089-1-iscsi devstack@c-api.service[109364]: [pid: 109364|app: 0|req: 168/337] 10.222.0.54 () {62 vars in 1273 bytes} [Wed Nov 24 11:24:50 2021] POST /volume/v3/7301bb108d9c4b2fadea8d09a0c916b7/groups => generated 112 bytes in 96 msecs (HTTP/1.1 202) 7 headers in 292 bytes (2 switches on core 0)
Nov 24 11:24:50.815417 dv-cinder-819089-1-iscsi devstack@c-api.service[109363]: INFO cinder.api.openstack.wsgi [None req-fac1b956-42c2-4c7a-81e1-9c151811593d tempest-GroupSnapshotsTest-841525104 tempest-GroupSnapshotsTest-841525104-project] GET http://10.222.0.54/volume/v3/7301bb108d9c4b2fadea8d09a0c916b7/groups/fc8fd83a-809f-4a70-9720-ccf378068637
Nov 24 11:24:50.815905 dv-cinder-819089-1-iscsi devstack@c-api.service[109363]: DEBUG cinder.api.openstack.wsgi [None req-fac1b956-42c2-4c7a-81e1-9c151811593d tempest-GroupSnapshotsTest-841525104 tempest-GroupSnapshotsTest-841525104-project] Empty body provided in request {{(pid=109363) get_body /opt/stack/cinder/cinder/api/openstack/wsgi.py:703}}
Nov 24 11:24:50.816141 dv-cinder-819089-1-iscsi devstack@c-api.service[109363]: /usr/local/lib/python3.8/dist-packages/webob/acceptparse.py:1047: DeprecationWarning: The behavior of AcceptValidHeader.best_match is currently being maintained for backward compatibility, but it will be deprecated in the future, as it does not conform to the RFC.
Nov 24 11:24:50.816141 dv-cinder-819089-1-iscsi devstack@c-api.service[109363]: warnings.warn(
Nov 24 11:24:50.816384 dv-cinder-819089-1-iscsi devstack@c-api.service[109363]: DEBUG cinder.api.openstack.wsgi [None req-fac1b956-42c2-4c7a-81e1-9c151811593d tempest-GroupSnapshotsTest-841525104 tempest-GroupSnapshotsTest-841525104-project] Calling method 'version_select' {{(pid=109363) _process_stack /opt/stack/cinder/cinder/api/openstack/wsgi.py:856}}
Nov 24 11:24:50.816730 dv-cinder-819089-1-iscsi devstack@c-api.service[109363]: DEBUG cinder.api.v3.groups [None req-fac1b956-42c2-4c7a-81e1-9c151811593d tempest-GroupSnapshotsTest-841525104 tempest-GroupSnapshotsTest-841525104-project] show called for member fc8fd83a-809f-4a70-9720-ccf378068637 {{(pid=109363) show /opt/stack/cinder/cinder/api/v3/groups.py:58}}
Nov 24 11:24:50.823123 dv-cinder-819089-1-iscsi devstack@c-api.service[109363]: /usr/local/lib/python3.8/dist-packages/oslo_context/context.py:105: DeprecationWarning: Policy enforcement is depending on the value of is_admin. This key is deprecated. Please update your policy file to use the standard policy values.
Nov 24 11:24:50.823123 dv-cinder-819089-1-iscsi devstack@c-api.service[109363]: warnings.warn('Policy enforcement is depending on the value of '
Nov 24 11:24:50.840630 dv-cinder-819089-1-iscsi devstack@c-api.service[109363]: INFO cinder.api.openstack.wsgi [None req-fac1b956-42c2-4c7a-81e1-9c151811593d tempest-GroupSnapshotsTest-841525104 tempest-GroupSnapshotsTest-841525104-project] http://10.222.0.54/volume/v3/7301bb108d9c4b2fadea8d09a0c916b7/groups/fc8fd83a-809f-4a70-9720-ccf378068637 returned with HTTP 200
Nov 24 11:24:50.842505 dv-cinder-819089-1-iscsi devstack@c-api.service[109363]: [pid: 109363|app: 0|req: 170/338] 10.222.0.54 () {60 vars in 1362 bytes} [Wed Nov 24 11:24:50 2021] GET /volume/v3/7301bb108d9c4b2fadea8d09a0c916b7/groups/fc8fd83a-809f-4a70-9720-ccf378068637 => generated 392 bytes in 31 msecs (HTTP/1.1 200) 7 headers in 286 bytes (2 switches on core 0)
Nov 24 11:24:51.313104 dv-cinder-819089-1-iscsi devstack@c-api.service[109364]: INFO cinder.api.openstack.wsgi [None req-3c3661be-1c89-4058-8307-8e1ce25d6d27 tempest-VolumesImageMetadata-1691450874 tempest-VolumesImageMetadata-1691450874-project] GET http://10.222.0.54/volume/v3/75937499dbf44e28b35c7318df962eec/volumes/db3e0645-84c3-4a66-918a-04a2c6c2888e
Nov 24 11:24:51.313549 dv-cinder-819089-1-iscsi devstack@c-api.service[109364]: DEBUG cinder.api.openstack.wsgi [None req-3c3661be-1c89-4058-8307-8e1ce25d6d27 tempest-VolumesImageMetadata-1691450874 tempest-VolumesImageMetadata-1691450874-project] Empty body provided in request {{(pid=109364) get_body /opt/stack/cinder/cinder/api/openstack/wsgi.py:703}}
Nov 24 11:24:51.313710 dv-cinder-819089-1-iscsi devstack@c-api.service[109364]: /usr/local/lib/python3.8/dist-packages/webob/acceptparse.py:1047: DeprecationWarning: The behavior of AcceptValidHeader.best_match is currently being maintained for backward compatibility, but it will be deprecated in the future, as it does not conform to the RFC.
Nov 24 11:24:51.313710 dv-cinder-819089-1-iscsi devstack@c-api.service[109364]: warnings.warn(
Nov 24 11:24:51.314025 dv-cinder-819089-1-iscsi devstack@c-api.service[109364]: DEBUG cinder.api.openstack.wsgi [None req-3c3661be-1c89-4058-8307-8e1ce25d6d27 tempest-VolumesImageMetadata-1691450874 tempest-VolumesImageMetadata-1691450874-project] Calling method 'show' {{(pid=109364) _process_stack /opt/stack/cinder/cinder/api/openstack/wsgi.py:856}}
Nov 24 11:24:51.334004 dv-cinder-819089-1-iscsi devstack@c-api.service[109364]: /usr/local/lib/python3.8/dist-packages/oslo_context/context.py:105: DeprecationWarning: Policy enforcement is depending on the value of is_admin. This key is deprecated. Please update your policy file to use the standard policy values.
Nov 24 11:24:51.334004 dv-cinder-819089-1-iscsi devstack@c-api.service[109364]: warnings.warn('Policy enforcement is depending on the value of '
Nov 24 11:24:51.341289 dv-cinder-819089-1-iscsi devstack@c-api.service[109364]: INFO cinder.volume.api [None req-3c3661be-1c89-4058-8307-8e1ce25d6d27 tempest-VolumesImageMetadata-1691450874 tempest-VolumesImageMetadata-1691450874-project] Volume info retrieved successfully.
Nov 24 11:24:51.351536 dv-cinder-819089-1-iscsi devstack@c-api.service[109364]: INFO cinder.api.openstack.wsgi [None req-3c3661be-1c89-4058-8307-8e1ce25d6d27 tempest-VolumesImageMetadata-1691450874 tempest-VolumesImageMetadata-1691450874-project] http://10.222.0.54/volume/v3/75937499dbf44e28b35c7318df962eec/volumes/db3e0645-84c3-4a66-918a-04a2c6c2888e returned with HTTP 200
Nov 24 11:24:51.353049 dv-cinder-819089-1-iscsi devstack@c-api.service[109364]: [pid: 109364|app: 0|req: 169/339] 10.222.0.54 () {58 vars in 1324 bytes} [Wed Nov 24 11:24:51 2021] GET /volume/v3/75937499dbf44e28b35c7318df962eec/volumes/db3e0645-84c3-4a66-918a-04a2c6c2888e => generated 912 bytes in 43 msecs (HTTP/1.1 200) 7 headers in 285 bytes (1 switches on core 0)
Nov 24 11:24:51.426082 dv-cinder-819089-1-iscsi devstack@c-api.service[109363]: INFO cinder.api.openstack.wsgi [None req-6684a3df-74b9-4e64-9364-9a8f38a36600 tempest-VolumesDeleteCascade-116917994 tempest-VolumesDeleteCascade-116917994-project] GET http://10.222.0.54/volume/v3/b67e2838933e4eb88ffae0240d102fa3/volumes/1c219ad9-1b69-4a4c-8574-8bbd0e319f3f
Nov 24 11:24:51.426646 dv-cinder-819089-1-iscsi devstack@c-api.service[109363]: DEBUG cinder.api.openstack.wsgi [None req-6684a3df-74b9-4e64-9364-9a8f38a36600 tempest-VolumesDeleteCascade-116917994 tempest-VolumesDeleteCascade-116917994-project] Empty body provided in request {{(pid=109363) get_body /opt/stack/cinder/cinder/api/openstack/wsgi.py:703}}
Nov 24 11:24:51.426883 dv-cinder-819089-1-iscsi devstack@c-api.service[109363]: /usr/local/lib/python3.8/dist-packages/webob/acceptparse.py:1047: DeprecationWarning: The behavior of AcceptValidHeader.best_match is currently being maintained for backward compatibility, but it will be deprecated in the future, as it does not conform to the RFC.
Nov 24 11:24:51.426883 dv-cinder-819089-1-iscsi devstack@c-api.service[109363]: warnings.warn(
Nov 24 11:24:51.427294 dv-cinder-819089-1-iscsi devstack@c-api.service[109363]: DEBUG cinder.api.openstack.wsgi [None req-6684a3df-74b9-4e64-9364-9a8f38a36600 tempest-VolumesDeleteCascade-116917994 tempest-VolumesDeleteCascade-116917994-project] Calling method 'show' {{(pid=109363) _process_stack /opt/stack/cinder/cinder/api/openstack/wsgi.py:856}}
Nov 24 11:24:51.440832 dv-cinder-819089-1-iscsi devstack@c-api.service[109363]: /usr/local/lib/python3.8/dist-packages/oslo_context/context.py:105: DeprecationWarning: Policy enforcement is depending on the value of is_admin. This key is deprecated. Please update your policy file to use the standard policy values.
Nov 24 11:24:51.440832 dv-cinder-819089-1-iscsi devstack@c-api.service[109363]: warnings.warn('Policy enforcement is depending on the value of '
Nov 24 11:24:51.448926 dv-cinder-819089-1-iscsi devstack@c-api.service[109363]: INFO cinder.volume.api [None req-6684a3df-74b9-4e64-9364-9a8f38a36600 tempest-VolumesDeleteCascade-116917994 tempest-VolumesDeleteCascade-116917994-project] Volume info retrieved successfully.
Nov 24 11:24:51.457371 dv-cinder-819089-1-iscsi devstack@c-api.service[109363]: INFO cinder.api.openstack.wsgi [None req-6684a3df-74b9-4e64-9364-9a8f38a36600 tempest-VolumesDeleteCascade-116917994 tempest-VolumesDeleteCascade-116917994-project] http://10.222.0.54/volume/v3/b67e2838933e4eb88ffae0240d102fa3/volumes/1c219ad9-1b69-4a4c-8574-8bbd0e319f3f returned with HTTP 200
Nov 24 11:24:51.458742 dv-cinder-819089-1-iscsi devstack@c-api.service[109363]: [pid: 109363|app: 0|req: 171/340] 10.222.0.54 () {58 vars in 1324 bytes} [Wed Nov 24 11:24:51 2021] GET /volume/v3/b67e2838933e4eb88ffae0240d102fa3/volumes/1c219ad9-1b69-4a4c-8574-8bbd0e319f3f => generated 947 bytes in 36 msecs (HTTP/1.1 200) 7 headers in 285 bytes (1 switches on core 0)
Nov 24 11:24:51.472671 dv-cinder-819089-1-iscsi devstack@c-api.service[109364]: INFO cinder.api.openstack.wsgi [None req-c718a6f1-3616-42c1-9dd8-6f6c1bb579b7 tempest-VolumesDeleteCascade-116917994 tempest-VolumesDeleteCascade-116917994-project] GET http://10.222.0.54/volume/v3/b67e2838933e4eb88ffae0240d102fa3/volumes/1c219ad9-1b69-4a4c-8574-8bbd0e319f3f
Nov 24 11:24:51.473670 dv-cinder-819089-1-iscsi devstack@c-api.service[109364]: DEBUG cinder.api.openstack.wsgi [None req-c718a6f1-3616-42c1-9dd8-6f6c1bb579b7 tempest-VolumesDeleteCascade-116917994 tempest-VolumesDeleteCascade-116917994-project] Empty body provided in request {{(pid=109364) get_body /opt/stack/cinder/cinder/api/openstack/wsgi.py:703}}
Nov 24 11:24:51.473827 dv-cinder-819089-1-iscsi devstack@c-api.service[109364]: /usr/local/lib/python3.8/dist-packages/webob/acceptparse.py:1047: DeprecationWarning: The behavior of AcceptValidHeader.best_match is currently being maintained for backward compatibility, but it will be deprecated in the future, as it does not conform to the RFC.
Nov 24 11:24:51.473827 dv-cinder-819089-1-iscsi devstack@c-api.service[109364]: warnings.warn(
Nov 24 11:24:51.474142 dv-cinder-819089-1-iscsi devstack@c-api.service[109364]: DEBUG cinder.api.openstack.wsgi [None req-c718a6f1-3616-42c1-9dd8-6f6c1bb579b7 tempest-VolumesDeleteCascade-116917994 tempest-VolumesDeleteCascade-116917994-project] Calling method 'show' {{(pid=109364) _process_stack /opt/stack/cinder/cinder/api/openstack/wsgi.py:856}}
Nov 24 11:24:51.487553 dv-cinder-819089-1-iscsi devstack@c-api.service[109364]: /usr/local/lib/python3.8/dist-packages/oslo_context/context.py:105: DeprecationWarning: Policy enforcement is depending on the value of is_admin. This key is deprecated. Please update your policy file to use the standard policy values.
Nov 24 11:24:51.487553 dv-cinder-819089-1-iscsi devstack@c-api.service[109364]: warnings.warn('Policy enforcement is depending on the value of '
Nov 24 11:24:51.495118 dv-cinder-819089-1-iscsi devstack@c-api.service[109364]: INFO cinder.volume.api [None req-c718a6f1-3616-42c1-9dd8-6f6c1bb579b7 tempest-VolumesDeleteCascade-116917994 tempest-VolumesDeleteCascade-116917994-project] Volume info retrieved successfully.
Nov 24 11:24:51.504674 dv-cinder-819089-1-iscsi devstack@c-api.service[109364]: INFO cinder.api.openstack.wsgi [None req-c718a6f1-3616-42c1-9dd8-6f6c1bb579b7 tempest-VolumesDeleteCascade-116917994 tempest-VolumesDeleteCascade-116917994-project] http://10.222.0.54/volume/v3/b67e2838933e4eb88ffae0240d102fa3/volumes/1c219ad9-1b69-4a4c-8574-8bbd0e319f3f returned with HTTP 200
Nov 24 11:24:51.505527 dv-cinder-819089-1-iscsi devstack@c-api.service[109364]: [pid: 109364|app: 0|req: 170/341] 10.222.0.54 () {58 vars in 1324 bytes} [Wed Nov 24 11:24:51 2021] GET /volume/v3/b67e2838933e4eb88ffae0240d102fa3/volumes/1c219ad9-1b69-4a4c-8574-8bbd0e319f3f => generated 947 bytes in 36 msecs (HTTP/1.1 200) 7 headers in 285 bytes (1 switches on core 0)
Nov 24 11:24:51.518396 dv-cinder-819089-1-iscsi devstack@c-api.service[109363]: INFO cinder.api.openstack.wsgi [None req-3edde90e-9e5b-435c-a478-fa2b21635fb2 tempest-VolumesDeleteCascade-116917994 tempest-VolumesDeleteCascade-116917994-project] DELETE http://10.222.0.54/volume/v3/b67e2838933e4eb88ffae0240d102fa3/volumes/94ae9d12-3207-4eb6-8162-cc9cbd27e853?cascade=True
Nov 24 11:24:51.518897 dv-cinder-819089-1-iscsi devstack@c-api.service[109363]: DEBUG cinder.api.openstack.wsgi [None req-3edde90e-9e5b-435c-a478-fa2b21635fb2 tempest-VolumesDeleteCascade-116917994 tempest-VolumesDeleteCascade-116917994-project] Empty body provided in request {{(pid=109363) get_body /opt/stack/cinder/cinder/api/openstack/wsgi.py:703}}
Nov 24 11:24:51.518998 dv-cinder-819089-1-iscsi devstack@c-api.service[109363]: /usr/local/lib/python3.8/dist-packages/webob/acceptparse.py:1047: DeprecationWarning: The behavior of AcceptValidHeader.best_match is currently being maintained for backward compatibility, but it will be deprecated in the future, as it does not conform to the RFC.
Nov 24 11:24:51.518998 dv-cinder-819089-1-iscsi devstack@c-api.service[109363]: warnings.warn(
Nov 24 11:24:51.519283 dv-cinder-819089-1-iscsi devstack@c-api.service[109363]: DEBUG cinder.api.openstack.wsgi [None req-3edde90e-9e5b-435c-a478-fa2b21635fb2 tempest-VolumesDeleteCascade-116917994 tempest-VolumesDeleteCascade-116917994-project] Calling method 'delete' {{(pid=109363) _process_stack /opt/stack/cinder/cinder/api/openstack/wsgi.py:856}}
Nov 24 11:24:51.519689 dv-cinder-819089-1-iscsi devstack@c-api.service[109363]: INFO cinder.api.v3.volumes [None req-3edde90e-9e5b-435c-a478-fa2b21635fb2 tempest-VolumesDeleteCascade-116917994 tempest-VolumesDeleteCascade-116917994-project] Delete volume with id: 94ae9d12-3207-4eb6-8162-cc9cbd27e853
Nov 24 11:24:51.534171 dv-cinder-819089-1-iscsi devstack@c-api.service[109363]: /usr/local/lib/python3.8/dist-packages/oslo_context/context.py:105: DeprecationWarning: Policy enforcement is depending on the value of is_admin. This key is deprecated. Please update your policy file to use the standard policy values.
Nov 24 11:24:51.534171 dv-cinder-819089-1-iscsi devstack@c-api.service[109363]: warnings.warn('Policy enforcement is depending on the value of '
Nov 24 11:24:51.535469 dv-cinder-819089-1-iscsi devstack@c-api.service[109363]: INFO cinder.volume.api [None req-3edde90e-9e5b-435c-a478-fa2b21635fb2 tempest-VolumesDeleteCascade-116917994 tempest-VolumesDeleteCascade-116917994-project] Volume info retrieved successfully.
Nov 24 11:24:51.581375 dv-cinder-819089-1-iscsi devstack@c-api.service[109363]: INFO cinder.volume.api [None req-3edde90e-9e5b-435c-a478-fa2b21635fb2 tempest-VolumesDeleteCascade-116917994 tempest-VolumesDeleteCascade-116917994-project] Delete volume request issued successfully.
Nov 24 11:24:51.581842 dv-cinder-819089-1-iscsi devstack@c-api.service[109363]: INFO cinder.api.openstack.wsgi [None req-3edde90e-9e5b-435c-a478-fa2b21635fb2 tempest-VolumesDeleteCascade-116917994 tempest-VolumesDeleteCascade-116917994-project] http://10.222.0.54/volume/v3/b67e2838933e4eb88ffae0240d102fa3/volumes/94ae9d12-3207-4eb6-8162-cc9cbd27e853?cascade=True returned with HTTP 202
Nov 24 11:24:51.583216 dv-cinder-819089-1-iscsi devstack@c-api.service[109363]: [pid: 109363|app: 0|req: 172/342] 10.222.0.54 () {58 vars in 1352 bytes} [Wed Nov 24 11:24:51 2021] DELETE /volume/v3/b67e2838933e4eb88ffae0240d102fa3/volumes/94ae9d12-3207-4eb6-8162-cc9cbd27e853?cascade=True => generated 0 bytes in 68 msecs (HTTP/1.1 202) 6 headers in 233 bytes (1 switches on core 0)
Nov 24 11:24:51.590097 dv-cinder-819089-1-iscsi devstack@c-api.service[109364]: INFO cinder.api.openstack.wsgi [None req-d8f9bc52-761a-4e87-afc1-4603ebb25b2a tempest-VolumesDeleteCascade-116917994 tempest-VolumesDeleteCascade-116917994-project] GET http://10.222.0.54/volume/v3/b67e2838933e4eb88ffae0240d102fa3/volumes/94ae9d12-3207-4eb6-8162-cc9cbd27e853
Nov 24 11:24:51.590537 dv-cinder-819089-1-iscsi devstack@c-api.service[109364]: DEBUG cinder.api.openstack.wsgi [None req-d8f9bc52-761a-4e87-afc1-4603ebb25b2a tempest-VolumesDeleteCascade-116917994 tempest-VolumesDeleteCascade-116917994-project] Empty body provided in request {{(pid=109364) get_body /opt/stack/cinder/cinder/api/openstack/wsgi.py:703}}
Nov 24 11:24:51.590766 dv-cinder-819089-1-iscsi devstack@c-api.service[109364]: /usr/local/lib/python3.8/dist-packages/webob/acceptparse.py:1047: DeprecationWarning: The behavior of AcceptValidHeader.best_match is currently being maintained for backward compatibility, but it will be deprecated in the future, as it does not conform to the RFC.
Nov 24 11:24:51.590766 dv-cinder-819089-1-iscsi devstack@c-api.service[109364]: warnings.warn(
Nov 24 11:24:51.591032 dv-cinder-819089-1-iscsi devstack@c-api.service[109364]: DEBUG cinder.api.openstack.wsgi [None req-d8f9bc52-761a-4e87-afc1-4603ebb25b2a tempest-VolumesDeleteCascade-116917994 tempest-VolumesDeleteCascade-116917994-project] Calling method 'show' {{(pid=109364) _process_stack /opt/stack/cinder/cinder/api/openstack/wsgi.py:856}}
Nov 24 11:24:51.605342 dv-cinder-819089-1-iscsi devstack@c-api.service[109364]: /usr/local/lib/python3.8/dist-packages/oslo_context/context.py:105: DeprecationWarning: Policy enforcement is depending on the value of is_admin. This key is deprecated. Please update your policy file to use the standard policy values.
Nov 24 11:24:51.605342 dv-cinder-819089-1-iscsi devstack@c-api.service[109364]: warnings.warn('Policy enforcement is depending on the value of '
Nov 24 11:24:51.611964 dv-cinder-819089-1-iscsi devstack@c-api.service[109364]: INFO cinder.volume.api [None req-d8f9bc52-761a-4e87-afc1-4603ebb25b2a tempest-VolumesDeleteCascade-116917994 tempest-VolumesDeleteCascade-116917994-project] Volume info retrieved successfully.
Nov 24 11:24:51.620598 dv-cinder-819089-1-iscsi devstack@c-api.service[109364]: INFO cinder.api.openstack.wsgi [None req-d8f9bc52-761a-4e87-afc1-4603ebb25b2a tempest-VolumesDeleteCascade-116917994 tempest-VolumesDeleteCascade-116917994-project] http://10.222.0.54/volume/v3/b67e2838933e4eb88ffae0240d102fa3/volumes/94ae9d12-3207-4eb6-8162-cc9cbd27e853 returned with HTTP 200
Nov 24 11:24:51.621327 dv-cinder-819089-1-iscsi devstack@c-api.service[109364]: [pid: 109364|app: 0|req: 171/343] 10.222.0.54 () {58 vars in 1324 bytes} [Wed Nov 24 11:24:51 2021] GET /volume/v3/b67e2838933e4eb88ffae0240d102fa3/volumes/94ae9d12-3207-4eb6-8162-cc9cbd27e853 => generated 912 bytes in 35 msecs (HTTP/1.1 200) 7 headers in 285 bytes (1 switches on core 0)
Nov 24 11:24:51.760969 dv-cinder-819089-1-iscsi devstack@c-api.service[109363]: INFO cinder.api.openstack.wsgi [None req-2be68084-ec1b-47f7-9002-476c53325c49 tempest-SnapshotsActionsTest-91542358 tempest-SnapshotsActionsTest-91542358-project] GET http://10.222.0.54/volume/v3/6810e84678ca4277bbbafe3776dfa24f/snapshots/fabe0f59-10fc-430b-9b60-5b4f3fe9355d
Nov 24 11:24:51.761412 dv-cinder-819089-1-iscsi devstack@c-api.service[109363]: DEBUG cinder.api.openstack.wsgi [None req-2be68084-ec1b-47f7-9002-476c53325c49 tempest-SnapshotsActionsTest-91542358 tempest-SnapshotsActionsTest-91542358-project] Empty body provided in request {{(pid=109363) get_body /opt/stack/cinder/cinder/api/openstack/wsgi.py:703}}
Nov 24 11:24:51.761584 dv-cinder-819089-1-iscsi devstack@c-api.service[109363]: /usr/local/lib/python3.8/dist-packages/webob/acceptparse.py:1047: DeprecationWarning: The behavior of AcceptValidHeader.best_match is currently being maintained for backward compatibility, but it will be deprecated in the future, as it does not conform to the RFC.
Nov 24 11:24:51.761584 dv-cinder-819089-1-iscsi devstack@c-api.service[109363]: warnings.warn(
Nov 24 11:24:51.761898 dv-cinder-819089-1-iscsi devstack@c-api.service[109363]: DEBUG cinder.api.openstack.wsgi [None req-2be68084-ec1b-47f7-9002-476c53325c49 tempest-SnapshotsActionsTest-91542358 tempest-SnapshotsActionsTest-91542358-project] Calling method 'show' {{(pid=109363) _process_stack /opt/stack/cinder/cinder/api/openstack/wsgi.py:856}}
Nov 24 11:24:51.771904 dv-cinder-819089-1-iscsi devstack@c-api.service[109363]: /usr/local/lib/python3.8/dist-packages/oslo_context/context.py:105: DeprecationWarning: Policy enforcement is depending on the value of is_admin. This key is deprecated. Please update your policy file to use the standard policy values.
