Nov 24 10:07:52.709107 dv-cinder-819082-1-smb devstack@c-api.service[109589]: DEBUG cinder.api.openstack.wsgi [None req-7867e027-e1bf-4c1c-adec-fc0f41dfc900 tempest-VolumeQuotasAdminTestJSON-832569692 tempest-VolumeQuotasAdminTestJSON-832569692-project-admin] Calling method 'show' {{(pid=109589) _process_stack /opt/stack/cinder/cinder/api/openstack/wsgi.py:856}}
Nov 24 10:07:52.711874 dv-cinder-819082-1-smb devstack@c-api.service[109590]: DEBUG cinder.volume.api [None req-e969a07f-26a8-4663-ae74-f013f7b3c50a tempest-GroupSnapshotsTest-260342619 tempest-GroupSnapshotsTest-260342619-project] Task 'cinder.volume.flows.api.create_volume.ExtractVolumeRequestTask;volume:create' (a65840d1-0dad-48b3-97ce-359e0f6fab70) transitioned into state 'SUCCESS' from state 'RUNNING' with result '{'size': 1, 'snapshot_id': None, 'source_volid': None, 'volume_type': VolumeType(created_at=2021-11-24T10:07:50Z,deleted=False,deleted_at=None,description=None,extra_specs={},id=a46b4073-c114-492f-9337-5bdf6bd41922,is_public=True,name='tempest-GroupSnapshotsTest-volume-type-1750612742',projects=[],qos_specs=,qos_specs_id=None,updated_at=None), 'volume_type_id': 'a46b4073-c114-492f-9337-5bdf6bd41922', 'encryption_key_id': None, 'qos_specs': None, 'consistencygroup_id': None, 'cgsnapshot_id': None, 'group_id': 'faee3f7f-40c5-4c5a-8561-62d1576c39b7', 'replication_status': 'disabled', 'refresh_az': False, 'backup_id': None, 'multiattach': False, 'availability_zones': ['nova']}' {{(pid=109590) _task_receiver /usr/local/lib/python3.8/dist-packages/taskflow/listeners/logging.py:178}}
Nov 24 10:07:52.713914 dv-cinder-819082-1-smb devstack@c-api.service[109590]: DEBUG cinder.volume.api [None req-e969a07f-26a8-4663-ae74-f013f7b3c50a tempest-GroupSnapshotsTest-260342619 tempest-GroupSnapshotsTest-260342619-project] Task 'cinder.volume.flows.api.create_volume.QuotaReserveTask;volume:create' (b8e13e47-7d98-44be-a7ea-eff83b1e403a) transitioned into state 'RUNNING' from state 'PENDING' {{(pid=109590) _task_receiver /usr/local/lib/python3.8/dist-packages/taskflow/listeners/logging.py:190}}
Nov 24 10:07:52.785879 dv-cinder-819082-1-smb devstack@c-api.service[109589]: INFO cinder.api.openstack.wsgi [None req-7867e027-e1bf-4c1c-adec-fc0f41dfc900 tempest-VolumeQuotasAdminTestJSON-832569692 tempest-VolumeQuotasAdminTestJSON-832569692-project-admin] http://10.222.0.57/volume/v3/74c4b1ad4e244fa88f7cc38de396d28b/os-quota-sets/f4ef6d7dbbc549b1ad67270d7c55fec3?usage=True returned with HTTP 200
Nov 24 10:07:52.786674 dv-cinder-819082-1-smb devstack@c-api.service[109589]: [pid: 109589|app: 0|req: 57/115] 10.222.0.57 () {58 vars in 1351 bytes} [Wed Nov 24 10:07:52 2021] GET /volume/v3/74c4b1ad4e244fa88f7cc38de396d28b/os-quota-sets/f4ef6d7dbbc549b1ad67270d7c55fec3?usage=True => generated 1786 bytes in 95 msecs (HTTP/1.1 200) 7 headers in 286 bytes (1 switches on core 0)
Nov 24 10:07:52.806285 dv-cinder-819082-1-smb devstack@c-api.service[109589]: INFO cinder.api.openstack.wsgi [None req-0bfa1377-a1e9-4564-b0f4-bcc58859aab7 tempest-GroupsTest-157847787 tempest-GroupsTest-157847787-project] GET http://10.222.0.57/volume/v3/3249983df3d04098a5637fbf43963f17/groups/0f869924-9ba0-42c8-bf56-a086d9f3780a
Nov 24 10:07:52.809128 dv-cinder-819082-1-smb devstack@c-api.service[109589]: DEBUG cinder.api.openstack.wsgi [None req-0bfa1377-a1e9-4564-b0f4-bcc58859aab7 tempest-GroupsTest-157847787 tempest-GroupsTest-157847787-project] Empty body provided in request {{(pid=109589) get_body /opt/stack/cinder/cinder/api/openstack/wsgi.py:703}}
Nov 24 10:07:52.809873 dv-cinder-819082-1-smb devstack@c-api.service[109590]: DEBUG cinder.quota [None req-e969a07f-26a8-4663-ae74-f013f7b3c50a tempest-GroupSnapshotsTest-260342619 tempest-GroupSnapshotsTest-260342619-project] Created reservations ['d2a1f3b6-81ad-4014-acab-7a6156c36a77', 'cdc824a1-31db-47b7-9ddd-574bb8ce3473', '764a3eb3-7155-4458-9684-c6337d03c777', 'fd3a6697-ca8a-4e3c-b16a-e3a92cdb881b'] {{(pid=109590) reserve /opt/stack/cinder/cinder/quota.py:755}}
Nov 24 10:07:52.810722 dv-cinder-819082-1-smb devstack@c-api.service[109589]: DEBUG cinder.api.openstack.wsgi [None req-0bfa1377-a1e9-4564-b0f4-bcc58859aab7 tempest-GroupsTest-157847787 tempest-GroupsTest-157847787-project] Calling method 'version_select' {{(pid=109589) _process_stack /opt/stack/cinder/cinder/api/openstack/wsgi.py:856}}
Nov 24 10:07:52.812229 dv-cinder-819082-1-smb devstack@c-api.service[109589]: DEBUG cinder.api.v3.groups [None req-0bfa1377-a1e9-4564-b0f4-bcc58859aab7 tempest-GroupsTest-157847787 tempest-GroupsTest-157847787-project] show called for member 0f869924-9ba0-42c8-bf56-a086d9f3780a {{(pid=109589) show /opt/stack/cinder/cinder/api/v3/groups.py:58}}
Nov 24 10:07:52.813381 dv-cinder-819082-1-smb devstack@c-api.service[109590]: DEBUG cinder.volume.api [None req-e969a07f-26a8-4663-ae74-f013f7b3c50a tempest-GroupSnapshotsTest-260342619 tempest-GroupSnapshotsTest-260342619-project] Task 'cinder.volume.flows.api.create_volume.QuotaReserveTask;volume:create' (b8e13e47-7d98-44be-a7ea-eff83b1e403a) transitioned into state 'SUCCESS' from state 'RUNNING' with result '{'reservations': ['d2a1f3b6-81ad-4014-acab-7a6156c36a77', 'cdc824a1-31db-47b7-9ddd-574bb8ce3473', '764a3eb3-7155-4458-9684-c6337d03c777', 'fd3a6697-ca8a-4e3c-b16a-e3a92cdb881b']}' {{(pid=109590) _task_receiver /usr/local/lib/python3.8/dist-packages/taskflow/listeners/logging.py:178}}
Nov 24 10:07:52.817619 dv-cinder-819082-1-smb devstack@c-api.service[109590]: DEBUG cinder.volume.api [None req-e969a07f-26a8-4663-ae74-f013f7b3c50a tempest-GroupSnapshotsTest-260342619 tempest-GroupSnapshotsTest-260342619-project] Task 'cinder.volume.flows.api.create_volume.EntryCreateTask;volume:create' (a9c2c6bc-d538-456f-914d-f44d664a8a5a) transitioned into state 'RUNNING' from state 'PENDING' {{(pid=109590) _task_receiver /usr/local/lib/python3.8/dist-packages/taskflow/listeners/logging.py:190}}
Nov 24 10:07:52.833002 dv-cinder-819082-1-smb devstack@c-api.service[109589]: /usr/local/lib/python3.8/dist-packages/oslo_context/context.py:105: DeprecationWarning: Policy enforcement is depending on the value of is_admin. This key is deprecated. Please update your policy file to use the standard policy values.
Nov 24 10:07:52.833002 dv-cinder-819082-1-smb devstack@c-api.service[109589]: warnings.warn('Policy enforcement is depending on the value of '
Nov 24 10:07:52.864120 dv-cinder-819082-1-smb devstack@c-api.service[109590]: DEBUG cinder.volume.api [None req-e969a07f-26a8-4663-ae74-f013f7b3c50a tempest-GroupSnapshotsTest-260342619 tempest-GroupSnapshotsTest-260342619-project] Task 'cinder.volume.flows.api.create_volume.EntryCreateTask;volume:create' (a9c2c6bc-d538-456f-914d-f44d664a8a5a) transitioned into state 'SUCCESS' from state 'RUNNING' with result '{'volume_id': 'c19fdfda-a69a-4931-a36f-d16b511aae3e', 'volume_properties': VolumeProperties(attach_status='detached',availability_zone='nova',cgsnapshot_id=None,consistencygroup_id=None,display_description=None,display_name='tempest-GroupSnapshotsTest-Volume-1109737075',encryption_key_id=None,group_id=faee3f7f-40c5-4c5a-8561-62d1576c39b7,group_type_id=,metadata={},multiattach=False,project_id='3730af4b013643f7991317a1a7466be2',qos_specs=None,replication_status=,reservations=['d2a1f3b6-81ad-4014-acab-7a6156c36a77','cdc824a1-31db-47b7-9ddd-574bb8ce3473','764a3eb3-7155-4458-9684-c6337d03c777','fd3a6697-ca8a-4e3c-b16a-e3a92cdb881b'],size=1,snapshot_id=None,source_replicaid=,source_volid=None,status='creating',user_id='20e42f8dd72a49809cd377cfefc8aba2',volume_type_id=a46b4073-c114-492f-9337-5bdf6bd41922), 'volume': Volume(_name_id=None,admin_metadata=,attach_status='detached',availability_zone='nova',bootable=False,cluster=,cluster_name=None,consistencygroup=,consistencygroup_id=None,created_at=2021-11-24T10:07:52Z,deleted=False,deleted_at=None,display_description=None,display_name='tempest-GroupSnapshotsTest-Volume-1109737075',ec2_id=None,encryption_key_id=None,glance_metadata=,group=,group_id=faee3f7f-40c5-4c5a-8561-62d1576c39b7,host=None,id=c19fdfda-a69a-4931-a36f-d16b511aae3e,launched_at=None,metadata={},migration_status=None,multiattach=False,previous_status=None,project_id='3730af4b013643f7991317a1a7466be2',provider_auth=None,provider_geometry=None,provider_id=None,provider_location=None,replication_driver_data=None,replication_extended_status=None,replication_status=None,scheduled_at=None,service_uuid=None,shared_targets=True,size=1,snapshot_id=None,snapshots=,source_volid=None,status='creating',terminated_at=None,updated_at=None,use_quota=True,user_id='20e42f8dd72a49809cd377cfefc8aba2',volume_attachment=VolumeAttachmentList,volume_type=VolumeType(a46b4073-c114-492f-9337-5bdf6bd41922),volume_type_id=a46b4073-c114-492f-9337-5bdf6bd41922)}' {{(pid=109590) _task_receiver /usr/local/lib/python3.8/dist-packages/taskflow/listeners/logging.py:178}}
Nov 24 10:07:52.870690 dv-cinder-819082-1-smb devstack@c-api.service[109590]: DEBUG cinder.volume.api [None req-e969a07f-26a8-4663-ae74-f013f7b3c50a tempest-GroupSnapshotsTest-260342619 tempest-GroupSnapshotsTest-260342619-project] Task 'cinder.volume.flows.api.create_volume.QuotaCommitTask;volume:create' (be999174-4ee9-4088-bf6b-fd07511a3dd3) transitioned into state 'RUNNING' from state 'PENDING' {{(pid=109590) _task_receiver /usr/local/lib/python3.8/dist-packages/taskflow/listeners/logging.py:190}}
Nov 24 10:07:52.883948 dv-cinder-819082-1-smb devstack@c-api.service[109589]: INFO cinder.api.openstack.wsgi [None req-0bfa1377-a1e9-4564-b0f4-bcc58859aab7 tempest-GroupsTest-157847787 tempest-GroupsTest-157847787-project] http://10.222.0.57/volume/v3/3249983df3d04098a5637fbf43963f17/groups/0f869924-9ba0-42c8-bf56-a086d9f3780a returned with HTTP 200
Nov 24 10:07:52.889118 dv-cinder-819082-1-smb devstack@c-api.service[109589]: [pid: 109589|app: 0|req: 58/116] 10.222.0.57 () {60 vars in 1362 bytes} [Wed Nov 24 10:07:52 2021] GET /volume/v3/3249983df3d04098a5637fbf43963f17/groups/0f869924-9ba0-42c8-bf56-a086d9f3780a => generated 322 bytes in 102 msecs (HTTP/1.1 200) 7 headers in 286 bytes (1 switches on core 0)
Nov 24 10:07:52.933792 dv-cinder-819082-1-smb devstack@c-api.service[109590]: DEBUG cinder.volume.api [None req-e969a07f-26a8-4663-ae74-f013f7b3c50a tempest-GroupSnapshotsTest-260342619 tempest-GroupSnapshotsTest-260342619-project] Task 'cinder.volume.flows.api.create_volume.QuotaCommitTask;volume:create' (be999174-4ee9-4088-bf6b-fd07511a3dd3) transitioned into state 'SUCCESS' from state 'RUNNING' with result '{'volume_properties': VolumeProperties(attach_status='detached',availability_zone='nova',cgsnapshot_id=None,consistencygroup_id=None,display_description=None,display_name='tempest-GroupSnapshotsTest-Volume-1109737075',encryption_key_id=None,group_id=faee3f7f-40c5-4c5a-8561-62d1576c39b7,group_type_id=,metadata={},multiattach=False,project_id='3730af4b013643f7991317a1a7466be2',qos_specs=None,replication_status=,reservations=['d2a1f3b6-81ad-4014-acab-7a6156c36a77','cdc824a1-31db-47b7-9ddd-574bb8ce3473','764a3eb3-7155-4458-9684-c6337d03c777','fd3a6697-ca8a-4e3c-b16a-e3a92cdb881b'],size=1,snapshot_id=None,source_replicaid=,source_volid=None,status='creating',user_id='20e42f8dd72a49809cd377cfefc8aba2',volume_type_id=a46b4073-c114-492f-9337-5bdf6bd41922)}' {{(pid=109590) _task_receiver /usr/local/lib/python3.8/dist-packages/taskflow/listeners/logging.py:178}}
Nov 24 10:07:52.941674 dv-cinder-819082-1-smb devstack@c-api.service[109590]: DEBUG cinder.volume.api [None req-e969a07f-26a8-4663-ae74-f013f7b3c50a tempest-GroupSnapshotsTest-260342619 tempest-GroupSnapshotsTest-260342619-project] Task 'cinder.volume.flows.api.create_volume.VolumeCastTask;volume:create' (73db0eed-d0a0-40e5-b0f1-9635f526160f) transitioned into state 'RUNNING' from state 'PENDING' {{(pid=109590) _task_receiver /usr/local/lib/python3.8/dist-packages/taskflow/listeners/logging.py:190}}
Nov 24 10:07:52.992307 dv-cinder-819082-1-smb devstack@c-api.service[109590]: DEBUG cinder.volume.api [None req-e969a07f-26a8-4663-ae74-f013f7b3c50a tempest-GroupSnapshotsTest-260342619 tempest-GroupSnapshotsTest-260342619-project] Task 'cinder.volume.flows.api.create_volume.VolumeCastTask;volume:create' (73db0eed-d0a0-40e5-b0f1-9635f526160f) transitioned into state 'SUCCESS' from state 'RUNNING' with result 'None' {{(pid=109590) _task_receiver /usr/local/lib/python3.8/dist-packages/taskflow/listeners/logging.py:178}}
Nov 24 10:07:52.995928 dv-cinder-819082-1-smb devstack@c-api.service[109590]: DEBUG cinder.volume.api [None req-e969a07f-26a8-4663-ae74-f013f7b3c50a tempest-GroupSnapshotsTest-260342619 tempest-GroupSnapshotsTest-260342619-project] Flow 'volume_create_api' (97a755f3-b45e-4f2c-9795-3a00de599180) transitioned into state 'SUCCESS' from state 'RUNNING' {{(pid=109590) _flow_receiver /usr/local/lib/python3.8/dist-packages/taskflow/listeners/logging.py:141}}
Nov 24 10:07:53.000785 dv-cinder-819082-1-smb devstack@c-api.service[109590]: INFO cinder.volume.api [None req-e969a07f-26a8-4663-ae74-f013f7b3c50a tempest-GroupSnapshotsTest-260342619 tempest-GroupSnapshotsTest-260342619-project] Create volume request issued successfully.
Nov 24 10:07:53.003446 dv-cinder-819082-1-smb devstack@c-api.service[109590]: WARNING stevedore.named [None req-e969a07f-26a8-4663-ae74-f013f7b3c50a tempest-GroupSnapshotsTest-260342619 tempest-GroupSnapshotsTest-260342619-project] Could not load cinder.keymgr.conf_key_mgr.ConfKeyManager
Nov 24 10:07:53.023936 dv-cinder-819082-1-smb devstack@c-api.service[109590]: WARNING castellan.key_manager [None req-e969a07f-26a8-4663-ae74-f013f7b3c50a tempest-GroupSnapshotsTest-260342619 tempest-GroupSnapshotsTest-260342619-project] Deprecation Warning : cinder.keymgr.conf_key_mgr.ConfKeyManager is not a stevedore based driver, trying to load it as a class: stevedore.exception.NoMatches: No 'castellan.drivers' driver found, looking for 'cinder.keymgr.conf_key_mgr.ConfKeyManager'
Nov 24 10:07:53.038409 dv-cinder-819082-1-smb devstack@c-api.service[109590]: DEBUG oslo_db.sqlalchemy.engines [None req-e969a07f-26a8-4663-ae74-f013f7b3c50a tempest-GroupSnapshotsTest-260342619 tempest-GroupSnapshotsTest-260342619-project] MySQL server mode set to STRICT_TRANS_TABLES,STRICT_ALL_TABLES,NO_ZERO_IN_DATE,NO_ZERO_DATE,ERROR_FOR_DIVISION_BY_ZERO,TRADITIONAL,NO_ENGINE_SUBSTITUTION {{(pid=109590) _check_effective_sql_mode /usr/local/lib/python3.8/dist-packages/oslo_db/sqlalchemy/engines.py:314}}
Nov 24 10:07:53.053042 dv-cinder-819082-1-smb devstack@c-api.service[109590]: /usr/local/lib/python3.8/dist-packages/oslo_context/context.py:105: DeprecationWarning: Policy enforcement is depending on the value of is_admin. This key is deprecated. Please update your policy file to use the standard policy values.
Nov 24 10:07:53.053042 dv-cinder-819082-1-smb devstack@c-api.service[109590]: warnings.warn('Policy enforcement is depending on the value of '
Nov 24 10:07:53.073652 dv-cinder-819082-1-smb devstack@c-api.service[109590]: INFO cinder.api.openstack.wsgi [None req-e969a07f-26a8-4663-ae74-f013f7b3c50a tempest-GroupSnapshotsTest-260342619 tempest-GroupSnapshotsTest-260342619-project] http://10.222.0.57/volume/v3/3730af4b013643f7991317a1a7466be2/volumes returned with HTTP 202
Nov 24 10:07:53.074471 dv-cinder-819082-1-smb devstack@c-api.service[109590]: [pid: 109590|app: 0|req: 59/117] 10.222.0.57 () {62 vars in 1276 bytes} [Wed Nov 24 10:07:52 2021] POST /volume/v3/3730af4b013643f7991317a1a7466be2/volumes => generated 908 bytes in 508 msecs (HTTP/1.1 202) 7 headers in 292 bytes (1 switches on core 0)
Nov 24 10:07:53.100432 dv-cinder-819082-1-smb devstack@c-api.service[109590]: INFO cinder.api.openstack.wsgi [None req-c8285b96-a9a1-4174-8be0-2e85c69ff153 tempest-GroupsTest-157847787 tempest-GroupsTest-157847787-project] GET http://10.222.0.57/volume/v3/3249983df3d04098a5637fbf43963f17/groups/ea7ab560-b875-4f47-9345-f091ecbc7e07
Nov 24 10:07:53.100937 dv-cinder-819082-1-smb devstack@c-api.service[109590]: DEBUG cinder.api.openstack.wsgi [None req-c8285b96-a9a1-4174-8be0-2e85c69ff153 tempest-GroupsTest-157847787 tempest-GroupsTest-157847787-project] Empty body provided in request {{(pid=109590) get_body /opt/stack/cinder/cinder/api/openstack/wsgi.py:703}}
Nov 24 10:07:53.101110 dv-cinder-819082-1-smb devstack@c-api.service[109590]: /usr/local/lib/python3.8/dist-packages/webob/acceptparse.py:1047: DeprecationWarning: The behavior of AcceptValidHeader.best_match is currently being maintained for backward compatibility, but it will be deprecated in the future, as it does not conform to the RFC.
Nov 24 10:07:53.101110 dv-cinder-819082-1-smb devstack@c-api.service[109590]: warnings.warn(
Nov 24 10:07:53.101422 dv-cinder-819082-1-smb devstack@c-api.service[109590]: DEBUG cinder.api.openstack.wsgi [None req-c8285b96-a9a1-4174-8be0-2e85c69ff153 tempest-GroupsTest-157847787 tempest-GroupsTest-157847787-project] Calling method 'version_select' {{(pid=109590) _process_stack /opt/stack/cinder/cinder/api/openstack/wsgi.py:856}}
Nov 24 10:07:53.101768 dv-cinder-819082-1-smb devstack@c-api.service[109590]: DEBUG cinder.api.v3.groups [None req-c8285b96-a9a1-4174-8be0-2e85c69ff153 tempest-GroupsTest-157847787 tempest-GroupsTest-157847787-project] show called for member ea7ab560-b875-4f47-9345-f091ecbc7e07 {{(pid=109590) show /opt/stack/cinder/cinder/api/v3/groups.py:58}}
Nov 24 10:07:53.130065 dv-cinder-819082-1-smb devstack@c-api.service[109590]: /usr/local/lib/python3.8/dist-packages/oslo_context/context.py:105: DeprecationWarning: Policy enforcement is depending on the value of is_admin. This key is deprecated. Please update your policy file to use the standard policy values.
Nov 24 10:07:53.130065 dv-cinder-819082-1-smb devstack@c-api.service[109590]: warnings.warn('Policy enforcement is depending on the value of '
Nov 24 10:07:53.185407 dv-cinder-819082-1-smb devstack@c-api.service[109589]: INFO cinder.api.openstack.wsgi [None req-b78c4d63-381b-4eb4-8583-e74d838741fd tempest-VolumeQuotasAdminTestJSON-1732174918 tempest-VolumeQuotasAdminTestJSON-1732174918-project] POST http://10.222.0.57/volume/v3/f4ef6d7dbbc549b1ad67270d7c55fec3/volumes
Nov 24 10:07:53.185870 dv-cinder-819082-1-smb devstack@c-api.service[109589]: /usr/local/lib/python3.8/dist-packages/webob/acceptparse.py:1047: DeprecationWarning: The behavior of AcceptValidHeader.best_match is currently being maintained for backward compatibility, but it will be deprecated in the future, as it does not conform to the RFC.
Nov 24 10:07:53.185870 dv-cinder-819082-1-smb devstack@c-api.service[109589]: warnings.warn(
Nov 24 10:07:53.186936 dv-cinder-819082-1-smb devstack@c-api.service[109589]: DEBUG cinder.api.openstack.wsgi [None req-b78c4d63-381b-4eb4-8583-e74d838741fd tempest-VolumeQuotasAdminTestJSON-1732174918 tempest-VolumeQuotasAdminTestJSON-1732174918-project] Action: 'create', calling method: create, body: {"volume": {"size": 1, "name": "tempest-VolumeQuotasAdminTestJSON-Volume-2112240083"}} {{(pid=109589) _process_stack /opt/stack/cinder/cinder/api/openstack/wsgi.py:854}}
Nov 24 10:07:53.187064 dv-cinder-819082-1-smb devstack@c-api.service[109590]: INFO cinder.api.openstack.wsgi [None req-c8285b96-a9a1-4174-8be0-2e85c69ff153 tempest-GroupsTest-157847787 tempest-GroupsTest-157847787-project] http://10.222.0.57/volume/v3/3249983df3d04098a5637fbf43963f17/groups/ea7ab560-b875-4f47-9345-f091ecbc7e07 returned with HTTP 200
Nov 24 10:07:53.187483 dv-cinder-819082-1-smb devstack@c-api.service[109589]: DEBUG cinder.api.v3.volumes [None req-b78c4d63-381b-4eb4-8583-e74d838741fd tempest-VolumeQuotasAdminTestJSON-1732174918 tempest-VolumeQuotasAdminTestJSON-1732174918-project] Create volume request body: {'volume': {'size': 1, 'name': 'tempest-VolumeQuotasAdminTestJSON-Volume-2112240083'}} {{(pid=109589) create /opt/stack/cinder/cinder/api/v3/volumes.py:298}}
Nov 24 10:07:53.188170 dv-cinder-819082-1-smb devstack@c-api.service[109590]: [pid: 109590|app: 0|req: 60/118] 10.222.0.57 () {60 vars in 1362 bytes} [Wed Nov 24 10:07:53 2021] GET /volume/v3/3249983df3d04098a5637fbf43963f17/groups/ea7ab560-b875-4f47-9345-f091ecbc7e07 => generated 323 bytes in 99 msecs (HTTP/1.1 200) 7 headers in 286 bytes (1 switches on core 0)
Nov 24 10:07:53.188317 dv-cinder-819082-1-smb devstack@c-api.service[109589]: INFO cinder.api.v3.volumes [None req-b78c4d63-381b-4eb4-8583-e74d838741fd tempest-VolumeQuotasAdminTestJSON-1732174918 tempest-VolumeQuotasAdminTestJSON-1732174918-project] Create volume of 1 GB
Nov 24 10:07:53.189969 dv-cinder-819082-1-smb devstack@c-api.service[109589]: /usr/local/lib/python3.8/dist-packages/oslo_context/context.py:105: DeprecationWarning: Policy enforcement is depending on the value of is_admin. This key is deprecated. Please update your policy file to use the standard policy values.
Nov 24 10:07:53.189969 dv-cinder-819082-1-smb devstack@c-api.service[109589]: warnings.warn('Policy enforcement is depending on the value of '
Nov 24 10:07:53.197797 dv-cinder-819082-1-smb devstack@c-api.service[109590]: INFO cinder.api.openstack.wsgi [None req-c3f83b3f-8bd9-4c21-a550-d38d8df4d361 tempest-GroupSnapshotsTest-260342619 tempest-GroupSnapshotsTest-260342619-project] GET http://10.222.0.57/volume/v3/3730af4b013643f7991317a1a7466be2/volumes/c19fdfda-a69a-4931-a36f-d16b511aae3e
Nov 24 10:07:53.198310 dv-cinder-819082-1-smb devstack@c-api.service[109590]: DEBUG cinder.api.openstack.wsgi [None req-c3f83b3f-8bd9-4c21-a550-d38d8df4d361 tempest-GroupSnapshotsTest-260342619 tempest-GroupSnapshotsTest-260342619-project] Empty body provided in request {{(pid=109590) get_body /opt/stack/cinder/cinder/api/openstack/wsgi.py:703}}
Nov 24 10:07:53.198491 dv-cinder-819082-1-smb devstack@c-api.service[109590]: /usr/local/lib/python3.8/dist-packages/webob/acceptparse.py:1047: DeprecationWarning: The behavior of AcceptValidHeader.best_match is currently being maintained for backward compatibility, but it will be deprecated in the future, as it does not conform to the RFC.
Nov 24 10:07:53.198491 dv-cinder-819082-1-smb devstack@c-api.service[109590]: warnings.warn(
Nov 24 10:07:53.198794 dv-cinder-819082-1-smb devstack@c-api.service[109590]: DEBUG cinder.api.openstack.wsgi [None req-c3f83b3f-8bd9-4c21-a550-d38d8df4d361 tempest-GroupSnapshotsTest-260342619 tempest-GroupSnapshotsTest-260342619-project] Calling method 'show' {{(pid=109590) _process_stack /opt/stack/cinder/cinder/api/openstack/wsgi.py:856}}
Nov 24 10:07:53.213144 dv-cinder-819082-1-smb devstack@c-api.service[109589]: INFO cinder.volume.api [None req-b78c4d63-381b-4eb4-8583-e74d838741fd tempest-VolumeQuotasAdminTestJSON-1732174918 tempest-VolumeQuotasAdminTestJSON-1732174918-project] Availability Zones retrieved successfully.
Nov 24 10:07:53.228786 dv-cinder-819082-1-smb devstack@c-api.service[109590]: /usr/local/lib/python3.8/dist-packages/oslo_context/context.py:105: DeprecationWarning: Policy enforcement is depending on the value of is_admin. This key is deprecated. Please update your policy file to use the standard policy values.
Nov 24 10:07:53.228786 dv-cinder-819082-1-smb devstack@c-api.service[109590]: warnings.warn('Policy enforcement is depending on the value of '
Nov 24 10:07:53.245254 dv-cinder-819082-1-smb devstack@c-api.service[109590]: INFO cinder.volume.api [None req-c3f83b3f-8bd9-4c21-a550-d38d8df4d361 tempest-GroupSnapshotsTest-260342619 tempest-GroupSnapshotsTest-260342619-project] Volume info retrieved successfully.
Nov 24 10:07:53.246697 dv-cinder-819082-1-smb devstack@c-api.service[109590]: WARNING stevedore.named [None req-c3f83b3f-8bd9-4c21-a550-d38d8df4d361 tempest-GroupSnapshotsTest-260342619 tempest-GroupSnapshotsTest-260342619-project] Could not load cinder.keymgr.conf_key_mgr.ConfKeyManager
Nov 24 10:07:53.247231 dv-cinder-819082-1-smb devstack@c-api.service[109590]: WARNING castellan.key_manager [None req-c3f83b3f-8bd9-4c21-a550-d38d8df4d361 tempest-GroupSnapshotsTest-260342619 tempest-GroupSnapshotsTest-260342619-project] Deprecation Warning : cinder.keymgr.conf_key_mgr.ConfKeyManager is not a stevedore based driver, trying to load it as a class: stevedore.exception.NoMatches: No 'castellan.drivers' driver found, looking for 'cinder.keymgr.conf_key_mgr.ConfKeyManager'
Nov 24 10:07:53.251253 dv-cinder-819082-1-smb devstack@c-api.service[109589]: DEBUG cinder.volume.api [None req-b78c4d63-381b-4eb4-8583-e74d838741fd tempest-VolumeQuotasAdminTestJSON-1732174918 tempest-VolumeQuotasAdminTestJSON-1732174918-project] Flow 'volume_create_api' (fbca5987-98d5-4836-b154-378ea4b4541e) transitioned into state 'RUNNING' from state 'PENDING' {{(pid=109589) _flow_receiver /usr/local/lib/python3.8/dist-packages/taskflow/listeners/logging.py:141}}
Nov 24 10:07:53.256812 dv-cinder-819082-1-smb devstack@c-api.service[109589]: DEBUG cinder.volume.api [None req-b78c4d63-381b-4eb4-8583-e74d838741fd tempest-VolumeQuotasAdminTestJSON-1732174918 tempest-VolumeQuotasAdminTestJSON-1732174918-project] Task 'cinder.volume.flows.api.create_volume.ExtractVolumeRequestTask;volume:create' (43a8e080-547a-4021-81a8-abacb9f61073) transitioned into state 'RUNNING' from state 'PENDING' {{(pid=109589) _task_receiver /usr/local/lib/python3.8/dist-packages/taskflow/listeners/logging.py:190}}
Nov 24 10:07:53.259892 dv-cinder-819082-1-smb devstack@c-api.service[109590]: DEBUG oslo_db.sqlalchemy.engines [None req-c3f83b3f-8bd9-4c21-a550-d38d8df4d361 tempest-GroupSnapshotsTest-260342619 tempest-GroupSnapshotsTest-260342619-project] MySQL server mode set to STRICT_TRANS_TABLES,STRICT_ALL_TABLES,NO_ZERO_IN_DATE,NO_ZERO_DATE,ERROR_FOR_DIVISION_BY_ZERO,TRADITIONAL,NO_ENGINE_SUBSTITUTION {{(pid=109590) _check_effective_sql_mode /usr/local/lib/python3.8/dist-packages/oslo_db/sqlalchemy/engines.py:314}}
Nov 24 10:07:53.260722 dv-cinder-819082-1-smb devstack@c-api.service[109589]: DEBUG cinder.volume.flows.api.create_volume [None req-b78c4d63-381b-4eb4-8583-e74d838741fd tempest-VolumeQuotasAdminTestJSON-1732174918 tempest-VolumeQuotasAdminTestJSON-1732174918-project] Validating volume size '1' using validate_int {{(pid=109589) _extract_size /opt/stack/cinder/cinder/volume/flows/api/create_volume.py:225}}
Nov 24 10:07:53.275544 dv-cinder-819082-1-smb devstack@c-api.service[109590]: /usr/local/lib/python3.8/dist-packages/oslo_context/context.py:105: DeprecationWarning: Policy enforcement is depending on the value of is_admin. This key is deprecated. Please update your policy file to use the standard policy values.
Nov 24 10:07:53.275544 dv-cinder-819082-1-smb devstack@c-api.service[109590]: warnings.warn('Policy enforcement is depending on the value of '
Nov 24 10:07:53.309577 dv-cinder-819082-1-smb devstack@c-api.service[109590]: INFO cinder.api.openstack.wsgi [None req-c3f83b3f-8bd9-4c21-a550-d38d8df4d361 tempest-GroupSnapshotsTest-260342619 tempest-GroupSnapshotsTest-260342619-project] http://10.222.0.57/volume/v3/3730af4b013643f7991317a1a7466be2/volumes/c19fdfda-a69a-4931-a36f-d16b511aae3e returned with HTTP 200
Nov 24 10:07:53.310374 dv-cinder-819082-1-smb devstack@c-api.service[109590]: [pid: 109590|app: 0|req: 61/119] 10.222.0.57 () {60 vars in 1365 bytes} [Wed Nov 24 10:07:53 2021] GET /volume/v3/3730af4b013643f7991317a1a7466be2/volumes/c19fdfda-a69a-4931-a36f-d16b511aae3e => generated 976 bytes in 122 msecs (HTTP/1.1 200) 7 headers in 286 bytes (1 switches on core 0)
Nov 24 10:07:53.334832 dv-cinder-819082-1-smb devstack@c-api.service[109590]: INFO cinder.api.openstack.wsgi [None req-585b7422-34bb-44ef-b417-a84b68721e65 tempest-GroupsTest-157847787 tempest-GroupsTest-157847787-project] GET http://10.222.0.57/volume/v3/3249983df3d04098a5637fbf43963f17/groups/detail
Nov 24 10:07:53.335353 dv-cinder-819082-1-smb devstack@c-api.service[109590]: DEBUG cinder.api.openstack.wsgi [None req-585b7422-34bb-44ef-b417-a84b68721e65 tempest-GroupsTest-157847787 tempest-GroupsTest-157847787-project] Empty body provided in request {{(pid=109590) get_body /opt/stack/cinder/cinder/api/openstack/wsgi.py:703}}
Nov 24 10:07:53.335576 dv-cinder-819082-1-smb devstack@c-api.service[109590]: /usr/local/lib/python3.8/dist-packages/webob/acceptparse.py:1047: DeprecationWarning: The behavior of AcceptValidHeader.best_match is currently being maintained for backward compatibility, but it will be deprecated in the future, as it does not conform to the RFC.
Nov 24 10:07:53.335576 dv-cinder-819082-1-smb devstack@c-api.service[109590]: warnings.warn(
Nov 24 10:07:53.335997 dv-cinder-819082-1-smb devstack@c-api.service[109590]: DEBUG cinder.api.openstack.wsgi [None req-585b7422-34bb-44ef-b417-a84b68721e65 tempest-GroupsTest-157847787 tempest-GroupsTest-157847787-project] Calling method 'version_select' {{(pid=109590) _process_stack /opt/stack/cinder/cinder/api/openstack/wsgi.py:856}}
Nov 24 10:07:53.356637 dv-cinder-819082-1-smb devstack@c-api.service[109589]: DEBUG cinder.volume.api [None req-b78c4d63-381b-4eb4-8583-e74d838741fd tempest-VolumeQuotasAdminTestJSON-1732174918 tempest-VolumeQuotasAdminTestJSON-1732174918-project] Task 'cinder.volume.flows.api.create_volume.ExtractVolumeRequestTask;volume:create' (43a8e080-547a-4021-81a8-abacb9f61073) transitioned into state 'SUCCESS' from state 'RUNNING' with result '{'size': 1, 'snapshot_id': None, 'source_volid': None, 'volume_type': VolumeType(created_at=2021-11-24T09:57:56Z,deleted=False,deleted_at=None,description='Default Volume Type',extra_specs={},id=3f2e79da-7c00-43da-8eb2-eb42208154d9,is_public=True,name='__DEFAULT__',projects=[],qos_specs=,qos_specs_id=None,updated_at=2021-11-24T09:57:56Z), 'volume_type_id': '3f2e79da-7c00-43da-8eb2-eb42208154d9', 'encryption_key_id': None, 'qos_specs': None, 'consistencygroup_id': None, 'cgsnapshot_id': None, 'group_id': None, 'replication_status': 'disabled', 'refresh_az': False, 'backup_id': None, 'multiattach': False, 'availability_zones': ['nova']}' {{(pid=109589) _task_receiver /usr/local/lib/python3.8/dist-packages/taskflow/listeners/logging.py:178}}
Nov 24 10:07:53.368160 dv-cinder-819082-1-smb devstack@c-api.service[109589]: DEBUG cinder.volume.api [None req-b78c4d63-381b-4eb4-8583-e74d838741fd tempest-VolumeQuotasAdminTestJSON-1732174918 tempest-VolumeQuotasAdminTestJSON-1732174918-project] Task 'cinder.volume.flows.api.create_volume.QuotaReserveTask;volume:create' (0c5f263c-9ae8-4095-bd8e-7a9f45016763) transitioned into state 'RUNNING' from state 'PENDING' {{(pid=109589) _task_receiver /usr/local/lib/python3.8/dist-packages/taskflow/listeners/logging.py:190}}
Nov 24 10:07:53.465865 dv-cinder-819082-1-smb devstack@c-api.service[109590]: INFO cinder.api.openstack.wsgi [None req-585b7422-34bb-44ef-b417-a84b68721e65 tempest-GroupsTest-157847787 tempest-GroupsTest-157847787-project] http://10.222.0.57/volume/v3/3249983df3d04098a5637fbf43963f17/groups/detail returned with HTTP 200
Nov 24 10:07:53.483346 dv-cinder-819082-1-smb devstack@c-api.service[109590]: [pid: 109590|app: 0|req: 62/120] 10.222.0.57 () {60 vars in 1272 bytes} [Wed Nov 24 10:07:53 2021] GET /volume/v3/3249983df3d04098a5637fbf43963f17/groups/detail => generated 639 bytes in 172 msecs (HTTP/1.1 200) 7 headers in 286 bytes (1 switches on core 0)
Nov 24 10:07:53.506360 dv-cinder-819082-1-smb devstack@c-api.service[109590]: INFO cinder.api.openstack.wsgi [None req-a8751b6a-8606-4a64-be3b-58d9fe512509 tempest-GroupsTest-157847787 tempest-GroupsTest-157847787-project] GET http://10.222.0.57/volume/v3/3249983df3d04098a5637fbf43963f17/volumes/detail
Nov 24 10:07:53.506360 dv-cinder-819082-1-smb devstack@c-api.service[109590]: DEBUG cinder.api.openstack.wsgi [None req-a8751b6a-8606-4a64-be3b-58d9fe512509 tempest-GroupsTest-157847787 tempest-GroupsTest-157847787-project] Empty body provided in request {{(pid=109590) get_body /opt/stack/cinder/cinder/api/openstack/wsgi.py:703}}
Nov 24 10:07:53.510031 dv-cinder-819082-1-smb devstack@c-api.service[109590]: /usr/local/lib/python3.8/dist-packages/webob/acceptparse.py:1047: DeprecationWarning: The behavior of AcceptValidHeader.best_match is currently being maintained for backward compatibility, but it will be deprecated in the future, as it does not conform to the RFC.
Nov 24 10:07:53.510031 dv-cinder-819082-1-smb devstack@c-api.service[109590]: warnings.warn(
Nov 24 10:07:53.510379 dv-cinder-819082-1-smb devstack@c-api.service[109590]: DEBUG cinder.api.openstack.wsgi [None req-a8751b6a-8606-4a64-be3b-58d9fe512509 tempest-GroupsTest-157847787 tempest-GroupsTest-157847787-project] Calling method 'detail' {{(pid=109590) _process_stack /opt/stack/cinder/cinder/api/openstack/wsgi.py:856}}
Nov 24 10:07:53.511169 dv-cinder-819082-1-smb devstack@c-api.service[109590]: DEBUG cinder.api.api_utils [None req-a8751b6a-8606-4a64-be3b-58d9fe512509 tempest-GroupsTest-157847787 tempest-GroupsTest-157847787-project] Removing options '' from query. {{(pid=109590) remove_invalid_filter_options /opt/stack/cinder/cinder/api/api_utils.py:73}}
Nov 24 10:07:53.513050 dv-cinder-819082-1-smb devstack@c-api.service[109590]: /usr/local/lib/python3.8/dist-packages/oslo_context/context.py:105: DeprecationWarning: Policy enforcement is depending on the value of is_admin. This key is deprecated. Please update your policy file to use the standard policy values.
Nov 24 10:07:53.513050 dv-cinder-819082-1-smb devstack@c-api.service[109590]: warnings.warn('Policy enforcement is depending on the value of '
Nov 24 10:07:53.520044 dv-cinder-819082-1-smb devstack@c-api.service[109590]: DEBUG cinder.volume.api [None req-a8751b6a-8606-4a64-be3b-58d9fe512509 tempest-GroupsTest-157847787 tempest-GroupsTest-157847787-project] Searching by: MultiDict([('no_migration_targets', True)]). {{(pid=109590) get_all /opt/stack/cinder/cinder/volume/api.py:619}}
Nov 24 10:07:53.558978 dv-cinder-819082-1-smb devstack@c-api.service[109589]: DEBUG cinder.quota [None req-b78c4d63-381b-4eb4-8583-e74d838741fd tempest-VolumeQuotasAdminTestJSON-1732174918 tempest-VolumeQuotasAdminTestJSON-1732174918-project] Created reservations ['78181566-6551-4904-872e-386e88700198', 'dbfa79a1-c20e-407c-9fb8-bbcc6dcc0cfc', 'd072d6fa-388c-4129-8fc6-85a11a5ed6f5', '1f111abd-7cec-4e61-ac5a-17508a82f40d'] {{(pid=109589) reserve /opt/stack/cinder/cinder/quota.py:755}}
Nov 24 10:07:53.560944 dv-cinder-819082-1-smb devstack@c-api.service[109589]: DEBUG cinder.volume.api [None req-b78c4d63-381b-4eb4-8583-e74d838741fd tempest-VolumeQuotasAdminTestJSON-1732174918 tempest-VolumeQuotasAdminTestJSON-1732174918-project] Task 'cinder.volume.flows.api.create_volume.QuotaReserveTask;volume:create' (0c5f263c-9ae8-4095-bd8e-7a9f45016763) transitioned into state 'SUCCESS' from state 'RUNNING' with result '{'reservations': ['78181566-6551-4904-872e-386e88700198', 'dbfa79a1-c20e-407c-9fb8-bbcc6dcc0cfc', 'd072d6fa-388c-4129-8fc6-85a11a5ed6f5', '1f111abd-7cec-4e61-ac5a-17508a82f40d']}' {{(pid=109589) _task_receiver /usr/local/lib/python3.8/dist-packages/taskflow/listeners/logging.py:178}}
Nov 24 10:07:53.563717 dv-cinder-819082-1-smb devstack@c-api.service[109589]: DEBUG cinder.volume.api [None req-b78c4d63-381b-4eb4-8583-e74d838741fd tempest-VolumeQuotasAdminTestJSON-1732174918 tempest-VolumeQuotasAdminTestJSON-1732174918-project] Task 'cinder.volume.flows.api.create_volume.EntryCreateTask;volume:create' (a99bb82a-aff8-4576-b0b4-58da07478116) transitioned into state 'RUNNING' from state 'PENDING' {{(pid=109589) _task_receiver /usr/local/lib/python3.8/dist-packages/taskflow/listeners/logging.py:190}}
Nov 24 10:07:53.607727 dv-cinder-819082-1-smb devstack@c-api.service[109589]: DEBUG cinder.volume.api [None req-b78c4d63-381b-4eb4-8583-e74d838741fd tempest-VolumeQuotasAdminTestJSON-1732174918 tempest-VolumeQuotasAdminTestJSON-1732174918-project] Task 'cinder.volume.flows.api.create_volume.EntryCreateTask;volume:create' (a99bb82a-aff8-4576-b0b4-58da07478116) transitioned into state 'SUCCESS' from state 'RUNNING' with result '{'volume_id': '1ccb0a38-eec2-4acc-99f5-c4ea60e8bec7', 'volume_properties': VolumeProperties(attach_status='detached',availability_zone='nova',cgsnapshot_id=None,consistencygroup_id=None,display_description=None,display_name='tempest-VolumeQuotasAdminTestJSON-Volume-2112240083',encryption_key_id=None,group_id=None,group_type_id=,metadata={},multiattach=False,project_id='f4ef6d7dbbc549b1ad67270d7c55fec3',qos_specs=None,replication_status=,reservations=['78181566-6551-4904-872e-386e88700198','dbfa79a1-c20e-407c-9fb8-bbcc6dcc0cfc','d072d6fa-388c-4129-8fc6-85a11a5ed6f5','1f111abd-7cec-4e61-ac5a-17508a82f40d'],size=1,snapshot_id=None,source_replicaid=,source_volid=None,status='creating',user_id='7905b4a59cf9437d887daebb10153e59',volume_type_id=3f2e79da-7c00-43da-8eb2-eb42208154d9), 'volume': Volume(_name_id=None,admin_metadata=,attach_status='detached',availability_zone='nova',bootable=False,cluster=,cluster_name=None,consistencygroup=,consistencygroup_id=None,created_at=2021-11-24T10:07:53Z,deleted=False,deleted_at=None,display_description=None,display_name='tempest-VolumeQuotasAdminTestJSON-Volume-2112240083',ec2_id=None,encryption_key_id=None,glance_metadata=,group=,group_id=None,host=None,id=1ccb0a38-eec2-4acc-99f5-c4ea60e8bec7,launched_at=None,metadata={},migration_status=None,multiattach=False,previous_status=None,project_id='f4ef6d7dbbc549b1ad67270d7c55fec3',provider_auth=None,provider_geometry=None,provider_id=None,provider_location=None,replication_driver_data=None,replication_extended_status=None,replication_status=None,scheduled_at=None,service_uuid=None,shared_targets=True,size=1,snapshot_id=None,snapshots=,source_volid=None,status='creating',terminated_at=None,updated_at=None,use_quota=True,user_id='7905b4a59cf9437d887daebb10153e59',volume_attachment=VolumeAttachmentList,volume_type=VolumeType(3f2e79da-7c00-43da-8eb2-eb42208154d9),volume_type_id=3f2e79da-7c00-43da-8eb2-eb42208154d9)}' {{(pid=109589) _task_receiver /usr/local/lib/python3.8/dist-packages/taskflow/listeners/logging.py:178}}
Nov 24 10:07:53.612261 dv-cinder-819082-1-smb devstack@c-api.service[109589]: DEBUG cinder.volume.api [None req-b78c4d63-381b-4eb4-8583-e74d838741fd tempest-VolumeQuotasAdminTestJSON-1732174918 tempest-VolumeQuotasAdminTestJSON-1732174918-project] Task 'cinder.volume.flows.api.create_volume.QuotaCommitTask;volume:create' (47013d16-b6af-4d4f-a769-1542cf7162fd) transitioned into state 'RUNNING' from state 'PENDING' {{(pid=109589) _task_receiver /usr/local/lib/python3.8/dist-packages/taskflow/listeners/logging.py:190}}
Nov 24 10:07:53.692155 dv-cinder-819082-1-smb devstack@c-api.service[109590]: INFO cinder.volume.api [None req-a8751b6a-8606-4a64-be3b-58d9fe512509 tempest-GroupsTest-157847787 tempest-GroupsTest-157847787-project] Get all volumes completed successfully.
Nov 24 10:07:53.694095 dv-cinder-819082-1-smb devstack@c-api.service[109590]: WARNING stevedore.named [None req-a8751b6a-8606-4a64-be3b-58d9fe512509 tempest-GroupsTest-157847787 tempest-GroupsTest-157847787-project] Could not load cinder.keymgr.conf_key_mgr.ConfKeyManager
Nov 24 10:07:53.694818 dv-cinder-819082-1-smb devstack@c-api.service[109590]: WARNING castellan.key_manager [None req-a8751b6a-8606-4a64-be3b-58d9fe512509 tempest-GroupsTest-157847787 tempest-GroupsTest-157847787-project] Deprecation Warning : cinder.keymgr.conf_key_mgr.ConfKeyManager is not a stevedore based driver, trying to load it as a class: stevedore.exception.NoMatches: No 'castellan.drivers' driver found, looking for 'cinder.keymgr.conf_key_mgr.ConfKeyManager'
Nov 24 10:07:53.697980 dv-cinder-819082-1-smb devstack@c-api.service[109589]: DEBUG cinder.volume.api [None req-b78c4d63-381b-4eb4-8583-e74d838741fd tempest-VolumeQuotasAdminTestJSON-1732174918 tempest-VolumeQuotasAdminTestJSON-1732174918-project] Task 'cinder.volume.flows.api.create_volume.QuotaCommitTask;volume:create' (47013d16-b6af-4d4f-a769-1542cf7162fd) transitioned into state 'SUCCESS' from state 'RUNNING' with result '{'volume_properties': VolumeProperties(attach_status='detached',availability_zone='nova',cgsnapshot_id=None,consistencygroup_id=None,display_description=None,display_name='tempest-VolumeQuotasAdminTestJSON-Volume-2112240083',encryption_key_id=None,group_id=None,group_type_id=,metadata={},multiattach=False,project_id='f4ef6d7dbbc549b1ad67270d7c55fec3',qos_specs=None,replication_status=,reservations=['78181566-6551-4904-872e-386e88700198','dbfa79a1-c20e-407c-9fb8-bbcc6dcc0cfc','d072d6fa-388c-4129-8fc6-85a11a5ed6f5','1f111abd-7cec-4e61-ac5a-17508a82f40d'],size=1,snapshot_id=None,source_replicaid=,source_volid=None,status='creating',user_id='7905b4a59cf9437d887daebb10153e59',volume_type_id=3f2e79da-7c00-43da-8eb2-eb42208154d9)}' {{(pid=109589) _task_receiver /usr/local/lib/python3.8/dist-packages/taskflow/listeners/logging.py:178}}
Nov 24 10:07:53.700346 dv-cinder-819082-1-smb devstack@c-api.service[109589]: DEBUG cinder.volume.api [None req-b78c4d63-381b-4eb4-8583-e74d838741fd tempest-VolumeQuotasAdminTestJSON-1732174918 tempest-VolumeQuotasAdminTestJSON-1732174918-project] Task 'cinder.volume.flows.api.create_volume.VolumeCastTask;volume:create' (d21cc4b5-614b-4129-a5a8-229f8d00a0a4) transitioned into state 'RUNNING' from state 'PENDING' {{(pid=109589) _task_receiver /usr/local/lib/python3.8/dist-packages/taskflow/listeners/logging.py:190}}
Nov 24 10:07:53.734110 dv-cinder-819082-1-smb devstack@c-api.service[109590]: DEBUG oslo_db.sqlalchemy.engines [None req-a8751b6a-8606-4a64-be3b-58d9fe512509 tempest-GroupsTest-157847787 tempest-GroupsTest-157847787-project] MySQL server mode set to STRICT_TRANS_TABLES,STRICT_ALL_TABLES,NO_ZERO_IN_DATE,NO_ZERO_DATE,ERROR_FOR_DIVISION_BY_ZERO,TRADITIONAL,NO_ENGINE_SUBSTITUTION {{(pid=109590) _check_effective_sql_mode /usr/local/lib/python3.8/dist-packages/oslo_db/sqlalchemy/engines.py:314}}
Nov 24 10:07:53.750508 dv-cinder-819082-1-smb devstack@c-api.service[109590]: /usr/local/lib/python3.8/dist-packages/oslo_context/context.py:105: DeprecationWarning: Policy enforcement is depending on the value of is_admin. This key is deprecated. Please update your policy file to use the standard policy values.
Nov 24 10:07:53.750508 dv-cinder-819082-1-smb devstack@c-api.service[109590]: warnings.warn('Policy enforcement is depending on the value of '
Nov 24 10:07:53.753418 dv-cinder-819082-1-smb devstack@c-api.service[109589]: DEBUG cinder.volume.api [None req-b78c4d63-381b-4eb4-8583-e74d838741fd tempest-VolumeQuotasAdminTestJSON-1732174918 tempest-VolumeQuotasAdminTestJSON-1732174918-project] Task 'cinder.volume.flows.api.create_volume.VolumeCastTask;volume:create' (d21cc4b5-614b-4129-a5a8-229f8d00a0a4) transitioned into state 'SUCCESS' from state 'RUNNING' with result 'None' {{(pid=109589) _task_receiver /usr/local/lib/python3.8/dist-packages/taskflow/listeners/logging.py:178}}
Nov 24 10:07:53.758522 dv-cinder-819082-1-smb devstack@c-api.service[109589]: DEBUG cinder.volume.api [None req-b78c4d63-381b-4eb4-8583-e74d838741fd tempest-VolumeQuotasAdminTestJSON-1732174918 tempest-VolumeQuotasAdminTestJSON-1732174918-project] Flow 'volume_create_api' (fbca5987-98d5-4836-b154-378ea4b4541e) transitioned into state 'SUCCESS' from state 'RUNNING' {{(pid=109589) _flow_receiver /usr/local/lib/python3.8/dist-packages/taskflow/listeners/logging.py:141}}
Nov 24 10:07:53.759523 dv-cinder-819082-1-smb devstack@c-api.service[109589]: INFO cinder.volume.api [None req-b78c4d63-381b-4eb4-8583-e74d838741fd tempest-VolumeQuotasAdminTestJSON-1732174918 tempest-VolumeQuotasAdminTestJSON-1732174918-project] Create volume request issued successfully.
Nov 24 10:07:53.760740 dv-cinder-819082-1-smb devstack@c-api.service[109589]: INFO cinder.api.openstack.wsgi [None req-b78c4d63-381b-4eb4-8583-e74d838741fd tempest-VolumeQuotasAdminTestJSON-1732174918 tempest-VolumeQuotasAdminTestJSON-1732174918-project] http://10.222.0.57/volume/v3/f4ef6d7dbbc549b1ad67270d7c55fec3/volumes returned with HTTP 202
Nov 24 10:07:53.761782 dv-cinder-819082-1-smb devstack@c-api.service[109589]: [pid: 109589|app: 0|req: 59/121] 10.222.0.57 () {60 vars in 1234 bytes} [Wed Nov 24 10:07:52 2021] POST /volume/v3/f4ef6d7dbbc549b1ad67270d7c55fec3/volumes => generated 825 bytes in 872 msecs (HTTP/1.1 202) 7 headers in 291 bytes (1 switches on core 0)
Nov 24 10:07:53.775425 dv-cinder-819082-1-smb devstack@c-api.service[109589]: INFO cinder.api.openstack.wsgi [None req-e883f066-8f0b-46eb-a5f5-5dc22a80dd25 tempest-VolumeQuotasAdminTestJSON-1732174918 tempest-VolumeQuotasAdminTestJSON-1732174918-project] GET http://10.222.0.57/volume/v3/f4ef6d7dbbc549b1ad67270d7c55fec3/volumes/1ccb0a38-eec2-4acc-99f5-c4ea60e8bec7
Nov 24 10:07:53.775891 dv-cinder-819082-1-smb devstack@c-api.service[109589]: DEBUG cinder.api.openstack.wsgi [None req-e883f066-8f0b-46eb-a5f5-5dc22a80dd25 tempest-VolumeQuotasAdminTestJSON-1732174918 tempest-VolumeQuotasAdminTestJSON-1732174918-project] Empty body provided in request {{(pid=109589) get_body /opt/stack/cinder/cinder/api/openstack/wsgi.py:703}}
Nov 24 10:07:53.776088 dv-cinder-819082-1-smb devstack@c-api.service[109589]: /usr/local/lib/python3.8/dist-packages/webob/acceptparse.py:1047: DeprecationWarning: The behavior of AcceptValidHeader.best_match is currently being maintained for backward compatibility, but it will be deprecated in the future, as it does not conform to the RFC.
Nov 24 10:07:53.776088 dv-cinder-819082-1-smb devstack@c-api.service[109589]: warnings.warn(
Nov 24 10:07:53.776367 dv-cinder-819082-1-smb devstack@c-api.service[109589]: DEBUG cinder.api.openstack.wsgi [None req-e883f066-8f0b-46eb-a5f5-5dc22a80dd25 tempest-VolumeQuotasAdminTestJSON-1732174918 tempest-VolumeQuotasAdminTestJSON-1732174918-project] Calling method 'show' {{(pid=109589) _process_stack /opt/stack/cinder/cinder/api/openstack/wsgi.py:856}}
Nov 24 10:07:53.801780 dv-cinder-819082-1-smb devstack@c-api.service[109590]: INFO cinder.api.openstack.wsgi [None req-a8751b6a-8606-4a64-be3b-58d9fe512509 tempest-GroupsTest-157847787 tempest-GroupsTest-157847787-project] http://10.222.0.57/volume/v3/3249983df3d04098a5637fbf43963f17/volumes/detail returned with HTTP 200
Nov 24 10:07:53.809505 dv-cinder-819082-1-smb devstack@c-api.service[109590]: [pid: 109590|app: 0|req: 63/122] 10.222.0.57 () {60 vars in 1275 bytes} [Wed Nov 24 10:07:53 2021] GET /volume/v3/3249983df3d04098a5637fbf43963f17/volumes/detail => generated 975 bytes in 325 msecs (HTTP/1.1 200) 7 headers in 286 bytes (1 switches on core 0)
Nov 24 10:07:53.812162 dv-cinder-819082-1-smb devstack@c-api.service[109589]: /usr/local/lib/python3.8/dist-packages/oslo_context/context.py:105: DeprecationWarning: Policy enforcement is depending on the value of is_admin. This key is deprecated. Please update your policy file to use the standard policy values.
Nov 24 10:07:53.812162 dv-cinder-819082-1-smb devstack@c-api.service[109589]: warnings.warn('Policy enforcement is depending on the value of '
Nov 24 10:07:53.821871 dv-cinder-819082-1-smb devstack@c-api.service[109590]: INFO cinder.api.openstack.wsgi [None req-c638763c-f5b8-47fa-b295-2f53a1a47c6a tempest-GroupsTest-157847787 tempest-GroupsTest-157847787-project] GET http://10.222.0.57/volume/v3/3249983df3d04098a5637fbf43963f17/volumes/detail
Nov 24 10:07:53.823061 dv-cinder-819082-1-smb devstack@c-api.service[109590]: DEBUG cinder.api.openstack.wsgi [None req-c638763c-f5b8-47fa-b295-2f53a1a47c6a tempest-GroupsTest-157847787 tempest-GroupsTest-157847787-project] Empty body provided in request {{(pid=109590) get_body /opt/stack/cinder/cinder/api/openstack/wsgi.py:703}}
Nov 24 10:07:53.823520 dv-cinder-819082-1-smb devstack@c-api.service[109590]: /usr/local/lib/python3.8/dist-packages/webob/acceptparse.py:1047: DeprecationWarning: The behavior of AcceptValidHeader.best_match is currently being maintained for backward compatibility, but it will be deprecated in the future, as it does not conform to the RFC.
Nov 24 10:07:53.823520 dv-cinder-819082-1-smb devstack@c-api.service[109590]: warnings.warn(
Nov 24 10:07:53.824292 dv-cinder-819082-1-smb devstack@c-api.service[109590]: DEBUG cinder.api.openstack.wsgi [None req-c638763c-f5b8-47fa-b295-2f53a1a47c6a tempest-GroupsTest-157847787 tempest-GroupsTest-157847787-project] Calling method 'detail' {{(pid=109590) _process_stack /opt/stack/cinder/cinder/api/openstack/wsgi.py:856}}
Nov 24 10:07:53.825080 dv-cinder-819082-1-smb devstack@c-api.service[109590]: DEBUG cinder.api.api_utils [None req-c638763c-f5b8-47fa-b295-2f53a1a47c6a tempest-GroupsTest-157847787 tempest-GroupsTest-157847787-project] Removing options '' from query. {{(pid=109590) remove_invalid_filter_options /opt/stack/cinder/cinder/api/api_utils.py:73}}
Nov 24 10:07:53.825704 dv-cinder-819082-1-smb devstack@c-api.service[109589]: INFO cinder.volume.api [None req-e883f066-8f0b-46eb-a5f5-5dc22a80dd25 tempest-VolumeQuotasAdminTestJSON-1732174918 tempest-VolumeQuotasAdminTestJSON-1732174918-project] Volume info retrieved successfully.
Nov 24 10:07:53.827508 dv-cinder-819082-1-smb devstack@c-api.service[109590]: DEBUG cinder.volume.api [None req-c638763c-f5b8-47fa-b295-2f53a1a47c6a tempest-GroupsTest-157847787 tempest-GroupsTest-157847787-project] Searching by: MultiDict([('no_migration_targets', True)]). {{(pid=109590) get_all /opt/stack/cinder/cinder/volume/api.py:619}}
Nov 24 10:07:53.842037 dv-cinder-819082-1-smb devstack@c-api.service[109589]: INFO cinder.api.openstack.wsgi [None req-e883f066-8f0b-46eb-a5f5-5dc22a80dd25 tempest-VolumeQuotasAdminTestJSON-1732174918 tempest-VolumeQuotasAdminTestJSON-1732174918-project] http://10.222.0.57/volume/v3/f4ef6d7dbbc549b1ad67270d7c55fec3/volumes/1ccb0a38-eec2-4acc-99f5-c4ea60e8bec7 returned with HTTP 200
Nov 24 10:07:53.843448 dv-cinder-819082-1-smb devstack@c-api.service[109589]: [pid: 109589|app: 0|req: 60/123] 10.222.0.57 () {58 vars in 1324 bytes} [Wed Nov 24 10:07:53 2021] GET /volume/v3/f4ef6d7dbbc549b1ad67270d7c55fec3/volumes/1ccb0a38-eec2-4acc-99f5-c4ea60e8bec7 => generated 893 bytes in 72 msecs (HTTP/1.1 200) 7 headers in 285 bytes (1 switches on core 0)
