Nov 23 17:52:41.566035 dv-cinder-818994-1-smb devstack@n-api.service[103254]: DEBUG oslo_db.sqlalchemy.engines [None req-4d082b0c-2830-46e8-ad0a-20d17ec17f59 None None] MySQL server mode set to STRICT_TRANS_TABLES,STRICT_ALL_TABLES,NO_ZERO_IN_DATE,NO_ZERO_DATE,ERROR_FOR_DIVISION_BY_ZERO,TRADITIONAL,NO_ENGINE_SUBSTITUTION {{(pid=103254) _check_effective_sql_mode /usr/local/lib/python3.8/dist-packages/oslo_db/sqlalchemy/engines.py:314}}
Nov 23 17:52:41.982212 dv-cinder-818994-1-smb devstack@n-api.service[103255]: WARNING keystonemiddleware.auth_token [None req-982d8790-e3f0-4896-8fb3-72d7e3526a44 None None] AuthToken middleware is set with keystone_authtoken.service_token_roles_required set to False. This is backwards compatible but deprecated behaviour. Please set this to True.
Nov 23 17:52:41.989074 dv-cinder-818994-1-smb devstack@n-api.service[103255]: WARNING keystonemiddleware.auth_token [None req-982d8790-e3f0-4896-8fb3-72d7e3526a44 None None] Configuring www_authenticate_uri to point to the public identity endpoint is required; clients may not be able to authenticate against an admin endpoint
Nov 23 17:52:42.010560 dv-cinder-818994-1-smb devstack@n-api.service[103254]: WARNING keystonemiddleware.auth_token [None req-4d082b0c-2830-46e8-ad0a-20d17ec17f59 None None] AuthToken middleware is set with keystone_authtoken.service_token_roles_required set to False. This is backwards compatible but deprecated behaviour. Please set this to True.
Nov 23 17:52:42.017179 dv-cinder-818994-1-smb devstack@n-api.service[103254]: WARNING keystonemiddleware.auth_token [None req-4d082b0c-2830-46e8-ad0a-20d17ec17f59 None None] Configuring www_authenticate_uri to point to the public identity endpoint is required; clients may not be able to authenticate against an admin endpoint
Nov 23 17:52:42.216127 dv-cinder-818994-1-smb devstack@n-api.service[103255]: WARNING keystonemiddleware.auth_token [None req-982d8790-e3f0-4896-8fb3-72d7e3526a44 None None] AuthToken middleware is set with keystone_authtoken.service_token_roles_required set to False. This is backwards compatible but deprecated behaviour. Please set this to True.
Nov 23 17:52:42.221181 dv-cinder-818994-1-smb devstack@n-api.service[103255]: WARNING keystonemiddleware.auth_token [None req-982d8790-e3f0-4896-8fb3-72d7e3526a44 None None] Configuring www_authenticate_uri to point to the public identity endpoint is required; clients may not be able to authenticate against an admin endpoint
Nov 23 17:52:42.226708 dv-cinder-818994-1-smb devstack@n-api.service[103255]: WSGI app 0 (mountpoint='') ready in 6 seconds on interpreter 0x5585aad689c0 pid: 103255 (default app)
Nov 23 17:52:42.228761 dv-cinder-818994-1-smb devstack@n-api.service[103255]: DEBUG nova.api.openstack.wsgi [None req-982d8790-e3f0-4896-8fb3-72d7e3526a44 None None] Calling method '>' {{(pid=103255) _process_stack /opt/stack/nova/nova/api/openstack/wsgi.py:513}}
Nov 23 17:52:42.229899 dv-cinder-818994-1-smb devstack@n-api.service[103255]: INFO nova.api.openstack.requestlog [None req-982d8790-e3f0-4896-8fb3-72d7e3526a44 None None] 10.222.0.11 "GET /compute/v2.1/" status: 200 len: 388 microversion: 2.1 time: 0.001710
Nov 23 17:52:42.230304 dv-cinder-818994-1-smb devstack@n-api.service[103255]: [pid: 103255|app: 0|req: 1/1] 10.222.0.11 () {50 vars in 788 bytes} [Tue Nov 23 17:52:42 2021] GET /compute/v2.1/ => generated 388 bytes in 3 msecs (HTTP/1.1 200) 9 headers in 357 bytes (1 switches on core 0)
Nov 23 17:52:42.248597 dv-cinder-818994-1-smb devstack@n-api.service[103254]: WARNING keystonemiddleware.auth_token [None req-4d082b0c-2830-46e8-ad0a-20d17ec17f59 None None] AuthToken middleware is set with keystone_authtoken.service_token_roles_required set to False. This is backwards compatible but deprecated behaviour. Please set this to True.
Nov 23 17:52:42.253718 dv-cinder-818994-1-smb devstack@n-api.service[103254]: WARNING keystonemiddleware.auth_token [None req-4d082b0c-2830-46e8-ad0a-20d17ec17f59 None None] Configuring www_authenticate_uri to point to the public identity endpoint is required; clients may not be able to authenticate against an admin endpoint
Nov 23 17:52:42.258981 dv-cinder-818994-1-smb devstack@n-api.service[103254]: WSGI app 0 (mountpoint='') ready in 6 seconds on interpreter 0x5585aad689c0 pid: 103254 (default app)
Nov 23 17:54:05.237173 dv-cinder-818994-1-smb devstack@n-api.service[103255]: DEBUG nova.api.openstack.wsgi [None req-982d8790-e3f0-4896-8fb3-72d7e3526a44 None None] Calling method '>' {{(pid=103255) _process_stack /opt/stack/nova/nova/api/openstack/wsgi.py:513}}
Nov 23 17:54:05.238162 dv-cinder-818994-1-smb devstack@n-api.service[103255]: INFO nova.api.openstack.requestlog [None req-982d8790-e3f0-4896-8fb3-72d7e3526a44 None None] 10.222.0.11 "GET /compute/v2.1" status: 200 len: 388 microversion: 2.1 time: 0.001426
Nov 23 17:54:05.238585 dv-cinder-818994-1-smb devstack@n-api.service[103255]: [pid: 103255|app: 0|req: 2/2] 10.222.0.11 () {54 vars in 930 bytes} [Tue Nov 23 17:54:05 2021] GET /compute/v2.1 => generated 388 bytes in 2 msecs (HTTP/1.1 200) 9 headers in 357 bytes (1 switches on core 0)
Nov 23 17:54:05.780839 dv-cinder-818994-1-smb devstack@n-api.service[103254]: DEBUG nova.api.openstack.wsgi [None req-b9ac6ecd-2183-4c06-bc1c-2c6feb6dd152 admin admin] Calling method '>' {{(pid=103254) _process_stack /opt/stack/nova/nova/api/openstack/wsgi.py:513}}
Nov 23 17:54:05.809760 dv-cinder-818994-1-smb devstack@n-api.service[103254]: INFO nova.api.openstack.requestlog [None req-b9ac6ecd-2183-4c06-bc1c-2c6feb6dd152 admin admin] 10.222.0.11 "GET /compute/v2.1/flavors/detail?is_public=True" status: 200 len: 15 microversion: 2.61 time: 0.564008
Nov 23 17:54:05.810576 dv-cinder-818994-1-smb devstack@n-api.service[103254]: [pid: 103254|app: 0|req: 1/3] 10.222.0.11 () {60 vars in 1291 bytes} [Tue Nov 23 17:54:05 2021] GET /compute/v2.1/flavors/detail?is_public=True => generated 15 bytes in 566 msecs (HTTP/1.1 200) 9 headers in 358 bytes (1 switches on core 0)
Nov 23 17:54:08.110036 dv-cinder-818994-1-smb devstack@n-api.service[103255]: DEBUG nova.api.openstack.wsgi [None req-982d8790-e3f0-4896-8fb3-72d7e3526a44 None None] Calling method '>' {{(pid=103255) _process_stack /opt/stack/nova/nova/api/openstack/wsgi.py:513}}
Nov 23 17:54:08.111342 dv-cinder-818994-1-smb devstack@n-api.service[103255]: INFO nova.api.openstack.requestlog [None req-982d8790-e3f0-4896-8fb3-72d7e3526a44 None None] 10.222.0.11 "GET /compute/v2.1" status: 200 len: 388 microversion: 2.1 time: 0.001712
Nov 23 17:54:08.111749 dv-cinder-818994-1-smb devstack@n-api.service[103255]: [pid: 103255|app: 0|req: 3/4] 10.222.0.11 () {54 vars in 930 bytes} [Tue Nov 23 17:54:08 2021] GET /compute/v2.1 => generated 388 bytes in 3 msecs (HTTP/1.1 200) 9 headers in 357 bytes (1 switches on core 0)
Nov 23 17:54:08.171998 dv-cinder-818994-1-smb devstack@n-api.service[103254]: DEBUG nova.api.openstack.wsgi [None req-ca5474db-8e7c-40dc-8ab4-d485623d4aed admin admin] Action: 'create', calling method: >, body: {"flavor": {"os-flavor-access:is_public": true, "swap": 0, "rxtx_factor": 1.0, "name": "cirros256", "disk": 1, "id": "c1", "ram": 256, "OS-FLV-EXT-DATA:ephemeral": 0, "vcpus": 1}} {{(pid=103254) _process_stack /opt/stack/nova/nova/api/openstack/wsgi.py:511}}
Nov 23 17:54:08.190393 dv-cinder-818994-1-smb devstack@n-api.service[103254]: /usr/local/lib/python3.8/dist-packages/oslo_policy/policy.py:1075: UserWarning: Policy os_compute_api:os-flavor-manage:create failed scope check. The token used to make the request was project scoped but the policy requires ['system'] scope. This behavior may change in the future where using the intended scope is required
Nov 23 17:54:08.190393 dv-cinder-818994-1-smb devstack@n-api.service[103254]: warnings.warn(msg)
Nov 23 17:54:08.266315 dv-cinder-818994-1-smb devstack@n-api.service[103254]: INFO nova.api.openstack.requestlog [None req-ca5474db-8e7c-40dc-8ab4-d485623d4aed admin admin] 10.222.0.11 "POST /compute/v2.1/flavors" status: 200 len: 407 microversion: 2.61 time: 0.148176
Nov 23 17:54:08.267164 dv-cinder-818994-1-smb devstack@n-api.service[103254]: [pid: 103254|app: 0|req: 2/5] 10.222.0.11 () {64 vars in 1282 bytes} [Tue Nov 23 17:54:08 2021] POST /compute/v2.1/flavors => generated 407 bytes in 150 msecs (HTTP/1.1 200) 9 headers in 359 bytes (1 switches on core 0)
Nov 23 17:54:08.612857 dv-cinder-818994-1-smb devstack@n-api.service[103255]: DEBUG nova.api.openstack.wsgi [None req-b5dbe5d5-5e0c-4c6b-8ae2-c4e3ad304420 admin admin] Action: 'create', calling method: >, body: {"extra_specs": {"hw_rng:allowed": "True"}} {{(pid=103255) _process_stack /opt/stack/nova/nova/api/openstack/wsgi.py:511}}
Nov 23 17:54:08.615191 dv-cinder-818994-1-smb devstack@n-api.service[103255]: /usr/local/lib/python3.8/dist-packages/oslo_policy/policy.py:1075: UserWarning: Policy os_compute_api:os-flavor-extra-specs:create failed scope check. The token used to make the request was project scoped but the policy requires ['system'] scope. This behavior may change in the future where using the intended scope is required
Nov 23 17:54:08.615191 dv-cinder-818994-1-smb devstack@n-api.service[103255]: warnings.warn(msg)
Nov 23 17:54:08.731544 dv-cinder-818994-1-smb devstack@n-api.service[103255]: INFO nova.api.openstack.requestlog [None req-b5dbe5d5-5e0c-4c6b-8ae2-c4e3ad304420 admin admin] 10.222.0.11 "POST /compute/v2.1/flavors/c1/os-extra_specs" status: 200 len: 43 microversion: 2.61 time: 0.454527
Nov 23 17:54:08.732404 dv-cinder-818994-1-smb devstack@n-api.service[103255]: [pid: 103255|app: 0|req: 4/6] 10.222.0.11 () {64 vars in 1335 bytes} [Tue Nov 23 17:54:08 2021] POST /compute/v2.1/flavors/c1/os-extra_specs => generated 43 bytes in 457 msecs (HTTP/1.1 200) 9 headers in 358 bytes (2 switches on core 0)
Nov 23 17:54:11.050069 dv-cinder-818994-1-smb devstack@n-api.service[103254]: DEBUG nova.api.openstack.wsgi [None req-ca5474db-8e7c-40dc-8ab4-d485623d4aed admin admin] Calling method '>' {{(pid=103254) _process_stack /opt/stack/nova/nova/api/openstack/wsgi.py:513}}
Nov 23 17:54:11.051181 dv-cinder-818994-1-smb devstack@n-api.service[103254]: INFO nova.api.openstack.requestlog [None req-ca5474db-8e7c-40dc-8ab4-d485623d4aed admin admin] 10.222.0.11 "GET /compute/v2.1" status: 200 len: 388 microversion: 2.1 time: 0.001566
Nov 23 17:54:11.051581 dv-cinder-818994-1-smb devstack@n-api.service[103254]: [pid: 103254|app: 0|req: 3/7] 10.222.0.11 () {54 vars in 930 bytes} [Tue Nov 23 17:54:11 2021] GET /compute/v2.1 => generated 388 bytes in 2 msecs (HTTP/1.1 200) 9 headers in 357 bytes (1 switches on core 0)
Nov 23 17:54:11.159620 dv-cinder-818994-1-smb devstack@n-api.service[103255]: DEBUG nova.api.openstack.wsgi [None req-9c85047b-a94b-4be6-8b84-6ab74c583f88 admin admin] Action: 'create', calling method: >, body: {"flavor": {"ram": 512, "disk": 5, "rxtx_factor": 1.0, "os-flavor-access:is_public": true, "OS-FLV-EXT-DATA:ephemeral": 0, "vcpus": 1, "swap": 0, "name": "ds512M", "id": "d1"}} {{(pid=103255) _process_stack /opt/stack/nova/nova/api/openstack/wsgi.py:511}}
Nov 23 17:54:11.177047 dv-cinder-818994-1-smb devstack@n-api.service[103255]: /usr/local/lib/python3.8/dist-packages/oslo_policy/policy.py:1075: UserWarning: Policy os_compute_api:os-flavor-manage:create failed scope check. The token used to make the request was project scoped but the policy requires ['system'] scope. This behavior may change in the future where using the intended scope is required
Nov 23 17:54:11.177047 dv-cinder-818994-1-smb devstack@n-api.service[103255]: warnings.warn(msg)
Nov 23 17:54:11.285776 dv-cinder-818994-1-smb devstack@n-api.service[103255]: INFO nova.api.openstack.requestlog [None req-9c85047b-a94b-4be6-8b84-6ab74c583f88 admin admin] 10.222.0.11 "POST /compute/v2.1/flavors" status: 200 len: 404 microversion: 2.61 time: 0.227746
Nov 23 17:54:11.286759 dv-cinder-818994-1-smb devstack@n-api.service[103255]: [pid: 103255|app: 0|req: 5/8] 10.222.0.11 () {64 vars in 1282 bytes} [Tue Nov 23 17:54:11 2021] POST /compute/v2.1/flavors => generated 404 bytes in 229 msecs (HTTP/1.1 200) 9 headers in 359 bytes (2 switches on core 0)
Nov 23 17:54:11.299305 dv-cinder-818994-1-smb devstack@n-api.service[103254]: DEBUG nova.api.openstack.wsgi [None req-dfbd62c5-b761-4237-bfb9-1179c26f5f12 admin admin] Action: 'create', calling method: >, body: {"extra_specs": {"hw_rng:allowed": "True"}} {{(pid=103254) _process_stack /opt/stack/nova/nova/api/openstack/wsgi.py:511}}
Nov 23 17:54:11.301104 dv-cinder-818994-1-smb devstack@n-api.service[103254]: /usr/local/lib/python3.8/dist-packages/oslo_policy/policy.py:1075: UserWarning: Policy os_compute_api:os-flavor-extra-specs:create failed scope check. The token used to make the request was project scoped but the policy requires ['system'] scope. This behavior may change in the future where using the intended scope is required
Nov 23 17:54:11.301104 dv-cinder-818994-1-smb devstack@n-api.service[103254]: warnings.warn(msg)
Nov 23 17:54:11.432544 dv-cinder-818994-1-smb devstack@n-api.service[103254]: INFO nova.api.openstack.requestlog [None req-dfbd62c5-b761-4237-bfb9-1179c26f5f12 admin admin] 10.222.0.11 "POST /compute/v2.1/flavors/d1/os-extra_specs" status: 200 len: 43 microversion: 2.61 time: 0.137323
Nov 23 17:54:11.438830 dv-cinder-818994-1-smb devstack@n-api.service[103254]: [pid: 103254|app: 0|req: 4/9] 10.222.0.11 () {64 vars in 1335 bytes} [Tue Nov 23 17:54:11 2021] POST /compute/v2.1/flavors/d1/os-extra_specs => generated 43 bytes in 139 msecs (HTTP/1.1 200) 9 headers in 358 bytes (1 switches on core 0)
Nov 23 17:54:13.764403 dv-cinder-818994-1-smb devstack@n-api.service[103255]: DEBUG nova.api.openstack.wsgi [None req-9c85047b-a94b-4be6-8b84-6ab74c583f88 admin admin] Calling method '>' {{(pid=103255) _process_stack /opt/stack/nova/nova/api/openstack/wsgi.py:513}}
Nov 23 17:54:13.765440 dv-cinder-818994-1-smb devstack@n-api.service[103255]: INFO nova.api.openstack.requestlog [None req-9c85047b-a94b-4be6-8b84-6ab74c583f88 admin admin] 10.222.0.11 "GET /compute/v2.1" status: 200 len: 388 microversion: 2.1 time: 0.002595
Nov 23 17:54:13.765992 dv-cinder-818994-1-smb devstack@n-api.service[103255]: [pid: 103255|app: 0|req: 6/10] 10.222.0.11 () {54 vars in 930 bytes} [Tue Nov 23 17:54:13 2021] GET /compute/v2.1 => generated 388 bytes in 3 msecs (HTTP/1.1 200) 9 headers in 357 bytes (1 switches on core 0)
Nov 23 17:54:13.827225 dv-cinder-818994-1-smb devstack@n-api.service[103254]: DEBUG nova.api.openstack.wsgi [None req-9025a6c8-3ffb-4810-9c0b-6c3db06a9933 admin admin] Action: 'create', calling method: >, body: {"flavor": {"disk": 10, "swap": 0, "name": "ds1G", "vcpus": 1, "os-flavor-access:is_public": true, "id": "d2", "ram": 1024, "rxtx_factor": 1.0, "OS-FLV-EXT-DATA:ephemeral": 0}} {{(pid=103254) _process_stack /opt/stack/nova/nova/api/openstack/wsgi.py:511}}
Nov 23 17:54:13.936122 dv-cinder-818994-1-smb devstack@n-api.service[103254]: INFO nova.api.openstack.requestlog [None req-9025a6c8-3ffb-4810-9c0b-6c3db06a9933 admin admin] 10.222.0.11 "POST /compute/v2.1/flavors" status: 200 len: 404 microversion: 2.61 time: 0.163920
Nov 23 17:54:13.937171 dv-cinder-818994-1-smb devstack@n-api.service[103254]: [pid: 103254|app: 0|req: 5/11] 10.222.0.11 () {64 vars in 1282 bytes} [Tue Nov 23 17:54:13 2021] POST /compute/v2.1/flavors => generated 404 bytes in 165 msecs (HTTP/1.1 200) 9 headers in 359 bytes (2 switches on core 0)
Nov 23 17:54:13.949664 dv-cinder-818994-1-smb devstack@n-api.service[103255]: DEBUG nova.api.openstack.wsgi [None req-ddb75a6d-bf80-4af1-a4e4-57f960f74a2d admin admin] Action: 'create', calling method: >, body: {"extra_specs": {"hw_rng:allowed": "True"}} {{(pid=103255) _process_stack /opt/stack/nova/nova/api/openstack/wsgi.py:511}}
Nov 23 17:54:14.029637 dv-cinder-818994-1-smb devstack@n-api.service[103255]: INFO nova.api.openstack.requestlog [None req-ddb75a6d-bf80-4af1-a4e4-57f960f74a2d admin admin] 10.222.0.11 "POST /compute/v2.1/flavors/d2/os-extra_specs" status: 200 len: 43 microversion: 2.61 time: 0.084177
Nov 23 17:54:14.030174 dv-cinder-818994-1-smb devstack@n-api.service[103255]: [pid: 103255|app: 0|req: 7/12] 10.222.0.11 () {64 vars in 1335 bytes} [Tue Nov 23 17:54:13 2021] POST /compute/v2.1/flavors/d2/os-extra_specs => generated 43 bytes in 85 msecs (HTTP/1.1 200) 9 headers in 358 bytes (1 switches on core 0)
Nov 23 17:54:16.339057 dv-cinder-818994-1-smb devstack@n-api.service[103254]: DEBUG nova.api.openstack.wsgi [None req-9025a6c8-3ffb-4810-9c0b-6c3db06a9933 admin admin] Calling method '>' {{(pid=103254) _process_stack /opt/stack/nova/nova/api/openstack/wsgi.py:513}}
Nov 23 17:54:16.340069 dv-cinder-818994-1-smb devstack@n-api.service[103254]: INFO nova.api.openstack.requestlog [None req-9025a6c8-3ffb-4810-9c0b-6c3db06a9933 admin admin] 10.222.0.11 "GET /compute/v2.1" status: 200 len: 388 microversion: 2.1 time: 0.001497
Nov 23 17:54:16.340489 dv-cinder-818994-1-smb devstack@n-api.service[103254]: [pid: 103254|app: 0|req: 6/13] 10.222.0.11 () {54 vars in 930 bytes} [Tue Nov 23 17:54:16 2021] GET /compute/v2.1 => generated 388 bytes in 2 msecs (HTTP/1.1 200) 9 headers in 357 bytes (1 switches on core 0)
Nov 23 17:54:16.403535 dv-cinder-818994-1-smb devstack@n-api.service[103255]: DEBUG nova.api.openstack.wsgi [None req-0fa94a1d-d3e1-420f-ad2b-fd85a334f048 admin admin] Action: 'create', calling method: >, body: {"flavor": {"ram": 2048, "disk": 10, "swap": 0, "name": "ds2G", "id": "d3", "rxtx_factor": 1.0, "os-flavor-access:is_public": true, "OS-FLV-EXT-DATA:ephemeral": 0, "vcpus": 2}} {{(pid=103255) _process_stack /opt/stack/nova/nova/api/openstack/wsgi.py:511}}
Nov 23 17:54:16.518024 dv-cinder-818994-1-smb devstack@n-api.service[103255]: INFO nova.api.openstack.requestlog [None req-0fa94a1d-d3e1-420f-ad2b-fd85a334f048 admin admin] 10.222.0.11 "POST /compute/v2.1/flavors" status: 200 len: 404 microversion: 2.61 time: 0.171430
Nov 23 17:54:16.518713 dv-cinder-818994-1-smb devstack@n-api.service[103255]: [pid: 103255|app: 0|req: 8/14] 10.222.0.11 () {64 vars in 1282 bytes} [Tue Nov 23 17:54:16 2021] POST /compute/v2.1/flavors => generated 404 bytes in 173 msecs (HTTP/1.1 200) 9 headers in 359 bytes (1 switches on core 0)
Nov 23 17:54:16.531696 dv-cinder-818994-1-smb devstack@n-api.service[103254]: DEBUG nova.api.openstack.wsgi [None req-e0d94602-17d2-4c49-bd37-791e4d712f70 admin admin] Action: 'create', calling method: >, body: {"extra_specs": {"hw_rng:allowed": "True"}} {{(pid=103254) _process_stack /opt/stack/nova/nova/api/openstack/wsgi.py:511}}
Nov 23 17:54:16.642284 dv-cinder-818994-1-smb devstack@n-api.service[103254]: INFO nova.api.openstack.requestlog [None req-e0d94602-17d2-4c49-bd37-791e4d712f70 admin admin] 10.222.0.11 "POST /compute/v2.1/flavors/d3/os-extra_specs" status: 200 len: 43 microversion: 2.61 time: 0.114431
Nov 23 17:54:16.646664 dv-cinder-818994-1-smb devstack@n-api.service[103254]: [pid: 103254|app: 0|req: 7/15] 10.222.0.11 () {64 vars in 1335 bytes} [Tue Nov 23 17:54:16 2021] POST /compute/v2.1/flavors/d3/os-extra_specs => generated 43 bytes in 119 msecs (HTTP/1.1 200) 9 headers in 358 bytes (1 switches on core 0)
Nov 23 17:54:18.959134 dv-cinder-818994-1-smb devstack@n-api.service[103255]: DEBUG nova.api.openstack.wsgi [None req-0fa94a1d-d3e1-420f-ad2b-fd85a334f048 admin admin] Calling method '>' {{(pid=103255) _process_stack /opt/stack/nova/nova/api/openstack/wsgi.py:513}}
Nov 23 17:54:18.959134 dv-cinder-818994-1-smb devstack@n-api.service[103255]: INFO nova.api.openstack.requestlog [None req-0fa94a1d-d3e1-420f-ad2b-fd85a334f048 admin admin] 10.222.0.11 "GET /compute/v2.1" status: 200 len: 388 microversion: 2.1 time: 0.001924
Nov 23 17:54:18.960656 dv-cinder-818994-1-smb devstack@n-api.service[103255]: [pid: 103255|app: 0|req: 9/16] 10.222.0.11 () {54 vars in 930 bytes} [Tue Nov 23 17:54:18 2021] GET /compute/v2.1 => generated 388 bytes in 4 msecs (HTTP/1.1 200) 9 headers in 357 bytes (1 switches on core 0)
Nov 23 17:54:19.019793 dv-cinder-818994-1-smb devstack@n-api.service[103254]: DEBUG nova.api.openstack.wsgi [None req-2fad6bca-ac4f-4561-9d06-d10bc8396899 admin admin] Action: 'create', calling method: >, body: {"flavor": {"id": "d4", "rxtx_factor": 1.0, "OS-FLV-EXT-DATA:ephemeral": 0, "ram": 4096, "name": "ds4G", "disk": 20, "os-flavor-access:is_public": true, "vcpus": 4, "swap": 0}} {{(pid=103254) _process_stack /opt/stack/nova/nova/api/openstack/wsgi.py:511}}
Nov 23 17:54:19.071308 dv-cinder-818994-1-smb devstack@n-api.service[103254]: INFO nova.api.openstack.requestlog [None req-2fad6bca-ac4f-4561-9d06-d10bc8396899 admin admin] 10.222.0.11 "POST /compute/v2.1/flavors" status: 200 len: 404 microversion: 2.61 time: 0.104222
Nov 23 17:54:19.071886 dv-cinder-818994-1-smb devstack@n-api.service[103254]: [pid: 103254|app: 0|req: 8/17] 10.222.0.11 () {64 vars in 1282 bytes} [Tue Nov 23 17:54:18 2021] POST /compute/v2.1/flavors => generated 404 bytes in 105 msecs (HTTP/1.1 200) 9 headers in 359 bytes (1 switches on core 0)
Nov 23 17:54:19.084336 dv-cinder-818994-1-smb devstack@n-api.service[103255]: DEBUG nova.api.openstack.wsgi [None req-ddd1d2b9-53f2-4b41-b33b-6646bc4799b7 admin admin] Action: 'create', calling method: >, body: {"extra_specs": {"hw_rng:allowed": "True"}} {{(pid=103255) _process_stack /opt/stack/nova/nova/api/openstack/wsgi.py:511}}
Nov 23 17:54:19.151523 dv-cinder-818994-1-smb devstack@n-api.service[103255]: INFO nova.api.openstack.requestlog [None req-ddd1d2b9-53f2-4b41-b33b-6646bc4799b7 admin admin] 10.222.0.11 "POST /compute/v2.1/flavors/d4/os-extra_specs" status: 200 len: 43 microversion: 2.61 time: 0.070921
Nov 23 17:54:19.152488 dv-cinder-818994-1-smb devstack@n-api.service[103255]: [pid: 103255|app: 0|req: 10/18] 10.222.0.11 () {64 vars in 1335 bytes} [Tue Nov 23 17:54:19 2021] POST /compute/v2.1/flavors/d4/os-extra_specs => generated 43 bytes in 72 msecs (HTTP/1.1 200) 9 headers in 358 bytes (1 switches on core 0)
Nov 23 17:54:21.645525 dv-cinder-818994-1-smb devstack@n-api.service[103254]: DEBUG nova.api.openstack.wsgi [None req-2fad6bca-ac4f-4561-9d06-d10bc8396899 admin admin] Calling method '>' {{(pid=103254) _process_stack /opt/stack/nova/nova/api/openstack/wsgi.py:513}}
Nov 23 17:54:21.646869 dv-cinder-818994-1-smb devstack@n-api.service[103254]: INFO nova.api.openstack.requestlog [None req-2fad6bca-ac4f-4561-9d06-d10bc8396899 admin admin] 10.222.0.11 "GET /compute/v2.1" status: 200 len: 388 microversion: 2.1 time: 0.001976
Nov 23 17:54:21.647419 dv-cinder-818994-1-smb devstack@n-api.service[103254]: [pid: 103254|app: 0|req: 9/19] 10.222.0.11 () {54 vars in 930 bytes} [Tue Nov 23 17:54:21 2021] GET /compute/v2.1 => generated 388 bytes in 3 msecs (HTTP/1.1 200) 9 headers in 357 bytes (1 switches on core 0)
Nov 23 17:54:21.708741 dv-cinder-818994-1-smb devstack@n-api.service[103255]: DEBUG nova.api.openstack.wsgi [None req-8c090148-30a4-44cc-9f30-b8106e32f165 admin admin] Calling method '>' {{(pid=103255) _process_stack /opt/stack/nova/nova/api/openstack/wsgi.py:513}}
Nov 23 17:54:21.733709 dv-cinder-818994-1-smb devstack@n-api.service[103255]: INFO nova.api.openstack.requestlog [None req-8c090148-30a4-44cc-9f30-b8106e32f165 admin admin] 10.222.0.11 "GET /compute/v2.1/flavors/detail?is_public=True" status: 200 len: 2106 microversion: 2.61 time: 0.078387
Nov 23 17:54:21.734269 dv-cinder-818994-1-smb devstack@n-api.service[103255]: [pid: 103255|app: 0|req: 11/20] 10.222.0.11 () {60 vars in 1291 bytes} [Tue Nov 23 17:54:21 2021] GET /compute/v2.1/flavors/detail?is_public=True => generated 2106 bytes in 80 msecs (HTTP/1.1 200) 9 headers in 360 bytes (2 switches on core 0)
Nov 23 17:54:24.085125 dv-cinder-818994-1-smb devstack@n-api.service[103254]: DEBUG nova.api.openstack.wsgi [None req-2fad6bca-ac4f-4561-9d06-d10bc8396899 admin admin] Calling method '>' {{(pid=103254) _process_stack /opt/stack/nova/nova/api/openstack/wsgi.py:513}}
Nov 23 17:54:24.086284 dv-cinder-818994-1-smb devstack@n-api.service[103254]: INFO nova.api.openstack.requestlog [None req-2fad6bca-ac4f-4561-9d06-d10bc8396899 admin admin] 10.222.0.11 "GET /compute/v2.1" status: 200 len: 388 microversion: 2.1 time: 0.001608
Nov 23 17:54:24.086759 dv-cinder-818994-1-smb devstack@n-api.service[103254]: [pid: 103254|app: 0|req: 10/21] 10.222.0.11 () {54 vars in 930 bytes} [Tue Nov 23 17:54:24 2021] GET /compute/v2.1 => generated 388 bytes in 3 msecs (HTTP/1.1 200) 9 headers in 357 bytes (1 switches on core 0)
Nov 23 17:54:24.147790 dv-cinder-818994-1-smb devstack@n-api.service[103255]: DEBUG nova.api.openstack.wsgi [None req-0cc3a132-d888-4ccb-850b-0f73d49f7dda admin admin] Action: 'create', calling method: >, body: {"flavor": {"name": "m1.tiny", "swap": 0, "id": "1", "OS-FLV-EXT-DATA:ephemeral": 0, "vcpus": 1, "rxtx_factor": 1.0, "os-flavor-access:is_public": true, "ram": 512, "disk": 1}} {{(pid=103255) _process_stack /opt/stack/nova/nova/api/openstack/wsgi.py:511}}
Nov 23 17:54:24.235501 dv-cinder-818994-1-smb devstack@n-api.service[103255]: INFO nova.api.openstack.requestlog [None req-0cc3a132-d888-4ccb-850b-0f73d49f7dda admin admin] 10.222.0.11 "POST /compute/v2.1/flavors" status: 200 len: 402 microversion: 2.61 time: 0.141370
Nov 23 17:54:24.236080 dv-cinder-818994-1-smb devstack@n-api.service[103255]: [pid: 103255|app: 0|req: 12/22] 10.222.0.11 () {64 vars in 1282 bytes} [Tue Nov 23 17:54:24 2021] POST /compute/v2.1/flavors => generated 402 bytes in 143 msecs (HTTP/1.1 200) 9 headers in 359 bytes (1 switches on core 0)
Nov 23 17:54:24.250450 dv-cinder-818994-1-smb devstack@n-api.service[103254]: DEBUG nova.api.openstack.wsgi [None req-067c8689-1fab-423a-9353-fd41e5f0e305 admin admin] Action: 'create', calling method: >, body: {"extra_specs": {"hw_rng:allowed": "True"}} {{(pid=103254) _process_stack /opt/stack/nova/nova/api/openstack/wsgi.py:511}}
Nov 23 17:54:24.311404 dv-cinder-818994-1-smb devstack@n-api.service[103254]: INFO nova.api.openstack.requestlog [None req-067c8689-1fab-423a-9353-fd41e5f0e305 admin admin] 10.222.0.11 "POST /compute/v2.1/flavors/1/os-extra_specs" status: 200 len: 43 microversion: 2.61 time: 0.064577
Nov 23 17:54:24.312331 dv-cinder-818994-1-smb devstack@n-api.service[103254]: [pid: 103254|app: 0|req: 11/23] 10.222.0.11 () {64 vars in 1332 bytes} [Tue Nov 23 17:54:24 2021] POST /compute/v2.1/flavors/1/os-extra_specs => generated 43 bytes in 66 msecs (HTTP/1.1 200) 9 headers in 358 bytes (1 switches on core 0)
Nov 23 17:54:27.030039 dv-cinder-818994-1-smb devstack@n-api.service[103255]: DEBUG nova.api.openstack.wsgi [None req-0cc3a132-d888-4ccb-850b-0f73d49f7dda admin admin] Calling method '>' {{(pid=103255) _process_stack /opt/stack/nova/nova/api/openstack/wsgi.py:513}}
Nov 23 17:54:27.035351 dv-cinder-818994-1-smb devstack@n-api.service[103255]: INFO nova.api.openstack.requestlog [None req-0cc3a132-d888-4ccb-850b-0f73d49f7dda admin admin] 10.222.0.11 "GET /compute/v2.1" status: 200 len: 388 microversion: 2.1 time: 0.001477
Nov 23 17:54:27.035351 dv-cinder-818994-1-smb devstack@n-api.service[103255]: [pid: 103255|app: 0|req: 13/24] 10.222.0.11 () {54 vars in 930 bytes} [Tue Nov 23 17:54:27 2021] GET /compute/v2.1 => generated 388 bytes in 3 msecs (HTTP/1.1 200) 9 headers in 357 bytes (1 switches on core 0)
Nov 23 17:54:27.090482 dv-cinder-818994-1-smb devstack@n-api.service[103254]: DEBUG nova.api.openstack.wsgi [None req-9bfee998-0f5e-416b-bd62-3f51d09b91ab admin admin] Action: 'create', calling method: >, body: {"flavor": {"swap": 0, "vcpus": 1, "OS-FLV-EXT-DATA:ephemeral": 0, "name": "m1.small", "os-flavor-access:is_public": true, "id": "2", "disk": 20, "rxtx_factor": 1.0, "ram": 2048}} {{(pid=103254) _process_stack /opt/stack/nova/nova/api/openstack/wsgi.py:511}}
Nov 23 17:54:27.231960 dv-cinder-818994-1-smb devstack@n-api.service[103254]: INFO nova.api.openstack.requestlog [None req-9bfee998-0f5e-416b-bd62-3f51d09b91ab admin admin] 10.222.0.11 "POST /compute/v2.1/flavors" status: 200 len: 405 microversion: 2.61 time: 0.194126
Nov 23 17:54:27.232442 dv-cinder-818994-1-smb devstack@n-api.service[103254]: [pid: 103254|app: 0|req: 12/25] 10.222.0.11 () {64 vars in 1282 bytes} [Tue Nov 23 17:54:27 2021] POST /compute/v2.1/flavors => generated 405 bytes in 195 msecs (HTTP/1.1 200) 9 headers in 359 bytes (1 switches on core 0)
Nov 23 17:54:27.245362 dv-cinder-818994-1-smb devstack@n-api.service[103255]: DEBUG nova.api.openstack.wsgi [None req-edb0f630-82e7-4d27-8ea6-192de2f2bd74 admin admin] Action: 'create', calling method: >, body: {"extra_specs": {"hw_rng:allowed": "True"}} {{(pid=103255) _process_stack /opt/stack/nova/nova/api/openstack/wsgi.py:511}}
Nov 23 17:54:27.344412 dv-cinder-818994-1-smb devstack@n-api.service[103255]: INFO nova.api.openstack.requestlog [None req-edb0f630-82e7-4d27-8ea6-192de2f2bd74 admin admin] 10.222.0.11 "POST /compute/v2.1/flavors/2/os-extra_specs" status: 200 len: 43 microversion: 2.61 time: 0.103274
Nov 23 17:54:27.344998 dv-cinder-818994-1-smb devstack@n-api.service[103255]: [pid: 103255|app: 0|req: 14/26] 10.222.0.11 () {64 vars in 1332 bytes} [Tue Nov 23 17:54:27 2021] POST /compute/v2.1/flavors/2/os-extra_specs => generated 43 bytes in 104 msecs (HTTP/1.1 200) 9 headers in 358 bytes (2 switches on core 0)
Nov 23 17:54:29.673535 dv-cinder-818994-1-smb devstack@n-api.service[103254]: DEBUG nova.api.openstack.wsgi [None req-9bfee998-0f5e-416b-bd62-3f51d09b91ab admin admin] Calling method '>' {{(pid=103254) _process_stack /opt/stack/nova/nova/api/openstack/wsgi.py:513}}
Nov 23 17:54:29.674589 dv-cinder-818994-1-smb devstack@n-api.service[103254]: INFO nova.api.openstack.requestlog [None req-9bfee998-0f5e-416b-bd62-3f51d09b91ab admin admin] 10.222.0.11 "GET /compute/v2.1" status: 200 len: 388 microversion: 2.1 time: 0.001554
Nov 23 17:54:29.675002 dv-cinder-818994-1-smb devstack@n-api.service[103254]: [pid: 103254|app: 0|req: 13/27] 10.222.0.11 () {54 vars in 930 bytes} [Tue Nov 23 17:54:29 2021] GET /compute/v2.1 => generated 388 bytes in 2 msecs (HTTP/1.1 200) 9 headers in 357 bytes (1 switches on core 0)
Nov 23 17:54:29.733056 dv-cinder-818994-1-smb devstack@n-api.service[103255]: DEBUG nova.api.openstack.wsgi [None req-2abc4a10-df47-4bf3-bb8c-c5e0f6b24d5c admin admin] Action: 'create', calling method: >, body: {"flavor": {"OS-FLV-EXT-DATA:ephemeral": 0, "rxtx_factor": 1.0, "name": "m1.medium", "id": "3", "swap": 0, "ram": 4096, "vcpus": 2, "disk": 40, "os-flavor-access:is_public": true}} {{(pid=103255) _process_stack /opt/stack/nova/nova/api/openstack/wsgi.py:511}}
Nov 23 17:54:29.826271 dv-cinder-818994-1-smb devstack@n-api.service[103255]: INFO nova.api.openstack.requestlog [None req-2abc4a10-df47-4bf3-bb8c-c5e0f6b24d5c admin admin] 10.222.0.11 "POST /compute/v2.1/flavors" status: 200 len: 406 microversion: 2.61 time: 0.144226
Nov 23 17:54:29.826850 dv-cinder-818994-1-smb devstack@n-api.service[103255]: [pid: 103255|app: 0|req: 15/28] 10.222.0.11 () {64 vars in 1282 bytes} [Tue Nov 23 17:54:29 2021] POST /compute/v2.1/flavors => generated 406 bytes in 146 msecs (HTTP/1.1 200) 9 headers in 359 bytes (1 switches on core 0)
Nov 23 17:54:29.839035 dv-cinder-818994-1-smb devstack@n-api.service[103254]: DEBUG nova.api.openstack.wsgi [None req-b8c22fc2-6ea3-4e65-8bd1-f9cc16c7406a admin admin] Action: 'create', calling method: >, body: {"extra_specs": {"hw_rng:allowed": "True"}} {{(pid=103254) _process_stack /opt/stack/nova/nova/api/openstack/wsgi.py:511}}
Nov 23 17:54:29.927195 dv-cinder-818994-1-smb devstack@n-api.service[103254]: INFO nova.api.openstack.requestlog [None req-b8c22fc2-6ea3-4e65-8bd1-f9cc16c7406a admin admin] 10.222.0.11 "POST /compute/v2.1/flavors/3/os-extra_specs" status: 200 len: 43 microversion: 2.61 time: 0.091799
Nov 23 17:54:29.927783 dv-cinder-818994-1-smb devstack@n-api.service[103254]: [pid: 103254|app: 0|req: 14/29] 10.222.0.11 () {64 vars in 1332 bytes} [Tue Nov 23 17:54:29 2021] POST /compute/v2.1/flavors/3/os-extra_specs => generated 43 bytes in 93 msecs (HTTP/1.1 200) 9 headers in 358 bytes (1 switches on core 0)
Nov 23 17:54:32.326782 dv-cinder-818994-1-smb devstack@n-api.service[103255]: DEBUG nova.api.openstack.wsgi [None req-2abc4a10-df47-4bf3-bb8c-c5e0f6b24d5c admin admin] Calling method '>' {{(pid=103255) _process_stack /opt/stack/nova/nova/api/openstack/wsgi.py:513}}
Nov 23 17:54:32.327780 dv-cinder-818994-1-smb devstack@n-api.service[103255]: INFO nova.api.openstack.requestlog [None req-2abc4a10-df47-4bf3-bb8c-c5e0f6b24d5c admin admin] 10.222.0.11 "GET /compute/v2.1" status: 200 len: 388 microversion: 2.1 time: 0.001538
Nov 23 17:54:32.328177 dv-cinder-818994-1-smb devstack@n-api.service[103255]: [pid: 103255|app: 0|req: 16/30] 10.222.0.11 () {54 vars in 930 bytes} [Tue Nov 23 17:54:32 2021] GET /compute/v2.1 => generated 388 bytes in 2 msecs (HTTP/1.1 200) 9 headers in 357 bytes (1 switches on core 0)
Nov 23 17:54:32.392269 dv-cinder-818994-1-smb devstack@n-api.service[103254]: DEBUG nova.api.openstack.wsgi [None req-877fea37-3219-46de-8b13-ee68990f11b1 admin admin] Action: 'create', calling method: >, body: {"flavor": {"disk": 80, "id": "4", "os-flavor-access:is_public": true, "vcpus": 4, "OS-FLV-EXT-DATA:ephemeral": 0, "swap": 0, "ram": 8192, "rxtx_factor": 1.0, "name": "m1.large"}} {{(pid=103254) _process_stack /opt/stack/nova/nova/api/openstack/wsgi.py:511}}
Nov 23 17:54:32.513169 dv-cinder-818994-1-smb devstack@n-api.service[103254]: INFO nova.api.openstack.requestlog [None req-877fea37-3219-46de-8b13-ee68990f11b1 admin admin] 10.222.0.11 "POST /compute/v2.1/flavors" status: 200 len: 405 microversion: 2.61 time: 0.177321
Nov 23 17:54:32.513633 dv-cinder-818994-1-smb devstack@n-api.service[103254]: [pid: 103254|app: 0|req: 15/31] 10.222.0.11 () {64 vars in 1282 bytes} [Tue Nov 23 17:54:32 2021] POST /compute/v2.1/flavors => generated 405 bytes in 179 msecs (HTTP/1.1 200) 9 headers in 359 bytes (1 switches on core 0)
Nov 23 17:54:32.525928 dv-cinder-818994-1-smb devstack@n-api.service[103255]: DEBUG nova.api.openstack.wsgi [None req-e2019d26-8c9c-48d6-b5e1-08cb55d8cb40 admin admin] Action: 'create', calling method: >, body: {"extra_specs": {"hw_rng:allowed": "True"}} {{(pid=103255) _process_stack /opt/stack/nova/nova/api/openstack/wsgi.py:511}}
Nov 23 17:54:32.601532 dv-cinder-818994-1-smb devstack@n-api.service[103255]: INFO nova.api.openstack.requestlog [None req-e2019d26-8c9c-48d6-b5e1-08cb55d8cb40 admin admin] 10.222.0.11 "POST /compute/v2.1/flavors/4/os-extra_specs" status: 200 len: 43 microversion: 2.61 time: 0.079268
Nov 23 17:54:32.614806 dv-cinder-818994-1-smb devstack@n-api.service[103255]: [pid: 103255|app: 0|req: 17/32] 10.222.0.11 () {64 vars in 1332 bytes} [Tue Nov 23 17:54:32 2021] POST /compute/v2.1/flavors/4/os-extra_specs => generated 43 bytes in 93 msecs (HTTP/1.1 200) 9 headers in 358 bytes (1 switches on core 0)
Nov 23 17:54:34.959379 dv-cinder-818994-1-smb devstack@n-api.service[103254]: DEBUG nova.api.openstack.wsgi [None req-877fea37-3219-46de-8b13-ee68990f11b1 admin admin] Calling method '>' {{(pid=103254) _process_stack /opt/stack/nova/nova/api/openstack/wsgi.py:513}}
Nov 23 17:54:34.961004 dv-cinder-818994-1-smb devstack@n-api.service[103254]: INFO nova.api.openstack.requestlog [None req-877fea37-3219-46de-8b13-ee68990f11b1 admin admin] 10.222.0.11 "GET /compute/v2.1" status: 200 len: 388 microversion: 2.1 time: 0.002059
Nov 23 17:54:34.961398 dv-cinder-818994-1-smb devstack@n-api.service[103254]: [pid: 103254|app: 0|req: 16/33] 10.222.0.11 () {54 vars in 930 bytes} [Tue Nov 23 17:54:34 2021] GET /compute/v2.1 => generated 388 bytes in 3 msecs (HTTP/1.1 200) 9 headers in 357 bytes (1 switches on core 0)
Nov 23 17:54:35.021304 dv-cinder-818994-1-smb devstack@n-api.service[103255]: DEBUG nova.api.openstack.wsgi [None req-68082a28-9a43-424d-b810-adaad68c4b14 admin admin] Action: 'create', calling method: >, body: {"flavor": {"ram": 16384, "swap": 0, "OS-FLV-EXT-DATA:ephemeral": 0, "vcpus": 8, "rxtx_factor": 1.0, "os-flavor-access:is_public": true, "id": "5", "disk": 160, "name": "m1.xlarge"}} {{(pid=103255) _process_stack /opt/stack/nova/nova/api/openstack/wsgi.py:511}}
Nov 23 17:54:35.094556 dv-cinder-818994-1-smb devstack@n-api.service[103255]: INFO nova.api.openstack.requestlog [None req-68082a28-9a43-424d-b810-adaad68c4b14 admin admin] 10.222.0.11 "POST /compute/v2.1/flavors" status: 200 len: 408 microversion: 2.61 time: 0.126488
Nov 23 17:54:35.095170 dv-cinder-818994-1-smb devstack@n-api.service[103255]: [pid: 103255|app: 0|req: 18/34] 10.222.0.11 () {64 vars in 1282 bytes} [Tue Nov 23 17:54:34 2021] POST /compute/v2.1/flavors => generated 408 bytes in 128 msecs (HTTP/1.1 200) 9 headers in 359 bytes (1 switches on core 0)
Nov 23 17:54:35.111840 dv-cinder-818994-1-smb devstack@n-api.service[103254]: DEBUG nova.api.openstack.wsgi [None req-f55f172b-35e4-46c2-ab43-6179d2957c47 admin admin] Action: 'create', calling method: >, body: {"extra_specs": {"hw_rng:allowed": "True"}} {{(pid=103254) _process_stack /opt/stack/nova/nova/api/openstack/wsgi.py:511}}
Nov 23 17:54:35.190061 dv-cinder-818994-1-smb devstack@n-api.service[103254]: INFO nova.api.openstack.requestlog [None req-f55f172b-35e4-46c2-ab43-6179d2957c47 admin admin] 10.222.0.11 "POST /compute/v2.1/flavors/5/os-extra_specs" status: 200 len: 43 microversion: 2.61 time: 0.082375
Nov 23 17:54:35.190665 dv-cinder-818994-1-smb devstack@n-api.service[103254]: [pid: 103254|app: 0|req: 17/35] 10.222.0.11 () {64 vars in 1332 bytes} [Tue Nov 23 17:54:35 2021] POST /compute/v2.1/flavors/5/os-extra_specs => generated 43 bytes in 84 msecs (HTTP/1.1 200) 9 headers in 358 bytes (1 switches on core 0)
Nov 23 17:54:56.343055 dv-cinder-818994-1-smb devstack@n-api.service[103255]: DEBUG nova.api.openstack.wsgi [None req-68082a28-9a43-424d-b810-adaad68c4b14 admin admin] Calling method '>' {{(pid=103255) _process_stack /opt/stack/nova/nova/api/openstack/wsgi.py:513}}
Nov 23 17:54:56.344060 dv-cinder-818994-1-smb devstack@n-api.service[103255]: INFO nova.api.openstack.requestlog [None req-68082a28-9a43-424d-b810-adaad68c4b14 admin admin] 10.222.0.11 "GET /compute/v2.1" status: 200 len: 388 microversion: 2.1 time: 0.001559
Nov 23 17:54:56.344458 dv-cinder-818994-1-smb devstack@n-api.service[103255]: [pid: 103255|app: 0|req: 19/36] 10.222.0.11 () {54 vars in 930 bytes} [Tue Nov 23 17:54:56 2021] GET /compute/v2.1 => generated 388 bytes in 2 msecs (HTTP/1.1 200) 9 headers in 357 bytes (1 switches on core 0)
Nov 23 17:54:56.402117 dv-cinder-818994-1-smb devstack@n-api.service[103254]: DEBUG nova.api.openstack.wsgi [None req-68c785d0-58dc-466c-b39b-bdc121ae0068 admin admin] Calling method '>' {{(pid=103254) _process_stack /opt/stack/nova/nova/api/openstack/wsgi.py:513}}
Nov 23 17:54:56.426288 dv-cinder-818994-1-smb devstack@n-api.service[103254]: INFO nova.api.openstack.requestlog [None req-68c785d0-58dc-466c-b39b-bdc121ae0068 admin admin] 10.222.0.11 "GET /compute/v2.1/flavors/detail?is_public=True" status: 200 len: 4202 microversion: 2.61 time: 0.075132
Nov 23 17:54:56.426873 dv-cinder-818994-1-smb devstack@n-api.service[103254]: [pid: 103254|app: 0|req: 18/37] 10.222.0.11 () {60 vars in 1291 bytes} [Tue Nov 23 17:54:56 2021] GET /compute/v2.1/flavors/detail?is_public=True => generated 4202 bytes in 76 msecs (HTTP/1.1 200) 9 headers in 360 bytes (1 switches on core 0)
Nov 23 17:54:57.939206 dv-cinder-818994-1-smb devstack@n-api.service[103255]: DEBUG nova.api.openstack.wsgi [None req-68082a28-9a43-424d-b810-adaad68c4b14 admin admin] Calling method '>' {{(pid=103255) _process_stack /opt/stack/nova/nova/api/openstack/wsgi.py:513}}
Nov 23 17:54:57.940189 dv-cinder-818994-1-smb devstack@n-api.service[103255]: INFO nova.api.openstack.requestlog [None req-68082a28-9a43-424d-b810-adaad68c4b14 admin admin] 10.222.0.11 "GET /compute/v2.1" status: 200 len: 388 microversion: 2.1 time: 0.001428
Nov 23 17:54:57.940581 dv-cinder-818994-1-smb devstack@n-api.service[103255]: [pid: 103255|app: 0|req: 20/38] 10.222.0.11 () {56 vars in 1074 bytes} [Tue Nov 23 17:54:57 2021] GET /compute/v2.1 => generated 388 bytes in 2 msecs (HTTP/1.1 200) 9 headers in 357 bytes (1 switches on core 0)
Nov 23 17:54:58.130346 dv-cinder-818994-1-smb devstack@n-api.service[103254]: DEBUG nova.api.openstack.wsgi [None req-439acd52-53a7-45d8-b176-51449fe2274a admin admin] Calling method '>' {{(pid=103254) _process_stack /opt/stack/nova/nova/api/openstack/wsgi.py:513}}
Nov 23 17:54:58.136355 dv-cinder-818994-1-smb devstack@n-api.service[103254]: INFO nova.api.openstack.wsgi [None req-439acd52-53a7-45d8-b176-51449fe2274a admin admin] HTTP exception thrown: Flavor 42 could not be found.
Nov 23 17:54:58.136918 dv-cinder-818994-1-smb devstack@n-api.service[103254]: DEBUG nova.api.openstack.wsgi [None req-439acd52-53a7-45d8-b176-51449fe2274a admin admin] Returning 404 to user: Flavor 42 could not be found. {{(pid=103254) __call__ /opt/stack/nova/nova/api/openstack/wsgi.py:936}}
Nov 23 17:54:58.137699 dv-cinder-818994-1-smb devstack@n-api.service[103254]: INFO nova.api.openstack.requestlog [None req-439acd52-53a7-45d8-b176-51449fe2274a admin admin] 10.222.0.11 "GET /compute/v2.1/flavors/42" status: 404 len: 75 microversion: 2.90 time: 0.058980
Nov 23 17:54:58.138206 dv-cinder-818994-1-smb devstack@n-api.service[103254]: [pid: 103254|app: 0|req: 19/39] 10.222.0.11 () {60 vars in 1190 bytes} [Tue Nov 23 17:54:58 2021] GET /compute/v2.1/flavors/42 => generated 75 bytes in 60 msecs (HTTP/1.1 404) 9 headers in 380 bytes (2 switches on core 0)
Nov 23 17:54:58.147899 dv-cinder-818994-1-smb devstack@n-api.service[103255]: DEBUG nova.api.openstack.wsgi [None req-34a4d4b4-a171-4089-bd5f-9a344b6d8591 admin admin] Calling method '>' {{(pid=103255) _process_stack /opt/stack/nova/nova/api/openstack/wsgi.py:513}}
Nov 23 17:54:58.168523 dv-cinder-818994-1-smb devstack@n-api.service[103255]: INFO nova.api.openstack.requestlog [None req-34a4d4b4-a171-4089-bd5f-9a344b6d8591 admin admin] 10.222.0.11 "GET /compute/v2.1/flavors?is_public=None" status: 200 len: 2056 microversion: 2.90 time: 0.024225
Nov 23 17:54:58.169048 dv-cinder-818994-1-smb devstack@n-api.service[103255]: [pid: 103255|app: 0|req: 21/40] 10.222.0.11 () {60 vars in 1210 bytes} [Tue Nov 23 17:54:58 2021] GET /compute/v2.1/flavors?is_public=None => generated 2056 bytes in 25 msecs (HTTP/1.1 200) 9 headers in 360 bytes (1 switches on core 0)
Nov 23 17:54:58.178964 dv-cinder-818994-1-smb devstack@n-api.service[103254]: DEBUG nova.api.openstack.wsgi [None req-c57a86f7-12a5-40f1-a7a3-20bd6116398c admin admin] Calling method '>' {{(pid=103254) _process_stack /opt/stack/nova/nova/api/openstack/wsgi.py:513}}
Nov 23 17:54:58.199778 dv-cinder-818994-1-smb devstack@n-api.service[103254]: INFO nova.api.openstack.requestlog [None req-c57a86f7-12a5-40f1-a7a3-20bd6116398c admin admin] 10.222.0.11 "GET /compute/v2.1/flavors?is_public=None" status: 200 len: 2056 microversion: 2.90 time: 0.024193
Nov 23 17:54:58.200308 dv-cinder-818994-1-smb devstack@n-api.service[103254]: [pid: 103254|app: 0|req: 20/41] 10.222.0.11 () {60 vars in 1210 bytes} [Tue Nov 23 17:54:58 2021] GET /compute/v2.1/flavors?is_public=None => generated 2056 bytes in 25 msecs (HTTP/1.1 200) 9 headers in 360 bytes (1 switches on core 0)
Nov 23 17:54:58.209693 dv-cinder-818994-1-smb devstack@n-api.service[103255]: DEBUG nova.api.openstack.wsgi [None req-e6087492-66ab-431f-adcd-66f80c4224dc admin admin] Calling method '>' {{(pid=103255) _process_stack /opt/stack/nova/nova/api/openstack/wsgi.py:513}}
Nov 23 17:54:58.215646 dv-cinder-818994-1-smb devstack@n-api.service[103255]: INFO nova.api.openstack.wsgi [None req-e6087492-66ab-431f-adcd-66f80c4224dc admin admin] HTTP exception thrown: Flavor 42 could not be found.
Nov 23 17:54:58.216206 dv-cinder-818994-1-smb devstack@n-api.service[103255]: DEBUG nova.api.openstack.wsgi [None req-e6087492-66ab-431f-adcd-66f80c4224dc admin admin] Returning 404 to user: Flavor 42 could not be found. {{(pid=103255) __call__ /opt/stack/nova/nova/api/openstack/wsgi.py:936}}
Nov 23 17:54:58.216976 dv-cinder-818994-1-smb devstack@n-api.service[103255]: INFO nova.api.openstack.requestlog [None req-e6087492-66ab-431f-adcd-66f80c4224dc admin admin] 10.222.0.11 "GET /compute/v2.1/flavors/42" status: 404 len: 75 microversion: 2.90 time: 0.010729
Nov 23 17:54:58.217462 dv-cinder-818994-1-smb devstack@n-api.service[103255]: [pid: 103255|app: 0|req: 22/42] 10.222.0.11 () {60 vars in 1190 bytes} [Tue Nov 23 17:54:58 2021] GET /compute/v2.1/flavors/42 => generated 75 bytes in 12 msecs (HTTP/1.1 404) 9 headers in 380 bytes (1 switches on core 0)
Nov 23 17:54:59.597439 dv-cinder-818994-1-smb devstack@n-api.service[103254]: DEBUG nova.api.openstack.wsgi [None req-c57a86f7-12a5-40f1-a7a3-20bd6116398c admin admin] Calling method '>' {{(pid=103254) _process_stack /opt/stack/nova/nova/api/openstack/wsgi.py:513}}
Nov 23 17:54:59.598441 dv-cinder-818994-1-smb devstack@n-api.service[103254]: INFO nova.api.openstack.requestlog [None req-c57a86f7-12a5-40f1-a7a3-20bd6116398c admin admin] 10.222.0.11 "GET /compute/v2.1" status: 200 len: 388 microversion: 2.1 time: 0.001455
Nov 23 17:54:59.598853 dv-cinder-818994-1-smb devstack@n-api.service[103254]: [pid: 103254|app: 0|req: 21/43] 10.222.0.11 () {56 vars in 1074 bytes} [Tue Nov 23 17:54:59 2021] GET /compute/v2.1 => generated 388 bytes in 2 msecs (HTTP/1.1 200) 9 headers in 357 bytes (2 switches on core 0)
Nov 23 17:54:59.787811 dv-cinder-818994-1-smb devstack@n-api.service[103255]: DEBUG nova.api.openstack.wsgi [None req-761c866e-6301-4182-9680-b8d7a4edc656 admin admin] Calling method '>' {{(pid=103255) _process_stack /opt/stack/nova/nova/api/openstack/wsgi.py:513}}
Nov 23 17:54:59.793509 dv-cinder-818994-1-smb devstack@n-api.service[103255]: INFO nova.api.openstack.wsgi [None req-761c866e-6301-4182-9680-b8d7a4edc656 admin admin] HTTP exception thrown: Flavor 84 could not be found.
Nov 23 17:54:59.794060 dv-cinder-818994-1-smb devstack@n-api.service[103255]: DEBUG nova.api.openstack.wsgi [None req-761c866e-6301-4182-9680-b8d7a4edc656 admin admin] Returning 404 to user: Flavor 84 could not be found. {{(pid=103255) __call__ /opt/stack/nova/nova/api/openstack/wsgi.py:936}}
Nov 23 17:54:59.794862 dv-cinder-818994-1-smb devstack@n-api.service[103255]: INFO nova.api.openstack.requestlog [None req-761c866e-6301-4182-9680-b8d7a4edc656 admin admin] 10.222.0.11 "GET /compute/v2.1/flavors/84" status: 404 len: 75 microversion: 2.90 time: 0.057370
Nov 23 17:54:59.795357 dv-cinder-818994-1-smb devstack@n-api.service[103255]: [pid: 103255|app: 0|req: 23/44] 10.222.0.11 () {60 vars in 1190 bytes} [Tue Nov 23 17:54:59 2021] GET /compute/v2.1/flavors/84 => generated 75 bytes in 58 msecs (HTTP/1.1 404) 9 headers in 380 bytes (1 switches on core 0)
Nov 23 17:54:59.805878 dv-cinder-818994-1-smb devstack@n-api.service[103254]: DEBUG nova.api.openstack.wsgi [None req-c0d75476-5f0d-48c6-8894-71065574ab80 admin admin] Calling method '>' {{(pid=103254) _process_stack /opt/stack/nova/nova/api/openstack/wsgi.py:513}}
Nov 23 17:54:59.818994 dv-cinder-818994-1-smb devstack@n-api.service[103254]: INFO nova.api.openstack.requestlog [None req-c0d75476-5f0d-48c6-8894-71065574ab80 admin admin] 10.222.0.11 "GET /compute/v2.1/flavors?is_public=None" status: 200 len: 2056 microversion: 2.90 time: 0.017372
Nov 23 17:54:59.819514 dv-cinder-818994-1-smb devstack@n-api.service[103254]: [pid: 103254|app: 0|req: 22/45] 10.222.0.11 () {60 vars in 1210 bytes} [Tue Nov 23 17:54:59 2021] GET /compute/v2.1/flavors?is_public=None => generated 2056 bytes in 18 msecs (HTTP/1.1 200) 9 headers in 360 bytes (1 switches on core 0)
Nov 23 17:54:59.829026 dv-cinder-818994-1-smb devstack@n-api.service[103255]: DEBUG nova.api.openstack.wsgi [None req-06ea69f3-3d9c-4d52-a2f6-efb78d539279 admin admin] Calling method '>' {{(pid=103255) _process_stack /opt/stack/nova/nova/api/openstack/wsgi.py:513}}
Nov 23 17:54:59.842206 dv-cinder-818994-1-smb devstack@n-api.service[103255]: INFO nova.api.openstack.requestlog [None req-06ea69f3-3d9c-4d52-a2f6-efb78d539279 admin admin] 10.222.0.11 "GET /compute/v2.1/flavors?is_public=None" status: 200 len: 2056 microversion: 2.90 time: 0.016523
Nov 23 17:54:59.842746 dv-cinder-818994-1-smb devstack@n-api.service[103255]: [pid: 103255|app: 0|req: 24/46] 10.222.0.11 () {60 vars in 1210 bytes} [Tue Nov 23 17:54:59 2021] GET /compute/v2.1/flavors?is_public=None => generated 2056 bytes in 18 msecs (HTTP/1.1 200) 9 headers in 360 bytes (1 switches on core 0)
Nov 23 17:54:59.852691 dv-cinder-818994-1-smb devstack@n-api.service[103254]: DEBUG nova.api.openstack.wsgi [None req-8e244f46-4c6c-40f4-b70e-f2762336794a admin admin] Calling method '>' {{(pid=103254) _process_stack /opt/stack/nova/nova/api/openstack/wsgi.py:513}}
Nov 23 17:54:59.857787 dv-cinder-818994-1-smb devstack@n-api.service[103254]: INFO nova.api.openstack.wsgi [None req-8e244f46-4c6c-40f4-b70e-f2762336794a admin admin] HTTP exception thrown: Flavor 84 could not be found.
Nov 23 17:54:59.858342 dv-cinder-818994-1-smb devstack@n-api.service[103254]: DEBUG nova.api.openstack.wsgi [None req-8e244f46-4c6c-40f4-b70e-f2762336794a admin admin] Returning 404 to user: Flavor 84 could not be found. {{(pid=103254) __call__ /opt/stack/nova/nova/api/openstack/wsgi.py:936}}
Nov 23 17:54:59.859403 dv-cinder-818994-1-smb devstack@n-api.service[103254]: INFO nova.api.openstack.requestlog [None req-8e244f46-4c6c-40f4-b70e-f2762336794a admin admin] 10.222.0.11 "GET /compute/v2.1/flavors/84" status: 404 len: 75 microversion: 2.90 time: 0.010455
Nov 23 17:54:59.859884 dv-cinder-818994-1-smb devstack@n-api.service[103254]: [pid: 103254|app: 0|req: 23/47] 10.222.0.11 () {60 vars in 1190 bytes} [Tue Nov 23 17:54:59 2021] GET /compute/v2.1/flavors/84 => generated 75 bytes in 12 msecs (HTTP/1.1 404) 9 headers in 380 bytes (1 switches on core 0)
Nov 23 17:55:01.236615 dv-cinder-818994-1-smb devstack@n-api.service[103255]: DEBUG nova.api.openstack.wsgi [None req-06ea69f3-3d9c-4d52-a2f6-efb78d539279 admin admin] Calling method '>' {{(pid=103255) _process_stack /opt/stack/nova/nova/api/openstack/wsgi.py:513}}
