Feb 05 22:38:38.325402 dv-cinder-818886-2-smb devstack@c-api.service[94394]: DEBUG cinder.api.openstack.wsgi [None req-9644af91-6cf5-4c67-a5ab-3582ef4a0183 tempest-GroupSnapshotsTest-1011175078 tempest-GroupSnapshotsTest-1011175078-project] Calling method 'detail' {{(pid=94394) _process_stack /opt/stack/cinder/cinder/api/openstack/wsgi.py:866}}
Feb 05 22:38:38.326223 dv-cinder-818886-2-smb devstack@c-api.service[94394]: DEBUG cinder.api.api_utils [None req-9644af91-6cf5-4c67-a5ab-3582ef4a0183 tempest-GroupSnapshotsTest-1011175078 tempest-GroupSnapshotsTest-1011175078-project] Removing options '' from query. {{(pid=94394) remove_invalid_filter_options /opt/stack/cinder/cinder/api/api_utils.py:63}}
Feb 05 22:38:38.328441 dv-cinder-818886-2-smb devstack@c-api.service[94394]: DEBUG cinder.volume.api [None req-9644af91-6cf5-4c67-a5ab-3582ef4a0183 tempest-GroupSnapshotsTest-1011175078 tempest-GroupSnapshotsTest-1011175078-project] Searching by: MultiDict([('no_migration_targets', True)]). {{(pid=94394) get_all /opt/stack/cinder/cinder/volume/api.py:616}}
Feb 05 22:38:38.375868 dv-cinder-818886-2-smb devstack@c-api.service[94394]: INFO cinder.volume.api [None req-9644af91-6cf5-4c67-a5ab-3582ef4a0183 tempest-GroupSnapshotsTest-1011175078 tempest-GroupSnapshotsTest-1011175078-project] Get all volumes completed successfully.
Feb 05 22:38:38.377258 dv-cinder-818886-2-smb devstack@c-api.service[94394]: WARNING stevedore.named [None req-9644af91-6cf5-4c67-a5ab-3582ef4a0183 tempest-GroupSnapshotsTest-1011175078 tempest-GroupSnapshotsTest-1011175078-project] Could not load cinder.keymgr.conf_key_mgr.ConfKeyManager
Feb 05 22:38:38.377646 dv-cinder-818886-2-smb devstack@c-api.service[94394]: WARNING castellan.key_manager [None req-9644af91-6cf5-4c67-a5ab-3582ef4a0183 tempest-GroupSnapshotsTest-1011175078 tempest-GroupSnapshotsTest-1011175078-project] Deprecation Warning : cinder.keymgr.conf_key_mgr.ConfKeyManager is not a stevedore based driver, trying to load it as a class: stevedore.exception.NoMatches: No 'castellan.drivers' driver found, looking for 'cinder.keymgr.conf_key_mgr.ConfKeyManager'
Feb 05 22:38:38.384776 dv-cinder-818886-2-smb devstack@c-api.service[94394]: DEBUG oslo_db.sqlalchemy.engines [None req-9644af91-6cf5-4c67-a5ab-3582ef4a0183 tempest-GroupSnapshotsTest-1011175078 tempest-GroupSnapshotsTest-1011175078-project] MySQL server mode set to STRICT_TRANS_TABLES,STRICT_ALL_TABLES,NO_ZERO_IN_DATE,NO_ZERO_DATE,ERROR_FOR_DIVISION_BY_ZERO,TRADITIONAL,NO_ENGINE_SUBSTITUTION {{(pid=94394) _check_effective_sql_mode /usr/local/lib/python3.8/dist-packages/oslo_db/sqlalchemy/engines.py:304}}
Feb 05 22:38:38.390635 dv-cinder-818886-2-smb devstack@c-api.service[94394]: /usr/local/lib/python3.8/dist-packages/oslo_context/context.py:105: DeprecationWarning: Policy enforcement is depending on the value of is_admin. This key is deprecated. Please update your policy file to use the standard policy values.
Feb 05 22:38:38.390635 dv-cinder-818886-2-smb devstack@c-api.service[94394]: warnings.warn('Policy enforcement is depending on the value of '
Feb 05 22:38:38.408954 dv-cinder-818886-2-smb devstack@c-api.service[94394]: INFO cinder.api.openstack.wsgi [None req-9644af91-6cf5-4c67-a5ab-3582ef4a0183 tempest-GroupSnapshotsTest-1011175078 tempest-GroupSnapshotsTest-1011175078-project] http://10.222.0.36/volume/v3/0ba73571062d4b4bb339049ab9ef75e5/volumes/detail returned with HTTP 200
Feb 05 22:38:38.410220 dv-cinder-818886-2-smb devstack@c-api.service[94394]: [pid: 94394|app: 0|req: 185/375] 10.222.0.36 () {60 vars in 1275 bytes} [Sat Feb 5 22:38:38 2022] GET /volume/v3/0ba73571062d4b4bb339049ab9ef75e5/volumes/detail => generated 1003 bytes in 89 msecs (HTTP/1.1 200) 7 headers in 287 bytes (1 switches on core 0)
Feb 05 22:38:38.424469 dv-cinder-818886-2-smb devstack@c-api.service[94393]: INFO cinder.api.openstack.wsgi [None req-c731cdaf-6238-4569-b00a-023085830891 tempest-GroupSnapshotsTest-1011175078 tempest-GroupSnapshotsTest-1011175078-project] POST http://10.222.0.36/volume/v3/0ba73571062d4b4bb339049ab9ef75e5/groups/16511d30-0c84-4778-b883-cfda91dffce1/action
Feb 05 22:38:38.425216 dv-cinder-818886-2-smb devstack@c-api.service[94393]: DEBUG cinder.api.openstack.wsgi [None req-c731cdaf-6238-4569-b00a-023085830891 tempest-GroupSnapshotsTest-1011175078 tempest-GroupSnapshotsTest-1011175078-project] Action body: b'{"delete": {"delete-volumes": true}}' {{(pid=94393) get_method /opt/stack/cinder/cinder/api/openstack/wsgi.py:981}}
Feb 05 22:38:38.426681 dv-cinder-818886-2-smb devstack@c-api.service[94393]: DEBUG cinder.api.openstack.wsgi [None req-c731cdaf-6238-4569-b00a-023085830891 tempest-GroupSnapshotsTest-1011175078 tempest-GroupSnapshotsTest-1011175078-project] Action: 'action', calling method: delete_group, body: {"delete": {"delete-volumes": true}} {{(pid=94393) _process_stack /opt/stack/cinder/cinder/api/openstack/wsgi.py:864}}
Feb 05 22:38:38.427495 dv-cinder-818886-2-smb devstack@c-api.service[94393]: DEBUG cinder.api.v3.groups [None req-c731cdaf-6238-4569-b00a-023085830891 tempest-GroupSnapshotsTest-1011175078 tempest-GroupSnapshotsTest-1011175078-project] delete called for group 16511d30-0c84-4778-b883-cfda91dffce1 {{(pid=94393) _delete /opt/stack/cinder/cinder/api/v3/groups.py:117}}
Feb 05 22:38:38.427794 dv-cinder-818886-2-smb devstack@c-api.service[94393]: INFO cinder.api.v3.groups [None req-c731cdaf-6238-4569-b00a-023085830891 tempest-GroupSnapshotsTest-1011175078 tempest-GroupSnapshotsTest-1011175078-project] Delete group with id: 16511d30-0c84-4778-b883-cfda91dffce1
Feb 05 22:38:38.434700 dv-cinder-818886-2-smb devstack@c-api.service[94393]: /usr/local/lib/python3.8/dist-packages/oslo_context/context.py:105: DeprecationWarning: Policy enforcement is depending on the value of is_admin. This key is deprecated. Please update your policy file to use the standard policy values.
Feb 05 22:38:38.434700 dv-cinder-818886-2-smb devstack@c-api.service[94393]: warnings.warn('Policy enforcement is depending on the value of '
Feb 05 22:38:38.571304 dv-cinder-818886-2-smb devstack@c-api.service[94394]: INFO cinder.api.openstack.wsgi [None req-f3c814be-3066-4484-a898-7ab81c928b16 tempest-GroupsTest-2067905892 tempest-GroupsTest-2067905892-project] GET http://10.222.0.36/volume/v3/bb6285d3ac1b4e02a602c433cacf0b95/volumes/f07f46b7-b515-447d-bf9b-d255405b5f54
Feb 05 22:38:38.571779 dv-cinder-818886-2-smb devstack@c-api.service[94394]: DEBUG cinder.api.openstack.wsgi [None req-f3c814be-3066-4484-a898-7ab81c928b16 tempest-GroupsTest-2067905892 tempest-GroupsTest-2067905892-project] Empty body provided in request {{(pid=94394) get_body /opt/stack/cinder/cinder/api/openstack/wsgi.py:713}}
Feb 05 22:38:38.571953 dv-cinder-818886-2-smb devstack@c-api.service[94394]: /usr/local/lib/python3.8/dist-packages/webob/acceptparse.py:1047: DeprecationWarning: The behavior of AcceptValidHeader.best_match is currently being maintained for backward compatibility, but it will be deprecated in the future, as it does not conform to the RFC.
Feb 05 22:38:38.571953 dv-cinder-818886-2-smb devstack@c-api.service[94394]: warnings.warn(
Feb 05 22:38:38.572344 dv-cinder-818886-2-smb devstack@c-api.service[94394]: DEBUG cinder.api.openstack.wsgi [None req-f3c814be-3066-4484-a898-7ab81c928b16 tempest-GroupsTest-2067905892 tempest-GroupsTest-2067905892-project] Calling method 'show' {{(pid=94394) _process_stack /opt/stack/cinder/cinder/api/openstack/wsgi.py:866}}
Feb 05 22:38:38.615345 dv-cinder-818886-2-smb devstack@c-api.service[94394]: INFO cinder.api.openstack.wsgi [None req-f3c814be-3066-4484-a898-7ab81c928b16 tempest-GroupsTest-2067905892 tempest-GroupsTest-2067905892-project] http://10.222.0.36/volume/v3/bb6285d3ac1b4e02a602c433cacf0b95/volumes/f07f46b7-b515-447d-bf9b-d255405b5f54 returned with HTTP 404
Feb 05 22:38:38.616323 dv-cinder-818886-2-smb devstack@c-api.service[94394]: [pid: 94394|app: 0|req: 186/376] 10.222.0.36 () {60 vars in 1365 bytes} [Sat Feb 5 22:38:38 2022] GET /volume/v3/bb6285d3ac1b4e02a602c433cacf0b95/volumes/f07f46b7-b515-447d-bf9b-d255405b5f54 => generated 109 bytes in 49 msecs (HTTP/1.1 404) 7 headers in 293 bytes (2 switches on core 0)
Feb 05 22:38:38.623851 dv-cinder-818886-2-smb devstack@c-api.service[94394]: INFO cinder.api.openstack.wsgi [None req-5910a700-5781-4c4b-9297-6e182d34a387 tempest-GroupsTest-2067905892 tempest-GroupsTest-2067905892-project] GET http://10.222.0.36/volume/v3/bb6285d3ac1b4e02a602c433cacf0b95/groups/2ead0353-88cc-4cb1-91c7-8875ed145858
Feb 05 22:38:38.624338 dv-cinder-818886-2-smb devstack@c-api.service[94394]: DEBUG cinder.api.openstack.wsgi [None req-5910a700-5781-4c4b-9297-6e182d34a387 tempest-GroupsTest-2067905892 tempest-GroupsTest-2067905892-project] Empty body provided in request {{(pid=94394) get_body /opt/stack/cinder/cinder/api/openstack/wsgi.py:713}}
Feb 05 22:38:38.624890 dv-cinder-818886-2-smb devstack@c-api.service[94394]: DEBUG cinder.api.openstack.wsgi [None req-5910a700-5781-4c4b-9297-6e182d34a387 tempest-GroupsTest-2067905892 tempest-GroupsTest-2067905892-project] Calling method 'version_select' {{(pid=94394) _process_stack /opt/stack/cinder/cinder/api/openstack/wsgi.py:866}}
Feb 05 22:38:38.625240 dv-cinder-818886-2-smb devstack@c-api.service[94394]: DEBUG cinder.api.v3.groups [None req-5910a700-5781-4c4b-9297-6e182d34a387 tempest-GroupsTest-2067905892 tempest-GroupsTest-2067905892-project] show called for member 2ead0353-88cc-4cb1-91c7-8875ed145858 {{(pid=94394) show /opt/stack/cinder/cinder/api/v3/groups.py:58}}
Feb 05 22:38:38.631730 dv-cinder-818886-2-smb devstack@c-api.service[94394]: /usr/local/lib/python3.8/dist-packages/oslo_context/context.py:105: DeprecationWarning: Policy enforcement is depending on the value of is_admin. This key is deprecated. Please update your policy file to use the standard policy values.
Feb 05 22:38:38.631730 dv-cinder-818886-2-smb devstack@c-api.service[94394]: warnings.warn('Policy enforcement is depending on the value of '
Feb 05 22:38:38.654180 dv-cinder-818886-2-smb devstack@c-api.service[94394]: INFO cinder.api.openstack.wsgi [None req-5910a700-5781-4c4b-9297-6e182d34a387 tempest-GroupsTest-2067905892 tempest-GroupsTest-2067905892-project] http://10.222.0.36/volume/v3/bb6285d3ac1b4e02a602c433cacf0b95/groups/2ead0353-88cc-4cb1-91c7-8875ed145858 returned with HTTP 200
Feb 05 22:38:38.654898 dv-cinder-818886-2-smb devstack@c-api.service[94394]: [pid: 94394|app: 0|req: 187/377] 10.222.0.36 () {60 vars in 1362 bytes} [Sat Feb 5 22:38:38 2022] GET /volume/v3/bb6285d3ac1b4e02a602c433cacf0b95/groups/2ead0353-88cc-4cb1-91c7-8875ed145858 => generated 323 bytes in 34 msecs (HTTP/1.1 200) 7 headers in 286 bytes (2 switches on core 0)
Feb 05 22:38:38.746759 dv-cinder-818886-2-smb devstack@c-api.service[94393]: INFO cinder.api.openstack.wsgi [None req-c731cdaf-6238-4569-b00a-023085830891 tempest-GroupSnapshotsTest-1011175078 tempest-GroupSnapshotsTest-1011175078-project] http://10.222.0.36/volume/v3/0ba73571062d4b4bb339049ab9ef75e5/groups/16511d30-0c84-4778-b883-cfda91dffce1/action returned with HTTP 202
Feb 05 22:38:38.748490 dv-cinder-818886-2-smb devstack@c-api.service[94393]: [pid: 94393|app: 0|req: 191/378] 10.222.0.36 () {62 vars in 1404 bytes} [Sat Feb 5 22:38:38 2022] POST /volume/v3/0ba73571062d4b4bb339049ab9ef75e5/groups/16511d30-0c84-4778-b883-cfda91dffce1/action => generated 0 bytes in 327 msecs (HTTP/1.1 202) 6 headers in 234 bytes (1 switches on core 0)
Feb 05 22:38:38.755196 dv-cinder-818886-2-smb devstack@c-api.service[94394]: INFO cinder.api.openstack.wsgi [None req-7510b9b0-f76e-4d1d-ae83-b19109345ff6 tempest-GroupSnapshotsTest-1011175078 tempest-GroupSnapshotsTest-1011175078-project] GET http://10.222.0.36/volume/v3/0ba73571062d4b4bb339049ab9ef75e5/volumes/e8173c33-3c43-4f38-83cf-9dc8aae6bbee
Feb 05 22:38:38.755824 dv-cinder-818886-2-smb devstack@c-api.service[94394]: DEBUG cinder.api.openstack.wsgi [None req-7510b9b0-f76e-4d1d-ae83-b19109345ff6 tempest-GroupSnapshotsTest-1011175078 tempest-GroupSnapshotsTest-1011175078-project] Empty body provided in request {{(pid=94394) get_body /opt/stack/cinder/cinder/api/openstack/wsgi.py:713}}
Feb 05 22:38:38.755993 dv-cinder-818886-2-smb devstack@c-api.service[94394]: /usr/local/lib/python3.8/dist-packages/webob/acceptparse.py:1047: DeprecationWarning: The behavior of AcceptValidHeader.best_match is currently being maintained for backward compatibility, but it will be deprecated in the future, as it does not conform to the RFC.
Feb 05 22:38:38.755993 dv-cinder-818886-2-smb devstack@c-api.service[94394]: warnings.warn(
Feb 05 22:38:38.756590 dv-cinder-818886-2-smb devstack@c-api.service[94394]: DEBUG cinder.api.openstack.wsgi [None req-7510b9b0-f76e-4d1d-ae83-b19109345ff6 tempest-GroupSnapshotsTest-1011175078 tempest-GroupSnapshotsTest-1011175078-project] Calling method 'show' {{(pid=94394) _process_stack /opt/stack/cinder/cinder/api/openstack/wsgi.py:866}}
Feb 05 22:38:38.802795 dv-cinder-818886-2-smb devstack@c-api.service[94394]: /usr/local/lib/python3.8/dist-packages/oslo_context/context.py:105: DeprecationWarning: Policy enforcement is depending on the value of is_admin. This key is deprecated. Please update your policy file to use the standard policy values.
Feb 05 22:38:38.802795 dv-cinder-818886-2-smb devstack@c-api.service[94394]: warnings.warn('Policy enforcement is depending on the value of '
Feb 05 22:38:38.810760 dv-cinder-818886-2-smb devstack@c-api.service[94394]: INFO cinder.volume.api [None req-7510b9b0-f76e-4d1d-ae83-b19109345ff6 tempest-GroupSnapshotsTest-1011175078 tempest-GroupSnapshotsTest-1011175078-project] Volume info retrieved successfully.
Feb 05 22:38:38.812258 dv-cinder-818886-2-smb devstack@c-api.service[94394]: WARNING stevedore.named [None req-7510b9b0-f76e-4d1d-ae83-b19109345ff6 tempest-GroupSnapshotsTest-1011175078 tempest-GroupSnapshotsTest-1011175078-project] Could not load cinder.keymgr.conf_key_mgr.ConfKeyManager
Feb 05 22:38:38.813270 dv-cinder-818886-2-smb devstack@c-api.service[94394]: WARNING castellan.key_manager [None req-7510b9b0-f76e-4d1d-ae83-b19109345ff6 tempest-GroupSnapshotsTest-1011175078 tempest-GroupSnapshotsTest-1011175078-project] Deprecation Warning : cinder.keymgr.conf_key_mgr.ConfKeyManager is not a stevedore based driver, trying to load it as a class: stevedore.exception.NoMatches: No 'castellan.drivers' driver found, looking for 'cinder.keymgr.conf_key_mgr.ConfKeyManager'
Feb 05 22:38:38.836045 dv-cinder-818886-2-smb devstack@c-api.service[94394]: DEBUG oslo_db.sqlalchemy.engines [None req-7510b9b0-f76e-4d1d-ae83-b19109345ff6 tempest-GroupSnapshotsTest-1011175078 tempest-GroupSnapshotsTest-1011175078-project] MySQL server mode set to STRICT_TRANS_TABLES,STRICT_ALL_TABLES,NO_ZERO_IN_DATE,NO_ZERO_DATE,ERROR_FOR_DIVISION_BY_ZERO,TRADITIONAL,NO_ENGINE_SUBSTITUTION {{(pid=94394) _check_effective_sql_mode /usr/local/lib/python3.8/dist-packages/oslo_db/sqlalchemy/engines.py:304}}
Feb 05 22:38:38.853795 dv-cinder-818886-2-smb devstack@c-api.service[94394]: /usr/local/lib/python3.8/dist-packages/oslo_context/context.py:105: DeprecationWarning: Policy enforcement is depending on the value of is_admin. This key is deprecated. Please update your policy file to use the standard policy values.
Feb 05 22:38:38.853795 dv-cinder-818886-2-smb devstack@c-api.service[94394]: warnings.warn('Policy enforcement is depending on the value of '
Feb 05 22:38:38.882387 dv-cinder-818886-2-smb devstack@c-api.service[94394]: INFO cinder.api.openstack.wsgi [None req-7510b9b0-f76e-4d1d-ae83-b19109345ff6 tempest-GroupSnapshotsTest-1011175078 tempest-GroupSnapshotsTest-1011175078-project] http://10.222.0.36/volume/v3/0ba73571062d4b4bb339049ab9ef75e5/volumes/e8173c33-3c43-4f38-83cf-9dc8aae6bbee returned with HTTP 200
Feb 05 22:38:38.883758 dv-cinder-818886-2-smb devstack@c-api.service[94394]: [pid: 94394|app: 0|req: 188/379] 10.222.0.36 () {60 vars in 1365 bytes} [Sat Feb 5 22:38:38 2022] GET /volume/v3/0ba73571062d4b4bb339049ab9ef75e5/volumes/e8173c33-3c43-4f38-83cf-9dc8aae6bbee => generated 999 bytes in 132 msecs (HTTP/1.1 200) 7 headers in 286 bytes (1 switches on core 0)
Feb 05 22:38:38.892010 dv-cinder-818886-2-smb devstack@c-api.service[94393]: INFO cinder.api.openstack.wsgi [None req-59d5d629-74c5-4608-ae6f-32532c8e9296 tempest-VolumeQuotasAdminTestJSON-1658549168 tempest-VolumeQuotasAdminTestJSON-1658549168-project] GET http://10.222.0.36/volume/v3/dd078c3c7b004ff6967806f22f310496/volumes/ab96cb94-9313-4e98-b318-1c9e9892f3e2
Feb 05 22:38:38.892812 dv-cinder-818886-2-smb devstack@c-api.service[94393]: DEBUG cinder.api.openstack.wsgi [None req-59d5d629-74c5-4608-ae6f-32532c8e9296 tempest-VolumeQuotasAdminTestJSON-1658549168 tempest-VolumeQuotasAdminTestJSON-1658549168-project] Empty body provided in request {{(pid=94393) get_body /opt/stack/cinder/cinder/api/openstack/wsgi.py:713}}
Feb 05 22:38:38.893165 dv-cinder-818886-2-smb devstack@c-api.service[94393]: /usr/local/lib/python3.8/dist-packages/webob/acceptparse.py:1047: DeprecationWarning: The behavior of AcceptValidHeader.best_match is currently being maintained for backward compatibility, but it will be deprecated in the future, as it does not conform to the RFC.
Feb 05 22:38:38.893165 dv-cinder-818886-2-smb devstack@c-api.service[94393]: warnings.warn(
Feb 05 22:38:38.893510 dv-cinder-818886-2-smb devstack@c-api.service[94393]: DEBUG cinder.api.openstack.wsgi [None req-59d5d629-74c5-4608-ae6f-32532c8e9296 tempest-VolumeQuotasAdminTestJSON-1658549168 tempest-VolumeQuotasAdminTestJSON-1658549168-project] Calling method 'show' {{(pid=94393) _process_stack /opt/stack/cinder/cinder/api/openstack/wsgi.py:866}}
Feb 05 22:38:38.936084 dv-cinder-818886-2-smb devstack@c-api.service[94393]: INFO cinder.api.openstack.wsgi [None req-59d5d629-74c5-4608-ae6f-32532c8e9296 tempest-VolumeQuotasAdminTestJSON-1658549168 tempest-VolumeQuotasAdminTestJSON-1658549168-project] http://10.222.0.36/volume/v3/dd078c3c7b004ff6967806f22f310496/volumes/ab96cb94-9313-4e98-b318-1c9e9892f3e2 returned with HTTP 404
Feb 05 22:38:38.937393 dv-cinder-818886-2-smb devstack@c-api.service[94393]: [pid: 94393|app: 0|req: 192/380] 10.222.0.36 () {58 vars in 1324 bytes} [Sat Feb 5 22:38:38 2022] GET /volume/v3/dd078c3c7b004ff6967806f22f310496/volumes/ab96cb94-9313-4e98-b318-1c9e9892f3e2 => generated 109 bytes in 49 msecs (HTTP/1.1 404) 7 headers in 292 bytes (2 switches on core 0)
Feb 05 22:38:38.946953 dv-cinder-818886-2-smb devstack@c-api.service[94394]: INFO cinder.api.openstack.wsgi [None req-8ab1f630-3ee6-4c7a-845d-b7e95462cfe3 tempest-VolumeQuotasAdminTestJSON-1658549168 tempest-VolumeQuotasAdminTestJSON-1658549168-project] POST http://10.222.0.36/volume/v3/dd078c3c7b004ff6967806f22f310496/volumes
Feb 05 22:38:38.952452 dv-cinder-818886-2-smb devstack@c-api.service[94394]: /usr/local/lib/python3.8/dist-packages/webob/acceptparse.py:1047: DeprecationWarning: The behavior of AcceptValidHeader.best_match is currently being maintained for backward compatibility, but it will be deprecated in the future, as it does not conform to the RFC.
Feb 05 22:38:38.952452 dv-cinder-818886-2-smb devstack@c-api.service[94394]: warnings.warn(
Feb 05 22:38:38.952452 dv-cinder-818886-2-smb devstack@c-api.service[94394]: DEBUG cinder.api.openstack.wsgi [None req-8ab1f630-3ee6-4c7a-845d-b7e95462cfe3 tempest-VolumeQuotasAdminTestJSON-1658549168 tempest-VolumeQuotasAdminTestJSON-1658549168-project] Action: 'create', calling method: create, body: {"volume": {"size": 1, "name": "tempest-VolumeQuotasAdminTestJSON-Volume-1523156390"}} {{(pid=94394) _process_stack /opt/stack/cinder/cinder/api/openstack/wsgi.py:864}}
Feb 05 22:38:38.952452 dv-cinder-818886-2-smb devstack@c-api.service[94394]: DEBUG cinder.api.v3.volumes [None req-8ab1f630-3ee6-4c7a-845d-b7e95462cfe3 tempest-VolumeQuotasAdminTestJSON-1658549168 tempest-VolumeQuotasAdminTestJSON-1658549168-project] Create volume request body: {'volume': {'size': 1, 'name': 'tempest-VolumeQuotasAdminTestJSON-Volume-1523156390'}} {{(pid=94394) create /opt/stack/cinder/cinder/api/v3/volumes.py:289}}
Feb 05 22:38:38.952452 dv-cinder-818886-2-smb devstack@c-api.service[94394]: INFO cinder.api.v3.volumes [None req-8ab1f630-3ee6-4c7a-845d-b7e95462cfe3 tempest-VolumeQuotasAdminTestJSON-1658549168 tempest-VolumeQuotasAdminTestJSON-1658549168-project] Create volume of 1 GB
Feb 05 22:38:38.961250 dv-cinder-818886-2-smb devstack@c-api.service[94394]: INFO cinder.volume.api [None req-8ab1f630-3ee6-4c7a-845d-b7e95462cfe3 tempest-VolumeQuotasAdminTestJSON-1658549168 tempest-VolumeQuotasAdminTestJSON-1658549168-project] Availability Zones retrieved successfully.
Feb 05 22:38:38.975910 dv-cinder-818886-2-smb devstack@c-api.service[94394]: DEBUG cinder.volume.api [None req-8ab1f630-3ee6-4c7a-845d-b7e95462cfe3 tempest-VolumeQuotasAdminTestJSON-1658549168 tempest-VolumeQuotasAdminTestJSON-1658549168-project] Flow 'volume_create_api' (6a91d20f-813d-402a-b083-cfdf671e856d) transitioned into state 'RUNNING' from state 'PENDING' {{(pid=94394) _flow_receiver /usr/local/lib/python3.8/dist-packages/taskflow/listeners/logging.py:141}}
Feb 05 22:38:38.984520 dv-cinder-818886-2-smb devstack@c-api.service[94394]: DEBUG cinder.volume.api [None req-8ab1f630-3ee6-4c7a-845d-b7e95462cfe3 tempest-VolumeQuotasAdminTestJSON-1658549168 tempest-VolumeQuotasAdminTestJSON-1658549168-project] Task 'cinder.volume.flows.api.create_volume.ExtractVolumeRequestTask;volume:create' (ced711dc-9824-4582-83a8-f9b38d5b7bae) transitioned into state 'RUNNING' from state 'PENDING' {{(pid=94394) _task_receiver /usr/local/lib/python3.8/dist-packages/taskflow/listeners/logging.py:190}}
Feb 05 22:38:38.984520 dv-cinder-818886-2-smb devstack@c-api.service[94394]: DEBUG cinder.volume.flows.api.create_volume [None req-8ab1f630-3ee6-4c7a-845d-b7e95462cfe3 tempest-VolumeQuotasAdminTestJSON-1658549168 tempest-VolumeQuotasAdminTestJSON-1658549168-project] Validating volume size '1' using validate_int {{(pid=94394) _extract_size /opt/stack/cinder/cinder/volume/flows/api/create_volume.py:201}}
Feb 05 22:38:39.075857 dv-cinder-818886-2-smb devstack@c-api.service[94394]: DEBUG cinder.volume.api [None req-8ab1f630-3ee6-4c7a-845d-b7e95462cfe3 tempest-VolumeQuotasAdminTestJSON-1658549168 tempest-VolumeQuotasAdminTestJSON-1658549168-project] Task 'cinder.volume.flows.api.create_volume.ExtractVolumeRequestTask;volume:create' (ced711dc-9824-4582-83a8-f9b38d5b7bae) transitioned into state 'SUCCESS' from state 'RUNNING' with result '{'size': 1, 'snapshot_id': None, 'source_volid': None, 'volume_type': VolumeType(created_at=2022-02-05T22:21:18Z,deleted=False,deleted_at=None,description='Default Volume Type',extra_specs={},id=010bea47-8372-4980-b9fe-d5cb7e7a0f7d,is_public=True,name='__DEFAULT__',projects=[],qos_specs=,qos_specs_id=None,updated_at=2022-02-05T22:21:18Z), 'volume_type_id': '010bea47-8372-4980-b9fe-d5cb7e7a0f7d', 'encryption_key_id': None, 'qos_specs': None, 'consistencygroup_id': None, 'cgsnapshot_id': None, 'group_id': None, 'replication_status': 'disabled', 'refresh_az': False, 'backup_id': None, 'multiattach': False, 'availability_zones': ['nova']}' {{(pid=94394) _task_receiver /usr/local/lib/python3.8/dist-packages/taskflow/listeners/logging.py:178}}
Feb 05 22:38:39.077807 dv-cinder-818886-2-smb devstack@c-api.service[94394]: DEBUG cinder.volume.api [None req-8ab1f630-3ee6-4c7a-845d-b7e95462cfe3 tempest-VolumeQuotasAdminTestJSON-1658549168 tempest-VolumeQuotasAdminTestJSON-1658549168-project] Task 'cinder.volume.flows.api.create_volume.QuotaReserveTask;volume:create' (b9b2ad6c-0855-4c61-a7d0-75187a12934f) transitioned into state 'RUNNING' from state 'PENDING' {{(pid=94394) _task_receiver /usr/local/lib/python3.8/dist-packages/taskflow/listeners/logging.py:190}}
Feb 05 22:38:39.210134 dv-cinder-818886-2-smb devstack@c-api.service[94393]: INFO cinder.api.openstack.wsgi [None req-482d9af5-2c15-43e0-9554-c8dc7af24dbc tempest-AttachVolumeShelveTestJSON-2138221594 tempest-AttachVolumeShelveTestJSON-2138221594-project] POST http://10.222.0.36/volume/v3/f5476bb4aba445c3a9d06ad31f1ecbf5/volumes
Feb 05 22:38:39.213969 dv-cinder-818886-2-smb devstack@c-api.service[94393]: DEBUG cinder.api.openstack.wsgi [None req-482d9af5-2c15-43e0-9554-c8dc7af24dbc tempest-AttachVolumeShelveTestJSON-2138221594 tempest-AttachVolumeShelveTestJSON-2138221594-project] Action: 'create', calling method: create, body: {"volume": {"size": 1, "display_name": "tempest-AttachVolumeShelveTestJSON-volume-1872751918"}} {{(pid=94393) _process_stack /opt/stack/cinder/cinder/api/openstack/wsgi.py:864}}
Feb 05 22:38:39.213969 dv-cinder-818886-2-smb devstack@c-api.service[94393]: DEBUG cinder.api.v3.volumes [None req-482d9af5-2c15-43e0-9554-c8dc7af24dbc tempest-AttachVolumeShelveTestJSON-2138221594 tempest-AttachVolumeShelveTestJSON-2138221594-project] Create volume request body: {'volume': {'size': 1, 'display_name': 'tempest-AttachVolumeShelveTestJSON-volume-1872751918'}} {{(pid=94393) create /opt/stack/cinder/cinder/api/v3/volumes.py:289}}
Feb 05 22:38:39.213969 dv-cinder-818886-2-smb devstack@c-api.service[94393]: INFO cinder.api.v3.volumes [None req-482d9af5-2c15-43e0-9554-c8dc7af24dbc tempest-AttachVolumeShelveTestJSON-2138221594 tempest-AttachVolumeShelveTestJSON-2138221594-project] Create volume of 1 GB
Feb 05 22:38:39.230142 dv-cinder-818886-2-smb devstack@c-api.service[94393]: INFO cinder.volume.api [None req-482d9af5-2c15-43e0-9554-c8dc7af24dbc tempest-AttachVolumeShelveTestJSON-2138221594 tempest-AttachVolumeShelveTestJSON-2138221594-project] Availability Zones retrieved successfully.
Feb 05 22:38:39.236627 dv-cinder-818886-2-smb devstack@c-api.service[94394]: DEBUG cinder.quota [None req-8ab1f630-3ee6-4c7a-845d-b7e95462cfe3 tempest-VolumeQuotasAdminTestJSON-1658549168 tempest-VolumeQuotasAdminTestJSON-1658549168-project] Created reservations ['b1c96c08-9ce7-4191-836f-341bd8568bb8', '330a8a89-7878-41de-9c2c-d53e6b5429c4', '0d9d2119-5724-4aad-a6a1-a182592846cb', '2207e336-f31d-4009-8b3f-df31c23cbf56'] {{(pid=94394) reserve /opt/stack/cinder/cinder/quota.py:756}}
Feb 05 22:38:39.239250 dv-cinder-818886-2-smb devstack@c-api.service[94394]: DEBUG cinder.volume.api [None req-8ab1f630-3ee6-4c7a-845d-b7e95462cfe3 tempest-VolumeQuotasAdminTestJSON-1658549168 tempest-VolumeQuotasAdminTestJSON-1658549168-project] Task 'cinder.volume.flows.api.create_volume.QuotaReserveTask;volume:create' (b9b2ad6c-0855-4c61-a7d0-75187a12934f) transitioned into state 'SUCCESS' from state 'RUNNING' with result '{'reservations': ['b1c96c08-9ce7-4191-836f-341bd8568bb8', '330a8a89-7878-41de-9c2c-d53e6b5429c4', '0d9d2119-5724-4aad-a6a1-a182592846cb', '2207e336-f31d-4009-8b3f-df31c23cbf56']}' {{(pid=94394) _task_receiver /usr/local/lib/python3.8/dist-packages/taskflow/listeners/logging.py:178}}
Feb 05 22:38:39.241923 dv-cinder-818886-2-smb devstack@c-api.service[94394]: DEBUG cinder.volume.api [None req-8ab1f630-3ee6-4c7a-845d-b7e95462cfe3 tempest-VolumeQuotasAdminTestJSON-1658549168 tempest-VolumeQuotasAdminTestJSON-1658549168-project] Task 'cinder.volume.flows.api.create_volume.EntryCreateTask;volume:create' (9b3948f0-c1e7-406d-8061-7b3786626351) transitioned into state 'RUNNING' from state 'PENDING' {{(pid=94394) _task_receiver /usr/local/lib/python3.8/dist-packages/taskflow/listeners/logging.py:190}}
Feb 05 22:38:39.248279 dv-cinder-818886-2-smb devstack@c-api.service[94393]: DEBUG cinder.volume.api [None req-482d9af5-2c15-43e0-9554-c8dc7af24dbc tempest-AttachVolumeShelveTestJSON-2138221594 tempest-AttachVolumeShelveTestJSON-2138221594-project] Flow 'volume_create_api' (12621632-e95e-4c73-96ff-c79bbc86f27d) transitioned into state 'RUNNING' from state 'PENDING' {{(pid=94393) _flow_receiver /usr/local/lib/python3.8/dist-packages/taskflow/listeners/logging.py:141}}
Feb 05 22:38:39.251804 dv-cinder-818886-2-smb devstack@c-api.service[94393]: DEBUG cinder.volume.api [None req-482d9af5-2c15-43e0-9554-c8dc7af24dbc tempest-AttachVolumeShelveTestJSON-2138221594 tempest-AttachVolumeShelveTestJSON-2138221594-project] Task 'cinder.volume.flows.api.create_volume.ExtractVolumeRequestTask;volume:create' (64d34733-83f0-4451-97c4-c9a1a85ac84b) transitioned into state 'RUNNING' from state 'PENDING' {{(pid=94393) _task_receiver /usr/local/lib/python3.8/dist-packages/taskflow/listeners/logging.py:190}}
Feb 05 22:38:39.254592 dv-cinder-818886-2-smb devstack@c-api.service[94393]: DEBUG cinder.volume.flows.api.create_volume [None req-482d9af5-2c15-43e0-9554-c8dc7af24dbc tempest-AttachVolumeShelveTestJSON-2138221594 tempest-AttachVolumeShelveTestJSON-2138221594-project] Validating volume size '1' using validate_int {{(pid=94393) _extract_size /opt/stack/cinder/cinder/volume/flows/api/create_volume.py:201}}
Feb 05 22:38:39.367626 dv-cinder-818886-2-smb devstack@c-api.service[94393]: DEBUG cinder.volume.api [None req-482d9af5-2c15-43e0-9554-c8dc7af24dbc tempest-AttachVolumeShelveTestJSON-2138221594 tempest-AttachVolumeShelveTestJSON-2138221594-project] Task 'cinder.volume.flows.api.create_volume.ExtractVolumeRequestTask;volume:create' (64d34733-83f0-4451-97c4-c9a1a85ac84b) transitioned into state 'SUCCESS' from state 'RUNNING' with result '{'size': 1, 'snapshot_id': None, 'source_volid': None, 'volume_type': VolumeType(created_at=2022-02-05T22:21:18Z,deleted=False,deleted_at=None,description='Default Volume Type',extra_specs={},id=010bea47-8372-4980-b9fe-d5cb7e7a0f7d,is_public=True,name='__DEFAULT__',projects=[],qos_specs=,qos_specs_id=None,updated_at=2022-02-05T22:21:18Z), 'volume_type_id': '010bea47-8372-4980-b9fe-d5cb7e7a0f7d', 'encryption_key_id': None, 'qos_specs': None, 'consistencygroup_id': None, 'cgsnapshot_id': None, 'group_id': None, 'replication_status': 'disabled', 'refresh_az': False, 'backup_id': None, 'multiattach': False, 'availability_zones': ['nova']}' {{(pid=94393) _task_receiver /usr/local/lib/python3.8/dist-packages/taskflow/listeners/logging.py:178}}
Feb 05 22:38:39.367626 dv-cinder-818886-2-smb devstack@c-api.service[94393]: DEBUG cinder.volume.api [None req-482d9af5-2c15-43e0-9554-c8dc7af24dbc tempest-AttachVolumeShelveTestJSON-2138221594 tempest-AttachVolumeShelveTestJSON-2138221594-project] Task 'cinder.volume.flows.api.create_volume.QuotaReserveTask;volume:create' (08f624d6-0d54-4e95-b496-2dc89a14284a) transitioned into state 'RUNNING' from state 'PENDING' {{(pid=94393) _task_receiver /usr/local/lib/python3.8/dist-packages/taskflow/listeners/logging.py:190}}
Feb 05 22:38:39.443260 dv-cinder-818886-2-smb devstack@c-api.service[94394]: DEBUG cinder.volume.api [None req-8ab1f630-3ee6-4c7a-845d-b7e95462cfe3 tempest-VolumeQuotasAdminTestJSON-1658549168 tempest-VolumeQuotasAdminTestJSON-1658549168-project] Task 'cinder.volume.flows.api.create_volume.EntryCreateTask;volume:create' (9b3948f0-c1e7-406d-8061-7b3786626351) transitioned into state 'SUCCESS' from state 'RUNNING' with result '{'volume_id': '287996c2-e493-41ea-a31d-66aae53b4b56', 'volume_properties': VolumeProperties(attach_status='detached',availability_zone='nova',cgsnapshot_id=None,consistencygroup_id=None,display_description=None,display_name='tempest-VolumeQuotasAdminTestJSON-Volume-1523156390',encryption_key_id=None,group_id=None,group_type_id=,metadata={},multiattach=False,project_id='dd078c3c7b004ff6967806f22f310496',qos_specs=None,replication_status=,reservations=['b1c96c08-9ce7-4191-836f-341bd8568bb8','330a8a89-7878-41de-9c2c-d53e6b5429c4','0d9d2119-5724-4aad-a6a1-a182592846cb','2207e336-f31d-4009-8b3f-df31c23cbf56'],size=1,snapshot_id=None,source_replicaid=,source_volid=None,status='creating',user_id='d6a3f3707d314a15b4912e0315ca29ae',volume_type_id=010bea47-8372-4980-b9fe-d5cb7e7a0f7d), 'volume': Volume(_name_id=None,admin_metadata=,attach_status='detached',availability_zone='nova',bootable=False,cluster=,cluster_name=None,consistencygroup=,consistencygroup_id=None,created_at=2022-02-05T22:38:39Z,deleted=False,deleted_at=None,display_description=None,display_name='tempest-VolumeQuotasAdminTestJSON-Volume-1523156390',ec2_id=None,encryption_key_id=None,glance_metadata=,group=,group_id=None,host=None,id=287996c2-e493-41ea-a31d-66aae53b4b56,launched_at=None,metadata={},migration_status=None,multiattach=False,previous_status=None,project_id='dd078c3c7b004ff6967806f22f310496',provider_auth=None,provider_geometry=None,provider_id=None,provider_location=None,replication_driver_data=None,replication_extended_status=None,replication_status=None,scheduled_at=None,service_uuid=None,shared_targets=True,size=1,snapshot_id=None,snapshots=,source_volid=None,status='creating',terminated_at=None,updated_at=None,user_id='d6a3f3707d314a15b4912e0315ca29ae',volume_attachment=VolumeAttachmentList,volume_type=VolumeType(010bea47-8372-4980-b9fe-d5cb7e7a0f7d),volume_type_id=010bea47-8372-4980-b9fe-d5cb7e7a0f7d)}' {{(pid=94394) _task_receiver /usr/local/lib/python3.8/dist-packages/taskflow/listeners/logging.py:178}}
Feb 05 22:38:39.445693 dv-cinder-818886-2-smb devstack@c-api.service[94394]: DEBUG cinder.volume.api [None req-8ab1f630-3ee6-4c7a-845d-b7e95462cfe3 tempest-VolumeQuotasAdminTestJSON-1658549168 tempest-VolumeQuotasAdminTestJSON-1658549168-project] Task 'cinder.volume.flows.api.create_volume.QuotaCommitTask;volume:create' (4a00a7dd-2760-4585-800a-2fef58baded5) transitioned into state 'RUNNING' from state 'PENDING' {{(pid=94394) _task_receiver /usr/local/lib/python3.8/dist-packages/taskflow/listeners/logging.py:190}}
Feb 05 22:38:39.642854 dv-cinder-818886-2-smb devstack@c-api.service[94394]: DEBUG cinder.volume.api [None req-8ab1f630-3ee6-4c7a-845d-b7e95462cfe3 tempest-VolumeQuotasAdminTestJSON-1658549168 tempest-VolumeQuotasAdminTestJSON-1658549168-project] Task 'cinder.volume.flows.api.create_volume.QuotaCommitTask;volume:create' (4a00a7dd-2760-4585-800a-2fef58baded5) transitioned into state 'SUCCESS' from state 'RUNNING' with result '{'volume_properties': VolumeProperties(attach_status='detached',availability_zone='nova',cgsnapshot_id=None,consistencygroup_id=None,display_description=None,display_name='tempest-VolumeQuotasAdminTestJSON-Volume-1523156390',encryption_key_id=None,group_id=None,group_type_id=,metadata={},multiattach=False,project_id='dd078c3c7b004ff6967806f22f310496',qos_specs=None,replication_status=,reservations=['b1c96c08-9ce7-4191-836f-341bd8568bb8','330a8a89-7878-41de-9c2c-d53e6b5429c4','0d9d2119-5724-4aad-a6a1-a182592846cb','2207e336-f31d-4009-8b3f-df31c23cbf56'],size=1,snapshot_id=None,source_replicaid=,source_volid=None,status='creating',user_id='d6a3f3707d314a15b4912e0315ca29ae',volume_type_id=010bea47-8372-4980-b9fe-d5cb7e7a0f7d)}' {{(pid=94394) _task_receiver /usr/local/lib/python3.8/dist-packages/taskflow/listeners/logging.py:178}}
Feb 05 22:38:39.645583 dv-cinder-818886-2-smb devstack@c-api.service[94394]: DEBUG cinder.volume.api [None req-8ab1f630-3ee6-4c7a-845d-b7e95462cfe3 tempest-VolumeQuotasAdminTestJSON-1658549168 tempest-VolumeQuotasAdminTestJSON-1658549168-project] Task 'cinder.volume.flows.api.create_volume.VolumeCastTask;volume:create' (bfc92699-5696-4132-9caa-93b63a23763c) transitioned into state 'RUNNING' from state 'PENDING' {{(pid=94394) _task_receiver /usr/local/lib/python3.8/dist-packages/taskflow/listeners/logging.py:190}}
Feb 05 22:38:39.787548 dv-cinder-818886-2-smb devstack@c-api.service[94393]: DEBUG cinder.quota [None req-482d9af5-2c15-43e0-9554-c8dc7af24dbc tempest-AttachVolumeShelveTestJSON-2138221594 tempest-AttachVolumeShelveTestJSON-2138221594-project] Created reservations ['c792c724-b9c1-4454-abf6-089b4e3cfdd8', '4f8a03cf-bbc3-4689-b013-1fedabc38af7', '1f088891-3311-4f02-9e0f-45cbe5a9f097', 'c660d40e-354f-4480-a283-b46fc53f4302'] {{(pid=94393) reserve /opt/stack/cinder/cinder/quota.py:756}}
Feb 05 22:38:39.791637 dv-cinder-818886-2-smb devstack@c-api.service[94394]: DEBUG cinder.volume.api [None req-8ab1f630-3ee6-4c7a-845d-b7e95462cfe3 tempest-VolumeQuotasAdminTestJSON-1658549168 tempest-VolumeQuotasAdminTestJSON-1658549168-project] Task 'cinder.volume.flows.api.create_volume.VolumeCastTask;volume:create' (bfc92699-5696-4132-9caa-93b63a23763c) transitioned into state 'SUCCESS' from state 'RUNNING' with result 'None' {{(pid=94394) _task_receiver /usr/local/lib/python3.8/dist-packages/taskflow/listeners/logging.py:178}}
Feb 05 22:38:39.793970 dv-cinder-818886-2-smb devstack@c-api.service[94394]: DEBUG cinder.volume.api [None req-8ab1f630-3ee6-4c7a-845d-b7e95462cfe3 tempest-VolumeQuotasAdminTestJSON-1658549168 tempest-VolumeQuotasAdminTestJSON-1658549168-project] Flow 'volume_create_api' (6a91d20f-813d-402a-b083-cfdf671e856d) transitioned into state 'SUCCESS' from state 'RUNNING' {{(pid=94394) _flow_receiver /usr/local/lib/python3.8/dist-packages/taskflow/listeners/logging.py:141}}
Feb 05 22:38:39.794150 dv-cinder-818886-2-smb devstack@c-api.service[94393]: DEBUG cinder.volume.api [None req-482d9af5-2c15-43e0-9554-c8dc7af24dbc tempest-AttachVolumeShelveTestJSON-2138221594 tempest-AttachVolumeShelveTestJSON-2138221594-project] Task 'cinder.volume.flows.api.create_volume.QuotaReserveTask;volume:create' (08f624d6-0d54-4e95-b496-2dc89a14284a) transitioned into state 'SUCCESS' from state 'RUNNING' with result '{'reservations': ['c792c724-b9c1-4454-abf6-089b4e3cfdd8', '4f8a03cf-bbc3-4689-b013-1fedabc38af7', '1f088891-3311-4f02-9e0f-45cbe5a9f097', 'c660d40e-354f-4480-a283-b46fc53f4302']}' {{(pid=94393) _task_receiver /usr/local/lib/python3.8/dist-packages/taskflow/listeners/logging.py:178}}
Feb 05 22:38:39.794653 dv-cinder-818886-2-smb devstack@c-api.service[94394]: INFO cinder.volume.api [None req-8ab1f630-3ee6-4c7a-845d-b7e95462cfe3 tempest-VolumeQuotasAdminTestJSON-1658549168 tempest-VolumeQuotasAdminTestJSON-1658549168-project] Create volume request issued successfully.
Feb 05 22:38:39.795804 dv-cinder-818886-2-smb devstack@c-api.service[94394]: INFO cinder.api.openstack.wsgi [None req-8ab1f630-3ee6-4c7a-845d-b7e95462cfe3 tempest-VolumeQuotasAdminTestJSON-1658549168 tempest-VolumeQuotasAdminTestJSON-1658549168-project] http://10.222.0.36/volume/v3/dd078c3c7b004ff6967806f22f310496/volumes returned with HTTP 202
Feb 05 22:38:39.796159 dv-cinder-818886-2-smb devstack@c-api.service[94393]: DEBUG cinder.volume.api [None req-482d9af5-2c15-43e0-9554-c8dc7af24dbc tempest-AttachVolumeShelveTestJSON-2138221594 tempest-AttachVolumeShelveTestJSON-2138221594-project] Task 'cinder.volume.flows.api.create_volume.EntryCreateTask;volume:create' (f953fbed-e015-4ffd-a2cd-2b7e9849efb2) transitioned into state 'RUNNING' from state 'PENDING' {{(pid=94393) _task_receiver /usr/local/lib/python3.8/dist-packages/taskflow/listeners/logging.py:190}}
Feb 05 22:38:39.805596 dv-cinder-818886-2-smb devstack@c-api.service[94394]: [pid: 94394|app: 0|req: 189/381] 10.222.0.36 () {60 vars in 1234 bytes} [Sat Feb 5 22:38:38 2022] POST /volume/v3/dd078c3c7b004ff6967806f22f310496/volumes => generated 825 bytes in 862 msecs (HTTP/1.1 202) 7 headers in 291 bytes (1 switches on core 0)
Feb 05 22:38:39.810508 dv-cinder-818886-2-smb devstack@c-api.service[94394]: INFO cinder.api.openstack.wsgi [None req-ccad1316-185e-4125-aad6-e6b160437549 tempest-GroupsTest-2067905892 tempest-GroupsTest-2067905892-project] GET http://10.222.0.36/volume/v3/bb6285d3ac1b4e02a602c433cacf0b95/groups/2ead0353-88cc-4cb1-91c7-8875ed145858
Feb 05 22:38:39.811000 dv-cinder-818886-2-smb devstack@c-api.service[94394]: DEBUG cinder.api.openstack.wsgi [None req-ccad1316-185e-4125-aad6-e6b160437549 tempest-GroupsTest-2067905892 tempest-GroupsTest-2067905892-project] Empty body provided in request {{(pid=94394) get_body /opt/stack/cinder/cinder/api/openstack/wsgi.py:713}}
Feb 05 22:38:39.811196 dv-cinder-818886-2-smb devstack@c-api.service[94394]: /usr/local/lib/python3.8/dist-packages/webob/acceptparse.py:1047: DeprecationWarning: The behavior of AcceptValidHeader.best_match is currently being maintained for backward compatibility, but it will be deprecated in the future, as it does not conform to the RFC.
Feb 05 22:38:39.811196 dv-cinder-818886-2-smb devstack@c-api.service[94394]: warnings.warn(
Feb 05 22:38:39.811704 dv-cinder-818886-2-smb devstack@c-api.service[94394]: DEBUG cinder.api.openstack.wsgi [None req-ccad1316-185e-4125-aad6-e6b160437549 tempest-GroupsTest-2067905892 tempest-GroupsTest-2067905892-project] Calling method 'version_select' {{(pid=94394) _process_stack /opt/stack/cinder/cinder/api/openstack/wsgi.py:866}}
Feb 05 22:38:39.812234 dv-cinder-818886-2-smb devstack@c-api.service[94394]: DEBUG cinder.api.v3.groups [None req-ccad1316-185e-4125-aad6-e6b160437549 tempest-GroupsTest-2067905892 tempest-GroupsTest-2067905892-project] show called for member 2ead0353-88cc-4cb1-91c7-8875ed145858 {{(pid=94394) show /opt/stack/cinder/cinder/api/v3/groups.py:58}}
Feb 05 22:38:39.818606 dv-cinder-818886-2-smb devstack@c-api.service[94394]: INFO cinder.api.openstack.wsgi [None req-ccad1316-185e-4125-aad6-e6b160437549 tempest-GroupsTest-2067905892 tempest-GroupsTest-2067905892-project] http://10.222.0.36/volume/v3/bb6285d3ac1b4e02a602c433cacf0b95/groups/2ead0353-88cc-4cb1-91c7-8875ed145858 returned with HTTP 404
Feb 05 22:38:39.820240 dv-cinder-818886-2-smb devstack@c-api.service[94394]: [pid: 94394|app: 0|req: 190/382] 10.222.0.36 () {60 vars in 1362 bytes} [Sat Feb 5 22:38:39 2022] GET /volume/v3/bb6285d3ac1b4e02a602c433cacf0b95/groups/2ead0353-88cc-4cb1-91c7-8875ed145858 => generated 108 bytes in 14 msecs (HTTP/1.1 404) 7 headers in 293 bytes (1 switches on core 0)
Feb 05 22:38:39.925021 dv-cinder-818886-2-smb devstack@c-api.service[94394]: INFO cinder.api.openstack.wsgi [None req-52851553-a829-41ae-a86d-115cbe98abb9 tempest-VolumeTypesTest-1040203962 tempest-VolumeTypesTest-1040203962-project-admin] POST http://10.222.0.36/volume/v3/9de49da94e8c478182550b4ec4df0ab1/types
Feb 05 22:38:39.926246 dv-cinder-818886-2-smb devstack@c-api.service[94394]: DEBUG cinder.api.openstack.wsgi [None req-52851553-a829-41ae-a86d-115cbe98abb9 tempest-VolumeTypesTest-1040203962 tempest-VolumeTypesTest-1040203962-project-admin] Action: 'create', calling method: _create, body: {"volume_type": {"name": "tempest-VolumeTypesTest-volume-type-130515757", "extra_specs": {"storage_protocol": "smbfs", "vendor_name": "Open Source"}}} {{(pid=94394) _process_stack /opt/stack/cinder/cinder/api/openstack/wsgi.py:864}}
Feb 05 22:38:39.930617 dv-cinder-818886-2-smb devstack@c-api.service[94394]: /usr/local/lib/python3.8/dist-packages/oslo_context/context.py:105: DeprecationWarning: Policy enforcement is depending on the value of is_admin. This key is deprecated. Please update your policy file to use the standard policy values.
Feb 05 22:38:39.930617 dv-cinder-818886-2-smb devstack@c-api.service[94394]: warnings.warn('Policy enforcement is depending on the value of '
Feb 05 22:38:39.966536 dv-cinder-818886-2-smb devstack@c-api.service[94393]: DEBUG cinder.volume.api [None req-482d9af5-2c15-43e0-9554-c8dc7af24dbc tempest-AttachVolumeShelveTestJSON-2138221594 tempest-AttachVolumeShelveTestJSON-2138221594-project] Task 'cinder.volume.flows.api.create_volume.EntryCreateTask;volume:create' (f953fbed-e015-4ffd-a2cd-2b7e9849efb2) transitioned into state 'SUCCESS' from state 'RUNNING' with result '{'volume_id': 'f4464fa8-5650-4883-941a-0d48a9862aab', 'volume_properties': VolumeProperties(attach_status='detached',availability_zone='nova',cgsnapshot_id=None,consistencygroup_id=None,display_description=None,display_name='tempest-AttachVolumeShelveTestJSON-volume-1872751918',encryption_key_id=None,group_id=None,group_type_id=,metadata={},multiattach=False,project_id='f5476bb4aba445c3a9d06ad31f1ecbf5',qos_specs=None,replication_status=,reservations=['c792c724-b9c1-4454-abf6-089b4e3cfdd8','4f8a03cf-bbc3-4689-b013-1fedabc38af7','1f088891-3311-4f02-9e0f-45cbe5a9f097','c660d40e-354f-4480-a283-b46fc53f4302'],size=1,snapshot_id=None,source_replicaid=,source_volid=None,status='creating',user_id='0e0104e6b4ef4096a35465b0c8749540',volume_type_id=010bea47-8372-4980-b9fe-d5cb7e7a0f7d), 'volume': Volume(_name_id=None,admin_metadata=,attach_status='detached',availability_zone='nova',bootable=False,cluster=,cluster_name=None,consistencygroup=,consistencygroup_id=None,created_at=2022-02-05T22:38:39Z,deleted=False,deleted_at=None,display_description=None,display_name='tempest-AttachVolumeShelveTestJSON-volume-1872751918',ec2_id=None,encryption_key_id=None,glance_metadata=,group=,group_id=None,host=None,id=f4464fa8-5650-4883-941a-0d48a9862aab,launched_at=None,metadata={},migration_status=None,multiattach=False,previous_status=None,project_id='f5476bb4aba445c3a9d06ad31f1ecbf5',provider_auth=None,provider_geometry=None,provider_id=None,provider_location=None,replication_driver_data=None,replication_extended_status=None,replication_status=None,scheduled_at=None,service_uuid=None,shared_targets=True,size=1,snapshot_id=None,snapshots=,source_volid=None,status='creating',terminated_at=None,updated_at=None,user_id='0e0104e6b4ef4096a35465b0c8749540',volume_attachment=VolumeAttachmentList,volume_type=VolumeType(010bea47-8372-4980-b9fe-d5cb7e7a0f7d),volume_type_id=010bea47-8372-4980-b9fe-d5cb7e7a0f7d)}' {{(pid=94393) _task_receiver /usr/local/lib/python3.8/dist-packages/taskflow/listeners/logging.py:178}}
Feb 05 22:38:39.968637 dv-cinder-818886-2-smb devstack@c-api.service[94393]: DEBUG cinder.volume.api [None req-482d9af5-2c15-43e0-9554-c8dc7af24dbc tempest-AttachVolumeShelveTestJSON-2138221594 tempest-AttachVolumeShelveTestJSON-2138221594-project] Task 'cinder.volume.flows.api.create_volume.QuotaCommitTask;volume:create' (be68a89f-98b1-4984-b604-866444cf75e7) transitioned into state 'RUNNING' from state 'PENDING' {{(pid=94393) _task_receiver /usr/local/lib/python3.8/dist-packages/taskflow/listeners/logging.py:190}}
Feb 05 22:38:40.061967 dv-cinder-818886-2-smb devstack@c-api.service[94394]: INFO cinder.api.openstack.wsgi [None req-52851553-a829-41ae-a86d-115cbe98abb9 tempest-VolumeTypesTest-1040203962 tempest-VolumeTypesTest-1040203962-project-admin] http://10.222.0.36/volume/v3/9de49da94e8c478182550b4ec4df0ab1/types returned with HTTP 200
Feb 05 22:38:40.062787 dv-cinder-818886-2-smb devstack@c-api.service[94394]: [pid: 94394|app: 0|req: 191/383] 10.222.0.36 () {60 vars in 1229 bytes} [Sat Feb 5 22:38:39 2022] POST /volume/v3/9de49da94e8c478182550b4ec4df0ab1/types => generated 277 bytes in 243 msecs (HTTP/1.1 200) 7 headers in 285 bytes (1 switches on core 0)
Feb 05 22:38:40.066709 dv-cinder-818886-2-smb devstack@c-api.service[94394]: INFO cinder.api.openstack.wsgi [None req-3433fed8-3ef7-4c4f-a5ec-a99692a1d408 tempest-VolumeQuotasAdminTestJSON-1658549168 tempest-VolumeQuotasAdminTestJSON-1658549168-project] GET http://10.222.0.36/volume/v3/dd078c3c7b004ff6967806f22f310496/volumes/287996c2-e493-41ea-a31d-66aae53b4b56
Feb 05 22:38:40.067154 dv-cinder-818886-2-smb devstack@c-api.service[94394]: DEBUG cinder.api.openstack.wsgi [None req-3433fed8-3ef7-4c4f-a5ec-a99692a1d408 tempest-VolumeQuotasAdminTestJSON-1658549168 tempest-VolumeQuotasAdminTestJSON-1658549168-project] Empty body provided in request {{(pid=94394) get_body /opt/stack/cinder/cinder/api/openstack/wsgi.py:713}}
Feb 05 22:38:40.067602 dv-cinder-818886-2-smb devstack@c-api.service[94394]: DEBUG cinder.api.openstack.wsgi [None req-3433fed8-3ef7-4c4f-a5ec-a99692a1d408 tempest-VolumeQuotasAdminTestJSON-1658549168 tempest-VolumeQuotasAdminTestJSON-1658549168-project] Calling method 'show' {{(pid=94394) _process_stack /opt/stack/cinder/cinder/api/openstack/wsgi.py:866}}
Feb 05 22:38:40.098726 dv-cinder-818886-2-smb devstack@c-api.service[94393]: DEBUG cinder.volume.api [None req-482d9af5-2c15-43e0-9554-c8dc7af24dbc tempest-AttachVolumeShelveTestJSON-2138221594 tempest-AttachVolumeShelveTestJSON-2138221594-project] Task 'cinder.volume.flows.api.create_volume.QuotaCommitTask;volume:create' (be68a89f-98b1-4984-b604-866444cf75e7) transitioned into state 'SUCCESS' from state 'RUNNING' with result '{'volume_properties': VolumeProperties(attach_status='detached',availability_zone='nova',cgsnapshot_id=None,consistencygroup_id=None,display_description=None,display_name='tempest-AttachVolumeShelveTestJSON-volume-1872751918',encryption_key_id=None,group_id=None,group_type_id=,metadata={},multiattach=False,project_id='f5476bb4aba445c3a9d06ad31f1ecbf5',qos_specs=None,replication_status=,reservations=['c792c724-b9c1-4454-abf6-089b4e3cfdd8','4f8a03cf-bbc3-4689-b013-1fedabc38af7','1f088891-3311-4f02-9e0f-45cbe5a9f097','c660d40e-354f-4480-a283-b46fc53f4302'],size=1,snapshot_id=None,source_replicaid=,source_volid=None,status='creating',user_id='0e0104e6b4ef4096a35465b0c8749540',volume_type_id=010bea47-8372-4980-b9fe-d5cb7e7a0f7d)}' {{(pid=94393) _task_receiver /usr/local/lib/python3.8/dist-packages/taskflow/listeners/logging.py:178}}
Feb 05 22:38:40.100703 dv-cinder-818886-2-smb devstack@c-api.service[94393]: DEBUG cinder.volume.api [None req-482d9af5-2c15-43e0-9554-c8dc7af24dbc tempest-AttachVolumeShelveTestJSON-2138221594 tempest-AttachVolumeShelveTestJSON-2138221594-project] Task 'cinder.volume.flows.api.create_volume.VolumeCastTask;volume:create' (a9f30098-8ef7-4768-b2c2-3e85dc891824) transitioned into state 'RUNNING' from state 'PENDING' {{(pid=94393) _task_receiver /usr/local/lib/python3.8/dist-packages/taskflow/listeners/logging.py:190}}
Feb 05 22:38:40.111668 dv-cinder-818886-2-smb devstack@c-api.service[94394]: /usr/local/lib/python3.8/dist-packages/oslo_context/context.py:105: DeprecationWarning: Policy enforcement is depending on the value of is_admin. This key is deprecated. Please update your policy file to use the standard policy values.
Feb 05 22:38:40.111668 dv-cinder-818886-2-smb devstack@c-api.service[94394]: warnings.warn('Policy enforcement is depending on the value of '
Feb 05 22:38:40.120696 dv-cinder-818886-2-smb devstack@c-api.service[94394]: INFO cinder.volume.api [None req-3433fed8-3ef7-4c4f-a5ec-a99692a1d408 tempest-VolumeQuotasAdminTestJSON-1658549168 tempest-VolumeQuotasAdminTestJSON-1658549168-project] Volume info retrieved successfully.
