Nov 23 13:11:39.748068 dv-cinder-818886-1-smb neutron-server[87466]: INFO neutron.wsgi [req-e2dbf366-cf96-4e6e-a55d-f01eb3b2829d req-a40d5bbb-683f-4483-bc14-f1041ee2555d tempest-AttachVolumeNegativeTest-1647508016 tempest-AttachVolumeNegativeTest-1647508016-project] 10.222.0.48 "GET /v2.0/ports?device_id=819969b2-7e59-4ed1-ba95-ca10e89a146f HTTP/1.1" status: 200 len: 210 time: 0.0517559
Nov 23 13:11:39.755883 dv-cinder-818886-1-smb neutron-server[87465]: DEBUG oslo_concurrency.lockutils [None req-41309614-feea-4ddb-a1db-13cf3c378588 admin admin] Lock "event-dispatch" acquired by "neutron.plugins.ml2.ovo_rpc._ObjectChangeHandler.dispatch_events" :: waited 0.000s {{(pid=87465) inner /usr/local/lib/python3.8/dist-packages/oslo_concurrency/lockutils.py:355}}
Nov 23 13:11:39.778896 dv-cinder-818886-1-smb neutron-server[87465]: INFO neutron.wsgi [req-ebb4068e-c36b-433a-82b6-2015b464b69a req-53f02ec4-42ca-44db-b464-7975c47529eb service neutron] 10.222.0.88 "GET /v2.0/ports?network_id=0027748b-8da6-43ba-b2a5-1fbc984935cc&device_owner=network%3Adhcp HTTP/1.1" status: 200 len: 210 time: 0.0800827
Nov 23 13:11:39.801963 dv-cinder-818886-1-smb neutron-server[87467]: DEBUG neutron_lib.callbacks.manager [None req-d8015d5f-7a9f-47a1-97a3-f066d2667b4d None None] Notify callbacks ['neutron.plugins.ml2.plugin.SecurityGroupDbMixin._ensure_default_security_group_handler-1780578'] for port, before_update {{(pid=87467) _notify_loop /usr/local/lib/python3.8/dist-packages/neutron_lib/callbacks/manager.py:192}}
Nov 23 13:11:39.846421 dv-cinder-818886-1-smb neutron-server[87467]: DEBUG neutron.plugins.ml2.db [None req-d8015d5f-7a9f-47a1-97a3-f066d2667b4d None None] For port 115ca5c6-27b1-4014-b6db-4423b3d39a66, host hv-cinder-81888, got binding levels [PortBindingLevel(driver='hyperv',host='hv-cinder-81888',level=0,port_id=115ca5c6-27b1-4014-b6db-4423b3d39a66,segment=NetworkSegment(24d0d914-367f-48a6-ac06-95b591f86df6),segment_id=24d0d914-367f-48a6-ac06-95b591f86df6)] {{(pid=87467) get_binding_level_objs /opt/stack/neutron/neutron/plugins/ml2/db.py:75}}
Nov 23 13:11:39.885448 dv-cinder-818886-1-smb neutron-server[87465]: DEBUG neutron.api.rpc.handlers.resources_rpc [None req-d731281c-8dce-4b79-a030-260364fe3116 admin admin] Pushing event updated for resources: {'SecurityGroup': ['ID=1ab86c36-bae8-4bef-aeb2-7f8c412c9184,revision_number=1']} {{(pid=87465) push /opt/stack/neutron/neutron/api/rpc/handlers/resources_rpc.py:237}}
Nov 23 13:11:39.889232 dv-cinder-818886-1-smb neutron-server[87467]: DEBUG neutron_lib.callbacks.manager [None req-d8015d5f-7a9f-47a1-97a3-f066d2667b4d None None] Notify callbacks ['neutron.plugins.ml2.plugin.SecurityGroupServerNotifierRpcMixin.notify_sg_on_port_change-1780513', 'neutron.plugins.ml2.ovo_rpc._ObjectChangeHandler.handle_event-74480', 'neutron.api.rpc.agentnotifiers.dhcp_rpc_agent_api.DhcpAgentNotifyAPI._native_event_send_dhcp_notification-536394', 'neutron.db.l3_db.L3RpcNotifierMixin._notify_gateway_port_ip_changed-8783697622330', 'neutron.db.l3_dvrscheduler_db._notify_l3_agent_port_update-8783697077351', 'neutron.db.l3_hascheduler_db._notify_l3_agent_ha_port_update-8783697077396'] for port, after_update {{(pid=87467) _notify_loop /usr/local/lib/python3.8/dist-packages/neutron_lib/callbacks/manager.py:192}}
Nov 23 13:11:39.893281 dv-cinder-818886-1-smb neutron-server[87465]: INFO neutron.wsgi [None req-d731281c-8dce-4b79-a030-260364fe3116 admin admin] 10.222.0.48 "GET /v2.0/security-groups?tenant_id=37ed9a70d1bb42d696f536fa57a6ebb8&name=default HTTP/1.1" status: 200 len: 2979 time: 0.6807995
Nov 23 13:11:39.893694 dv-cinder-818886-1-smb neutron-server[87467]: DEBUG oslo_concurrency.lockutils [None req-e542cce8-6c08-417e-a121-936268cfd882 None None] Lock "event-dispatch" acquired by "neutron.plugins.ml2.ovo_rpc._ObjectChangeHandler.dispatch_events" :: waited 0.000s {{(pid=87467) inner /usr/local/lib/python3.8/dist-packages/oslo_concurrency/lockutils.py:355}}
Nov 23 13:11:39.893791 dv-cinder-818886-1-smb neutron-server[87466]: DEBUG neutron.wsgi [-] (87466) accepted ('10.222.0.48', 56668) {{(pid=87466) server /usr/local/lib/python3.8/dist-packages/eventlet/wsgi.py:992}}
Nov 23 13:11:39.904521 dv-cinder-818886-1-smb neutron-server[87465]: DEBUG oslo_concurrency.lockutils [None req-d731281c-8dce-4b79-a030-260364fe3116 admin admin] Lock "event-dispatch" released by "neutron.plugins.ml2.ovo_rpc._ObjectChangeHandler.dispatch_events" :: held 0.149s {{(pid=87465) inner /usr/local/lib/python3.8/dist-packages/oslo_concurrency/lockutils.py:367}}
Nov 23 13:11:39.966526 dv-cinder-818886-1-smb neutron-server[87465]: INFO neutron.wsgi [req-ebb4068e-c36b-433a-82b6-2015b464b69a req-0dc5869a-5183-436e-8321-cabd5cb0d450 service neutron] 10.222.0.88 "GET /v2.0/networks/0027748b-8da6-43ba-b2a5-1fbc984935cc?fields=segments HTTP/1.1" status: 200 len: 212 time: 0.1703660
Nov 23 13:11:39.972125 dv-cinder-818886-1-smb neutron-server[87467]: DEBUG neutron.notifiers.nova [-] Sending events: [{'server_uuid': '9786085b-8a3d-4150-ad7b-e3cc5c3bdd5f', 'name': 'network-vif-plugged', 'status': 'completed', 'tag': '115ca5c6-27b1-4014-b6db-4423b3d39a66'}] {{(pid=87467) send_events /opt/stack/neutron/neutron/notifiers/nova.py:262}}
Nov 23 13:11:39.975778 dv-cinder-818886-1-smb neutron-server[87466]: DEBUG neutron_lib.callbacks.manager [None req-e81d4651-ee78-4a81-9fdb-35e257c354a6 admin admin] Notify callbacks [] for security_group, before_delete {{(pid=87466) _notify_loop /usr/local/lib/python3.8/dist-packages/neutron_lib/callbacks/manager.py:192}}
Nov 23 13:11:40.005427 dv-cinder-818886-1-smb neutron-server[87467]: DEBUG neutron.api.rpc.handlers.resources_rpc [None req-d8015d5f-7a9f-47a1-97a3-f066d2667b4d None None] Pushing event updated for resources: {'Port': ['ID=115ca5c6-27b1-4014-b6db-4423b3d39a66,revision_number=5']} {{(pid=87467) push /opt/stack/neutron/neutron/api/rpc/handlers/resources_rpc.py:237}}
Nov 23 13:11:40.006501 dv-cinder-818886-1-smb neutron-server[87466]: DEBUG neutron_lib.callbacks.manager [None req-e81d4651-ee78-4a81-9fdb-35e257c354a6 admin admin] Notify callbacks [] for security_group, precommit_delete {{(pid=87466) _notify_loop /usr/local/lib/python3.8/dist-packages/neutron_lib/callbacks/manager.py:192}}
Nov 23 13:11:40.013086 dv-cinder-818886-1-smb neutron-server[87467]: DEBUG oslo_concurrency.lockutils [None req-d8015d5f-7a9f-47a1-97a3-f066d2667b4d None None] Lock "event-dispatch" released by "neutron.plugins.ml2.ovo_rpc._ObjectChangeHandler.dispatch_events" :: held 0.122s {{(pid=87467) inner /usr/local/lib/python3.8/dist-packages/oslo_concurrency/lockutils.py:367}}
Nov 23 13:11:40.030824 dv-cinder-818886-1-smb neutron-server[87467]: INFO neutron.notifiers.nova [-] Nova event response: {'server_uuid': '9786085b-8a3d-4150-ad7b-e3cc5c3bdd5f', 'name': 'network-vif-plugged', 'status': 'completed', 'tag': '115ca5c6-27b1-4014-b6db-4423b3d39a66', 'code': 200}
Nov 23 13:11:40.159790 dv-cinder-818886-1-smb neutron-server[87465]: INFO neutron.wsgi [req-ebb4068e-c36b-433a-82b6-2015b464b69a req-9b2f87ed-1b6a-44d9-ba58-6d575c54ad2e service neutron] 10.222.0.88 "GET /v2.0/networks/0027748b-8da6-43ba-b2a5-1fbc984935cc?fields=provider%3Aphysical_network&fields=provider%3Anetwork_type HTTP/1.1" status: 200 len: 281 time: 0.1850646
Nov 23 13:11:40.188674 dv-cinder-818886-1-smb neutron-server[87466]: DEBUG neutron_lib.callbacks.manager [None req-e81d4651-ee78-4a81-9fdb-35e257c354a6 admin admin] Notify callbacks ['neutron.plugins.ml2.ovo_rpc._ObjectChangeHandler.handle_event-1027626'] for security_group, after_delete {{(pid=87466) _notify_loop /usr/local/lib/python3.8/dist-packages/neutron_lib/callbacks/manager.py:192}}
Nov 23 13:11:40.203634 dv-cinder-818886-1-smb neutron-server[87466]: DEBUG oslo_concurrency.lockutils [None req-a078d574-a46c-45f0-ae52-efef82c4f37f admin admin] Lock "event-dispatch" acquired by "neutron.plugins.ml2.ovo_rpc._ObjectChangeHandler.dispatch_events" :: waited 0.000s {{(pid=87466) inner /usr/local/lib/python3.8/dist-packages/oslo_concurrency/lockutils.py:355}}
Nov 23 13:11:40.232183 dv-cinder-818886-1-smb neutron-server[87466]: DEBUG neutron.api.rpc.handlers.resources_rpc [None req-e81d4651-ee78-4a81-9fdb-35e257c354a6 admin admin] Pushing event deleted for resources: {'SecurityGroup': ['ID=1ab86c36-bae8-4bef-aeb2-7f8c412c9184,revision_number=None']} {{(pid=87466) push /opt/stack/neutron/neutron/api/rpc/handlers/resources_rpc.py:237}}
Nov 23 13:11:40.234806 dv-cinder-818886-1-smb neutron-server[87466]: DEBUG oslo_concurrency.lockutils [None req-e81d4651-ee78-4a81-9fdb-35e257c354a6 admin admin] Lock "event-dispatch" released by "neutron.plugins.ml2.ovo_rpc._ObjectChangeHandler.dispatch_events" :: held 0.031s {{(pid=87466) inner /usr/local/lib/python3.8/dist-packages/oslo_concurrency/lockutils.py:367}}
Nov 23 13:11:40.243666 dv-cinder-818886-1-smb neutron-server[87466]: DEBUG neutron_lib.callbacks.manager [None req-e81d4651-ee78-4a81-9fdb-35e257c354a6 admin admin] Notify callbacks [] for security_group, before_response {{(pid=87466) _notify_loop /usr/local/lib/python3.8/dist-packages/neutron_lib/callbacks/manager.py:192}}
Nov 23 13:11:40.248112 dv-cinder-818886-1-smb neutron-server[87466]: INFO neutron.wsgi [None req-e81d4651-ee78-4a81-9fdb-35e257c354a6 admin admin] 10.222.0.48 "DELETE /v2.0/security-groups/1ab86c36-bae8-4bef-aeb2-7f8c412c9184 HTTP/1.1" status: 204 len: 168 time: 0.3531282
Nov 23 13:11:40.289014 dv-cinder-818886-1-smb neutron-server[87466]: DEBUG neutron.pecan_wsgi.hooks.policy_enforcement [req-b7962b5e-89fd-43c7-af25-880f46103d2e req-87cbe75a-ab5a-481b-b27e-1a9f03106167 tempest-ServerRescueNegativeTestJSON-1940746970 tempest-ServerRescueNegativeTestJSON-1940746970-project] Attributes excluded by policy engine: ['standard_attr_id', 'binding:profile', 'binding:host_id', 'binding:vif_type', 'binding:vif_details'] {{(pid=87466) _exclude_attributes_by_policy /opt/stack/neutron/neutron/pecan_wsgi/hooks/policy_enforcement.py:255}}
Nov 23 13:11:40.290662 dv-cinder-818886-1-smb neutron-server[87466]: INFO neutron.wsgi [req-b7962b5e-89fd-43c7-af25-880f46103d2e req-87cbe75a-ab5a-481b-b27e-1a9f03106167 tempest-ServerRescueNegativeTestJSON-1940746970 tempest-ServerRescueNegativeTestJSON-1940746970-project] 10.222.0.48 "GET /v2.0/ports?device_id=e771ea27-3979-46f1-8cf8-f463516c8e88 HTTP/1.1" status: 200 len: 946 time: 0.2101188
Nov 23 13:11:40.395873 dv-cinder-818886-1-smb neutron-server[87466]: INFO neutron.wsgi [req-b7962b5e-89fd-43c7-af25-880f46103d2e req-8d4e4fc2-7530-4b7e-b5ea-9b32edc01e39 tempest-ServerRescueNegativeTestJSON-1940746970 tempest-ServerRescueNegativeTestJSON-1940746970-project] 10.222.0.48 "GET /v2.0/security-groups?id=3387ccb6-4d91-4804-a415-865fb18e1b5f&fields=id&fields=name HTTP/1.1" status: 200 len: 286 time: 0.0991309
Nov 23 13:11:40.429527 dv-cinder-818886-1-smb neutron-server[87466]: DEBUG neutron.pecan_wsgi.hooks.policy_enforcement [req-27c20557-8fe0-4b62-a4ea-3dd6278b48eb req-f1de4796-0b6d-43e2-b9d3-cd81066f0904 tempest-AttachVolumeTestJSON-1213879939 tempest-AttachVolumeTestJSON-1213879939-project] Attributes excluded by policy engine: ['standard_attr_id', 'binding:profile', 'binding:host_id', 'binding:vif_type', 'binding:vif_details'] {{(pid=87466) _exclude_attributes_by_policy /opt/stack/neutron/neutron/pecan_wsgi/hooks/policy_enforcement.py:255}}
Nov 23 13:11:40.431553 dv-cinder-818886-1-smb neutron-server[87466]: INFO neutron.wsgi [req-27c20557-8fe0-4b62-a4ea-3dd6278b48eb req-f1de4796-0b6d-43e2-b9d3-cd81066f0904 tempest-AttachVolumeTestJSON-1213879939 tempest-AttachVolumeTestJSON-1213879939-project] 10.222.0.48 "GET /v2.0/ports?device_id=a55b6e06-e03a-4ba8-a345-d5d335cd25fe HTTP/1.1" status: 200 len: 945 time: 0.1202435
Nov 23 13:11:40.482370 dv-cinder-818886-1-smb neutron-server[87466]: INFO neutron.wsgi [req-27c20557-8fe0-4b62-a4ea-3dd6278b48eb req-4125dbdd-33bf-430a-be5b-909db70f4dc2 tempest-AttachVolumeTestJSON-1213879939 tempest-AttachVolumeTestJSON-1213879939-project] 10.222.0.48 "GET /v2.0/security-groups?id=ab424374-7fd6-4263-91af-a8777f3a4ffc&fields=id&fields=name HTTP/1.1" status: 200 len: 312 time: 0.0422871
Nov 23 13:11:40.608745 dv-cinder-818886-1-smb neutron-server[87465]: DEBUG neutron.pecan_wsgi.hooks.policy_enforcement [req-083f6806-59c9-44be-9879-e370c5372bd5 req-71f5d404-8747-4485-a28e-8ef9a8069db7 service neutron] Attributes excluded by policy engine: ['standard_attr_id'] {{(pid=87465) _exclude_attributes_by_policy /opt/stack/neutron/neutron/pecan_wsgi/hooks/policy_enforcement.py:255}}
Nov 23 13:11:40.610297 dv-cinder-818886-1-smb neutron-server[87465]: INFO neutron.wsgi [req-083f6806-59c9-44be-9879-e370c5372bd5 req-71f5d404-8747-4485-a28e-8ef9a8069db7 service neutron] 10.222.0.88 "GET /v2.0/ports?device_id=9786085b-8a3d-4150-ad7b-e3cc5c3bdd5f HTTP/1.1" status: 200 len: 1098 time: 0.0706136
Nov 23 13:11:40.763866 dv-cinder-818886-1-smb neutron-server[87467]: DEBUG neutron_lib.callbacks.manager [None req-d8015d5f-7a9f-47a1-97a3-f066d2667b4d None None] Notify callbacks ['neutron.services.segments.db._update_segment_host_mapping_for_agent-8783697514415', 'neutron.plugins.ml2.plugin.Ml2Plugin._retry_binding_revived_agents-1800802'] for agent, after_update {{(pid=87467) _notify_loop /usr/local/lib/python3.8/dist-packages/neutron_lib/callbacks/manager.py:192}}
Nov 23 13:11:40.834732 dv-cinder-818886-1-smb neutron-server[87465]: INFO neutron.wsgi [req-083f6806-59c9-44be-9879-e370c5372bd5 req-9554c496-ad50-4590-80cc-8145fb7681f4 service neutron] 10.222.0.88 "GET /v2.0/security-groups?id=cc69ee04-b762-4882-bb67-0403ec1b3adb&fields=id&fields=name HTTP/1.1" status: 200 len: 312 time: 0.0359521
Nov 23 13:11:40.845184 dv-cinder-818886-1-smb neutron-server[87466]: DEBUG neutron.pecan_wsgi.hooks.policy_enforcement [req-57fed0e6-f584-4a08-89e1-e6dbd10f8dc2 req-9be2bc7a-3c56-43dd-905b-4aca853ce71a tempest-DeleteServersTestJSON-950724996 tempest-DeleteServersTestJSON-950724996-project] Attributes excluded by policy engine: ['standard_attr_id', 'binding:profile', 'binding:host_id', 'binding:vif_type', 'binding:vif_details'] {{(pid=87466) _exclude_attributes_by_policy /opt/stack/neutron/neutron/pecan_wsgi/hooks/policy_enforcement.py:255}}
Nov 23 13:11:40.846836 dv-cinder-818886-1-smb neutron-server[87466]: INFO neutron.wsgi [req-57fed0e6-f584-4a08-89e1-e6dbd10f8dc2 req-9be2bc7a-3c56-43dd-905b-4aca853ce71a tempest-DeleteServersTestJSON-950724996 tempest-DeleteServersTestJSON-950724996-project] 10.222.0.48 "GET /v2.0/ports?device_id=27459ee6-8be7-4197-a583-81c6f1a6ae4f HTTP/1.1" status: 200 len: 945 time: 0.1391718
Nov 23 13:11:40.858501 dv-cinder-818886-1-smb neutron-server[87466]: DEBUG neutron.pecan_wsgi.hooks.policy_enforcement [req-c69e75fe-1a25-4de2-97ec-2e06e060a6f7 req-2341d63c-4313-4357-af55-73de056c7483 tempest-AttachVolumeShelveTestJSON-368985444 tempest-AttachVolumeShelveTestJSON-368985444-project] Attributes excluded by policy engine: ['standard_attr_id', 'binding:profile', 'binding:host_id', 'binding:vif_type', 'binding:vif_details'] {{(pid=87466) _exclude_attributes_by_policy /opt/stack/neutron/neutron/pecan_wsgi/hooks/policy_enforcement.py:255}}
Nov 23 13:11:40.864134 dv-cinder-818886-1-smb neutron-server[87466]: INFO neutron.wsgi [req-c69e75fe-1a25-4de2-97ec-2e06e060a6f7 req-2341d63c-4313-4357-af55-73de056c7483 tempest-AttachVolumeShelveTestJSON-368985444 tempest-AttachVolumeShelveTestJSON-368985444-project] 10.222.0.48 "GET /v2.0/ports?device_id=9786085b-8a3d-4150-ad7b-e3cc5c3bdd5f HTTP/1.1" status: 200 len: 945 time: 0.1175070
Nov 23 13:11:40.927252 dv-cinder-818886-1-smb neutron-server[87466]: INFO neutron.wsgi [req-57fed0e6-f584-4a08-89e1-e6dbd10f8dc2 req-612fbec9-7125-4e80-a986-fa5044244d50 tempest-DeleteServersTestJSON-950724996 tempest-DeleteServersTestJSON-950724996-project] 10.222.0.48 "GET /v2.0/security-groups?id=3461341b-b81c-4e04-9485-0ff3dd493e51&fields=id&fields=name HTTP/1.1" status: 200 len: 286 time: 0.0657601
Nov 23 13:11:40.943366 dv-cinder-818886-1-smb neutron-server[87466]: INFO neutron.wsgi [req-c69e75fe-1a25-4de2-97ec-2e06e060a6f7 req-33edb640-0903-4ee3-848d-65f771715d3c tempest-AttachVolumeShelveTestJSON-368985444 tempest-AttachVolumeShelveTestJSON-368985444-project] 10.222.0.48 "GET /v2.0/security-groups?id=cc69ee04-b762-4882-bb67-0403ec1b3adb&fields=id&fields=name HTTP/1.1" status: 200 len: 312 time: 0.0673294
Nov 23 13:11:41.059940 dv-cinder-818886-1-smb neutron-server[87465]: DEBUG neutron.wsgi [-] (87465) accepted ('10.222.0.48', 56700) {{(pid=87465) server /usr/local/lib/python3.8/dist-packages/eventlet/wsgi.py:992}}
Nov 23 13:11:41.077834 dv-cinder-818886-1-smb neutron-server[87465]: DEBUG neutron_lib.callbacks.manager [None req-a9c95fd3-85de-419f-9324-9856afcb8241 admin admin] Notify callbacks [] for security_group, before_create {{(pid=87465) _notify_loop /usr/local/lib/python3.8/dist-packages/neutron_lib/callbacks/manager.py:192}}
Nov 23 13:11:41.084368 dv-cinder-818886-1-smb neutron-server[87466]: INFO neutron.wsgi [req-2dc24804-93c9-499c-bb73-bb7be5df1189 req-299232c2-b34c-4778-9987-6514116d203c tempest-AttachVolumeNegativeTest-1647508016 tempest-AttachVolumeNegativeTest-1647508016-project] 10.222.0.48 "GET /v2.0/ports?device_id=819969b2-7e59-4ed1-ba95-ca10e89a146f HTTP/1.1" status: 200 len: 210 time: 0.0460353
Nov 23 13:11:41.093855 dv-cinder-818886-1-smb neutron-server[87465]: DEBUG neutron.db.quota.driver [None req-a9c95fd3-85de-419f-9324-9856afcb8241 admin admin] Resources subnetpool have unlimited quota limit. It is not required to calculate headroom {{(pid=87465) make_reservation /opt/stack/neutron/neutron/db/quota/driver.py:219}}
Nov 23 13:11:41.098055 dv-cinder-818886-1-smb neutron-server[87465]: DEBUG neutron.quota.resource [None req-a9c95fd3-85de-419f-9324-9856afcb8241 admin admin] Usage tracker for resource:security_group_rule and tenant:dc78851327af486cb08c9d17d581e548 is out of sync, need to count used quota {{(pid=87465) count_used /opt/stack/neutron/neutron/quota/resource.py:270}}
Nov 23 13:11:41.100988 dv-cinder-818886-1-smb neutron-server[87465]: DEBUG neutron.quota.resource [None req-a9c95fd3-85de-419f-9324-9856afcb8241 admin admin] Quota usage for security_group_rule was recalculated. Used quota:0. {{(pid=87465) count_used /opt/stack/neutron/neutron/quota/resource.py:290}}
Nov 23 13:11:41.106566 dv-cinder-818886-1-smb neutron-server[87465]: DEBUG neutron.db.quota.driver [None req-a9c95fd3-85de-419f-9324-9856afcb8241 admin admin] Attempting to reserve 4 items for resource security_group_rule. Total usage: 0; quota limit: 100; headroom:100 {{(pid=87465) make_reservation /opt/stack/neutron/neutron/db/quota/driver.py:246}}
Nov 23 13:11:41.191071 dv-cinder-818886-1-smb neutron-server[87465]: DEBUG neutron_lib.callbacks.manager [None req-a9c95fd3-85de-419f-9324-9856afcb8241 admin admin] Notify callbacks [] for security_group, precommit_create {{(pid=87465) _notify_loop /usr/local/lib/python3.8/dist-packages/neutron_lib/callbacks/manager.py:192}}
Nov 23 13:11:41.299066 dv-cinder-818886-1-smb neutron-server[87465]: DEBUG neutron_lib.callbacks.manager [None req-a9c95fd3-85de-419f-9324-9856afcb8241 admin admin] Notify callbacks ['neutron.plugins.ml2.ovo_rpc._ObjectChangeHandler.handle_event-1027626'] for security_group, after_create {{(pid=87465) _notify_loop /usr/local/lib/python3.8/dist-packages/neutron_lib/callbacks/manager.py:192}}
Nov 23 13:11:41.305668 dv-cinder-818886-1-smb neutron-server[87465]: DEBUG oslo_concurrency.lockutils [None req-fa8f7ca2-3c64-41e7-995c-51ba33beb473 admin admin] Lock "event-dispatch" acquired by "neutron.plugins.ml2.ovo_rpc._ObjectChangeHandler.dispatch_events" :: waited 0.000s {{(pid=87465) inner /usr/local/lib/python3.8/dist-packages/oslo_concurrency/lockutils.py:355}}
Nov 23 13:11:41.348380 dv-cinder-818886-1-smb neutron-server[87466]: DEBUG neutron.wsgi [-] (87466) accepted ('10.222.0.48', 56704) {{(pid=87466) server /usr/local/lib/python3.8/dist-packages/eventlet/wsgi.py:992}}
Nov 23 13:11:41.348590 dv-cinder-818886-1-smb neutron-server[87465]: INFO neutron.wsgi [None req-a9c95fd3-85de-419f-9324-9856afcb8241 admin admin] 10.222.0.48 "GET /v2.0/security-groups?tenant_id=dc78851327af486cb08c9d17d581e548&name=default HTTP/1.1" status: 200 len: 2979 time: 0.2873423
Nov 23 13:11:41.349334 dv-cinder-818886-1-smb neutron-server[87465]: DEBUG neutron.api.rpc.handlers.resources_rpc [None req-a9c95fd3-85de-419f-9324-9856afcb8241 admin admin] Pushing event updated for resources: {'SecurityGroup': ['ID=2fc13a10-6d0f-4e9c-9545-a71d00f774eb,revision_number=1']} {{(pid=87465) push /opt/stack/neutron/neutron/api/rpc/handlers/resources_rpc.py:237}}
Nov 23 13:11:41.352322 dv-cinder-818886-1-smb neutron-server[87465]: DEBUG oslo_concurrency.lockutils [None req-a9c95fd3-85de-419f-9324-9856afcb8241 admin admin] Lock "event-dispatch" released by "neutron.plugins.ml2.ovo_rpc._ObjectChangeHandler.dispatch_events" :: held 0.047s {{(pid=87465) inner /usr/local/lib/python3.8/dist-packages/oslo_concurrency/lockutils.py:367}}
Nov 23 13:11:41.422169 dv-cinder-818886-1-smb neutron-server[87466]: DEBUG neutron_lib.callbacks.manager [None req-ba581f29-fc72-4e4b-b46f-6006240e7dab admin admin] Notify callbacks [] for security_group, before_delete {{(pid=87466) _notify_loop /usr/local/lib/python3.8/dist-packages/neutron_lib/callbacks/manager.py:192}}
Nov 23 13:11:41.454873 dv-cinder-818886-1-smb neutron-server[87466]: DEBUG neutron_lib.callbacks.manager [None req-ba581f29-fc72-4e4b-b46f-6006240e7dab admin admin] Notify callbacks [] for security_group, precommit_delete {{(pid=87466) _notify_loop /usr/local/lib/python3.8/dist-packages/neutron_lib/callbacks/manager.py:192}}
Nov 23 13:11:41.539064 dv-cinder-818886-1-smb neutron-server[87466]: DEBUG neutron.wsgi [-] (87466) accepted ('10.222.0.48', 56716) {{(pid=87466) server /usr/local/lib/python3.8/dist-packages/eventlet/wsgi.py:992}}
Nov 23 13:11:41.575753 dv-cinder-818886-1-smb neutron-server[87466]: DEBUG neutron_lib.callbacks.manager [None req-ba581f29-fc72-4e4b-b46f-6006240e7dab admin admin] Notify callbacks ['neutron.plugins.ml2.ovo_rpc._ObjectChangeHandler.handle_event-1027626'] for security_group, after_delete {{(pid=87466) _notify_loop /usr/local/lib/python3.8/dist-packages/neutron_lib/callbacks/manager.py:192}}
Nov 23 13:11:41.618836 dv-cinder-818886-1-smb neutron-server[87466]: DEBUG oslo_concurrency.lockutils [-] Lock "event-dispatch" acquired by "neutron.plugins.ml2.ovo_rpc._ObjectChangeHandler.dispatch_events" :: waited 0.000s {{(pid=87466) inner /usr/local/lib/python3.8/dist-packages/oslo_concurrency/lockutils.py:355}}
Nov 23 13:11:41.678027 dv-cinder-818886-1-smb neutron-server[87466]: DEBUG neutron.api.rpc.handlers.resources_rpc [None req-ba581f29-fc72-4e4b-b46f-6006240e7dab admin admin] Pushing event deleted for resources: {'SecurityGroup': ['ID=2fc13a10-6d0f-4e9c-9545-a71d00f774eb,revision_number=None']} {{(pid=87466) push /opt/stack/neutron/neutron/api/rpc/handlers/resources_rpc.py:237}}
Nov 23 13:11:41.680443 dv-cinder-818886-1-smb neutron-server[87466]: DEBUG oslo_concurrency.lockutils [None req-ba581f29-fc72-4e4b-b46f-6006240e7dab admin admin] Lock "event-dispatch" released by "neutron.plugins.ml2.ovo_rpc._ObjectChangeHandler.dispatch_events" :: held 0.062s {{(pid=87466) inner /usr/local/lib/python3.8/dist-packages/oslo_concurrency/lockutils.py:367}}
Nov 23 13:11:41.708529 dv-cinder-818886-1-smb neutron-server[87466]: DEBUG neutron_lib.callbacks.manager [None req-ba581f29-fc72-4e4b-b46f-6006240e7dab admin admin] Notify callbacks [] for security_group, before_response {{(pid=87466) _notify_loop /usr/local/lib/python3.8/dist-packages/neutron_lib/callbacks/manager.py:192}}
Nov 23 13:11:41.709593 dv-cinder-818886-1-smb neutron-server[87466]: INFO neutron.wsgi [None req-ba581f29-fc72-4e4b-b46f-6006240e7dab admin admin] 10.222.0.48 "DELETE /v2.0/security-groups/2fc13a10-6d0f-4e9c-9545-a71d00f774eb HTTP/1.1" status: 204 len: 168 time: 0.3602545
Nov 23 13:11:41.721438 dv-cinder-818886-1-smb neutron-server[87466]: DEBUG neutron_lib.callbacks.manager [None req-c1232aab-489e-4e5b-ae4d-b9242f42f353 admin admin] Notify callbacks [] for security_group, before_create {{(pid=87466) _notify_loop /usr/local/lib/python3.8/dist-packages/neutron_lib/callbacks/manager.py:192}}
Nov 23 13:11:41.749334 dv-cinder-818886-1-smb neutron-server[87466]: DEBUG neutron.db.quota.driver [None req-c1232aab-489e-4e5b-ae4d-b9242f42f353 admin admin] Resources subnetpool have unlimited quota limit. It is not required to calculate headroom {{(pid=87466) make_reservation /opt/stack/neutron/neutron/db/quota/driver.py:219}}
Nov 23 13:11:41.756293 dv-cinder-818886-1-smb neutron-server[87466]: DEBUG neutron.quota.resource [None req-c1232aab-489e-4e5b-ae4d-b9242f42f353 admin admin] Usage tracker for resource:security_group_rule and tenant:d9e2ad5a46d64b169f6e16f2589d9966 is out of sync, need to count used quota {{(pid=87466) count_used /opt/stack/neutron/neutron/quota/resource.py:270}}
Nov 23 13:11:41.760083 dv-cinder-818886-1-smb neutron-server[87466]: DEBUG neutron.quota.resource [None req-c1232aab-489e-4e5b-ae4d-b9242f42f353 admin admin] Quota usage for security_group_rule was recalculated. Used quota:0. {{(pid=87466) count_used /opt/stack/neutron/neutron/quota/resource.py:290}}
Nov 23 13:11:41.769939 dv-cinder-818886-1-smb neutron-server[87466]: DEBUG neutron.db.quota.driver [None req-c1232aab-489e-4e5b-ae4d-b9242f42f353 admin admin] Attempting to reserve 4 items for resource security_group_rule. Total usage: 0; quota limit: 100; headroom:100 {{(pid=87466) make_reservation /opt/stack/neutron/neutron/db/quota/driver.py:246}}
Nov 23 13:11:41.805778 dv-cinder-818886-1-smb neutron-server[87466]: DEBUG neutron.pecan_wsgi.hooks.policy_enforcement [req-821e225a-9c1e-4598-840c-489ee013bdba req-495365ce-e5ab-4499-9571-38f24bb24700 tempest-ServerRescueNegativeTestJSON-1940746970 tempest-ServerRescueNegativeTestJSON-1940746970-project] Attributes excluded by policy engine: ['standard_attr_id', 'binding:profile', 'binding:host_id', 'binding:vif_type', 'binding:vif_details'] {{(pid=87466) _exclude_attributes_by_policy /opt/stack/neutron/neutron/pecan_wsgi/hooks/policy_enforcement.py:255}}
Nov 23 13:11:41.807232 dv-cinder-818886-1-smb neutron-server[87466]: INFO neutron.wsgi [req-821e225a-9c1e-4598-840c-489ee013bdba req-495365ce-e5ab-4499-9571-38f24bb24700 tempest-ServerRescueNegativeTestJSON-1940746970 tempest-ServerRescueNegativeTestJSON-1940746970-project] 10.222.0.48 "GET /v2.0/ports?device_id=e771ea27-3979-46f1-8cf8-f463516c8e88 HTTP/1.1" status: 200 len: 946 time: 0.2301617
Nov 23 13:11:41.848533 dv-cinder-818886-1-smb neutron-server[87466]: DEBUG neutron.pecan_wsgi.hooks.policy_enforcement [req-f9fa9fd0-721c-4681-ab5b-1c0f36b74c8e req-39df9f4d-fb0a-4dff-89f6-8c3ccdf094e4 tempest-AttachVolumeTestJSON-1213879939 tempest-AttachVolumeTestJSON-1213879939-project] Attributes excluded by policy engine: ['standard_attr_id', 'binding:profile', 'binding:host_id', 'binding:vif_type', 'binding:vif_details'] {{(pid=87466) _exclude_attributes_by_policy /opt/stack/neutron/neutron/pecan_wsgi/hooks/policy_enforcement.py:255}}
Nov 23 13:11:41.850047 dv-cinder-818886-1-smb neutron-server[87466]: INFO neutron.wsgi [req-f9fa9fd0-721c-4681-ab5b-1c0f36b74c8e req-39df9f4d-fb0a-4dff-89f6-8c3ccdf094e4 tempest-AttachVolumeTestJSON-1213879939 tempest-AttachVolumeTestJSON-1213879939-project] 10.222.0.48 "GET /v2.0/ports?device_id=a55b6e06-e03a-4ba8-a345-d5d335cd25fe HTTP/1.1" status: 200 len: 945 time: 0.2173402
Nov 23 13:11:41.902080 dv-cinder-818886-1-smb neutron-server[87466]: INFO neutron.wsgi [req-821e225a-9c1e-4598-840c-489ee013bdba req-a5e1ea89-5a91-4d12-8865-a6ee8858d9e3 tempest-ServerRescueNegativeTestJSON-1940746970 tempest-ServerRescueNegativeTestJSON-1940746970-project] 10.222.0.48 "GET /v2.0/security-groups?id=3387ccb6-4d91-4804-a415-865fb18e1b5f&fields=id&fields=name HTTP/1.1" status: 200 len: 286 time: 0.0886970
Nov 23 13:11:41.933562 dv-cinder-818886-1-smb neutron-server[87466]: INFO neutron.wsgi [req-f9fa9fd0-721c-4681-ab5b-1c0f36b74c8e req-29be0877-06d6-479e-8c72-7fee6be2c739 tempest-AttachVolumeTestJSON-1213879939 tempest-AttachVolumeTestJSON-1213879939-project] 10.222.0.48 "GET /v2.0/security-groups?id=ab424374-7fd6-4263-91af-a8777f3a4ffc&fields=id&fields=name HTTP/1.1" status: 200 len: 312 time: 0.0758090
Nov 23 13:11:41.972947 dv-cinder-818886-1-smb neutron-server[87466]: DEBUG neutron_lib.callbacks.manager [None req-c1232aab-489e-4e5b-ae4d-b9242f42f353 admin admin] Notify callbacks [] for security_group, precommit_create {{(pid=87466) _notify_loop /usr/local/lib/python3.8/dist-packages/neutron_lib/callbacks/manager.py:192}}
Nov 23 13:11:42.121641 dv-cinder-818886-1-smb neutron-server[87466]: DEBUG neutron_lib.callbacks.manager [None req-c1232aab-489e-4e5b-ae4d-b9242f42f353 admin admin] Notify callbacks ['neutron.plugins.ml2.ovo_rpc._ObjectChangeHandler.handle_event-1027626'] for security_group, after_create {{(pid=87466) _notify_loop /usr/local/lib/python3.8/dist-packages/neutron_lib/callbacks/manager.py:192}}
Nov 23 13:11:42.138705 dv-cinder-818886-1-smb neutron-server[87466]: DEBUG oslo_concurrency.lockutils [-] Lock "event-dispatch" acquired by "neutron.plugins.ml2.ovo_rpc._ObjectChangeHandler.dispatch_events" :: waited 0.000s {{(pid=87466) inner /usr/local/lib/python3.8/dist-packages/oslo_concurrency/lockutils.py:355}}
Nov 23 13:11:42.200914 dv-cinder-818886-1-smb neutron-server[87466]: INFO neutron.wsgi [None req-c1232aab-489e-4e5b-ae4d-b9242f42f353 admin admin] 10.222.0.48 "GET /v2.0/security-groups?tenant_id=d9e2ad5a46d64b169f6e16f2589d9966&name=default HTTP/1.1" status: 200 len: 2979 time: 0.6605461
Nov 23 13:11:42.203287 dv-cinder-818886-1-smb neutron-server[87466]: DEBUG neutron.api.rpc.handlers.resources_rpc [None req-c1232aab-489e-4e5b-ae4d-b9242f42f353 admin admin] Pushing event updated for resources: {'SecurityGroup': ['ID=65bd36a4-31f0-4134-a985-ecb5d2ab69a3,revision_number=1']} {{(pid=87466) push /opt/stack/neutron/neutron/api/rpc/handlers/resources_rpc.py:237}}
Nov 23 13:11:42.203908 dv-cinder-818886-1-smb neutron-server[87465]: DEBUG neutron.wsgi [-] (87465) accepted ('10.222.0.48', 56740) {{(pid=87465) server /usr/local/lib/python3.8/dist-packages/eventlet/wsgi.py:992}}
Nov 23 13:11:42.209239 dv-cinder-818886-1-smb neutron-server[87466]: DEBUG oslo_concurrency.lockutils [None req-c1232aab-489e-4e5b-ae4d-b9242f42f353 admin admin] Lock "event-dispatch" released by "neutron.plugins.ml2.ovo_rpc._ObjectChangeHandler.dispatch_events" :: held 0.070s {{(pid=87466) inner /usr/local/lib/python3.8/dist-packages/oslo_concurrency/lockutils.py:367}}
Nov 23 13:11:42.238730 dv-cinder-818886-1-smb neutron-server[87466]: DEBUG neutron.pecan_wsgi.hooks.policy_enforcement [req-56158b5e-885b-47ab-b42c-c36033555eb1 req-18b94537-f7f8-44a3-b470-3af55f690522 tempest-AttachVolumeTestJSON-1213879939 tempest-AttachVolumeTestJSON-1213879939-project] Attributes excluded by policy engine: ['standard_attr_id', 'binding:profile', 'binding:host_id', 'binding:vif_type', 'binding:vif_details'] {{(pid=87466) _exclude_attributes_by_policy /opt/stack/neutron/neutron/pecan_wsgi/hooks/policy_enforcement.py:255}}
Nov 23 13:11:42.240277 dv-cinder-818886-1-smb neutron-server[87466]: INFO neutron.wsgi [req-56158b5e-885b-47ab-b42c-c36033555eb1 req-18b94537-f7f8-44a3-b470-3af55f690522 tempest-AttachVolumeTestJSON-1213879939 tempest-AttachVolumeTestJSON-1213879939-project] 10.222.0.48 "GET /v2.0/ports?device_id=a55b6e06-e03a-4ba8-a345-d5d335cd25fe HTTP/1.1" status: 200 len: 945 time: 0.1972837
Nov 23 13:11:42.248633 dv-cinder-818886-1-smb neutron-server[87466]: DEBUG neutron.pecan_wsgi.hooks.policy_enforcement [req-38e50915-9f14-468c-a4be-ded8051e4e80 req-23e57661-5ab0-400d-ba47-eb599423b0bb tempest-DeleteServersTestJSON-950724996 tempest-DeleteServersTestJSON-950724996-project] Attributes excluded by policy engine: ['standard_attr_id', 'binding:profile', 'binding:host_id', 'binding:vif_type', 'binding:vif_details'] {{(pid=87466) _exclude_attributes_by_policy /opt/stack/neutron/neutron/pecan_wsgi/hooks/policy_enforcement.py:255}}
Nov 23 13:11:42.250328 dv-cinder-818886-1-smb neutron-server[87466]: INFO neutron.wsgi [req-38e50915-9f14-468c-a4be-ded8051e4e80 req-23e57661-5ab0-400d-ba47-eb599423b0bb tempest-DeleteServersTestJSON-950724996 tempest-DeleteServersTestJSON-950724996-project] 10.222.0.48 "GET /v2.0/ports?device_id=27459ee6-8be7-4197-a583-81c6f1a6ae4f HTTP/1.1" status: 200 len: 945 time: 0.1769097
Nov 23 13:11:42.250828 dv-cinder-818886-1-smb neutron-server[87466]: DEBUG neutron.wsgi [-] (87466) accepted ('10.222.0.48', 56744) {{(pid=87466) server /usr/local/lib/python3.8/dist-packages/eventlet/wsgi.py:992}}
Nov 23 13:11:42.256447 dv-cinder-818886-1-smb neutron-server[87466]: DEBUG neutron.api.v2.base [None req-2b3ac469-6da5-4de5-9c0c-cd1c842169e7 tempest-AttachVolumeTestJSON-1213879939 tempest-AttachVolumeTestJSON-1213879939-project] Request body: {'floatingip': {'port_id': '8df814e2-c40e-45a1-a628-539227f44e14'}} {{(pid=87466) prepare_request_body /opt/stack/neutron/neutron/api/v2/base.py:729}}
Nov 23 13:11:42.325595 dv-cinder-818886-1-smb neutron-server[87465]: DEBUG neutron_lib.callbacks.manager [None req-26872991-bd06-4cb4-8aec-42953fd4ff62 admin admin] Notify callbacks [] for security_group, before_delete {{(pid=87465) _notify_loop /usr/local/lib/python3.8/dist-packages/neutron_lib/callbacks/manager.py:192}}
Nov 23 13:11:42.362692 dv-cinder-818886-1-smb neutron-server[87465]: DEBUG neutron_lib.callbacks.manager [None req-26872991-bd06-4cb4-8aec-42953fd4ff62 admin admin] Notify callbacks [] for security_group, precommit_delete {{(pid=87465) _notify_loop /usr/local/lib/python3.8/dist-packages/neutron_lib/callbacks/manager.py:192}}
Nov 23 13:11:42.371765 dv-cinder-818886-1-smb neutron-server[87466]: DEBUG neutron_lib.callbacks.manager [None req-2b3ac469-6da5-4de5-9c0c-cd1c842169e7 tempest-AttachVolumeTestJSON-1213879939 tempest-AttachVolumeTestJSON-1213879939-project] Notify callbacks [] for floatingip, before_update {{(pid=87466) _notify_loop /usr/local/lib/python3.8/dist-packages/neutron_lib/callbacks/manager.py:192}}
Nov 23 13:11:42.569170 dv-cinder-818886-1-smb neutron-server[87466]: INFO neutron.wsgi [req-38e50915-9f14-468c-a4be-ded8051e4e80 req-8218efdb-b9f6-4398-b99f-83f386d15888 tempest-DeleteServersTestJSON-950724996 tempest-DeleteServersTestJSON-950724996-project] 10.222.0.48 "GET /v2.0/security-groups?id=3461341b-b81c-4e04-9485-0ff3dd493e51&fields=id&fields=name HTTP/1.1" status: 200 len: 286 time: 0.2358978
Nov 23 13:11:42.569888 dv-cinder-818886-1-smb neutron-server[87465]: DEBUG neutron_lib.callbacks.manager [None req-26872991-bd06-4cb4-8aec-42953fd4ff62 admin admin] Notify callbacks ['neutron.plugins.ml2.ovo_rpc._ObjectChangeHandler.handle_event-1027626'] for security_group, after_delete {{(pid=87465) _notify_loop /usr/local/lib/python3.8/dist-packages/neutron_lib/callbacks/manager.py:192}}
Nov 23 13:11:42.575025 dv-cinder-818886-1-smb neutron-server[87465]: DEBUG oslo_concurrency.lockutils [None req-ce5e32da-019c-478f-8643-85e29cf07163 admin admin] Lock "event-dispatch" acquired by "neutron.plugins.ml2.ovo_rpc._ObjectChangeHandler.dispatch_events" :: waited 0.000s {{(pid=87465) inner /usr/local/lib/python3.8/dist-packages/oslo_concurrency/lockutils.py:355}}
Nov 23 13:11:42.605581 dv-cinder-818886-1-smb neutron-server[87465]: DEBUG neutron.api.rpc.handlers.resources_rpc [None req-26872991-bd06-4cb4-8aec-42953fd4ff62 admin admin] Pushing event deleted for resources: {'SecurityGroup': ['ID=65bd36a4-31f0-4134-a985-ecb5d2ab69a3,revision_number=None']} {{(pid=87465) push /opt/stack/neutron/neutron/api/rpc/handlers/resources_rpc.py:237}}
Nov 23 13:11:42.647997 dv-cinder-818886-1-smb neutron-server[87465]: DEBUG neutron.api.rpc.callbacks.version_manager [None req-26872991-bd06-4cb4-8aec-42953fd4ff62 admin admin] Version for resource type AddressGroup changed None to 1.2 on consumer Open vSwitch agent@dv-cinder-818886-1-smb {{(pid=87465) _set_version /opt/stack/neutron/neutron/api/rpc/callbacks/version_manager.py:113}}
Nov 23 13:11:42.648528 dv-cinder-818886-1-smb neutron-server[87465]: DEBUG neutron.api.rpc.callbacks.version_manager [None req-26872991-bd06-4cb4-8aec-42953fd4ff62 admin admin] Version for resource type ConntrackHelper changed None to 1.0 on consumer Open vSwitch agent@dv-cinder-818886-1-smb {{(pid=87465) _set_version /opt/stack/neutron/neutron/api/rpc/callbacks/version_manager.py:113}}
Nov 23 13:11:42.649035 dv-cinder-818886-1-smb neutron-server[87465]: DEBUG neutron.api.rpc.callbacks.version_manager [None req-26872991-bd06-4cb4-8aec-42953fd4ff62 admin admin] Version for resource type Log changed None to 1.0 on consumer Open vSwitch agent@dv-cinder-818886-1-smb {{(pid=87465) _set_version /opt/stack/neutron/neutron/api/rpc/callbacks/version_manager.py:113}}
Nov 23 13:11:42.649544 dv-cinder-818886-1-smb neutron-server[87465]: DEBUG neutron.api.rpc.callbacks.version_manager [None req-26872991-bd06-4cb4-8aec-42953fd4ff62 admin admin] Version for resource type Network changed None to 1.1 on consumer Open vSwitch agent@dv-cinder-818886-1-smb {{(pid=87465) _set_version /opt/stack/neutron/neutron/api/rpc/callbacks/version_manager.py:113}}
Nov 23 13:11:42.650040 dv-cinder-818886-1-smb neutron-server[87465]: DEBUG neutron.api.rpc.callbacks.version_manager [None req-26872991-bd06-4cb4-8aec-42953fd4ff62 admin admin] Version for resource type Port changed None to 1.7 on consumer Open vSwitch agent@dv-cinder-818886-1-smb {{(pid=87465) _set_version /opt/stack/neutron/neutron/api/rpc/callbacks/version_manager.py:113}}
Nov 23 13:11:42.650637 dv-cinder-818886-1-smb neutron-server[87465]: DEBUG neutron.api.rpc.callbacks.version_manager [None req-26872991-bd06-4cb4-8aec-42953fd4ff62 admin admin] Version for resource type PortForwarding changed None to 1.2 on consumer Open vSwitch agent@dv-cinder-818886-1-smb {{(pid=87465) _set_version /opt/stack/neutron/neutron/api/rpc/callbacks/version_manager.py:113}}
Nov 23 13:11:42.651158 dv-cinder-818886-1-smb neutron-server[87465]: DEBUG neutron.api.rpc.callbacks.version_manager [None req-26872991-bd06-4cb4-8aec-42953fd4ff62 admin admin] Version for resource type QosPolicy changed None to 1.8 on consumer Open vSwitch agent@dv-cinder-818886-1-smb {{(pid=87465) _set_version /opt/stack/neutron/neutron/api/rpc/callbacks/version_manager.py:113}}
Nov 23 13:11:42.651663 dv-cinder-818886-1-smb neutron-server[87465]: DEBUG neutron.api.rpc.callbacks.version_manager [None req-26872991-bd06-4cb4-8aec-42953fd4ff62 admin admin] Version for resource type SecurityGroup changed None to 1.4 on consumer Open vSwitch agent@dv-cinder-818886-1-smb {{(pid=87465) _set_version /opt/stack/neutron/neutron/api/rpc/callbacks/version_manager.py:113}}
Nov 23 13:11:42.652155 dv-cinder-818886-1-smb neutron-server[87465]: DEBUG neutron.api.rpc.callbacks.version_manager [None req-26872991-bd06-4cb4-8aec-42953fd4ff62 admin admin] Version for resource type SecurityGroupRule changed None to 1.2 on consumer Open vSwitch agent@dv-cinder-818886-1-smb {{(pid=87465) _set_version /opt/stack/neutron/neutron/api/rpc/callbacks/version_manager.py:113}}
Nov 23 13:11:42.652646 dv-cinder-818886-1-smb neutron-server[87465]: DEBUG neutron.api.rpc.callbacks.version_manager [None req-26872991-bd06-4cb4-8aec-42953fd4ff62 admin admin] Version for resource type SubPort changed None to 1.0 on consumer Open vSwitch agent@dv-cinder-818886-1-smb {{(pid=87465) _set_version /opt/stack/neutron/neutron/api/rpc/callbacks/version_manager.py:113}}
Nov 23 13:11:42.653141 dv-cinder-818886-1-smb neutron-server[87465]: DEBUG neutron.api.rpc.callbacks.version_manager [None req-26872991-bd06-4cb4-8aec-42953fd4ff62 admin admin] Version for resource type Subnet changed None to 1.1 on consumer Open vSwitch agent@dv-cinder-818886-1-smb {{(pid=87465) _set_version /opt/stack/neutron/neutron/api/rpc/callbacks/version_manager.py:113}}
Nov 23 13:11:42.653628 dv-cinder-818886-1-smb neutron-server[87465]: DEBUG neutron.api.rpc.callbacks.version_manager [None req-26872991-bd06-4cb4-8aec-42953fd4ff62 admin admin] Version for resource type Trunk changed None to 1.1 on consumer Open vSwitch agent@dv-cinder-818886-1-smb {{(pid=87465) _set_version /opt/stack/neutron/neutron/api/rpc/callbacks/version_manager.py:113}}
Nov 23 13:11:42.656608 dv-cinder-818886-1-smb neutron-server[87465]: DEBUG neutron_lib.callbacks.manager [None req-26872991-bd06-4cb4-8aec-42953fd4ff62 admin admin] Notify callbacks [] for security_group, before_response {{(pid=87465) _notify_loop /usr/local/lib/python3.8/dist-packages/neutron_lib/callbacks/manager.py:192}}
Nov 23 13:11:42.659755 dv-cinder-818886-1-smb neutron-server[87465]: INFO neutron.wsgi [None req-26872991-bd06-4cb4-8aec-42953fd4ff62 admin admin] 10.222.0.48 "DELETE /v2.0/security-groups/65bd36a4-31f0-4134-a985-ecb5d2ab69a3 HTTP/1.1" status: 204 len: 168 time: 0.4496143
Nov 23 13:11:42.660011 dv-cinder-818886-1-smb neutron-server[87465]: DEBUG oslo_concurrency.lockutils [None req-26872991-bd06-4cb4-8aec-42953fd4ff62 admin admin] Lock "event-dispatch" released by "neutron.plugins.ml2.ovo_rpc._ObjectChangeHandler.dispatch_events" :: held 0.085s {{(pid=87465) inner /usr/local/lib/python3.8/dist-packages/oslo_concurrency/lockutils.py:367}}
Nov 23 13:11:42.849721 dv-cinder-818886-1-smb neutron-server[87466]: INFO neutron.wsgi [req-04f02080-e904-4996-b401-268b7eee082e req-f08c24a8-38f9-4f08-9546-2b8d304e43b8 tempest-AttachVolumeNegativeTest-1647508016 tempest-AttachVolumeNegativeTest-1647508016-project] 10.222.0.48 "GET /v2.0/ports?device_id=819969b2-7e59-4ed1-ba95-ca10e89a146f HTTP/1.1" status: 200 len: 210 time: 0.1269741
Nov 23 13:11:43.091842 dv-cinder-818886-1-smb neutron-server[87466]: DEBUG neutron.pecan_wsgi.hooks.policy_enforcement [req-4bde6618-54dd-49a6-9a38-3910ff36d389 req-0086a435-6366-4745-92bb-4662ac807d7b tempest-AttachVolumeShelveTestJSON-368985444 tempest-AttachVolumeShelveTestJSON-368985444-project] Attributes excluded by policy engine: ['standard_attr_id', 'binding:profile', 'binding:host_id', 'binding:vif_type', 'binding:vif_details'] {{(pid=87466) _exclude_attributes_by_policy /opt/stack/neutron/neutron/pecan_wsgi/hooks/policy_enforcement.py:255}}
Nov 23 13:11:43.099369 dv-cinder-818886-1-smb neutron-server[87466]: INFO neutron.wsgi [req-4bde6618-54dd-49a6-9a38-3910ff36d389 req-0086a435-6366-4745-92bb-4662ac807d7b tempest-AttachVolumeShelveTestJSON-368985444 tempest-AttachVolumeShelveTestJSON-368985444-project] 10.222.0.48 "GET /v2.0/ports?device_id=9786085b-8a3d-4150-ad7b-e3cc5c3bdd5f HTTP/1.1" status: 200 len: 945 time: 0.7303588
Nov 23 13:11:43.126327 dv-cinder-818886-1-smb neutron-server[87465]: DEBUG neutron.pecan_wsgi.hooks.policy_enforcement [req-e59e186a-7086-4c4b-8020-6e7da58d7059 req-3731ea99-131c-4468-a1c5-2a389a81cb06 tempest-AttachVolumeNegativeTest-1647508016 tempest-AttachVolumeNegativeTest-1647508016-project] Attributes excluded by policy engine: ['standard_attr_id', 'vlan_transparent', 'provider:network_type', 'provider:physical_network', 'provider:segmentation_id'] {{(pid=87465) _exclude_attributes_by_policy /opt/stack/neutron/neutron/pecan_wsgi/hooks/policy_enforcement.py:255}}
Nov 23 13:11:43.128689 dv-cinder-818886-1-smb neutron-server[87465]: INFO neutron.wsgi [req-e59e186a-7086-4c4b-8020-6e7da58d7059 req-3731ea99-131c-4468-a1c5-2a389a81cb06 tempest-AttachVolumeNegativeTest-1647508016 tempest-AttachVolumeNegativeTest-1647508016-project] 10.222.0.88 "GET /v2.0/networks?id=4fcd731b-3484-4a4a-9d91-9350116c2af7 HTTP/1.1" status: 200 len: 815 time: 0.2513530
Nov 23 13:11:43.156978 dv-cinder-818886-1-smb neutron-server[87465]: DEBUG neutron.api.v2.base [req-e59e186a-7086-4c4b-8020-6e7da58d7059 req-77f7bbf9-1371-4cdb-81a5-2a70fb1a089c tempest-AttachVolumeNegativeTest-1647508016 tempest-AttachVolumeNegativeTest-1647508016-project] Request body: {'port': {'device_id': '819969b2-7e59-4ed1-ba95-ca10e89a146f', 'network_id': '4fcd731b-3484-4a4a-9d91-9350116c2af7', 'admin_state_up': True, 'tenant_id': '03fc88be0a9f43bebedaede3ecd2f613'}} {{(pid=87465) prepare_request_body /opt/stack/neutron/neutron/api/v2/base.py:729}}
Nov 23 13:11:43.229721 dv-cinder-818886-1-smb neutron-server[87466]: INFO neutron.wsgi [req-4bde6618-54dd-49a6-9a38-3910ff36d389 req-4803a22a-9789-4fdc-aa76-e890d139d551 tempest-AttachVolumeShelveTestJSON-368985444 tempest-AttachVolumeShelveTestJSON-368985444-project] 10.222.0.48 "GET /v2.0/security-groups?id=cc69ee04-b762-4882-bb67-0403ec1b3adb&fields=id&fields=name HTTP/1.1" status: 200 len: 312 time: 0.1294155
Nov 23 13:11:43.320297 dv-cinder-818886-1-smb neutron-server[87465]: DEBUG neutron.db.quota.driver [req-e59e186a-7086-4c4b-8020-6e7da58d7059 req-77f7bbf9-1371-4cdb-81a5-2a70fb1a089c tempest-AttachVolumeNegativeTest-1647508016 tempest-AttachVolumeNegativeTest-1647508016-project] Resources subnetpool have unlimited quota limit. It is not required to calculate headroom {{(pid=87465) make_reservation /opt/stack/neutron/neutron/db/quota/driver.py:219}}
Nov 23 13:11:43.330598 dv-cinder-818886-1-smb neutron-server[87465]: DEBUG neutron.db.quota.driver [req-e59e186a-7086-4c4b-8020-6e7da58d7059 req-77f7bbf9-1371-4cdb-81a5-2a70fb1a089c tempest-AttachVolumeNegativeTest-1647508016 tempest-AttachVolumeNegativeTest-1647508016-project] Attempting to reserve 1 items for resource port. Total usage: 1; quota limit: 500; headroom:499 {{(pid=87465) make_reservation /opt/stack/neutron/neutron/db/quota/driver.py:246}}
Nov 23 13:11:43.403882 dv-cinder-818886-1-smb neutron-server[87465]: DEBUG neutron.pecan_wsgi.hooks.quota_enforcement [req-e59e186a-7086-4c4b-8020-6e7da58d7059 req-77f7bbf9-1371-4cdb-81a5-2a70fb1a089c tempest-AttachVolumeNegativeTest-1647508016 tempest-AttachVolumeNegativeTest-1647508016-project] Made reservation on behalf of 03fc88be0a9f43bebedaede3ecd2f613 for: {'port': 1} {{(pid=87465) before /opt/stack/neutron/neutron/pecan_wsgi/hooks/quota_enforcement.py:53}}
Nov 23 13:11:43.409360 dv-cinder-818886-1-smb neutron-server[87465]: DEBUG neutron_lib.callbacks.manager [req-e59e186a-7086-4c4b-8020-6e7da58d7059 req-77f7bbf9-1371-4cdb-81a5-2a70fb1a089c tempest-AttachVolumeNegativeTest-1647508016 tempest-AttachVolumeNegativeTest-1647508016-project] Notify callbacks ['neutron.plugins.ml2.plugin.SecurityGroupDbMixin._ensure_default_security_group_handler-1780578'] for port, before_create {{(pid=87465) _notify_loop /usr/local/lib/python3.8/dist-packages/neutron_lib/callbacks/manager.py:192}}
Nov 23 13:11:43.480817 dv-cinder-818886-1-smb neutron-server[87466]: DEBUG neutron.wsgi [-] (87466) accepted ('10.222.0.48', 56772) {{(pid=87466) server /usr/local/lib/python3.8/dist-packages/eventlet/wsgi.py:992}}
Nov 23 13:11:43.503383 dv-cinder-818886-1-smb neutron-server[87466]: DEBUG neutron.pecan_wsgi.hooks.policy_enforcement [req-c55daaff-d1fa-4786-8ec5-c76c2de1a27e req-0cde7ec8-395d-47fd-b312-7083b56bcbf2 tempest-ServerRescueNegativeTestJSON-1940746970 tempest-ServerRescueNegativeTestJSON-1940746970-project] Attributes excluded by policy engine: ['standard_attr_id', 'binding:profile', 'binding:host_id', 'binding:vif_type', 'binding:vif_details'] {{(pid=87466) _exclude_attributes_by_policy /opt/stack/neutron/neutron/pecan_wsgi/hooks/policy_enforcement.py:255}}
Nov 23 13:11:43.505117 dv-cinder-818886-1-smb neutron-server[87466]: INFO neutron.wsgi [req-c55daaff-d1fa-4786-8ec5-c76c2de1a27e req-0cde7ec8-395d-47fd-b312-7083b56bcbf2 tempest-ServerRescueNegativeTestJSON-1940746970 tempest-ServerRescueNegativeTestJSON-1940746970-project] 10.222.0.48 "GET /v2.0/ports?device_id=e771ea27-3979-46f1-8cf8-f463516c8e88 HTTP/1.1" status: 200 len: 946 time: 0.3843772
Nov 23 13:11:43.575868 dv-cinder-818886-1-smb neutron-server[87466]: INFO neutron.wsgi [req-c55daaff-d1fa-4786-8ec5-c76c2de1a27e req-cbb2f13a-f8c5-4ad5-ab04-1f0c3562b2ea tempest-ServerRescueNegativeTestJSON-1940746970 tempest-ServerRescueNegativeTestJSON-1940746970-project] 10.222.0.48 "GET /v2.0/security-groups?id=3387ccb6-4d91-4804-a415-865fb18e1b5f&fields=id&fields=name HTTP/1.1" status: 200 len: 286 time: 0.0586751
Nov 23 13:11:43.663978 dv-cinder-818886-1-smb neutron-server[87465]: DEBUG neutron.db.db_base_plugin_common [req-e59e186a-7086-4c4b-8020-6e7da58d7059 req-77f7bbf9-1371-4cdb-81a5-2a70fb1a089c tempest-AttachVolumeNegativeTest-1647508016 tempest-AttachVolumeNegativeTest-1647508016-project] Allocated IP 172.20.0.8 (4fcd731b-3484-4a4a-9d91-9350116c2af7/3d5497d2-5467-4d4e-8bd9-eb8cd80f73d0/434e1702-5b50-4b21-afc2-fb5307ce769b) {{(pid=87465) _store_ip_allocation /opt/stack/neutron/neutron/db/db_base_plugin_common.py:131}}
Nov 23 13:11:43.744662 dv-cinder-818886-1-smb neutron-server[87465]: DEBUG neutron.wsgi [-] (87465) accepted ('10.222.0.48', 56784) {{(pid=87465) server /usr/local/lib/python3.8/dist-packages/eventlet/wsgi.py:992}}
Nov 23 13:11:43.783360 dv-cinder-818886-1-smb neutron-server[87465]: DEBUG neutron_lib.callbacks.manager [None req-953ab891-41f1-4ef0-b92c-d5cf49c819ec admin admin] Notify callbacks [] for security_group, before_create {{(pid=87465) _notify_loop /usr/local/lib/python3.8/dist-packages/neutron_lib/callbacks/manager.py:192}}
Nov 23 13:11:43.801442 dv-cinder-818886-1-smb neutron-server[87466]: DEBUG neutron.api.v2.base [None req-49831701-7358-4f50-8dfb-5a9a278a8b8a admin admin] Request body: {'network': {'name': 'tempest-VolumesActionsTest-1106911750-network', 'tenant_id': 'b8fb6db5805f40d5a1839644168d4739'}} {{(pid=87466) prepare_request_body /opt/stack/neutron/neutron/api/v2/base.py:729}}
Nov 23 13:11:43.817031 dv-cinder-818886-1-smb neutron-server[87466]: DEBUG neutron.db.quota.driver [None req-49831701-7358-4f50-8dfb-5a9a278a8b8a admin admin] Resources subnetpool have unlimited quota limit. It is not required to calculate headroom {{(pid=87466) make_reservation /opt/stack/neutron/neutron/db/quota/driver.py:219}}
