Nov 23 13:11:55.426496 dv-cinder-818886-1-smb devstack@n-api.service[101599]: DEBUG nova.policy [None req-e9e8040e-08a0-4da0-a31d-216eeda34afd tempest-ServerRescueNegativeTestJSON-1940746970 tempest-ServerRescueNegativeTestJSON-1940746970-project] Policy check for os_compute_api:os-extended-server-attributes failed with credentials {'is_admin': False, 'user_id': '27902714620d4621954b727806527bc3', 'user_domain_id': 'default', 'system_scope': None, 'domain_id': None, 'project_id': '3b12f3c7ceda456987357f151ca0b4d1', 'project_domain_id': 'default', 'roles': ['reader', 'member'], 'is_admin_project': True, 'service_user_id': None, 'service_user_domain_id': None, 'service_project_id': None, 'service_project_domain_id': None, 'service_roles': []} {{(pid=101599) authorize /opt/stack/nova/nova/policy.py:199}}
Nov 23 13:11:55.438130 dv-cinder-818886-1-smb devstack@n-api.service[101599]: INFO nova.api.openstack.requestlog [None req-e9e8040e-08a0-4da0-a31d-216eeda34afd tempest-ServerRescueNegativeTestJSON-1940746970 tempest-ServerRescueNegativeTestJSON-1940746970-project] 10.222.0.48 "GET /compute/v2.1/servers/e771ea27-3979-46f1-8cf8-f463516c8e88" status: 200 len: 1522 microversion: 2.1 time: 0.362634
Nov 23 13:11:55.439301 dv-cinder-818886-1-smb devstack@n-api.service[101599]: [pid: 101599|app: 0|req: 75/151] 10.222.0.48 () {58 vars in 1235 bytes} [Tue Nov 23 13:11:55 2021] GET /compute/v2.1/servers/e771ea27-3979-46f1-8cf8-f463516c8e88 => generated 1522 bytes in 364 msecs (HTTP/1.1 200) 9 headers in 358 bytes (1 switches on core 0)
Nov 23 13:11:55.443872 dv-cinder-818886-1-smb devstack@n-api.service[101599]: DEBUG nova.api.openstack.wsgi [None req-c4fb3753-e084-4dfc-8e71-0b2bdee38c39 tempest-AttachVolumeTestJSON-1213879939 tempest-AttachVolumeTestJSON-1213879939-project] Action: 'action', calling method: >, body: {"os-getConsoleOutput": {}} {{(pid=101599) _process_stack /opt/stack/nova/nova/api/openstack/wsgi.py:511}}
Nov 23 13:11:55.444772 dv-cinder-818886-1-smb devstack@n-api.service[101599]: DEBUG nova.compute.api [None req-c4fb3753-e084-4dfc-8e71-0b2bdee38c39 tempest-AttachVolumeTestJSON-1213879939 tempest-AttachVolumeTestJSON-1213879939-project] [instance: a55b6e06-e03a-4ba8-a345-d5d335cd25fe] Fetching instance by UUID {{(pid=101599) get /opt/stack/nova/nova/compute/api.py:2813}}
Nov 23 13:11:55.452392 dv-cinder-818886-1-smb devstack@n-api.service[101599]: DEBUG oslo_concurrency.lockutils [None req-c4fb3753-e084-4dfc-8e71-0b2bdee38c39 tempest-AttachVolumeTestJSON-1213879939 tempest-AttachVolumeTestJSON-1213879939-project] Lock "f7d76b3b-95be-4667-b731-004ecd8b366b" acquired by "nova.context.set_target_cell..get_or_set_cached_cell_and_set_connections" :: waited 0.000s {{(pid=101599) inner /usr/local/lib/python3.8/dist-packages/oslo_concurrency/lockutils.py:355}}
Nov 23 13:11:55.452849 dv-cinder-818886-1-smb devstack@n-api.service[101599]: DEBUG oslo_concurrency.lockutils [None req-c4fb3753-e084-4dfc-8e71-0b2bdee38c39 tempest-AttachVolumeTestJSON-1213879939 tempest-AttachVolumeTestJSON-1213879939-project] Lock "f7d76b3b-95be-4667-b731-004ecd8b366b" released by "nova.context.set_target_cell..get_or_set_cached_cell_and_set_connections" :: held 0.001s {{(pid=101599) inner /usr/local/lib/python3.8/dist-packages/oslo_concurrency/lockutils.py:367}}
Nov 23 13:11:55.453599 dv-cinder-818886-1-smb devstack@n-api.service[101599]: DEBUG oslo_concurrency.lockutils [None req-c4fb3753-e084-4dfc-8e71-0b2bdee38c39 tempest-AttachVolumeTestJSON-1213879939 tempest-AttachVolumeTestJSON-1213879939-project] Lock "f7d76b3b-95be-4667-b731-004ecd8b366b" acquired by "nova.context.set_target_cell..get_or_set_cached_cell_and_set_connections" :: waited 0.000s {{(pid=101599) inner /usr/local/lib/python3.8/dist-packages/oslo_concurrency/lockutils.py:355}}
Nov 23 13:11:55.454557 dv-cinder-818886-1-smb devstack@n-api.service[101599]: DEBUG oslo_concurrency.lockutils [None req-c4fb3753-e084-4dfc-8e71-0b2bdee38c39 tempest-AttachVolumeTestJSON-1213879939 tempest-AttachVolumeTestJSON-1213879939-project] Lock "f7d76b3b-95be-4667-b731-004ecd8b366b" released by "nova.context.set_target_cell..get_or_set_cached_cell_and_set_connections" :: held 0.000s {{(pid=101599) inner /usr/local/lib/python3.8/dist-packages/oslo_concurrency/lockutils.py:367}}
Nov 23 13:11:55.683617 dv-cinder-818886-1-smb devstack@n-api.service[101599]: INFO nova.api.openstack.requestlog [None req-c4fb3753-e084-4dfc-8e71-0b2bdee38c39 tempest-AttachVolumeTestJSON-1213879939 tempest-AttachVolumeTestJSON-1213879939-project] 10.222.0.48 "POST /compute/v2.1/servers/a55b6e06-e03a-4ba8-a345-d5d335cd25fe/action" status: 200 len: 14 microversion: 2.1 time: 0.242930
Nov 23 13:11:55.685472 dv-cinder-818886-1-smb devstack@n-api.service[101599]: [pid: 101599|app: 0|req: 76/152] 10.222.0.48 () {60 vars in 1277 bytes} [Tue Nov 23 13:11:55 2021] POST /compute/v2.1/servers/a55b6e06-e03a-4ba8-a345-d5d335cd25fe/action => generated 14 bytes in 246 msecs (HTTP/1.1 200) 9 headers in 356 bytes (1 switches on core 0)
Nov 23 13:11:55.868920 dv-cinder-818886-1-smb devstack@n-api.service[101600]: DEBUG nova.virt.hardware [None req-e7857469-c021-48e0-a497-6d82a78dc6a2 tempest-VolumesActionsTest-1597798224 tempest-VolumesActionsTest-1597798224-project] Flavor limits 0:0:0 {{(pid=101600) get_cpu_topology_constraints /opt/stack/nova/nova/virt/hardware.py:343}}
Nov 23 13:11:55.869377 dv-cinder-818886-1-smb devstack@n-api.service[101600]: DEBUG nova.virt.hardware [None req-e7857469-c021-48e0-a497-6d82a78dc6a2 tempest-VolumesActionsTest-1597798224 tempest-VolumesActionsTest-1597798224-project] Image limits 0:0:0 {{(pid=101600) get_cpu_topology_constraints /opt/stack/nova/nova/virt/hardware.py:347}}
Nov 23 13:11:55.870081 dv-cinder-818886-1-smb devstack@n-api.service[101600]: DEBUG nova.virt.hardware [None req-e7857469-c021-48e0-a497-6d82a78dc6a2 tempest-VolumesActionsTest-1597798224 tempest-VolumesActionsTest-1597798224-project] Flavor pref 0:0:0 {{(pid=101600) get_cpu_topology_constraints /opt/stack/nova/nova/virt/hardware.py:383}}
Nov 23 13:11:55.870566 dv-cinder-818886-1-smb devstack@n-api.service[101600]: DEBUG nova.virt.hardware [None req-e7857469-c021-48e0-a497-6d82a78dc6a2 tempest-VolumesActionsTest-1597798224 tempest-VolumesActionsTest-1597798224-project] Image pref 0:0:0 {{(pid=101600) get_cpu_topology_constraints /opt/stack/nova/nova/virt/hardware.py:387}}
Nov 23 13:11:55.871104 dv-cinder-818886-1-smb devstack@n-api.service[101600]: DEBUG nova.virt.hardware [None req-e7857469-c021-48e0-a497-6d82a78dc6a2 tempest-VolumesActionsTest-1597798224 tempest-VolumesActionsTest-1597798224-project] Chose sockets=0, cores=0, threads=0; limits were sockets=65536, cores=65536, threads=65536 {{(pid=101600) get_cpu_topology_constraints /opt/stack/nova/nova/virt/hardware.py:425}}
Nov 23 13:11:55.881198 dv-cinder-818886-1-smb devstack@n-api.service[101600]: DEBUG oslo_concurrency.lockutils [None req-e7857469-c021-48e0-a497-6d82a78dc6a2 tempest-VolumesActionsTest-1597798224 tempest-VolumesActionsTest-1597798224-project] Lock "00000000-0000-0000-0000-000000000000" acquired by "nova.context.set_target_cell..get_or_set_cached_cell_and_set_connections" :: waited 0.000s {{(pid=101600) inner /usr/local/lib/python3.8/dist-packages/oslo_concurrency/lockutils.py:355}}
Nov 23 13:11:55.881631 dv-cinder-818886-1-smb devstack@n-api.service[101600]: DEBUG oslo_concurrency.lockutils [None req-e7857469-c021-48e0-a497-6d82a78dc6a2 tempest-VolumesActionsTest-1597798224 tempest-VolumesActionsTest-1597798224-project] Lock "00000000-0000-0000-0000-000000000000" released by "nova.context.set_target_cell..get_or_set_cached_cell_and_set_connections" :: held 0.001s {{(pid=101600) inner /usr/local/lib/python3.8/dist-packages/oslo_concurrency/lockutils.py:367}}
Nov 23 13:11:55.882418 dv-cinder-818886-1-smb devstack@n-api.service[101600]: DEBUG oslo_concurrency.lockutils [None req-e7857469-c021-48e0-a497-6d82a78dc6a2 tempest-VolumesActionsTest-1597798224 tempest-VolumesActionsTest-1597798224-project] Lock "f7d76b3b-95be-4667-b731-004ecd8b366b" acquired by "nova.context.set_target_cell..get_or_set_cached_cell_and_set_connections" :: waited 0.000s {{(pid=101600) inner /usr/local/lib/python3.8/dist-packages/oslo_concurrency/lockutils.py:355}}
Nov 23 13:11:55.888828 dv-cinder-818886-1-smb devstack@n-api.service[101600]: DEBUG oslo_concurrency.lockutils [None req-e7857469-c021-48e0-a497-6d82a78dc6a2 tempest-VolumesActionsTest-1597798224 tempest-VolumesActionsTest-1597798224-project] Lock "f7d76b3b-95be-4667-b731-004ecd8b366b" released by "nova.context.set_target_cell..get_or_set_cached_cell_and_set_connections" :: held 0.000s {{(pid=101600) inner /usr/local/lib/python3.8/dist-packages/oslo_concurrency/lockutils.py:367}}
Nov 23 13:11:55.901816 dv-cinder-818886-1-smb devstack@n-api.service[101600]: DEBUG nova.quota [None req-e7857469-c021-48e0-a497-6d82a78dc6a2 tempest-VolumesActionsTest-1597798224 tempest-VolumesActionsTest-1597798224-project] Getting quotas for project 16a490f9163e4cdd9127a81f7a495df6. Resources: {'ram', 'cores', 'instances'} {{(pid=101600) _get_quotas /opt/stack/nova/nova/quota.py:387}}
Nov 23 13:11:55.906158 dv-cinder-818886-1-smb devstack@n-api.service[101600]: DEBUG nova.quota [None req-e7857469-c021-48e0-a497-6d82a78dc6a2 tempest-VolumesActionsTest-1597798224 tempest-VolumesActionsTest-1597798224-project] Getting quotas for user 7df3e25ecaf645ae8b94ac672ec87133 and project 16a490f9163e4cdd9127a81f7a495df6. Resources: {'ram', 'cores', 'instances'} {{(pid=101600) _get_quotas /opt/stack/nova/nova/quota.py:377}}
Nov 23 13:11:55.915688 dv-cinder-818886-1-smb devstack@n-api.service[101599]: DEBUG nova.api.openstack.wsgi [None req-343e1a00-8250-45c9-bd05-c49103d562f6 tempest-VolumesActionsTest-356742592 tempest-VolumesActionsTest-356742592-project] Calling method '>' {{(pid=101599) _process_stack /opt/stack/nova/nova/api/openstack/wsgi.py:513}}
Nov 23 13:11:55.917359 dv-cinder-818886-1-smb devstack@n-api.service[101599]: DEBUG nova.compute.api [None req-343e1a00-8250-45c9-bd05-c49103d562f6 tempest-VolumesActionsTest-356742592 tempest-VolumesActionsTest-356742592-project] [instance: 1ff5f025-a96a-4010-a1f6-769638f20b67] Fetching instance by UUID {{(pid=101599) get /opt/stack/nova/nova/compute/api.py:2813}}
Nov 23 13:11:55.917675 dv-cinder-818886-1-smb devstack@n-api.service[101600]: DEBUG nova.compute.api [None req-e7857469-c021-48e0-a497-6d82a78dc6a2 tempest-VolumesActionsTest-1597798224 tempest-VolumesActionsTest-1597798224-project] Going to run 1 instances... {{(pid=101600) _provision_instances /opt/stack/nova/nova/compute/api.py:1283}}
Nov 23 13:11:55.920282 dv-cinder-818886-1-smb devstack@n-api.service[101600]: DEBUG nova.compute.api [None req-e7857469-c021-48e0-a497-6d82a78dc6a2 tempest-VolumesActionsTest-1597798224 tempest-VolumesActionsTest-1597798224-project] [instance: 0a724e75-efe4-433d-bb75-3e0318088c10] block_device_mapping [BlockDeviceMapping(attachment_id=,boot_index=0,connection_info=None,created_at=,delete_on_termination=True,deleted=,deleted_at=,destination_type='local',device_name=None,device_type='disk',disk_bus=None,guest_format=None,id=,image_id='d603274b-f0c0-4468-94a1-600e271c3f33',instance=,instance_uuid=,no_device=False,snapshot_id=None,source_type='image',tag=None,updated_at=,uuid=,volume_id=None,volume_size=None,volume_type=None)] {{(pid=101600) _bdm_validate_set_size_and_instance /opt/stack/nova/nova/compute/api.py:1684}}
Nov 23 13:11:55.930499 dv-cinder-818886-1-smb devstack@n-api.service[101599]: DEBUG oslo_concurrency.lockutils [None req-343e1a00-8250-45c9-bd05-c49103d562f6 tempest-VolumesActionsTest-356742592 tempest-VolumesActionsTest-356742592-project] Lock "f7d76b3b-95be-4667-b731-004ecd8b366b" acquired by "nova.context.set_target_cell..get_or_set_cached_cell_and_set_connections" :: waited 0.000s {{(pid=101599) inner /usr/local/lib/python3.8/dist-packages/oslo_concurrency/lockutils.py:355}}
Nov 23 13:11:55.931040 dv-cinder-818886-1-smb devstack@n-api.service[101599]: DEBUG oslo_concurrency.lockutils [None req-343e1a00-8250-45c9-bd05-c49103d562f6 tempest-VolumesActionsTest-356742592 tempest-VolumesActionsTest-356742592-project] Lock "f7d76b3b-95be-4667-b731-004ecd8b366b" released by "nova.context.set_target_cell..get_or_set_cached_cell_and_set_connections" :: held 0.001s {{(pid=101599) inner /usr/local/lib/python3.8/dist-packages/oslo_concurrency/lockutils.py:367}}
Nov 23 13:11:55.931890 dv-cinder-818886-1-smb devstack@n-api.service[101599]: DEBUG oslo_concurrency.lockutils [None req-343e1a00-8250-45c9-bd05-c49103d562f6 tempest-VolumesActionsTest-356742592 tempest-VolumesActionsTest-356742592-project] Lock "f7d76b3b-95be-4667-b731-004ecd8b366b" acquired by "nova.context.set_target_cell..get_or_set_cached_cell_and_set_connections" :: waited 0.000s {{(pid=101599) inner /usr/local/lib/python3.8/dist-packages/oslo_concurrency/lockutils.py:355}}
Nov 23 13:11:55.932974 dv-cinder-818886-1-smb devstack@n-api.service[101599]: DEBUG oslo_concurrency.lockutils [None req-343e1a00-8250-45c9-bd05-c49103d562f6 tempest-VolumesActionsTest-356742592 tempest-VolumesActionsTest-356742592-project] Lock "f7d76b3b-95be-4667-b731-004ecd8b366b" released by "nova.context.set_target_cell..get_or_set_cached_cell_and_set_connections" :: held 0.000s {{(pid=101599) inner /usr/local/lib/python3.8/dist-packages/oslo_concurrency/lockutils.py:367}}
Nov 23 13:11:56.062839 dv-cinder-818886-1-smb devstack@n-api.service[101600]: INFO nova.api.openstack.requestlog [None req-e7857469-c021-48e0-a497-6d82a78dc6a2 tempest-VolumesActionsTest-1597798224 tempest-VolumesActionsTest-1597798224-project] 10.222.0.48 "POST /compute/v2.1/servers" status: 202 len: 380 microversion: 2.1 time: 1.102391
Nov 23 13:11:56.069268 dv-cinder-818886-1-smb devstack@n-api.service[101600]: [pid: 101600|app: 0|req: 77/153] 10.222.0.48 () {60 vars in 1146 bytes} [Tue Nov 23 13:11:54 2021] POST /compute/v2.1/servers => generated 380 bytes in 1114 msecs (HTTP/1.1 202) 10 headers in 451 bytes (1 switches on core 0)
Nov 23 13:11:56.093646 dv-cinder-818886-1-smb devstack@n-api.service[101600]: DEBUG nova.api.openstack.wsgi [req-6f02964e-b99c-4071-b973-dbbf47616cee req-61efed64-73dc-4097-a38e-203723a67d29 service nova] Action: 'create', calling method: >, body: {"events": [{"server_uuid": "819969b2-7e59-4ed1-ba95-ca10e89a146f", "name": "network-vif-plugged", "status": "completed", "tag": "434e1702-5b50-4b21-afc2-fb5307ce769b"}]} {{(pid=101600) _process_stack /opt/stack/nova/nova/api/openstack/wsgi.py:511}}
Nov 23 13:11:56.095698 dv-cinder-818886-1-smb devstack@n-api.service[101600]: /usr/local/lib/python3.8/dist-packages/oslo_policy/policy.py:1054: UserWarning: Policy os_compute_api:os-server-external-events:create failed scope check. The token used to make the request was project scoped but the policy requires ['system'] scope. This behavior may change in the future where using the intended scope is required
Nov 23 13:11:56.095698 dv-cinder-818886-1-smb devstack@n-api.service[101600]: warnings.warn(msg)
Nov 23 13:11:56.108248 dv-cinder-818886-1-smb devstack@n-api.service[101600]: DEBUG oslo_concurrency.lockutils [req-6f02964e-b99c-4071-b973-dbbf47616cee req-61efed64-73dc-4097-a38e-203723a67d29 service nova] Lock "f7d76b3b-95be-4667-b731-004ecd8b366b" acquired by "nova.context.set_target_cell..get_or_set_cached_cell_and_set_connections" :: waited 0.000s {{(pid=101600) inner /usr/local/lib/python3.8/dist-packages/oslo_concurrency/lockutils.py:355}}
Nov 23 13:11:56.111283 dv-cinder-818886-1-smb devstack@n-api.service[101600]: DEBUG oslo_concurrency.lockutils [req-6f02964e-b99c-4071-b973-dbbf47616cee req-61efed64-73dc-4097-a38e-203723a67d29 service nova] Lock "f7d76b3b-95be-4667-b731-004ecd8b366b" released by "nova.context.set_target_cell..get_or_set_cached_cell_and_set_connections" :: held 0.003s {{(pid=101600) inner /usr/local/lib/python3.8/dist-packages/oslo_concurrency/lockutils.py:367}}
Nov 23 13:11:56.114210 dv-cinder-818886-1-smb devstack@n-api.service[101599]: DEBUG nova.policy [None req-343e1a00-8250-45c9-bd05-c49103d562f6 tempest-VolumesActionsTest-356742592 tempest-VolumesActionsTest-356742592-project] Policy check for os_compute_api:os-extended-server-attributes failed with credentials {'is_admin': False, 'user_id': 'afdf3cc6b79d45a5b27c96ae6346b7f7', 'user_domain_id': 'default', 'system_scope': None, 'domain_id': None, 'project_id': 'b8fb6db5805f40d5a1839644168d4739', 'project_domain_id': 'default', 'roles': ['reader', 'member'], 'is_admin_project': True, 'service_user_id': None, 'service_user_domain_id': None, 'service_project_id': None, 'service_project_domain_id': None, 'service_roles': []} {{(pid=101599) authorize /opt/stack/nova/nova/policy.py:199}}
Nov 23 13:11:56.136030 dv-cinder-818886-1-smb devstack@n-api.service[101599]: INFO nova.api.openstack.requestlog [None req-343e1a00-8250-45c9-bd05-c49103d562f6 tempest-VolumesActionsTest-356742592 tempest-VolumesActionsTest-356742592-project] 10.222.0.48 "GET /compute/v2.1/servers/1ff5f025-a96a-4010-a1f6-769638f20b67" status: 200 len: 1265 microversion: 2.1 time: 0.234832
Nov 23 13:11:56.136744 dv-cinder-818886-1-smb devstack@n-api.service[101599]: [pid: 101599|app: 0|req: 77/154] 10.222.0.48 () {58 vars in 1235 bytes} [Tue Nov 23 13:11:55 2021] GET /compute/v2.1/servers/1ff5f025-a96a-4010-a1f6-769638f20b67 => generated 1265 bytes in 237 msecs (HTTP/1.1 200) 9 headers in 358 bytes (1 switches on core 0)
Nov 23 13:11:56.141300 dv-cinder-818886-1-smb devstack@n-api.service[101599]: DEBUG nova.api.openstack.wsgi [None req-ac791001-4fa3-4901-b0ef-c86167ffb879 tempest-AttachVolumeNegativeTest-1647508016 tempest-AttachVolumeNegativeTest-1647508016-project] Calling method '>' {{(pid=101599) _process_stack /opt/stack/nova/nova/api/openstack/wsgi.py:513}}
Nov 23 13:11:56.142406 dv-cinder-818886-1-smb devstack@n-api.service[101599]: DEBUG nova.compute.api [None req-ac791001-4fa3-4901-b0ef-c86167ffb879 tempest-AttachVolumeNegativeTest-1647508016 tempest-AttachVolumeNegativeTest-1647508016-project] [instance: 819969b2-7e59-4ed1-ba95-ca10e89a146f] Fetching instance by UUID {{(pid=101599) get /opt/stack/nova/nova/compute/api.py:2813}}
Nov 23 13:11:56.147189 dv-cinder-818886-1-smb devstack@n-api.service[101600]: INFO nova.api.openstack.compute.server_external_events [req-6f02964e-b99c-4071-b973-dbbf47616cee req-61efed64-73dc-4097-a38e-203723a67d29 service nova] Creating event network-vif-plugged:434e1702-5b50-4b21-afc2-fb5307ce769b for instance 819969b2-7e59-4ed1-ba95-ca10e89a146f on hv-cinder-81888
Nov 23 13:11:56.155668 dv-cinder-818886-1-smb devstack@n-api.service[101600]: INFO nova.api.openstack.requestlog [req-6f02964e-b99c-4071-b973-dbbf47616cee req-61efed64-73dc-4097-a38e-203723a67d29 service nova] 10.222.0.48 "POST /compute/v2.1/os-server-external-events" status: 200 len: 183 microversion: 2.1 time: 0.084923
Nov 23 13:11:56.158592 dv-cinder-818886-1-smb devstack@n-api.service[101599]: DEBUG oslo_concurrency.lockutils [None req-ac791001-4fa3-4901-b0ef-c86167ffb879 tempest-AttachVolumeNegativeTest-1647508016 tempest-AttachVolumeNegativeTest-1647508016-project] Lock "f7d76b3b-95be-4667-b731-004ecd8b366b" acquired by "nova.context.set_target_cell..get_or_set_cached_cell_and_set_connections" :: waited 0.000s {{(pid=101599) inner /usr/local/lib/python3.8/dist-packages/oslo_concurrency/lockutils.py:355}}
Nov 23 13:11:56.159430 dv-cinder-818886-1-smb devstack@n-api.service[101600]: [pid: 101600|app: 0|req: 78/155] 10.222.0.48 () {64 vars in 1317 bytes} [Tue Nov 23 13:11:56 2021] POST /compute/v2.1/os-server-external-events => generated 183 bytes in 89 msecs (HTTP/1.1 200) 9 headers in 357 bytes (1 switches on core 0)
Nov 23 13:11:56.161627 dv-cinder-818886-1-smb devstack@n-api.service[101599]: DEBUG oslo_concurrency.lockutils [None req-ac791001-4fa3-4901-b0ef-c86167ffb879 tempest-AttachVolumeNegativeTest-1647508016 tempest-AttachVolumeNegativeTest-1647508016-project] Lock "f7d76b3b-95be-4667-b731-004ecd8b366b" released by "nova.context.set_target_cell..get_or_set_cached_cell_and_set_connections" :: held 0.001s {{(pid=101599) inner /usr/local/lib/python3.8/dist-packages/oslo_concurrency/lockutils.py:367}}
Nov 23 13:11:56.162518 dv-cinder-818886-1-smb devstack@n-api.service[101599]: DEBUG oslo_concurrency.lockutils [None req-ac791001-4fa3-4901-b0ef-c86167ffb879 tempest-AttachVolumeNegativeTest-1647508016 tempest-AttachVolumeNegativeTest-1647508016-project] Lock "f7d76b3b-95be-4667-b731-004ecd8b366b" acquired by "nova.context.set_target_cell..get_or_set_cached_cell_and_set_connections" :: waited 0.000s {{(pid=101599) inner /usr/local/lib/python3.8/dist-packages/oslo_concurrency/lockutils.py:355}}
Nov 23 13:11:56.164072 dv-cinder-818886-1-smb devstack@n-api.service[101599]: DEBUG oslo_concurrency.lockutils [None req-ac791001-4fa3-4901-b0ef-c86167ffb879 tempest-AttachVolumeNegativeTest-1647508016 tempest-AttachVolumeNegativeTest-1647508016-project] Lock "f7d76b3b-95be-4667-b731-004ecd8b366b" released by "nova.context.set_target_cell..get_or_set_cached_cell_and_set_connections" :: held 0.001s {{(pid=101599) inner /usr/local/lib/python3.8/dist-packages/oslo_concurrency/lockutils.py:367}}
Nov 23 13:11:56.173539 dv-cinder-818886-1-smb devstack@n-api.service[101600]: DEBUG nova.api.openstack.wsgi [None req-7751eff9-016f-40c8-a4ef-764966e0585a tempest-VolumesActionsTest-1597798224 tempest-VolumesActionsTest-1597798224-project] Calling method '>' {{(pid=101600) _process_stack /opt/stack/nova/nova/api/openstack/wsgi.py:513}}
Nov 23 13:11:56.174485 dv-cinder-818886-1-smb devstack@n-api.service[101600]: DEBUG nova.compute.api [None req-7751eff9-016f-40c8-a4ef-764966e0585a tempest-VolumesActionsTest-1597798224 tempest-VolumesActionsTest-1597798224-project] [instance: 0a724e75-efe4-433d-bb75-3e0318088c10] Fetching instance by UUID {{(pid=101600) get /opt/stack/nova/nova/compute/api.py:2813}}
Nov 23 13:11:56.367525 dv-cinder-818886-1-smb devstack@n-api.service[101600]: DEBUG nova.policy [None req-7751eff9-016f-40c8-a4ef-764966e0585a tempest-VolumesActionsTest-1597798224 tempest-VolumesActionsTest-1597798224-project] Policy check for os_compute_api:os-extended-server-attributes failed with credentials {'is_admin': False, 'user_id': '7df3e25ecaf645ae8b94ac672ec87133', 'user_domain_id': 'default', 'system_scope': None, 'domain_id': None, 'project_id': '16a490f9163e4cdd9127a81f7a495df6', 'project_domain_id': 'default', 'roles': ['reader', 'member'], 'is_admin_project': True, 'service_user_id': None, 'service_user_domain_id': None, 'service_project_id': None, 'service_project_domain_id': None, 'service_roles': []} {{(pid=101600) authorize /opt/stack/nova/nova/policy.py:199}}
Nov 23 13:11:56.386062 dv-cinder-818886-1-smb devstack@n-api.service[101600]: INFO nova.api.openstack.requestlog [None req-7751eff9-016f-40c8-a4ef-764966e0585a tempest-VolumesActionsTest-1597798224 tempest-VolumesActionsTest-1597798224-project] 10.222.0.48 "GET /compute/v2.1/servers/0a724e75-efe4-433d-bb75-3e0318088c10" status: 200 len: 1214 microversion: 2.1 time: 0.224580
Nov 23 13:11:56.386899 dv-cinder-818886-1-smb devstack@n-api.service[101600]: [pid: 101600|app: 0|req: 79/156] 10.222.0.48 () {58 vars in 1235 bytes} [Tue Nov 23 13:11:56 2021] GET /compute/v2.1/servers/0a724e75-efe4-433d-bb75-3e0318088c10 => generated 1214 bytes in 227 msecs (HTTP/1.1 200) 9 headers in 358 bytes (1 switches on core 0)
Nov 23 13:11:56.402896 dv-cinder-818886-1-smb devstack@n-api.service[101600]: DEBUG nova.api.openstack.wsgi [None req-53c31039-33e2-40e8-bea2-c4decb1c8003 tempest-AttachVolumeShelveTestJSON-368985444 tempest-AttachVolumeShelveTestJSON-368985444-project] Action: 'action', calling method: >, body: {"os-getConsoleOutput": {}} {{(pid=101600) _process_stack /opt/stack/nova/nova/api/openstack/wsgi.py:511}}
Nov 23 13:11:56.404031 dv-cinder-818886-1-smb devstack@n-api.service[101600]: DEBUG nova.compute.api [None req-53c31039-33e2-40e8-bea2-c4decb1c8003 tempest-AttachVolumeShelveTestJSON-368985444 tempest-AttachVolumeShelveTestJSON-368985444-project] [instance: 9786085b-8a3d-4150-ad7b-e3cc5c3bdd5f] Fetching instance by UUID {{(pid=101600) get /opt/stack/nova/nova/compute/api.py:2813}}
Nov 23 13:11:56.418365 dv-cinder-818886-1-smb devstack@n-api.service[101600]: DEBUG oslo_concurrency.lockutils [None req-53c31039-33e2-40e8-bea2-c4decb1c8003 tempest-AttachVolumeShelveTestJSON-368985444 tempest-AttachVolumeShelveTestJSON-368985444-project] Lock "f7d76b3b-95be-4667-b731-004ecd8b366b" acquired by "nova.context.set_target_cell..get_or_set_cached_cell_and_set_connections" :: waited 0.000s {{(pid=101600) inner /usr/local/lib/python3.8/dist-packages/oslo_concurrency/lockutils.py:355}}
Nov 23 13:11:56.420182 dv-cinder-818886-1-smb devstack@n-api.service[101600]: DEBUG oslo_concurrency.lockutils [None req-53c31039-33e2-40e8-bea2-c4decb1c8003 tempest-AttachVolumeShelveTestJSON-368985444 tempest-AttachVolumeShelveTestJSON-368985444-project] Lock "f7d76b3b-95be-4667-b731-004ecd8b366b" released by "nova.context.set_target_cell..get_or_set_cached_cell_and_set_connections" :: held 0.002s {{(pid=101600) inner /usr/local/lib/python3.8/dist-packages/oslo_concurrency/lockutils.py:367}}
Nov 23 13:11:56.421151 dv-cinder-818886-1-smb devstack@n-api.service[101600]: DEBUG oslo_concurrency.lockutils [None req-53c31039-33e2-40e8-bea2-c4decb1c8003 tempest-AttachVolumeShelveTestJSON-368985444 tempest-AttachVolumeShelveTestJSON-368985444-project] Lock "f7d76b3b-95be-4667-b731-004ecd8b366b" acquired by "nova.context.set_target_cell..get_or_set_cached_cell_and_set_connections" :: waited 0.000s {{(pid=101600) inner /usr/local/lib/python3.8/dist-packages/oslo_concurrency/lockutils.py:355}}
Nov 23 13:11:56.421797 dv-cinder-818886-1-smb devstack@n-api.service[101600]: DEBUG oslo_concurrency.lockutils [None req-53c31039-33e2-40e8-bea2-c4decb1c8003 tempest-AttachVolumeShelveTestJSON-368985444 tempest-AttachVolumeShelveTestJSON-368985444-project] Lock "f7d76b3b-95be-4667-b731-004ecd8b366b" released by "nova.context.set_target_cell..get_or_set_cached_cell_and_set_connections" :: held 0.001s {{(pid=101600) inner /usr/local/lib/python3.8/dist-packages/oslo_concurrency/lockutils.py:367}}
Nov 23 13:11:56.568778 dv-cinder-818886-1-smb devstack@n-api.service[101599]: DEBUG nova.policy [None req-ac791001-4fa3-4901-b0ef-c86167ffb879 tempest-AttachVolumeNegativeTest-1647508016 tempest-AttachVolumeNegativeTest-1647508016-project] Policy check for os_compute_api:os-extended-server-attributes failed with credentials {'is_admin': False, 'user_id': '8a261a5378144bd6ba5e92329b12478f', 'user_domain_id': 'default', 'system_scope': None, 'domain_id': None, 'project_id': '03fc88be0a9f43bebedaede3ecd2f613', 'project_domain_id': 'default', 'roles': ['reader', 'member'], 'is_admin_project': True, 'service_user_id': None, 'service_user_domain_id': None, 'service_project_id': None, 'service_project_domain_id': None, 'service_roles': []} {{(pid=101599) authorize /opt/stack/nova/nova/policy.py:199}}
Nov 23 13:11:56.581572 dv-cinder-818886-1-smb devstack@n-api.service[101599]: INFO nova.api.openstack.requestlog [None req-ac791001-4fa3-4901-b0ef-c86167ffb879 tempest-AttachVolumeNegativeTest-1647508016 tempest-AttachVolumeNegativeTest-1647508016-project] 10.222.0.48 "GET /compute/v2.1/servers/819969b2-7e59-4ed1-ba95-ca10e89a146f" status: 200 len: 1318 microversion: 2.1 time: 0.443098
Nov 23 13:11:56.581674 dv-cinder-818886-1-smb devstack@n-api.service[101599]: [pid: 101599|app: 0|req: 78/157] 10.222.0.48 () {58 vars in 1235 bytes} [Tue Nov 23 13:11:56 2021] GET /compute/v2.1/servers/819969b2-7e59-4ed1-ba95-ca10e89a146f => generated 1318 bytes in 444 msecs (HTTP/1.1 200) 9 headers in 358 bytes (1 switches on core 0)
Nov 23 13:11:56.585961 dv-cinder-818886-1-smb devstack@n-api.service[101599]: DEBUG nova.api.openstack.wsgi [None req-62797669-cba0-4d38-8a26-8417fa778ebc tempest-ServerRescueNegativeTestJSON-1940746970 tempest-ServerRescueNegativeTestJSON-1940746970-project] Calling method '>' {{(pid=101599) _process_stack /opt/stack/nova/nova/api/openstack/wsgi.py:513}}
Nov 23 13:11:56.586541 dv-cinder-818886-1-smb devstack@n-api.service[101599]: DEBUG nova.compute.api [None req-62797669-cba0-4d38-8a26-8417fa778ebc tempest-ServerRescueNegativeTestJSON-1940746970 tempest-ServerRescueNegativeTestJSON-1940746970-project] [instance: e771ea27-3979-46f1-8cf8-f463516c8e88] Fetching instance by UUID {{(pid=101599) get /opt/stack/nova/nova/compute/api.py:2813}}
Nov 23 13:11:56.599510 dv-cinder-818886-1-smb devstack@n-api.service[101600]: INFO nova.api.openstack.requestlog [None req-53c31039-33e2-40e8-bea2-c4decb1c8003 tempest-AttachVolumeShelveTestJSON-368985444 tempest-AttachVolumeShelveTestJSON-368985444-project] 10.222.0.48 "POST /compute/v2.1/servers/9786085b-8a3d-4150-ad7b-e3cc5c3bdd5f/action" status: 200 len: 14 microversion: 2.20 time: 0.209997
Nov 23 13:11:56.599510 dv-cinder-818886-1-smb devstack@n-api.service[101600]: [pid: 101600|app: 0|req: 80/158] 10.222.0.48 () {62 vars in 1318 bytes} [Tue Nov 23 13:11:56 2021] POST /compute/v2.1/servers/9786085b-8a3d-4150-ad7b-e3cc5c3bdd5f/action => generated 14 bytes in 212 msecs (HTTP/1.1 200) 9 headers in 358 bytes (1 switches on core 0)
Nov 23 13:11:56.608812 dv-cinder-818886-1-smb devstack@n-api.service[101599]: DEBUG oslo_concurrency.lockutils [None req-62797669-cba0-4d38-8a26-8417fa778ebc tempest-ServerRescueNegativeTestJSON-1940746970 tempest-ServerRescueNegativeTestJSON-1940746970-project] Lock "f7d76b3b-95be-4667-b731-004ecd8b366b" acquired by "nova.context.set_target_cell..get_or_set_cached_cell_and_set_connections" :: waited 0.000s {{(pid=101599) inner /usr/local/lib/python3.8/dist-packages/oslo_concurrency/lockutils.py:355}}
Nov 23 13:11:56.609345 dv-cinder-818886-1-smb devstack@n-api.service[101599]: DEBUG oslo_concurrency.lockutils [None req-62797669-cba0-4d38-8a26-8417fa778ebc tempest-ServerRescueNegativeTestJSON-1940746970 tempest-ServerRescueNegativeTestJSON-1940746970-project] Lock "f7d76b3b-95be-4667-b731-004ecd8b366b" released by "nova.context.set_target_cell..get_or_set_cached_cell_and_set_connections" :: held 0.001s {{(pid=101599) inner /usr/local/lib/python3.8/dist-packages/oslo_concurrency/lockutils.py:367}}
Nov 23 13:11:56.610404 dv-cinder-818886-1-smb devstack@n-api.service[101599]: DEBUG oslo_concurrency.lockutils [None req-62797669-cba0-4d38-8a26-8417fa778ebc tempest-ServerRescueNegativeTestJSON-1940746970 tempest-ServerRescueNegativeTestJSON-1940746970-project] Lock "f7d76b3b-95be-4667-b731-004ecd8b366b" acquired by "nova.context.set_target_cell..get_or_set_cached_cell_and_set_connections" :: waited 0.000s {{(pid=101599) inner /usr/local/lib/python3.8/dist-packages/oslo_concurrency/lockutils.py:355}}
Nov 23 13:11:56.610857 dv-cinder-818886-1-smb devstack@n-api.service[101599]: DEBUG oslo_concurrency.lockutils [None req-62797669-cba0-4d38-8a26-8417fa778ebc tempest-ServerRescueNegativeTestJSON-1940746970 tempest-ServerRescueNegativeTestJSON-1940746970-project] Lock "f7d76b3b-95be-4667-b731-004ecd8b366b" released by "nova.context.set_target_cell..get_or_set_cached_cell_and_set_connections" :: held 0.001s {{(pid=101599) inner /usr/local/lib/python3.8/dist-packages/oslo_concurrency/lockutils.py:367}}
Nov 23 13:11:56.827724 dv-cinder-818886-1-smb devstack@n-api.service[101600]: DEBUG nova.api.openstack.wsgi [None req-498b5469-e115-465e-b49b-28779858c119 tempest-VolumesGetTestJSON-1838824447 tempest-VolumesGetTestJSON-1838824447-project] Action: 'create', calling method: .version_select at 0x7fd3f2e981f0>, body: {"volume": {"size": 1, "display_name": "tempest-VolumesGetTestJSON-Volume-112008859", "metadata": {"Type": "work"}}} {{(pid=101600) _process_stack /opt/stack/nova/nova/api/openstack/wsgi.py:511}}
Nov 23 13:11:56.941857 dv-cinder-818886-1-smb devstack@n-api.service[101599]: DEBUG nova.policy [None req-62797669-cba0-4d38-8a26-8417fa778ebc tempest-ServerRescueNegativeTestJSON-1940746970 tempest-ServerRescueNegativeTestJSON-1940746970-project] Policy check for os_compute_api:os-extended-server-attributes failed with credentials {'is_admin': False, 'user_id': '27902714620d4621954b727806527bc3', 'user_domain_id': 'default', 'system_scope': None, 'domain_id': None, 'project_id': '3b12f3c7ceda456987357f151ca0b4d1', 'project_domain_id': 'default', 'roles': ['reader', 'member'], 'is_admin_project': True, 'service_user_id': None, 'service_user_domain_id': None, 'service_project_id': None, 'service_project_domain_id': None, 'service_roles': []} {{(pid=101599) authorize /opt/stack/nova/nova/policy.py:199}}
Nov 23 13:11:56.953375 dv-cinder-818886-1-smb devstack@n-api.service[101599]: INFO nova.api.openstack.requestlog [None req-62797669-cba0-4d38-8a26-8417fa778ebc tempest-ServerRescueNegativeTestJSON-1940746970 tempest-ServerRescueNegativeTestJSON-1940746970-project] 10.222.0.48 "GET /compute/v2.1/servers/e771ea27-3979-46f1-8cf8-f463516c8e88" status: 200 len: 1522 microversion: 2.1 time: 0.370636
Nov 23 13:11:56.956566 dv-cinder-818886-1-smb devstack@n-api.service[101599]: [pid: 101599|app: 0|req: 79/159] 10.222.0.48 () {58 vars in 1235 bytes} [Tue Nov 23 13:11:56 2021] GET /compute/v2.1/servers/e771ea27-3979-46f1-8cf8-f463516c8e88 => generated 1522 bytes in 373 msecs (HTTP/1.1 200) 9 headers in 358 bytes (1 switches on core 0)
Nov 23 13:11:56.962533 dv-cinder-818886-1-smb devstack@n-api.service[101599]: DEBUG nova.api.openstack.wsgi [None req-68504680-f909-4ac3-b093-88dce8bad564 tempest-AttachVolumeTestJSON-1213879939 tempest-AttachVolumeTestJSON-1213879939-project] Action: 'action', calling method: >, body: {"os-getConsoleOutput": {}} {{(pid=101599) _process_stack /opt/stack/nova/nova/api/openstack/wsgi.py:511}}
Nov 23 13:11:56.963713 dv-cinder-818886-1-smb devstack@n-api.service[101599]: DEBUG nova.compute.api [None req-68504680-f909-4ac3-b093-88dce8bad564 tempest-AttachVolumeTestJSON-1213879939 tempest-AttachVolumeTestJSON-1213879939-project] [instance: a55b6e06-e03a-4ba8-a345-d5d335cd25fe] Fetching instance by UUID {{(pid=101599) get /opt/stack/nova/nova/compute/api.py:2813}}
Nov 23 13:11:56.980123 dv-cinder-818886-1-smb devstack@n-api.service[101599]: DEBUG oslo_concurrency.lockutils [None req-68504680-f909-4ac3-b093-88dce8bad564 tempest-AttachVolumeTestJSON-1213879939 tempest-AttachVolumeTestJSON-1213879939-project] Lock "f7d76b3b-95be-4667-b731-004ecd8b366b" acquired by "nova.context.set_target_cell..get_or_set_cached_cell_and_set_connections" :: waited 0.000s {{(pid=101599) inner /usr/local/lib/python3.8/dist-packages/oslo_concurrency/lockutils.py:355}}
Nov 23 13:11:56.981234 dv-cinder-818886-1-smb devstack@n-api.service[101599]: DEBUG oslo_concurrency.lockutils [None req-68504680-f909-4ac3-b093-88dce8bad564 tempest-AttachVolumeTestJSON-1213879939 tempest-AttachVolumeTestJSON-1213879939-project] Lock "f7d76b3b-95be-4667-b731-004ecd8b366b" released by "nova.context.set_target_cell..get_or_set_cached_cell_and_set_connections" :: held 0.002s {{(pid=101599) inner /usr/local/lib/python3.8/dist-packages/oslo_concurrency/lockutils.py:367}}
Nov 23 13:11:56.983004 dv-cinder-818886-1-smb devstack@n-api.service[101599]: DEBUG oslo_concurrency.lockutils [None req-68504680-f909-4ac3-b093-88dce8bad564 tempest-AttachVolumeTestJSON-1213879939 tempest-AttachVolumeTestJSON-1213879939-project] Lock "f7d76b3b-95be-4667-b731-004ecd8b366b" acquired by "nova.context.set_target_cell..get_or_set_cached_cell_and_set_connections" :: waited 0.000s {{(pid=101599) inner /usr/local/lib/python3.8/dist-packages/oslo_concurrency/lockutils.py:355}}
Nov 23 13:11:56.984215 dv-cinder-818886-1-smb devstack@n-api.service[101599]: DEBUG oslo_concurrency.lockutils [None req-68504680-f909-4ac3-b093-88dce8bad564 tempest-AttachVolumeTestJSON-1213879939 tempest-AttachVolumeTestJSON-1213879939-project] Lock "f7d76b3b-95be-4667-b731-004ecd8b366b" released by "nova.context.set_target_cell..get_or_set_cached_cell_and_set_connections" :: held 0.001s {{(pid=101599) inner /usr/local/lib/python3.8/dist-packages/oslo_concurrency/lockutils.py:367}}
Nov 23 13:11:57.436124 dv-cinder-818886-1-smb devstack@n-api.service[101599]: INFO nova.api.openstack.requestlog [None req-68504680-f909-4ac3-b093-88dce8bad564 tempest-AttachVolumeTestJSON-1213879939 tempest-AttachVolumeTestJSON-1213879939-project] 10.222.0.48 "POST /compute/v2.1/servers/a55b6e06-e03a-4ba8-a345-d5d335cd25fe/action" status: 200 len: 14 microversion: 2.1 time: 0.478643
Nov 23 13:11:57.437785 dv-cinder-818886-1-smb devstack@n-api.service[101599]: [pid: 101599|app: 0|req: 80/160] 10.222.0.48 () {60 vars in 1277 bytes} [Tue Nov 23 13:11:56 2021] POST /compute/v2.1/servers/a55b6e06-e03a-4ba8-a345-d5d335cd25fe/action => generated 14 bytes in 481 msecs (HTTP/1.1 200) 9 headers in 356 bytes (1 switches on core 0)
Nov 23 13:11:57.449319 dv-cinder-818886-1-smb devstack@n-api.service[101599]: DEBUG nova.api.openstack.wsgi [None req-1fde6e76-a3c7-4e2a-867d-89a5239c4498 tempest-VolumesActionsTest-356742592 tempest-VolumesActionsTest-356742592-project] Calling method '>' {{(pid=101599) _process_stack /opt/stack/nova/nova/api/openstack/wsgi.py:513}}
Nov 23 13:11:57.450066 dv-cinder-818886-1-smb devstack@n-api.service[101599]: DEBUG nova.compute.api [None req-1fde6e76-a3c7-4e2a-867d-89a5239c4498 tempest-VolumesActionsTest-356742592 tempest-VolumesActionsTest-356742592-project] [instance: 1ff5f025-a96a-4010-a1f6-769638f20b67] Fetching instance by UUID {{(pid=101599) get /opt/stack/nova/nova/compute/api.py:2813}}
Nov 23 13:11:57.465479 dv-cinder-818886-1-smb devstack@n-api.service[101599]: DEBUG oslo_concurrency.lockutils [None req-1fde6e76-a3c7-4e2a-867d-89a5239c4498 tempest-VolumesActionsTest-356742592 tempest-VolumesActionsTest-356742592-project] Lock "f7d76b3b-95be-4667-b731-004ecd8b366b" acquired by "nova.context.set_target_cell..get_or_set_cached_cell_and_set_connections" :: waited 0.002s {{(pid=101599) inner /usr/local/lib/python3.8/dist-packages/oslo_concurrency/lockutils.py:355}}
Nov 23 13:11:57.465967 dv-cinder-818886-1-smb devstack@n-api.service[101599]: DEBUG oslo_concurrency.lockutils [None req-1fde6e76-a3c7-4e2a-867d-89a5239c4498 tempest-VolumesActionsTest-356742592 tempest-VolumesActionsTest-356742592-project] Lock "f7d76b3b-95be-4667-b731-004ecd8b366b" released by "nova.context.set_target_cell..get_or_set_cached_cell_and_set_connections" :: held 0.001s {{(pid=101599) inner /usr/local/lib/python3.8/dist-packages/oslo_concurrency/lockutils.py:367}}
Nov 23 13:11:57.467102 dv-cinder-818886-1-smb devstack@n-api.service[101599]: DEBUG oslo_concurrency.lockutils [None req-1fde6e76-a3c7-4e2a-867d-89a5239c4498 tempest-VolumesActionsTest-356742592 tempest-VolumesActionsTest-356742592-project] Lock "f7d76b3b-95be-4667-b731-004ecd8b366b" acquired by "nova.context.set_target_cell..get_or_set_cached_cell_and_set_connections" :: waited 0.000s {{(pid=101599) inner /usr/local/lib/python3.8/dist-packages/oslo_concurrency/lockutils.py:355}}
Nov 23 13:11:57.467510 dv-cinder-818886-1-smb devstack@n-api.service[101599]: DEBUG oslo_concurrency.lockutils [None req-1fde6e76-a3c7-4e2a-867d-89a5239c4498 tempest-VolumesActionsTest-356742592 tempest-VolumesActionsTest-356742592-project] Lock "f7d76b3b-95be-4667-b731-004ecd8b366b" released by "nova.context.set_target_cell..get_or_set_cached_cell_and_set_connections" :: held 0.001s {{(pid=101599) inner /usr/local/lib/python3.8/dist-packages/oslo_concurrency/lockutils.py:367}}
Nov 23 13:11:57.631202 dv-cinder-818886-1-smb devstack@n-api.service[101600]: INFO nova.api.openstack.requestlog [None req-498b5469-e115-465e-b49b-28779858c119 tempest-VolumesGetTestJSON-1838824447 tempest-VolumesGetTestJSON-1838824447-project] 10.222.0.48 "POST /compute/v2.1/os-volumes" status: 200 len: 352 microversion: 2.1 time: 0.990469
Nov 23 13:11:57.631823 dv-cinder-818886-1-smb devstack@n-api.service[101600]: [pid: 101600|app: 0|req: 81/161] 10.222.0.48 () {60 vars in 1155 bytes} [Tue Nov 23 13:11:56 2021] POST /compute/v2.1/os-volumes => generated 352 bytes in 992 msecs (HTTP/1.1 200) 10 headers in 448 bytes (2 switches on core 0)
Nov 23 13:11:57.636439 dv-cinder-818886-1-smb devstack@n-api.service[101600]: DEBUG nova.api.openstack.wsgi [None req-50d86a45-e6c2-4eec-b74d-d0d027dbf98e tempest-VolumesActionsTest-1597798224 tempest-VolumesActionsTest-1597798224-project] Calling method '>' {{(pid=101600) _process_stack /opt/stack/nova/nova/api/openstack/wsgi.py:513}}
Nov 23 13:11:57.637162 dv-cinder-818886-1-smb devstack@n-api.service[101600]: DEBUG nova.compute.api [None req-50d86a45-e6c2-4eec-b74d-d0d027dbf98e tempest-VolumesActionsTest-1597798224 tempest-VolumesActionsTest-1597798224-project] [instance: 0a724e75-efe4-433d-bb75-3e0318088c10] Fetching instance by UUID {{(pid=101600) get /opt/stack/nova/nova/compute/api.py:2813}}
Nov 23 13:11:57.660500 dv-cinder-818886-1-smb devstack@n-api.service[101600]: DEBUG oslo_concurrency.lockutils [None req-50d86a45-e6c2-4eec-b74d-d0d027dbf98e tempest-VolumesActionsTest-1597798224 tempest-VolumesActionsTest-1597798224-project] Lock "f7d76b3b-95be-4667-b731-004ecd8b366b" acquired by "nova.context.set_target_cell..get_or_set_cached_cell_and_set_connections" :: waited 0.000s {{(pid=101600) inner /usr/local/lib/python3.8/dist-packages/oslo_concurrency/lockutils.py:355}}
Nov 23 13:11:57.661358 dv-cinder-818886-1-smb devstack@n-api.service[101600]: DEBUG oslo_concurrency.lockutils [None req-50d86a45-e6c2-4eec-b74d-d0d027dbf98e tempest-VolumesActionsTest-1597798224 tempest-VolumesActionsTest-1597798224-project] Lock "f7d76b3b-95be-4667-b731-004ecd8b366b" released by "nova.context.set_target_cell..get_or_set_cached_cell_and_set_connections" :: held 0.001s {{(pid=101600) inner /usr/local/lib/python3.8/dist-packages/oslo_concurrency/lockutils.py:367}}
Nov 23 13:11:57.664482 dv-cinder-818886-1-smb devstack@n-api.service[101600]: DEBUG oslo_concurrency.lockutils [None req-50d86a45-e6c2-4eec-b74d-d0d027dbf98e tempest-VolumesActionsTest-1597798224 tempest-VolumesActionsTest-1597798224-project] Lock "f7d76b3b-95be-4667-b731-004ecd8b366b" acquired by "nova.context.set_target_cell..get_or_set_cached_cell_and_set_connections" :: waited 0.000s {{(pid=101600) inner /usr/local/lib/python3.8/dist-packages/oslo_concurrency/lockutils.py:355}}
Nov 23 13:11:57.666123 dv-cinder-818886-1-smb devstack@n-api.service[101600]: DEBUG oslo_concurrency.lockutils [None req-50d86a45-e6c2-4eec-b74d-d0d027dbf98e tempest-VolumesActionsTest-1597798224 tempest-VolumesActionsTest-1597798224-project] Lock "f7d76b3b-95be-4667-b731-004ecd8b366b" released by "nova.context.set_target_cell..get_or_set_cached_cell_and_set_connections" :: held 0.000s {{(pid=101600) inner /usr/local/lib/python3.8/dist-packages/oslo_concurrency/lockutils.py:367}}
Nov 23 13:11:57.812656 dv-cinder-818886-1-smb devstack@n-api.service[101600]: DEBUG nova.policy [None req-50d86a45-e6c2-4eec-b74d-d0d027dbf98e tempest-VolumesActionsTest-1597798224 tempest-VolumesActionsTest-1597798224-project] Policy check for os_compute_api:os-extended-server-attributes failed with credentials {'is_admin': False, 'user_id': '7df3e25ecaf645ae8b94ac672ec87133', 'user_domain_id': 'default', 'system_scope': None, 'domain_id': None, 'project_id': '16a490f9163e4cdd9127a81f7a495df6', 'project_domain_id': 'default', 'roles': ['reader', 'member'], 'is_admin_project': True, 'service_user_id': None, 'service_user_domain_id': None, 'service_project_id': None, 'service_project_domain_id': None, 'service_roles': []} {{(pid=101600) authorize /opt/stack/nova/nova/policy.py:199}}
Nov 23 13:11:57.824394 dv-cinder-818886-1-smb devstack@n-api.service[101600]: INFO nova.api.openstack.requestlog [None req-50d86a45-e6c2-4eec-b74d-d0d027dbf98e tempest-VolumesActionsTest-1597798224 tempest-VolumesActionsTest-1597798224-project] 10.222.0.48 "GET /compute/v2.1/servers/0a724e75-efe4-433d-bb75-3e0318088c10" status: 200 len: 1218 microversion: 2.1 time: 0.191362
Nov 23 13:11:57.824928 dv-cinder-818886-1-smb devstack@n-api.service[101600]: [pid: 101600|app: 0|req: 82/162] 10.222.0.48 () {58 vars in 1235 bytes} [Tue Nov 23 13:11:57 2021] GET /compute/v2.1/servers/0a724e75-efe4-433d-bb75-3e0318088c10 => generated 1218 bytes in 193 msecs (HTTP/1.1 200) 9 headers in 358 bytes (1 switches on core 0)
Nov 23 13:11:57.829409 dv-cinder-818886-1-smb devstack@n-api.service[101600]: DEBUG nova.api.openstack.wsgi [None req-c9d9218c-52b0-47af-8191-9e286a3d7251 tempest-AttachVolumeNegativeTest-1647508016 tempest-AttachVolumeNegativeTest-1647508016-project] Calling method '>' {{(pid=101600) _process_stack /opt/stack/nova/nova/api/openstack/wsgi.py:513}}
Nov 23 13:11:57.830712 dv-cinder-818886-1-smb devstack@n-api.service[101600]: DEBUG nova.compute.api [None req-c9d9218c-52b0-47af-8191-9e286a3d7251 tempest-AttachVolumeNegativeTest-1647508016 tempest-AttachVolumeNegativeTest-1647508016-project] [instance: 819969b2-7e59-4ed1-ba95-ca10e89a146f] Fetching instance by UUID {{(pid=101600) get /opt/stack/nova/nova/compute/api.py:2813}}
Nov 23 13:11:57.838836 dv-cinder-818886-1-smb devstack@n-api.service[101600]: DEBUG oslo_concurrency.lockutils [None req-c9d9218c-52b0-47af-8191-9e286a3d7251 tempest-AttachVolumeNegativeTest-1647508016 tempest-AttachVolumeNegativeTest-1647508016-project] Lock "f7d76b3b-95be-4667-b731-004ecd8b366b" acquired by "nova.context.set_target_cell..get_or_set_cached_cell_and_set_connections" :: waited 0.000s {{(pid=101600) inner /usr/local/lib/python3.8/dist-packages/oslo_concurrency/lockutils.py:355}}
Nov 23 13:11:57.839478 dv-cinder-818886-1-smb devstack@n-api.service[101600]: DEBUG oslo_concurrency.lockutils [None req-c9d9218c-52b0-47af-8191-9e286a3d7251 tempest-AttachVolumeNegativeTest-1647508016 tempest-AttachVolumeNegativeTest-1647508016-project] Lock "f7d76b3b-95be-4667-b731-004ecd8b366b" released by "nova.context.set_target_cell..get_or_set_cached_cell_and_set_connections" :: held 0.001s {{(pid=101600) inner /usr/local/lib/python3.8/dist-packages/oslo_concurrency/lockutils.py:367}}
Nov 23 13:11:57.840549 dv-cinder-818886-1-smb devstack@n-api.service[101600]: DEBUG oslo_concurrency.lockutils [None req-c9d9218c-52b0-47af-8191-9e286a3d7251 tempest-AttachVolumeNegativeTest-1647508016 tempest-AttachVolumeNegativeTest-1647508016-project] Lock "f7d76b3b-95be-4667-b731-004ecd8b366b" acquired by "nova.context.set_target_cell..get_or_set_cached_cell_and_set_connections" :: waited 0.000s {{(pid=101600) inner /usr/local/lib/python3.8/dist-packages/oslo_concurrency/lockutils.py:355}}
Nov 23 13:11:57.841138 dv-cinder-818886-1-smb devstack@n-api.service[101600]: DEBUG oslo_concurrency.lockutils [None req-c9d9218c-52b0-47af-8191-9e286a3d7251 tempest-AttachVolumeNegativeTest-1647508016 tempest-AttachVolumeNegativeTest-1647508016-project] Lock "f7d76b3b-95be-4667-b731-004ecd8b366b" released by "nova.context.set_target_cell..get_or_set_cached_cell_and_set_connections" :: held 0.001s {{(pid=101600) inner /usr/local/lib/python3.8/dist-packages/oslo_concurrency/lockutils.py:367}}
Nov 23 13:11:57.955903 dv-cinder-818886-1-smb devstack@n-api.service[101599]: DEBUG nova.policy [None req-1fde6e76-a3c7-4e2a-867d-89a5239c4498 tempest-VolumesActionsTest-356742592 tempest-VolumesActionsTest-356742592-project] Policy check for os_compute_api:os-extended-server-attributes failed with credentials {'is_admin': False, 'user_id': 'afdf3cc6b79d45a5b27c96ae6346b7f7', 'user_domain_id': 'default', 'system_scope': None, 'domain_id': None, 'project_id': 'b8fb6db5805f40d5a1839644168d4739', 'project_domain_id': 'default', 'roles': ['reader', 'member'], 'is_admin_project': True, 'service_user_id': None, 'service_user_domain_id': None, 'service_project_id': None, 'service_project_domain_id': None, 'service_roles': []} {{(pid=101599) authorize /opt/stack/nova/nova/policy.py:199}}
Nov 23 13:11:57.967447 dv-cinder-818886-1-smb devstack@n-api.service[101599]: INFO nova.api.openstack.requestlog [None req-1fde6e76-a3c7-4e2a-867d-89a5239c4498 tempest-VolumesActionsTest-356742592 tempest-VolumesActionsTest-356742592-project] 10.222.0.48 "GET /compute/v2.1/servers/1ff5f025-a96a-4010-a1f6-769638f20b67" status: 200 len: 1313 microversion: 2.1 time: 0.521835
Nov 23 13:11:57.968838 dv-cinder-818886-1-smb devstack@n-api.service[101599]: [pid: 101599|app: 0|req: 81/163] 10.222.0.48 () {58 vars in 1235 bytes} [Tue Nov 23 13:11:57 2021] GET /compute/v2.1/servers/1ff5f025-a96a-4010-a1f6-769638f20b67 => generated 1313 bytes in 525 msecs (HTTP/1.1 200) 9 headers in 358 bytes (1 switches on core 0)
Nov 23 13:11:57.975128 dv-cinder-818886-1-smb devstack@n-api.service[101599]: DEBUG nova.api.openstack.wsgi [None req-986b47c0-72f2-4d98-88b7-49bc82d65311 tempest-AttachVolumeShelveTestJSON-368985444 tempest-AttachVolumeShelveTestJSON-368985444-project] Action: 'action', calling method: >, body: {"os-getConsoleOutput": {}} {{(pid=101599) _process_stack /opt/stack/nova/nova/api/openstack/wsgi.py:511}}
Nov 23 13:11:57.976563 dv-cinder-818886-1-smb devstack@n-api.service[101599]: DEBUG nova.compute.api [None req-986b47c0-72f2-4d98-88b7-49bc82d65311 tempest-AttachVolumeShelveTestJSON-368985444 tempest-AttachVolumeShelveTestJSON-368985444-project] [instance: 9786085b-8a3d-4150-ad7b-e3cc5c3bdd5f] Fetching instance by UUID {{(pid=101599) get /opt/stack/nova/nova/compute/api.py:2813}}
Nov 23 13:11:57.992305 dv-cinder-818886-1-smb devstack@n-api.service[101599]: DEBUG oslo_concurrency.lockutils [None req-986b47c0-72f2-4d98-88b7-49bc82d65311 tempest-AttachVolumeShelveTestJSON-368985444 tempest-AttachVolumeShelveTestJSON-368985444-project] Lock "f7d76b3b-95be-4667-b731-004ecd8b366b" acquired by "nova.context.set_target_cell..get_or_set_cached_cell_and_set_connections" :: waited 0.000s {{(pid=101599) inner /usr/local/lib/python3.8/dist-packages/oslo_concurrency/lockutils.py:355}}
