Dec 14 10:08:21.600603 dv-cinder-818885-1-iscsi devstack@c-api.service[93748]: INFO cinder.api.openstack.wsgi [None req-a9bcf0cc-4623-403e-b765-ee22f47e08ed tempest-VolumesTestJSON-1868637184 tempest-VolumesTestJSON-1868637184-project] GET http://10.222.0.20/volume/v3/a7bb4edc79ae434c829019149b755fe3/volumes/0b4703b6-d8d0-4a9b-973c-34544f697b7e
Dec 14 10:08:21.601284 dv-cinder-818885-1-iscsi devstack@c-api.service[93748]: DEBUG cinder.api.openstack.wsgi [None req-a9bcf0cc-4623-403e-b765-ee22f47e08ed tempest-VolumesTestJSON-1868637184 tempest-VolumesTestJSON-1868637184-project] Empty body provided in request {{(pid=93748) get_body /opt/stack/cinder/cinder/api/openstack/wsgi.py:713}}
Dec 14 10:08:21.601604 dv-cinder-818885-1-iscsi devstack@c-api.service[93748]: /usr/local/lib/python3.8/dist-packages/webob/acceptparse.py:1047: DeprecationWarning: The behavior of AcceptValidHeader.best_match is currently being maintained for backward compatibility, but it will be deprecated in the future, as it does not conform to the RFC.
Dec 14 10:08:21.601604 dv-cinder-818885-1-iscsi devstack@c-api.service[93748]: warnings.warn(
Dec 14 10:08:21.603015 dv-cinder-818885-1-iscsi devstack@c-api.service[93748]: DEBUG cinder.api.openstack.wsgi [None req-a9bcf0cc-4623-403e-b765-ee22f47e08ed tempest-VolumesTestJSON-1868637184 tempest-VolumesTestJSON-1868637184-project] Calling method 'show' {{(pid=93748) _process_stack /opt/stack/cinder/cinder/api/openstack/wsgi.py:866}}
Dec 14 10:08:21.617530 dv-cinder-818885-1-iscsi devstack@c-api.service[93749]: INFO cinder.api.openstack.wsgi [None req-de0cc566-15d7-4c6f-99cc-dd6c7b2cf677 tempest-GroupTypeSpecsTest-1906601710 tempest-GroupTypeSpecsTest-1906601710-project-admin] http://10.222.0.20/volume/v3/06036d3c522440aeb29d2cfa23fdb844/group_types/c7dc005b-add7-4964-a49a-a5440d91183a/group_specs returned with HTTP 202
Dec 14 10:08:21.618587 dv-cinder-818885-1-iscsi devstack@c-api.service[93749]: [pid: 93749|app: 0|req: 35/73] 10.222.0.20 () {62 vars in 1434 bytes} [Tue Dec 14 10:08:21 2021] POST /volume/v3/06036d3c522440aeb29d2cfa23fdb844/group_types/c7dc005b-add7-4964-a49a-a5440d91183a/group_specs => generated 61 bytes in 72 msecs (HTTP/1.1 202) 7 headers in 291 bytes (1 switches on core 0)
Dec 14 10:08:21.627344 dv-cinder-818885-1-iscsi devstack@c-api.service[93749]: INFO cinder.api.openstack.wsgi [None req-a75590cd-89b3-44fe-b245-bbc9bd09e42f tempest-GroupTypeSpecsTest-1906601710 tempest-GroupTypeSpecsTest-1906601710-project-admin] GET http://10.222.0.20/volume/v3/06036d3c522440aeb29d2cfa23fdb844/group_types/c7dc005b-add7-4964-a49a-a5440d91183a/group_specs/key2
Dec 14 10:08:21.628122 dv-cinder-818885-1-iscsi devstack@c-api.service[93749]: DEBUG cinder.api.openstack.wsgi [None req-a75590cd-89b3-44fe-b245-bbc9bd09e42f tempest-GroupTypeSpecsTest-1906601710 tempest-GroupTypeSpecsTest-1906601710-project-admin] Empty body provided in request {{(pid=93749) get_body /opt/stack/cinder/cinder/api/openstack/wsgi.py:713}}
Dec 14 10:08:21.628700 dv-cinder-818885-1-iscsi devstack@c-api.service[93749]: DEBUG cinder.api.openstack.wsgi [None req-a75590cd-89b3-44fe-b245-bbc9bd09e42f tempest-GroupTypeSpecsTest-1906601710 tempest-GroupTypeSpecsTest-1906601710-project-admin] Calling method 'version_select' {{(pid=93749) _process_stack /opt/stack/cinder/cinder/api/openstack/wsgi.py:866}}
Dec 14 10:08:21.666835 dv-cinder-818885-1-iscsi devstack@c-api.service[93749]: INFO cinder.api.openstack.wsgi [None req-a75590cd-89b3-44fe-b245-bbc9bd09e42f tempest-GroupTypeSpecsTest-1906601710 tempest-GroupTypeSpecsTest-1906601710-project-admin] http://10.222.0.20/volume/v3/06036d3c522440aeb29d2cfa23fdb844/group_types/c7dc005b-add7-4964-a49a-a5440d91183a/group_specs/key2 returned with HTTP 200
Dec 14 10:08:21.668220 dv-cinder-818885-1-iscsi devstack@c-api.service[93749]: [pid: 93749|app: 0|req: 36/74] 10.222.0.20 () {60 vars in 1428 bytes} [Tue Dec 14 10:08:21 2021] GET /volume/v3/06036d3c522440aeb29d2cfa23fdb844/group_types/c7dc005b-add7-4964-a49a-a5440d91183a/group_specs/key2 => generated 26 bytes in 44 msecs (HTTP/1.1 200) 7 headers in 285 bytes (2 switches on core 0)
Dec 14 10:08:21.676222 dv-cinder-818885-1-iscsi devstack@c-api.service[93749]: INFO cinder.api.openstack.wsgi [None req-04a07a0c-ff68-401e-abb6-803520df3517 tempest-GroupTypeSpecsTest-1906601710 tempest-GroupTypeSpecsTest-1906601710-project-admin] GET http://10.222.0.20/volume/v3/06036d3c522440aeb29d2cfa23fdb844/group_types/c7dc005b-add7-4964-a49a-a5440d91183a/group_specs/key3
Dec 14 10:08:21.677069 dv-cinder-818885-1-iscsi devstack@c-api.service[93749]: DEBUG cinder.api.openstack.wsgi [None req-04a07a0c-ff68-401e-abb6-803520df3517 tempest-GroupTypeSpecsTest-1906601710 tempest-GroupTypeSpecsTest-1906601710-project-admin] Empty body provided in request {{(pid=93749) get_body /opt/stack/cinder/cinder/api/openstack/wsgi.py:713}}
Dec 14 10:08:21.678442 dv-cinder-818885-1-iscsi devstack@c-api.service[93749]: DEBUG cinder.api.openstack.wsgi [None req-04a07a0c-ff68-401e-abb6-803520df3517 tempest-GroupTypeSpecsTest-1906601710 tempest-GroupTypeSpecsTest-1906601710-project-admin] Calling method 'version_select' {{(pid=93749) _process_stack /opt/stack/cinder/cinder/api/openstack/wsgi.py:866}}
Dec 14 10:08:21.687099 dv-cinder-818885-1-iscsi devstack@c-api.service[93748]: /usr/local/lib/python3.8/dist-packages/oslo_context/context.py:105: DeprecationWarning: Policy enforcement is depending on the value of is_admin. This key is deprecated. Please update your policy file to use the standard policy values.
Dec 14 10:08:21.687099 dv-cinder-818885-1-iscsi devstack@c-api.service[93748]: warnings.warn('Policy enforcement is depending on the value of '
Dec 14 10:08:21.707820 dv-cinder-818885-1-iscsi devstack@c-api.service[93748]: INFO cinder.volume.api [None req-a9bcf0cc-4623-403e-b765-ee22f47e08ed tempest-VolumesTestJSON-1868637184 tempest-VolumesTestJSON-1868637184-project] Volume info retrieved successfully.
Dec 14 10:08:21.722034 dv-cinder-818885-1-iscsi devstack@c-api.service[93749]: INFO cinder.api.openstack.wsgi [None req-04a07a0c-ff68-401e-abb6-803520df3517 tempest-GroupTypeSpecsTest-1906601710 tempest-GroupTypeSpecsTest-1906601710-project-admin] http://10.222.0.20/volume/v3/06036d3c522440aeb29d2cfa23fdb844/group_types/c7dc005b-add7-4964-a49a-a5440d91183a/group_specs/key3 returned with HTTP 200
Dec 14 10:08:21.723460 dv-cinder-818885-1-iscsi devstack@c-api.service[93749]: [pid: 93749|app: 0|req: 37/75] 10.222.0.20 () {60 vars in 1428 bytes} [Tue Dec 14 10:08:21 2021] GET /volume/v3/06036d3c522440aeb29d2cfa23fdb844/group_types/c7dc005b-add7-4964-a49a-a5440d91183a/group_specs/key3 => generated 18 bytes in 51 msecs (HTTP/1.1 200) 7 headers in 285 bytes (2 switches on core 0)
Dec 14 10:08:21.731704 dv-cinder-818885-1-iscsi devstack@c-api.service[93749]: INFO cinder.api.openstack.wsgi [None req-240250b4-e283-4d37-98c7-1963f1e4abae tempest-GroupTypeSpecsTest-1906601710 tempest-GroupTypeSpecsTest-1906601710-project-admin] PUT http://10.222.0.20/volume/v3/06036d3c522440aeb29d2cfa23fdb844/group_types/c7dc005b-add7-4964-a49a-a5440d91183a/group_specs/key3
Dec 14 10:08:21.732637 dv-cinder-818885-1-iscsi devstack@c-api.service[93749]: DEBUG cinder.api.openstack.wsgi [None req-240250b4-e283-4d37-98c7-1963f1e4abae tempest-GroupTypeSpecsTest-1906601710 tempest-GroupTypeSpecsTest-1906601710-project-admin] Action: 'update', calling method: version_select, body: {"key3": "value3-updated"} {{(pid=93749) _process_stack /opt/stack/cinder/cinder/api/openstack/wsgi.py:864}}
Dec 14 10:08:21.735443 dv-cinder-818885-1-iscsi devstack@c-api.service[93748]: INFO cinder.api.openstack.wsgi [None req-a9bcf0cc-4623-403e-b765-ee22f47e08ed tempest-VolumesTestJSON-1868637184 tempest-VolumesTestJSON-1868637184-project] http://10.222.0.20/volume/v3/a7bb4edc79ae434c829019149b755fe3/volumes/0b4703b6-d8d0-4a9b-973c-34544f697b7e returned with HTTP 200
Dec 14 10:08:21.736654 dv-cinder-818885-1-iscsi devstack@c-api.service[93748]: [pid: 93748|app: 0|req: 39/76] 10.222.0.20 () {58 vars in 1324 bytes} [Tue Dec 14 10:08:21 2021] GET /volume/v3/a7bb4edc79ae434c829019149b755fe3/volumes/0b4703b6-d8d0-4a9b-973c-34544f697b7e => generated 921 bytes in 143 msecs (HTTP/1.1 200) 7 headers in 285 bytes (1 switches on core 0)
Dec 14 10:08:21.793091 dv-cinder-818885-1-iscsi devstack@c-api.service[93749]: INFO cinder.api.openstack.wsgi [None req-240250b4-e283-4d37-98c7-1963f1e4abae tempest-GroupTypeSpecsTest-1906601710 tempest-GroupTypeSpecsTest-1906601710-project-admin] http://10.222.0.20/volume/v3/06036d3c522440aeb29d2cfa23fdb844/group_types/c7dc005b-add7-4964-a49a-a5440d91183a/group_specs/key3 returned with HTTP 200
Dec 14 10:08:21.797687 dv-cinder-818885-1-iscsi devstack@c-api.service[93749]: [pid: 93749|app: 0|req: 38/77] 10.222.0.20 () {62 vars in 1448 bytes} [Tue Dec 14 10:08:21 2021] PUT /volume/v3/06036d3c522440aeb29d2cfa23fdb844/group_types/c7dc005b-add7-4964-a49a-a5440d91183a/group_specs/key3 => generated 26 bytes in 66 msecs (HTTP/1.1 200) 7 headers in 285 bytes (2 switches on core 0)
Dec 14 10:08:21.805850 dv-cinder-818885-1-iscsi devstack@c-api.service[93748]: INFO cinder.api.openstack.wsgi [None req-199a6bc8-3e29-476b-902a-3d23b6bce049 tempest-GroupTypeSpecsTest-1906601710 tempest-GroupTypeSpecsTest-1906601710-project-admin] GET http://10.222.0.20/volume/v3/06036d3c522440aeb29d2cfa23fdb844/group_types/c7dc005b-add7-4964-a49a-a5440d91183a/group_specs
Dec 14 10:08:21.806488 dv-cinder-818885-1-iscsi devstack@c-api.service[93748]: DEBUG cinder.api.openstack.wsgi [None req-199a6bc8-3e29-476b-902a-3d23b6bce049 tempest-GroupTypeSpecsTest-1906601710 tempest-GroupTypeSpecsTest-1906601710-project-admin] Empty body provided in request {{(pid=93748) get_body /opt/stack/cinder/cinder/api/openstack/wsgi.py:713}}
Dec 14 10:08:21.806869 dv-cinder-818885-1-iscsi devstack@c-api.service[93748]: /usr/local/lib/python3.8/dist-packages/webob/acceptparse.py:1047: DeprecationWarning: The behavior of AcceptValidHeader.best_match is currently being maintained for backward compatibility, but it will be deprecated in the future, as it does not conform to the RFC.
Dec 14 10:08:21.806869 dv-cinder-818885-1-iscsi devstack@c-api.service[93748]: warnings.warn(
Dec 14 10:08:21.808204 dv-cinder-818885-1-iscsi devstack@c-api.service[93748]: DEBUG cinder.api.openstack.wsgi [None req-199a6bc8-3e29-476b-902a-3d23b6bce049 tempest-GroupTypeSpecsTest-1906601710 tempest-GroupTypeSpecsTest-1906601710-project-admin] Calling method 'version_select' {{(pid=93748) _process_stack /opt/stack/cinder/cinder/api/openstack/wsgi.py:866}}
Dec 14 10:08:21.840001 dv-cinder-818885-1-iscsi devstack@c-api.service[93748]: INFO cinder.api.openstack.wsgi [None req-199a6bc8-3e29-476b-902a-3d23b6bce049 tempest-GroupTypeSpecsTest-1906601710 tempest-GroupTypeSpecsTest-1906601710-project-admin] http://10.222.0.20/volume/v3/06036d3c522440aeb29d2cfa23fdb844/group_types/c7dc005b-add7-4964-a49a-a5440d91183a/group_specs returned with HTTP 200
Dec 14 10:08:21.842542 dv-cinder-818885-1-iscsi devstack@c-api.service[93748]: [pid: 93748|app: 0|req: 40/78] 10.222.0.20 () {60 vars in 1413 bytes} [Tue Dec 14 10:08:21 2021] GET /volume/v3/06036d3c522440aeb29d2cfa23fdb844/group_types/c7dc005b-add7-4964-a49a-a5440d91183a/group_specs => generated 87 bytes in 43 msecs (HTTP/1.1 200) 7 headers in 285 bytes (1 switches on core 0)
Dec 14 10:08:21.850539 dv-cinder-818885-1-iscsi devstack@c-api.service[93749]: INFO cinder.api.openstack.wsgi [None req-3adf2448-f20b-4629-a0a3-c401e5ce83d6 tempest-GroupTypeSpecsTest-1906601710 tempest-GroupTypeSpecsTest-1906601710-project-admin] DELETE http://10.222.0.20/volume/v3/06036d3c522440aeb29d2cfa23fdb844/group_types/c7dc005b-add7-4964-a49a-a5440d91183a/group_specs/key1
Dec 14 10:08:21.851047 dv-cinder-818885-1-iscsi devstack@c-api.service[93749]: DEBUG cinder.api.openstack.wsgi [None req-3adf2448-f20b-4629-a0a3-c401e5ce83d6 tempest-GroupTypeSpecsTest-1906601710 tempest-GroupTypeSpecsTest-1906601710-project-admin] Empty body provided in request {{(pid=93749) get_body /opt/stack/cinder/cinder/api/openstack/wsgi.py:713}}
Dec 14 10:08:21.851518 dv-cinder-818885-1-iscsi devstack@c-api.service[93749]: DEBUG cinder.api.openstack.wsgi [None req-3adf2448-f20b-4629-a0a3-c401e5ce83d6 tempest-GroupTypeSpecsTest-1906601710 tempest-GroupTypeSpecsTest-1906601710-project-admin] Calling method 'version_select' {{(pid=93749) _process_stack /opt/stack/cinder/cinder/api/openstack/wsgi.py:866}}
Dec 14 10:08:21.902933 dv-cinder-818885-1-iscsi devstack@c-api.service[93749]: INFO cinder.api.openstack.wsgi [None req-3adf2448-f20b-4629-a0a3-c401e5ce83d6 tempest-GroupTypeSpecsTest-1906601710 tempest-GroupTypeSpecsTest-1906601710-project-admin] http://10.222.0.20/volume/v3/06036d3c522440aeb29d2cfa23fdb844/group_types/c7dc005b-add7-4964-a49a-a5440d91183a/group_specs/key1 returned with HTTP 202
Dec 14 10:08:21.903992 dv-cinder-818885-1-iscsi devstack@c-api.service[93749]: [pid: 93749|app: 0|req: 39/79] 10.222.0.20 () {60 vars in 1431 bytes} [Tue Dec 14 10:08:21 2021] DELETE /volume/v3/06036d3c522440aeb29d2cfa23fdb844/group_types/c7dc005b-add7-4964-a49a-a5440d91183a/group_specs/key1 => generated 0 bytes in 57 msecs (HTTP/1.1 202) 6 headers in 234 bytes (1 switches on core 0)
Dec 14 10:08:21.912635 dv-cinder-818885-1-iscsi devstack@c-api.service[93748]: INFO cinder.api.openstack.wsgi [None req-c2e71346-67d3-4f0b-a176-b513ff660596 tempest-GroupTypeSpecsTest-1906601710 tempest-GroupTypeSpecsTest-1906601710-project-admin] GET http://10.222.0.20/volume/v3/06036d3c522440aeb29d2cfa23fdb844/group_types/c7dc005b-add7-4964-a49a-a5440d91183a/group_specs/key1
Dec 14 10:08:21.913575 dv-cinder-818885-1-iscsi devstack@c-api.service[93748]: DEBUG cinder.api.openstack.wsgi [None req-c2e71346-67d3-4f0b-a176-b513ff660596 tempest-GroupTypeSpecsTest-1906601710 tempest-GroupTypeSpecsTest-1906601710-project-admin] Empty body provided in request {{(pid=93748) get_body /opt/stack/cinder/cinder/api/openstack/wsgi.py:713}}
Dec 14 10:08:21.914386 dv-cinder-818885-1-iscsi devstack@c-api.service[93748]: DEBUG cinder.api.openstack.wsgi [None req-c2e71346-67d3-4f0b-a176-b513ff660596 tempest-GroupTypeSpecsTest-1906601710 tempest-GroupTypeSpecsTest-1906601710-project-admin] Calling method 'version_select' {{(pid=93748) _process_stack /opt/stack/cinder/cinder/api/openstack/wsgi.py:866}}
Dec 14 10:08:21.965078 dv-cinder-818885-1-iscsi devstack@c-api.service[93748]: INFO cinder.api.openstack.wsgi [None req-c2e71346-67d3-4f0b-a176-b513ff660596 tempest-GroupTypeSpecsTest-1906601710 tempest-GroupTypeSpecsTest-1906601710-project-admin] HTTP exception thrown: Group Type c7dc005b-add7-4964-a49a-a5440d91183a has no extra spec with key key1.
Dec 14 10:08:21.966760 dv-cinder-818885-1-iscsi devstack@c-api.service[93748]: INFO cinder.api.openstack.wsgi [None req-c2e71346-67d3-4f0b-a176-b513ff660596 tempest-GroupTypeSpecsTest-1906601710 tempest-GroupTypeSpecsTest-1906601710-project-admin] http://10.222.0.20/volume/v3/06036d3c522440aeb29d2cfa23fdb844/group_types/c7dc005b-add7-4964-a49a-a5440d91183a/group_specs/key1 returned with HTTP 404
Dec 14 10:08:21.968646 dv-cinder-818885-1-iscsi devstack@c-api.service[93748]: [pid: 93748|app: 0|req: 41/80] 10.222.0.20 () {60 vars in 1428 bytes} [Tue Dec 14 10:08:21 2021] GET /volume/v3/06036d3c522440aeb29d2cfa23fdb844/group_types/c7dc005b-add7-4964-a49a-a5440d91183a/group_specs/key1 => generated 126 bytes in 61 msecs (HTTP/1.1 404) 7 headers in 293 bytes (1 switches on core 0)
Dec 14 10:08:21.976161 dv-cinder-818885-1-iscsi devstack@c-api.service[93749]: INFO cinder.api.openstack.wsgi [None req-f4d48107-68af-4f2a-b95a-72731212cdc2 tempest-GroupTypeSpecsTest-1906601710 tempest-GroupTypeSpecsTest-1906601710-project-admin] DELETE http://10.222.0.20/volume/v3/06036d3c522440aeb29d2cfa23fdb844/group_types/c7dc005b-add7-4964-a49a-a5440d91183a
Dec 14 10:08:21.977019 dv-cinder-818885-1-iscsi devstack@c-api.service[93749]: DEBUG cinder.api.openstack.wsgi [None req-f4d48107-68af-4f2a-b95a-72731212cdc2 tempest-GroupTypeSpecsTest-1906601710 tempest-GroupTypeSpecsTest-1906601710-project-admin] Empty body provided in request {{(pid=93749) get_body /opt/stack/cinder/cinder/api/openstack/wsgi.py:713}}
Dec 14 10:08:21.977665 dv-cinder-818885-1-iscsi devstack@c-api.service[93749]: DEBUG cinder.api.openstack.wsgi [None req-f4d48107-68af-4f2a-b95a-72731212cdc2 tempest-GroupTypeSpecsTest-1906601710 tempest-GroupTypeSpecsTest-1906601710-project-admin] Calling method 'version_select' {{(pid=93749) _process_stack /opt/stack/cinder/cinder/api/openstack/wsgi.py:866}}
Dec 14 10:08:22.047260 dv-cinder-818885-1-iscsi devstack@c-api.service[93748]: INFO cinder.api.openstack.wsgi [req-a521e44b-cc88-43f9-99a3-2f684d53dfdb req-9dcf76db-2dd3-4b4e-9fe1-c798ebb3870d tempest-VolumesSnapshotsTestJSON-249690464 tempest-VolumesSnapshotsTestJSON-249690464-project] GET http://10.222.0.20/volume/v3/f47167ff842d47baadfbe588596ec049/snapshots/e8d626df-e573-4b86-a1ad-cd6a7cb97f24
Dec 14 10:08:22.047800 dv-cinder-818885-1-iscsi devstack@c-api.service[93748]: DEBUG cinder.api.openstack.wsgi [req-a521e44b-cc88-43f9-99a3-2f684d53dfdb req-9dcf76db-2dd3-4b4e-9fe1-c798ebb3870d tempest-VolumesSnapshotsTestJSON-249690464 tempest-VolumesSnapshotsTestJSON-249690464-project] Empty body provided in request {{(pid=93748) get_body /opt/stack/cinder/cinder/api/openstack/wsgi.py:713}}
Dec 14 10:08:22.048284 dv-cinder-818885-1-iscsi devstack@c-api.service[93748]: DEBUG cinder.api.openstack.wsgi [req-a521e44b-cc88-43f9-99a3-2f684d53dfdb req-9dcf76db-2dd3-4b4e-9fe1-c798ebb3870d tempest-VolumesSnapshotsTestJSON-249690464 tempest-VolumesSnapshotsTestJSON-249690464-project] Calling method 'show' {{(pid=93748) _process_stack /opt/stack/cinder/cinder/api/openstack/wsgi.py:866}}
Dec 14 10:08:22.111675 dv-cinder-818885-1-iscsi devstack@c-api.service[93749]: INFO cinder.api.openstack.wsgi [None req-f4d48107-68af-4f2a-b95a-72731212cdc2 tempest-GroupTypeSpecsTest-1906601710 tempest-GroupTypeSpecsTest-1906601710-project-admin] http://10.222.0.20/volume/v3/06036d3c522440aeb29d2cfa23fdb844/group_types/c7dc005b-add7-4964-a49a-a5440d91183a returned with HTTP 202
Dec 14 10:08:22.113079 dv-cinder-818885-1-iscsi devstack@c-api.service[93749]: [pid: 93749|app: 0|req: 40/81] 10.222.0.20 () {60 vars in 1380 bytes} [Tue Dec 14 10:08:21 2021] DELETE /volume/v3/06036d3c522440aeb29d2cfa23fdb844/group_types/c7dc005b-add7-4964-a49a-a5440d91183a => generated 0 bytes in 141 msecs (HTTP/1.1 202) 6 headers in 234 bytes (1 switches on core 0)
Dec 14 10:08:22.129573 dv-cinder-818885-1-iscsi devstack@c-api.service[93748]: INFO cinder.api.openstack.wsgi [req-a521e44b-cc88-43f9-99a3-2f684d53dfdb req-9dcf76db-2dd3-4b4e-9fe1-c798ebb3870d tempest-VolumesSnapshotsTestJSON-249690464 tempest-VolumesSnapshotsTestJSON-249690464-project] http://10.222.0.20/volume/v3/f47167ff842d47baadfbe588596ec049/snapshots/e8d626df-e573-4b86-a1ad-cd6a7cb97f24 returned with HTTP 404
Dec 14 10:08:22.141386 dv-cinder-818885-1-iscsi devstack@c-api.service[93748]: [pid: 93748|app: 0|req: 42/82] 10.222.0.20 () {60 vars in 1584 bytes} [Tue Dec 14 10:08:22 2021] GET /volume/v3/f47167ff842d47baadfbe588596ec049/snapshots/e8d626df-e573-4b86-a1ad-cd6a7cb97f24 => generated 111 bytes in 99 msecs (HTTP/1.1 404) 7 headers in 292 bytes (2 switches on core 0)
Dec 14 10:08:22.164959 dv-cinder-818885-1-iscsi devstack@c-api.service[93749]: INFO cinder.api.openstack.wsgi [req-07613c96-34f4-4f3c-916c-7e6f277cca30 req-6a5c681d-19fc-40e9-883f-eeb4f5e0aac6 tempest-VolumesSnapshotsTestJSON-249690464 tempest-VolumesSnapshotsTestJSON-249690464-project] DELETE http://10.222.0.20/volume/v3/f47167ff842d47baadfbe588596ec049/volumes/2ff9ac9e-1a60-4c8b-bf6e-71b2b5ceebc0
Dec 14 10:08:22.165497 dv-cinder-818885-1-iscsi devstack@c-api.service[93749]: DEBUG cinder.api.openstack.wsgi [req-07613c96-34f4-4f3c-916c-7e6f277cca30 req-6a5c681d-19fc-40e9-883f-eeb4f5e0aac6 tempest-VolumesSnapshotsTestJSON-249690464 tempest-VolumesSnapshotsTestJSON-249690464-project] Empty body provided in request {{(pid=93749) get_body /opt/stack/cinder/cinder/api/openstack/wsgi.py:713}}
Dec 14 10:08:22.166058 dv-cinder-818885-1-iscsi devstack@c-api.service[93749]: DEBUG cinder.api.openstack.wsgi [req-07613c96-34f4-4f3c-916c-7e6f277cca30 req-6a5c681d-19fc-40e9-883f-eeb4f5e0aac6 tempest-VolumesSnapshotsTestJSON-249690464 tempest-VolumesSnapshotsTestJSON-249690464-project] Calling method 'delete' {{(pid=93749) _process_stack /opt/stack/cinder/cinder/api/openstack/wsgi.py:866}}
Dec 14 10:08:22.166462 dv-cinder-818885-1-iscsi devstack@c-api.service[93749]: INFO cinder.api.v3.volumes [req-07613c96-34f4-4f3c-916c-7e6f277cca30 req-6a5c681d-19fc-40e9-883f-eeb4f5e0aac6 tempest-VolumesSnapshotsTestJSON-249690464 tempest-VolumesSnapshotsTestJSON-249690464-project] Delete volume with id: 2ff9ac9e-1a60-4c8b-bf6e-71b2b5ceebc0
Dec 14 10:08:22.277773 dv-cinder-818885-1-iscsi devstack@c-api.service[93749]: /usr/local/lib/python3.8/dist-packages/oslo_context/context.py:105: DeprecationWarning: Policy enforcement is depending on the value of is_admin. This key is deprecated. Please update your policy file to use the standard policy values.
Dec 14 10:08:22.277773 dv-cinder-818885-1-iscsi devstack@c-api.service[93749]: warnings.warn('Policy enforcement is depending on the value of '
Dec 14 10:08:22.285429 dv-cinder-818885-1-iscsi devstack@c-api.service[93749]: INFO cinder.volume.api [req-07613c96-34f4-4f3c-916c-7e6f277cca30 req-6a5c681d-19fc-40e9-883f-eeb4f5e0aac6 tempest-VolumesSnapshotsTestJSON-249690464 tempest-VolumesSnapshotsTestJSON-249690464-project] Volume info retrieved successfully.
Dec 14 10:08:22.360053 dv-cinder-818885-1-iscsi devstack@c-api.service[93749]: INFO cinder.volume.api [req-07613c96-34f4-4f3c-916c-7e6f277cca30 req-6a5c681d-19fc-40e9-883f-eeb4f5e0aac6 tempest-VolumesSnapshotsTestJSON-249690464 tempest-VolumesSnapshotsTestJSON-249690464-project] Delete volume request issued successfully.
Dec 14 10:08:22.360475 dv-cinder-818885-1-iscsi devstack@c-api.service[93749]: INFO cinder.api.openstack.wsgi [req-07613c96-34f4-4f3c-916c-7e6f277cca30 req-6a5c681d-19fc-40e9-883f-eeb4f5e0aac6 tempest-VolumesSnapshotsTestJSON-249690464 tempest-VolumesSnapshotsTestJSON-249690464-project] http://10.222.0.20/volume/v3/f47167ff842d47baadfbe588596ec049/volumes/2ff9ac9e-1a60-4c8b-bf6e-71b2b5ceebc0 returned with HTTP 202
Dec 14 10:08:22.383413 dv-cinder-818885-1-iscsi devstack@c-api.service[93749]: [pid: 93749|app: 0|req: 41/83] 10.222.0.20 () {62 vars in 1600 bytes} [Tue Dec 14 10:08:22 2021] DELETE /volume/v3/f47167ff842d47baadfbe588596ec049/volumes/2ff9ac9e-1a60-4c8b-bf6e-71b2b5ceebc0 => generated 0 bytes in 223 msecs (HTTP/1.1 202) 6 headers in 233 bytes (1 switches on core 0)
Dec 14 10:08:22.400728 dv-cinder-818885-1-iscsi devstack@c-api.service[93748]: INFO cinder.api.openstack.wsgi [req-c490c9d5-7587-46fa-b1eb-2803a5f4ec41 req-d9c22b63-6c29-45b3-ad26-1fff52d33155 tempest-VolumesSnapshotsTestJSON-249690464 tempest-VolumesSnapshotsTestJSON-249690464-project] GET http://10.222.0.20/volume/v3/f47167ff842d47baadfbe588596ec049/volumes/2ff9ac9e-1a60-4c8b-bf6e-71b2b5ceebc0
Dec 14 10:08:22.401179 dv-cinder-818885-1-iscsi devstack@c-api.service[93748]: DEBUG cinder.api.openstack.wsgi [req-c490c9d5-7587-46fa-b1eb-2803a5f4ec41 req-d9c22b63-6c29-45b3-ad26-1fff52d33155 tempest-VolumesSnapshotsTestJSON-249690464 tempest-VolumesSnapshotsTestJSON-249690464-project] Empty body provided in request {{(pid=93748) get_body /opt/stack/cinder/cinder/api/openstack/wsgi.py:713}}
Dec 14 10:08:22.401610 dv-cinder-818885-1-iscsi devstack@c-api.service[93748]: DEBUG cinder.api.openstack.wsgi [req-c490c9d5-7587-46fa-b1eb-2803a5f4ec41 req-d9c22b63-6c29-45b3-ad26-1fff52d33155 tempest-VolumesSnapshotsTestJSON-249690464 tempest-VolumesSnapshotsTestJSON-249690464-project] Calling method 'show' {{(pid=93748) _process_stack /opt/stack/cinder/cinder/api/openstack/wsgi.py:866}}
Dec 14 10:08:22.540231 dv-cinder-818885-1-iscsi devstack@c-api.service[93748]: /usr/local/lib/python3.8/dist-packages/oslo_context/context.py:105: DeprecationWarning: Policy enforcement is depending on the value of is_admin. This key is deprecated. Please update your policy file to use the standard policy values.
Dec 14 10:08:22.540231 dv-cinder-818885-1-iscsi devstack@c-api.service[93748]: warnings.warn('Policy enforcement is depending on the value of '
Dec 14 10:08:22.593509 dv-cinder-818885-1-iscsi devstack@c-api.service[93748]: INFO cinder.volume.api [req-c490c9d5-7587-46fa-b1eb-2803a5f4ec41 req-d9c22b63-6c29-45b3-ad26-1fff52d33155 tempest-VolumesSnapshotsTestJSON-249690464 tempest-VolumesSnapshotsTestJSON-249690464-project] Volume info retrieved successfully.
Dec 14 10:08:22.630559 dv-cinder-818885-1-iscsi devstack@c-api.service[93748]: INFO cinder.api.openstack.wsgi [req-c490c9d5-7587-46fa-b1eb-2803a5f4ec41 req-d9c22b63-6c29-45b3-ad26-1fff52d33155 tempest-VolumesSnapshotsTestJSON-249690464 tempest-VolumesSnapshotsTestJSON-249690464-project] http://10.222.0.20/volume/v3/f47167ff842d47baadfbe588596ec049/volumes/2ff9ac9e-1a60-4c8b-bf6e-71b2b5ceebc0 returned with HTTP 200
Dec 14 10:08:22.639858 dv-cinder-818885-1-iscsi devstack@c-api.service[93748]: [pid: 93748|app: 0|req: 43/84] 10.222.0.20 () {60 vars in 1578 bytes} [Tue Dec 14 10:08:22 2021] GET /volume/v3/f47167ff842d47baadfbe588596ec049/volumes/2ff9ac9e-1a60-4c8b-bf6e-71b2b5ceebc0 => generated 915 bytes in 244 msecs (HTTP/1.1 200) 7 headers in 285 bytes (2 switches on core 0)
Dec 14 10:08:22.751762 dv-cinder-818885-1-iscsi devstack@c-api.service[93749]: INFO cinder.api.openstack.wsgi [None req-f2f5231c-5070-4964-aa95-a27328c44bfd tempest-VolumesTestJSON-1868637184 tempest-VolumesTestJSON-1868637184-project] GET http://10.222.0.20/volume/v3/a7bb4edc79ae434c829019149b755fe3/volumes/0b4703b6-d8d0-4a9b-973c-34544f697b7e
Dec 14 10:08:22.752905 dv-cinder-818885-1-iscsi devstack@c-api.service[93749]: DEBUG cinder.api.openstack.wsgi [None req-f2f5231c-5070-4964-aa95-a27328c44bfd tempest-VolumesTestJSON-1868637184 tempest-VolumesTestJSON-1868637184-project] Empty body provided in request {{(pid=93749) get_body /opt/stack/cinder/cinder/api/openstack/wsgi.py:713}}
Dec 14 10:08:22.753283 dv-cinder-818885-1-iscsi devstack@c-api.service[93749]: /usr/local/lib/python3.8/dist-packages/webob/acceptparse.py:1047: DeprecationWarning: The behavior of AcceptValidHeader.best_match is currently being maintained for backward compatibility, but it will be deprecated in the future, as it does not conform to the RFC.
Dec 14 10:08:22.753283 dv-cinder-818885-1-iscsi devstack@c-api.service[93749]: warnings.warn(
Dec 14 10:08:22.753857 dv-cinder-818885-1-iscsi devstack@c-api.service[93749]: DEBUG cinder.api.openstack.wsgi [None req-f2f5231c-5070-4964-aa95-a27328c44bfd tempest-VolumesTestJSON-1868637184 tempest-VolumesTestJSON-1868637184-project] Calling method 'show' {{(pid=93749) _process_stack /opt/stack/cinder/cinder/api/openstack/wsgi.py:866}}
Dec 14 10:08:22.866939 dv-cinder-818885-1-iscsi devstack@c-api.service[93749]: INFO cinder.api.openstack.wsgi [None req-f2f5231c-5070-4964-aa95-a27328c44bfd tempest-VolumesTestJSON-1868637184 tempest-VolumesTestJSON-1868637184-project] http://10.222.0.20/volume/v3/a7bb4edc79ae434c829019149b755fe3/volumes/0b4703b6-d8d0-4a9b-973c-34544f697b7e returned with HTTP 404
Dec 14 10:08:22.872471 dv-cinder-818885-1-iscsi devstack@c-api.service[93749]: [pid: 93749|app: 0|req: 42/85] 10.222.0.20 () {58 vars in 1324 bytes} [Tue Dec 14 10:08:22 2021] GET /volume/v3/a7bb4edc79ae434c829019149b755fe3/volumes/0b4703b6-d8d0-4a9b-973c-34544f697b7e => generated 109 bytes in 125 msecs (HTTP/1.1 404) 7 headers in 292 bytes (1 switches on core 0)
Dec 14 10:08:23.686228 dv-cinder-818885-1-iscsi devstack@c-api.service[93748]: INFO cinder.api.openstack.wsgi [req-35db9f3f-3b47-4364-b039-b3a9f575aeb8 req-e165c43e-1e54-442f-98aa-25cc4895cc40 tempest-VolumesSnapshotsTestJSON-249690464 tempest-VolumesSnapshotsTestJSON-249690464-project] GET http://10.222.0.20/volume/v3/f47167ff842d47baadfbe588596ec049/volumes/2ff9ac9e-1a60-4c8b-bf6e-71b2b5ceebc0
Dec 14 10:08:23.687353 dv-cinder-818885-1-iscsi devstack@c-api.service[93748]: DEBUG cinder.api.openstack.wsgi [req-35db9f3f-3b47-4364-b039-b3a9f575aeb8 req-e165c43e-1e54-442f-98aa-25cc4895cc40 tempest-VolumesSnapshotsTestJSON-249690464 tempest-VolumesSnapshotsTestJSON-249690464-project] Empty body provided in request {{(pid=93748) get_body /opt/stack/cinder/cinder/api/openstack/wsgi.py:713}}
Dec 14 10:08:23.687717 dv-cinder-818885-1-iscsi devstack@c-api.service[93748]: /usr/local/lib/python3.8/dist-packages/webob/acceptparse.py:1047: DeprecationWarning: The behavior of AcceptValidHeader.best_match is currently being maintained for backward compatibility, but it will be deprecated in the future, as it does not conform to the RFC.
Dec 14 10:08:23.687717 dv-cinder-818885-1-iscsi devstack@c-api.service[93748]: warnings.warn(
Dec 14 10:08:23.688274 dv-cinder-818885-1-iscsi devstack@c-api.service[93748]: DEBUG cinder.api.openstack.wsgi [req-35db9f3f-3b47-4364-b039-b3a9f575aeb8 req-e165c43e-1e54-442f-98aa-25cc4895cc40 tempest-VolumesSnapshotsTestJSON-249690464 tempest-VolumesSnapshotsTestJSON-249690464-project] Calling method 'show' {{(pid=93748) _process_stack /opt/stack/cinder/cinder/api/openstack/wsgi.py:866}}
Dec 14 10:08:23.763395 dv-cinder-818885-1-iscsi devstack@c-api.service[93748]: INFO cinder.api.openstack.wsgi [req-35db9f3f-3b47-4364-b039-b3a9f575aeb8 req-e165c43e-1e54-442f-98aa-25cc4895cc40 tempest-VolumesSnapshotsTestJSON-249690464 tempest-VolumesSnapshotsTestJSON-249690464-project] http://10.222.0.20/volume/v3/f47167ff842d47baadfbe588596ec049/volumes/2ff9ac9e-1a60-4c8b-bf6e-71b2b5ceebc0 returned with HTTP 404
Dec 14 10:08:23.766183 dv-cinder-818885-1-iscsi devstack@c-api.service[93748]: [pid: 93748|app: 0|req: 44/86] 10.222.0.20 () {60 vars in 1578 bytes} [Tue Dec 14 10:08:23 2021] GET /volume/v3/f47167ff842d47baadfbe588596ec049/volumes/2ff9ac9e-1a60-4c8b-bf6e-71b2b5ceebc0 => generated 109 bytes in 84 msecs (HTTP/1.1 404) 7 headers in 292 bytes (1 switches on core 0)
Dec 14 10:08:23.847429 dv-cinder-818885-1-iscsi devstack@c-api.service[93749]: INFO cinder.api.openstack.wsgi [req-4a7ad972-87e1-4ba1-b5f5-da4bd2b955d8 req-c6100057-4e6c-4e7b-9a87-6488047a2397 tempest-VolumesSnapshotsTestJSON-249690464 tempest-VolumesSnapshotsTestJSON-249690464-project] DELETE http://10.222.0.20/volume/v3/f47167ff842d47baadfbe588596ec049/volumes/2ff9ac9e-1a60-4c8b-bf6e-71b2b5ceebc0
Dec 14 10:08:23.847850 dv-cinder-818885-1-iscsi devstack@c-api.service[93749]: DEBUG cinder.api.openstack.wsgi [req-4a7ad972-87e1-4ba1-b5f5-da4bd2b955d8 req-c6100057-4e6c-4e7b-9a87-6488047a2397 tempest-VolumesSnapshotsTestJSON-249690464 tempest-VolumesSnapshotsTestJSON-249690464-project] Empty body provided in request {{(pid=93749) get_body /opt/stack/cinder/cinder/api/openstack/wsgi.py:713}}
Dec 14 10:08:23.848254 dv-cinder-818885-1-iscsi devstack@c-api.service[93749]: DEBUG cinder.api.openstack.wsgi [req-4a7ad972-87e1-4ba1-b5f5-da4bd2b955d8 req-c6100057-4e6c-4e7b-9a87-6488047a2397 tempest-VolumesSnapshotsTestJSON-249690464 tempest-VolumesSnapshotsTestJSON-249690464-project] Calling method 'delete' {{(pid=93749) _process_stack /opt/stack/cinder/cinder/api/openstack/wsgi.py:866}}
Dec 14 10:08:23.848717 dv-cinder-818885-1-iscsi devstack@c-api.service[93749]: INFO cinder.api.v3.volumes [req-4a7ad972-87e1-4ba1-b5f5-da4bd2b955d8 req-c6100057-4e6c-4e7b-9a87-6488047a2397 tempest-VolumesSnapshotsTestJSON-249690464 tempest-VolumesSnapshotsTestJSON-249690464-project] Delete volume with id: 2ff9ac9e-1a60-4c8b-bf6e-71b2b5ceebc0
Dec 14 10:08:23.947580 dv-cinder-818885-1-iscsi devstack@c-api.service[93749]: INFO cinder.api.openstack.wsgi [req-4a7ad972-87e1-4ba1-b5f5-da4bd2b955d8 req-c6100057-4e6c-4e7b-9a87-6488047a2397 tempest-VolumesSnapshotsTestJSON-249690464 tempest-VolumesSnapshotsTestJSON-249690464-project] http://10.222.0.20/volume/v3/f47167ff842d47baadfbe588596ec049/volumes/2ff9ac9e-1a60-4c8b-bf6e-71b2b5ceebc0 returned with HTTP 404
Dec 14 10:08:23.949137 dv-cinder-818885-1-iscsi devstack@c-api.service[93749]: [pid: 93749|app: 0|req: 43/87] 10.222.0.20 () {62 vars in 1600 bytes} [Tue Dec 14 10:08:23 2021] DELETE /volume/v3/f47167ff842d47baadfbe588596ec049/volumes/2ff9ac9e-1a60-4c8b-bf6e-71b2b5ceebc0 => generated 109 bytes in 106 msecs (HTTP/1.1 404) 7 headers in 292 bytes (1 switches on core 0)
Dec 14 10:08:23.992289 dv-cinder-818885-1-iscsi devstack@c-api.service[93748]: INFO cinder.api.openstack.wsgi [req-aff2b6da-8512-4a8e-840e-58b8aafe67b1 req-2fe0faa3-0555-4781-9803-f68d92b106c9 tempest-VolumesSnapshotsTestJSON-249690464 tempest-VolumesSnapshotsTestJSON-249690464-project] GET http://10.222.0.20/volume/v3/f47167ff842d47baadfbe588596ec049/volumes/2ff9ac9e-1a60-4c8b-bf6e-71b2b5ceebc0
Dec 14 10:08:23.992952 dv-cinder-818885-1-iscsi devstack@c-api.service[93748]: DEBUG cinder.api.openstack.wsgi [req-aff2b6da-8512-4a8e-840e-58b8aafe67b1 req-2fe0faa3-0555-4781-9803-f68d92b106c9 tempest-VolumesSnapshotsTestJSON-249690464 tempest-VolumesSnapshotsTestJSON-249690464-project] Empty body provided in request {{(pid=93748) get_body /opt/stack/cinder/cinder/api/openstack/wsgi.py:713}}
Dec 14 10:08:23.993506 dv-cinder-818885-1-iscsi devstack@c-api.service[93748]: DEBUG cinder.api.openstack.wsgi [req-aff2b6da-8512-4a8e-840e-58b8aafe67b1 req-2fe0faa3-0555-4781-9803-f68d92b106c9 tempest-VolumesSnapshotsTestJSON-249690464 tempest-VolumesSnapshotsTestJSON-249690464-project] Calling method 'show' {{(pid=93748) _process_stack /opt/stack/cinder/cinder/api/openstack/wsgi.py:866}}
Dec 14 10:08:24.069531 dv-cinder-818885-1-iscsi devstack@c-api.service[93748]: INFO cinder.api.openstack.wsgi [req-aff2b6da-8512-4a8e-840e-58b8aafe67b1 req-2fe0faa3-0555-4781-9803-f68d92b106c9 tempest-VolumesSnapshotsTestJSON-249690464 tempest-VolumesSnapshotsTestJSON-249690464-project] http://10.222.0.20/volume/v3/f47167ff842d47baadfbe588596ec049/volumes/2ff9ac9e-1a60-4c8b-bf6e-71b2b5ceebc0 returned with HTTP 404
Dec 14 10:08:24.070961 dv-cinder-818885-1-iscsi devstack@c-api.service[93748]: [pid: 93748|app: 0|req: 45/88] 10.222.0.20 () {60 vars in 1578 bytes} [Tue Dec 14 10:08:23 2021] GET /volume/v3/f47167ff842d47baadfbe588596ec049/volumes/2ff9ac9e-1a60-4c8b-bf6e-71b2b5ceebc0 => generated 109 bytes in 83 msecs (HTTP/1.1 404) 7 headers in 292 bytes (2 switches on core 0)
Dec 14 10:08:34.798501 dv-cinder-818885-1-iscsi devstack@c-api.service[93749]: INFO cinder.api.openstack.wsgi [None req-40b6246a-9aa8-4263-8b48-3b3f07ab5bd4 tempest-GroupTypesTest-1913934162 tempest-GroupTypesTest-1913934162-project-admin] POST http://10.222.0.20/volume/v3/d4a0f0c6469c4435bb195705593f75cb/group_types
Dec 14 10:08:34.800069 dv-cinder-818885-1-iscsi devstack@c-api.service[93749]: DEBUG cinder.api.openstack.wsgi [None req-40b6246a-9aa8-4263-8b48-3b3f07ab5bd4 tempest-GroupTypesTest-1913934162 tempest-GroupTypesTest-1913934162-project-admin] Action: 'create', calling method: version_select, body: {"group_type": {"name": "tempest-GroupTypesTest-group-type-431652233", "description": "tempest-group-type-description-1923984142", "group_specs": {"consistent_group_snapshot_enabled": " False"}, "is_public": true}} {{(pid=93749) _process_stack /opt/stack/cinder/cinder/api/openstack/wsgi.py:864}}
Dec 14 10:08:34.973838 dv-cinder-818885-1-iscsi devstack@c-api.service[93749]: INFO cinder.api.openstack.wsgi [None req-40b6246a-9aa8-4263-8b48-3b3f07ab5bd4 tempest-GroupTypesTest-1913934162 tempest-GroupTypesTest-1913934162-project-admin] http://10.222.0.20/volume/v3/d4a0f0c6469c4435bb195705593f75cb/group_types returned with HTTP 202
Dec 14 10:08:34.981305 dv-cinder-818885-1-iscsi devstack@c-api.service[93749]: [pid: 93749|app: 0|req: 44/89] 10.222.0.20 () {62 vars in 1288 bytes} [Tue Dec 14 10:08:33 2021] POST /volume/v3/d4a0f0c6469c4435bb195705593f75cb/group_types => generated 264 bytes in 1060 msecs (HTTP/1.1 202) 7 headers in 292 bytes (1 switches on core 0)
Dec 14 10:08:34.986158 dv-cinder-818885-1-iscsi devstack@c-api.service[93748]: INFO cinder.api.openstack.wsgi [None req-67bee9bf-9da2-461c-86e3-4da77b161f08 tempest-GroupTypesTest-1913934162 tempest-GroupTypesTest-1913934162-project-admin] GET http://10.222.0.20/volume/v3/d4a0f0c6469c4435bb195705593f75cb/group_types
Dec 14 10:08:34.987385 dv-cinder-818885-1-iscsi devstack@c-api.service[93748]: DEBUG cinder.api.openstack.wsgi [None req-67bee9bf-9da2-461c-86e3-4da77b161f08 tempest-GroupTypesTest-1913934162 tempest-GroupTypesTest-1913934162-project-admin] Empty body provided in request {{(pid=93748) get_body /opt/stack/cinder/cinder/api/openstack/wsgi.py:713}}
Dec 14 10:08:34.988241 dv-cinder-818885-1-iscsi devstack@c-api.service[93748]: DEBUG cinder.api.openstack.wsgi [None req-67bee9bf-9da2-461c-86e3-4da77b161f08 tempest-GroupTypesTest-1913934162 tempest-GroupTypesTest-1913934162-project-admin] Calling method 'version_select' {{(pid=93748) _process_stack /opt/stack/cinder/cinder/api/openstack/wsgi.py:866}}
Dec 14 10:08:35.050086 dv-cinder-818885-1-iscsi devstack@c-api.service[93748]: INFO cinder.api.openstack.wsgi [None req-67bee9bf-9da2-461c-86e3-4da77b161f08 tempest-GroupTypesTest-1913934162 tempest-GroupTypesTest-1913934162-project-admin] http://10.222.0.20/volume/v3/d4a0f0c6469c4435bb195705593f75cb/group_types returned with HTTP 200
Dec 14 10:08:35.051098 dv-cinder-818885-1-iscsi devstack@c-api.service[93748]: [pid: 93748|app: 0|req: 46/90] 10.222.0.20 () {60 vars in 1266 bytes} [Tue Dec 14 10:08:34 2021] GET /volume/v3/d4a0f0c6469c4435bb195705593f75cb/group_types => generated 498 bytes in 70 msecs (HTTP/1.1 200) 7 headers in 286 bytes (2 switches on core 0)
Dec 14 10:08:35.062385 dv-cinder-818885-1-iscsi devstack@c-api.service[93749]: INFO cinder.api.openstack.wsgi [None req-0b942599-84e2-4c63-86d4-3e126ba0581e tempest-GroupTypesTest-1913934162 tempest-GroupTypesTest-1913934162-project-admin] PUT http://10.222.0.20/volume/v3/d4a0f0c6469c4435bb195705593f75cb/group_types/f5a1a7a1-b09d-4071-a2a6-439ba2b30e28
Dec 14 10:08:35.064080 dv-cinder-818885-1-iscsi devstack@c-api.service[93749]: DEBUG cinder.api.openstack.wsgi [None req-0b942599-84e2-4c63-86d4-3e126ba0581e tempest-GroupTypesTest-1913934162 tempest-GroupTypesTest-1913934162-project-admin] Action: 'update', calling method: version_select, body: {"group_type": {"name": "tempest-GroupTypesTest-updated-group-type-1261916817", "description": "updated-group-type-desc"}} {{(pid=93749) _process_stack /opt/stack/cinder/cinder/api/openstack/wsgi.py:864}}
Dec 14 10:08:35.118919 dv-cinder-818885-1-iscsi devstack@c-api.service[93749]: INFO cinder.api.openstack.wsgi [None req-0b942599-84e2-4c63-86d4-3e126ba0581e tempest-GroupTypesTest-1913934162 tempest-GroupTypesTest-1913934162-project-admin] http://10.222.0.20/volume/v3/d4a0f0c6469c4435bb195705593f75cb/group_types/f5a1a7a1-b09d-4071-a2a6-439ba2b30e28 returned with HTTP 200
Dec 14 10:08:35.125115 dv-cinder-818885-1-iscsi devstack@c-api.service[93749]: [pid: 93749|app: 0|req: 45/91] 10.222.0.20 () {62 vars in 1398 bytes} [Tue Dec 14 10:08:35 2021] PUT /volume/v3/d4a0f0c6469c4435bb195705593f75cb/group_types/f5a1a7a1-b09d-4071-a2a6-439ba2b30e28 => generated 255 bytes in 67 msecs (HTTP/1.1 200) 7 headers in 286 bytes (1 switches on core 0)
Dec 14 10:08:35.134659 dv-cinder-818885-1-iscsi devstack@c-api.service[93748]: INFO cinder.api.openstack.wsgi [None req-89a69ac1-8a73-4236-9eb0-c9c90318ab63 tempest-GroupTypesTest-1913934162 tempest-GroupTypesTest-1913934162-project-admin] GET http://10.222.0.20/volume/v3/d4a0f0c6469c4435bb195705593f75cb/group_types/f5a1a7a1-b09d-4071-a2a6-439ba2b30e28
Dec 14 10:08:35.135163 dv-cinder-818885-1-iscsi devstack@c-api.service[93748]: DEBUG cinder.api.openstack.wsgi [None req-89a69ac1-8a73-4236-9eb0-c9c90318ab63 tempest-GroupTypesTest-1913934162 tempest-GroupTypesTest-1913934162-project-admin] Empty body provided in request {{(pid=93748) get_body /opt/stack/cinder/cinder/api/openstack/wsgi.py:713}}
Dec 14 10:08:35.135578 dv-cinder-818885-1-iscsi devstack@c-api.service[93748]: DEBUG cinder.api.openstack.wsgi [None req-89a69ac1-8a73-4236-9eb0-c9c90318ab63 tempest-GroupTypesTest-1913934162 tempest-GroupTypesTest-1913934162-project-admin] Calling method 'version_select' {{(pid=93748) _process_stack /opt/stack/cinder/cinder/api/openstack/wsgi.py:866}}
Dec 14 10:08:35.190560 dv-cinder-818885-1-iscsi devstack@c-api.service[93748]: INFO cinder.api.openstack.wsgi [None req-89a69ac1-8a73-4236-9eb0-c9c90318ab63 tempest-GroupTypesTest-1913934162 tempest-GroupTypesTest-1913934162-project-admin] http://10.222.0.20/volume/v3/d4a0f0c6469c4435bb195705593f75cb/group_types/f5a1a7a1-b09d-4071-a2a6-439ba2b30e28 returned with HTTP 200
Dec 14 10:08:35.196674 dv-cinder-818885-1-iscsi devstack@c-api.service[93748]: [pid: 93748|app: 0|req: 47/92] 10.222.0.20 () {60 vars in 1377 bytes} [Tue Dec 14 10:08:35 2021] GET /volume/v3/d4a0f0c6469c4435bb195705593f75cb/group_types/f5a1a7a1-b09d-4071-a2a6-439ba2b30e28 => generated 255 bytes in 66 msecs (HTTP/1.1 200) 7 headers in 286 bytes (2 switches on core 0)
Dec 14 10:08:35.207196 dv-cinder-818885-1-iscsi devstack@c-api.service[93749]: INFO cinder.api.openstack.wsgi [None req-f465db71-f159-48ad-9e19-2acbb8f15d98 tempest-GroupTypesTest-1913934162 tempest-GroupTypesTest-1913934162-project-admin] DELETE http://10.222.0.20/volume/v3/d4a0f0c6469c4435bb195705593f75cb/group_types/f5a1a7a1-b09d-4071-a2a6-439ba2b30e28
Dec 14 10:08:35.207851 dv-cinder-818885-1-iscsi devstack@c-api.service[93749]: DEBUG cinder.api.openstack.wsgi [None req-f465db71-f159-48ad-9e19-2acbb8f15d98 tempest-GroupTypesTest-1913934162 tempest-GroupTypesTest-1913934162-project-admin] Empty body provided in request {{(pid=93749) get_body /opt/stack/cinder/cinder/api/openstack/wsgi.py:713}}
Dec 14 10:08:35.208411 dv-cinder-818885-1-iscsi devstack@c-api.service[93749]: DEBUG cinder.api.openstack.wsgi [None req-f465db71-f159-48ad-9e19-2acbb8f15d98 tempest-GroupTypesTest-1913934162 tempest-GroupTypesTest-1913934162-project-admin] Calling method 'version_select' {{(pid=93749) _process_stack /opt/stack/cinder/cinder/api/openstack/wsgi.py:866}}
Dec 14 10:08:35.311741 dv-cinder-818885-1-iscsi devstack@c-api.service[93749]: INFO cinder.api.openstack.wsgi [None req-f465db71-f159-48ad-9e19-2acbb8f15d98 tempest-GroupTypesTest-1913934162 tempest-GroupTypesTest-1913934162-project-admin] http://10.222.0.20/volume/v3/d4a0f0c6469c4435bb195705593f75cb/group_types/f5a1a7a1-b09d-4071-a2a6-439ba2b30e28 returned with HTTP 202
Dec 14 10:08:35.316402 dv-cinder-818885-1-iscsi devstack@c-api.service[93749]: [pid: 93749|app: 0|req: 46/93] 10.222.0.20 () {60 vars in 1380 bytes} [Tue Dec 14 10:08:35 2021] DELETE /volume/v3/d4a0f0c6469c4435bb195705593f75cb/group_types/f5a1a7a1-b09d-4071-a2a6-439ba2b30e28 => generated 0 bytes in 111 msecs (HTTP/1.1 202) 6 headers in 234 bytes (1 switches on core 0)
Dec 14 10:08:35.321805 dv-cinder-818885-1-iscsi devstack@c-api.service[93748]: INFO cinder.api.openstack.wsgi [None req-17033aa4-a048-4e40-9377-fca08a46a858 tempest-GroupTypesTest-1913934162 tempest-GroupTypesTest-1913934162-project-admin] GET http://10.222.0.20/volume/v3/d4a0f0c6469c4435bb195705593f75cb/group_types
Dec 14 10:08:35.322452 dv-cinder-818885-1-iscsi devstack@c-api.service[93748]: DEBUG cinder.api.openstack.wsgi [None req-17033aa4-a048-4e40-9377-fca08a46a858 tempest-GroupTypesTest-1913934162 tempest-GroupTypesTest-1913934162-project-admin] Empty body provided in request {{(pid=93748) get_body /opt/stack/cinder/cinder/api/openstack/wsgi.py:713}}
Dec 14 10:08:35.323019 dv-cinder-818885-1-iscsi devstack@c-api.service[93748]: DEBUG cinder.api.openstack.wsgi [None req-17033aa4-a048-4e40-9377-fca08a46a858 tempest-GroupTypesTest-1913934162 tempest-GroupTypesTest-1913934162-project-admin] Calling method 'version_select' {{(pid=93748) _process_stack /opt/stack/cinder/cinder/api/openstack/wsgi.py:866}}
Dec 14 10:08:35.358834 dv-cinder-818885-1-iscsi devstack@c-api.service[93748]: INFO cinder.api.openstack.wsgi [None req-17033aa4-a048-4e40-9377-fca08a46a858 tempest-GroupTypesTest-1913934162 tempest-GroupTypesTest-1913934162-project-admin] http://10.222.0.20/volume/v3/d4a0f0c6469c4435bb195705593f75cb/group_types returned with HTTP 200
Dec 14 10:08:35.367585 dv-cinder-818885-1-iscsi devstack@c-api.service[93748]: [pid: 93748|app: 0|req: 48/94] 10.222.0.20 () {60 vars in 1266 bytes} [Tue Dec 14 10:08:35 2021] GET /volume/v3/d4a0f0c6469c4435bb195705593f75cb/group_types => generated 248 bytes in 45 msecs (HTTP/1.1 200) 7 headers in 286 bytes (1 switches on core 0)
Dec 14 10:08:36.720969 dv-cinder-818885-1-iscsi devstack@c-api.service[93749]: INFO cinder.api.openstack.wsgi [None req-60edea66-1ce3-40bb-aec0-0983dadce2e7 tempest-VolumePoolsAdminTestsJSON-492499582 tempest-VolumePoolsAdminTestsJSON-492499582-project-admin] GET http://10.222.0.20/volume/v3/eea5b0336f30400f99c089d4683e8bdb/scheduler-stats/get_pools?detail=True
Dec 14 10:08:36.722310 dv-cinder-818885-1-iscsi devstack@c-api.service[93749]: DEBUG cinder.api.openstack.wsgi [None req-60edea66-1ce3-40bb-aec0-0983dadce2e7 tempest-VolumePoolsAdminTestsJSON-492499582 tempest-VolumePoolsAdminTestsJSON-492499582-project-admin] Empty body provided in request {{(pid=93749) get_body /opt/stack/cinder/cinder/api/openstack/wsgi.py:713}}
Dec 14 10:08:36.723205 dv-cinder-818885-1-iscsi devstack@c-api.service[93749]: DEBUG cinder.api.openstack.wsgi [None req-60edea66-1ce3-40bb-aec0-0983dadce2e7 tempest-VolumePoolsAdminTestsJSON-492499582 tempest-VolumePoolsAdminTestsJSON-492499582-project-admin] Calling method 'get_pools' {{(pid=93749) _process_stack /opt/stack/cinder/cinder/api/openstack/wsgi.py:866}}
Dec 14 10:08:36.772201 dv-cinder-818885-1-iscsi devstack@c-api.service[93749]: INFO cinder.api.openstack.wsgi [None req-60edea66-1ce3-40bb-aec0-0983dadce2e7 tempest-VolumePoolsAdminTestsJSON-492499582 tempest-VolumePoolsAdminTestsJSON-492499582-project-admin] http://10.222.0.20/volume/v3/eea5b0336f30400f99c089d4683e8bdb/scheduler-stats/get_pools?detail=True returned with HTTP 200
Dec 14 10:08:36.774000 dv-cinder-818885-1-iscsi devstack@c-api.service[93749]: [pid: 93749|app: 0|req: 47/95] 10.222.0.20 () {58 vars in 1290 bytes} [Tue Dec 14 10:08:36 2021] GET /volume/v3/eea5b0336f30400f99c089d4683e8bdb/scheduler-stats/get_pools?detail=True => generated 482 bytes in 243 msecs (HTTP/1.1 200) 7 headers in 285 bytes (1 switches on core 0)
Dec 14 10:08:36.795987 dv-cinder-818885-1-iscsi devstack@c-api.service[93748]: INFO cinder.api.openstack.wsgi [None req-a623e89d-c379-441f-9823-b4894a0e2fea tempest-VolumeServicesNegativeTest-1554364985 tempest-VolumeServicesNegativeTest-1554364985-project-admin] GET http://10.222.0.20/volume/v3/65e164d0d04b4211ba708d68d0d50966/os-services
Dec 14 10:08:36.798580 dv-cinder-818885-1-iscsi devstack@c-api.service[93748]: DEBUG cinder.api.openstack.wsgi [None req-a623e89d-c379-441f-9823-b4894a0e2fea tempest-VolumeServicesNegativeTest-1554364985 tempest-VolumeServicesNegativeTest-1554364985-project-admin] Empty body provided in request {{(pid=93748) get_body /opt/stack/cinder/cinder/api/openstack/wsgi.py:713}}
Dec 14 10:08:36.800194 dv-cinder-818885-1-iscsi devstack@c-api.service[93748]: DEBUG cinder.api.openstack.wsgi [None req-a623e89d-c379-441f-9823-b4894a0e2fea tempest-VolumeServicesNegativeTest-1554364985 tempest-VolumeServicesNegativeTest-1554364985-project-admin] Calling method 'index' {{(pid=93748) _process_stack /opt/stack/cinder/cinder/api/openstack/wsgi.py:866}}
Dec 14 10:08:36.808481 dv-cinder-818885-1-iscsi devstack@c-api.service[93749]: INFO cinder.api.openstack.wsgi [None req-ec72e0dc-b986-46ca-bee4-fc7b0e1e9804 tempest-VolumePoolsAdminTestsJSON-492499582 tempest-VolumePoolsAdminTestsJSON-492499582-project-admin] GET http://10.222.0.20/volume/v3/eea5b0336f30400f99c089d4683e8bdb/scheduler-stats/get_pools
Dec 14 10:08:36.810485 dv-cinder-818885-1-iscsi devstack@c-api.service[93749]: DEBUG cinder.api.openstack.wsgi [None req-ec72e0dc-b986-46ca-bee4-fc7b0e1e9804 tempest-VolumePoolsAdminTestsJSON-492499582 tempest-VolumePoolsAdminTestsJSON-492499582-project-admin] Empty body provided in request {{(pid=93749) get_body /opt/stack/cinder/cinder/api/openstack/wsgi.py:713}}
Dec 14 10:08:36.811076 dv-cinder-818885-1-iscsi devstack@c-api.service[93749]: DEBUG cinder.api.openstack.wsgi [None req-ec72e0dc-b986-46ca-bee4-fc7b0e1e9804 tempest-VolumePoolsAdminTestsJSON-492499582 tempest-VolumePoolsAdminTestsJSON-492499582-project-admin] Calling method 'get_pools' {{(pid=93749) _process_stack /opt/stack/cinder/cinder/api/openstack/wsgi.py:866}}
Dec 14 10:08:36.820688 dv-cinder-818885-1-iscsi devstack@c-api.service[93748]: INFO cinder.api.openstack.wsgi [None req-a623e89d-c379-441f-9823-b4894a0e2fea tempest-VolumeServicesNegativeTest-1554364985 tempest-VolumeServicesNegativeTest-1554364985-project-admin] http://10.222.0.20/volume/v3/65e164d0d04b4211ba708d68d0d50966/os-services returned with HTTP 200
Dec 14 10:08:36.822035 dv-cinder-818885-1-iscsi devstack@c-api.service[93748]: [pid: 93748|app: 0|req: 49/96] 10.222.0.20 () {58 vars in 1225 bytes} [Tue Dec 14 10:08:36 2021] GET /volume/v3/65e164d0d04b4211ba708d68d0d50966/os-services => generated 642 bytes in 229 msecs (HTTP/1.1 200) 7 headers in 285 bytes (1 switches on core 0)
Dec 14 10:08:36.834114 dv-cinder-818885-1-iscsi devstack@c-api.service[93748]: INFO cinder.api.openstack.wsgi [None req-32ba94ae-d9b0-4a73-95d4-d9ea8536bc11 tempest-VolumeServicesNegativeTest-1554364985 tempest-VolumeServicesNegativeTest-1554364985-project-admin] PUT http://10.222.0.20/volume/v3/65e164d0d04b4211ba708d68d0d50966/os-services/disable-log-reason
Dec 14 10:08:36.834355 dv-cinder-818885-1-iscsi devstack@c-api.service[93749]: INFO cinder.api.openstack.wsgi [None req-ec72e0dc-b986-46ca-bee4-fc7b0e1e9804 tempest-VolumePoolsAdminTestsJSON-492499582 tempest-VolumePoolsAdminTestsJSON-492499582-project-admin] http://10.222.0.20/volume/v3/eea5b0336f30400f99c089d4683e8bdb/scheduler-stats/get_pools returned with HTTP 200
