Nov 23 12:55:13.165005 dv-cinder-818884-1-iscsi devstack@c-api.service[93768]: INFO cinder.api.openstack.wsgi [req-c2a4c533-96cd-4ab6-9112-fe285c966f1c req-ef56a2e6-e1e0-4e13-a986-76ab0ab2be3f tempest-VolumesGetTestJSON-1146415195 tempest-VolumesGetTestJSON-1146415195-project] http://10.222.0.73/volume/v3/30324231919e45a59917f4a5f3bb3567/volumes/787df7ab-429b-4944-8e77-f1f9b6f3417b returned with HTTP 200
Nov 23 12:55:13.165785 dv-cinder-818884-1-iscsi devstack@c-api.service[93768]: [pid: 93768|app: 0|req: 92/190] 10.222.0.73 () {60 vars in 1578 bytes} [Tue Nov 23 12:55:13 2021] GET /volume/v3/30324231919e45a59917f4a5f3bb3567/volumes/787df7ab-429b-4944-8e77-f1f9b6f3417b => generated 923 bytes in 118 msecs (HTTP/1.1 200) 7 headers in 285 bytes (1 switches on core 0)
Nov 23 12:55:13.182684 dv-cinder-818884-1-iscsi devstack@c-api.service[93768]: INFO cinder.api.openstack.wsgi [None req-8ba78040-3a9c-477a-9b20-d0233f827995 tempest-GroupSnapshotsTest-1656498312 tempest-GroupSnapshotsTest-1656498312-project] GET http://10.222.0.73/volume/v3/28303a6bc3b84b3bab8e480da407a4f5/group_snapshots/d03bb25b-75ee-408f-83b6-e9a4fee933b4
Nov 23 12:55:13.183172 dv-cinder-818884-1-iscsi devstack@c-api.service[93768]: DEBUG cinder.api.openstack.wsgi [None req-8ba78040-3a9c-477a-9b20-d0233f827995 tempest-GroupSnapshotsTest-1656498312 tempest-GroupSnapshotsTest-1656498312-project] Empty body provided in request {{(pid=93768) get_body /opt/stack/cinder/cinder/api/openstack/wsgi.py:713}}
Nov 23 12:55:13.183345 dv-cinder-818884-1-iscsi devstack@c-api.service[93768]: /usr/local/lib/python3.8/dist-packages/webob/acceptparse.py:1047: DeprecationWarning: The behavior of AcceptValidHeader.best_match is currently being maintained for backward compatibility, but it will be deprecated in the future, as it does not conform to the RFC.
Nov 23 12:55:13.183345 dv-cinder-818884-1-iscsi devstack@c-api.service[93768]: warnings.warn(
Nov 23 12:55:13.183656 dv-cinder-818884-1-iscsi devstack@c-api.service[93768]: DEBUG cinder.api.openstack.wsgi [None req-8ba78040-3a9c-477a-9b20-d0233f827995 tempest-GroupSnapshotsTest-1656498312 tempest-GroupSnapshotsTest-1656498312-project] Calling method 'version_select' {{(pid=93768) _process_stack /opt/stack/cinder/cinder/api/openstack/wsgi.py:866}}
Nov 23 12:55:13.183997 dv-cinder-818884-1-iscsi devstack@c-api.service[93768]: DEBUG cinder.api.v3.group_snapshots [None req-8ba78040-3a9c-477a-9b20-d0233f827995 tempest-GroupSnapshotsTest-1656498312 tempest-GroupSnapshotsTest-1656498312-project] show called for member d03bb25b-75ee-408f-83b6-e9a4fee933b4 {{(pid=93768) show /opt/stack/cinder/cinder/api/v3/group_snapshots.py:58}}
Nov 23 12:55:13.190616 dv-cinder-818884-1-iscsi devstack@c-api.service[93768]: /usr/local/lib/python3.8/dist-packages/oslo_context/context.py:105: DeprecationWarning: Policy enforcement is depending on the value of is_admin. This key is deprecated. Please update your policy file to use the standard policy values.
Nov 23 12:55:13.190616 dv-cinder-818884-1-iscsi devstack@c-api.service[93768]: warnings.warn('Policy enforcement is depending on the value of '
Nov 23 12:55:13.201918 dv-cinder-818884-1-iscsi devstack@c-api.service[93768]: INFO cinder.api.openstack.wsgi [None req-8ba78040-3a9c-477a-9b20-d0233f827995 tempest-GroupSnapshotsTest-1656498312 tempest-GroupSnapshotsTest-1656498312-project] http://10.222.0.73/volume/v3/28303a6bc3b84b3bab8e480da407a4f5/group_snapshots/d03bb25b-75ee-408f-83b6-e9a4fee933b4 returned with HTTP 200
Nov 23 12:55:13.206355 dv-cinder-818884-1-iscsi devstack@c-api.service[93768]: [pid: 93768|app: 0|req: 93/191] 10.222.0.73 () {60 vars in 1389 bytes} [Tue Nov 23 12:55:13 2021] GET /volume/v3/28303a6bc3b84b3bab8e480da407a4f5/group_snapshots/d03bb25b-75ee-408f-83b6-e9a4fee933b4 => generated 305 bytes in 24 msecs (HTTP/1.1 200) 7 headers in 286 bytes (1 switches on core 0)
Nov 23 12:55:13.211163 dv-cinder-818884-1-iscsi devstack@c-api.service[93769]: DEBUG cinder.volume.api [None req-24d568fb-bba5-4f7c-9820-f2d36c95da09 tempest-VolumeTypesAccessTest-202375221 tempest-VolumeTypesAccessTest-202375221-project] Task 'cinder.volume.flows.api.create_volume.ExtractVolumeRequestTask;volume:create' (73f0cb59-9b9d-4276-a313-98b596f60541) transitioned into state 'SUCCESS' from state 'RUNNING' with result '{'size': 1, 'snapshot_id': None, 'source_volid': None, 'volume_type': VolumeType(created_at=2021-11-23T12:55:13Z,deleted=False,deleted_at=None,description=None,extra_specs={},id=36cbb1d3-76ec-4025-b4e0-e92fcd89e062,is_public=False,name='tempest-VolumeTypesAccessTest-volume-type-153368654',projects=[],qos_specs=,qos_specs_id=None,updated_at=None), 'volume_type_id': '36cbb1d3-76ec-4025-b4e0-e92fcd89e062', 'encryption_key_id': None, 'qos_specs': None, 'consistencygroup_id': None, 'cgsnapshot_id': None, 'group_id': None, 'replication_status': 'disabled', 'refresh_az': False, 'backup_id': None, 'multiattach': False, 'availability_zones': ['nova']}' {{(pid=93769) _task_receiver /usr/local/lib/python3.8/dist-packages/taskflow/listeners/logging.py:178}}
Nov 23 12:55:13.213414 dv-cinder-818884-1-iscsi devstack@c-api.service[93769]: DEBUG cinder.volume.api [None req-24d568fb-bba5-4f7c-9820-f2d36c95da09 tempest-VolumeTypesAccessTest-202375221 tempest-VolumeTypesAccessTest-202375221-project] Task 'cinder.volume.flows.api.create_volume.QuotaReserveTask;volume:create' (8cf99de9-52cf-494a-8347-97ba10d672e6) transitioned into state 'RUNNING' from state 'PENDING' {{(pid=93769) _task_receiver /usr/local/lib/python3.8/dist-packages/taskflow/listeners/logging.py:190}}
Nov 23 12:55:13.255321 dv-cinder-818884-1-iscsi devstack@c-api.service[93769]: WARNING cinder.quota [None req-24d568fb-bba5-4f7c-9820-f2d36c95da09 tempest-VolumeTypesAccessTest-202375221 tempest-VolumeTypesAccessTest-202375221-project] Deprecated: Default quota for resource: volumes_tempest-VolumeTypesAccessTest-volume-type-153368654 is set by the default quota flag: quota_volumes_tempest-VolumeTypesAccessTest-volume-type-153368654, it is now deprecated. Please use the default quota class for default quota.
Nov 23 12:55:13.256082 dv-cinder-818884-1-iscsi devstack@c-api.service[93769]: WARNING cinder.quota [None req-24d568fb-bba5-4f7c-9820-f2d36c95da09 tempest-VolumeTypesAccessTest-202375221 tempest-VolumeTypesAccessTest-202375221-project] Deprecated: Default quota for resource: gigabytes_tempest-VolumeTypesAccessTest-volume-type-153368654 is set by the default quota flag: quota_gigabytes_tempest-VolumeTypesAccessTest-volume-type-153368654, it is now deprecated. Please use the default quota class for default quota.
Nov 23 12:55:13.331487 dv-cinder-818884-1-iscsi devstack@c-api.service[93769]: DEBUG cinder.quota [None req-24d568fb-bba5-4f7c-9820-f2d36c95da09 tempest-VolumeTypesAccessTest-202375221 tempest-VolumeTypesAccessTest-202375221-project] Created reservations ['b199a597-7b46-42ee-abac-6b32e89c7086', '2e32b17f-859d-4bff-8fbe-a72476a138e7', '8a954dbf-87ed-491b-8513-325787a2b522', '7f93093e-1a93-429f-b87e-f2b80c06ad72'] {{(pid=93769) reserve /opt/stack/cinder/cinder/quota.py:756}}
Nov 23 12:55:13.335340 dv-cinder-818884-1-iscsi devstack@c-api.service[93769]: DEBUG cinder.volume.api [None req-24d568fb-bba5-4f7c-9820-f2d36c95da09 tempest-VolumeTypesAccessTest-202375221 tempest-VolumeTypesAccessTest-202375221-project] Task 'cinder.volume.flows.api.create_volume.QuotaReserveTask;volume:create' (8cf99de9-52cf-494a-8347-97ba10d672e6) transitioned into state 'SUCCESS' from state 'RUNNING' with result '{'reservations': ['b199a597-7b46-42ee-abac-6b32e89c7086', '2e32b17f-859d-4bff-8fbe-a72476a138e7', '8a954dbf-87ed-491b-8513-325787a2b522', '7f93093e-1a93-429f-b87e-f2b80c06ad72']}' {{(pid=93769) _task_receiver /usr/local/lib/python3.8/dist-packages/taskflow/listeners/logging.py:178}}
Nov 23 12:55:13.338908 dv-cinder-818884-1-iscsi devstack@c-api.service[93769]: DEBUG cinder.volume.api [None req-24d568fb-bba5-4f7c-9820-f2d36c95da09 tempest-VolumeTypesAccessTest-202375221 tempest-VolumeTypesAccessTest-202375221-project] Task 'cinder.volume.flows.api.create_volume.EntryCreateTask;volume:create' (2f788c0d-3bf2-4ea3-a11a-adb5f1720840) transitioned into state 'RUNNING' from state 'PENDING' {{(pid=93769) _task_receiver /usr/local/lib/python3.8/dist-packages/taskflow/listeners/logging.py:190}}
Nov 23 12:55:13.423182 dv-cinder-818884-1-iscsi devstack@c-api.service[93769]: DEBUG cinder.volume.api [None req-24d568fb-bba5-4f7c-9820-f2d36c95da09 tempest-VolumeTypesAccessTest-202375221 tempest-VolumeTypesAccessTest-202375221-project] Task 'cinder.volume.flows.api.create_volume.EntryCreateTask;volume:create' (2f788c0d-3bf2-4ea3-a11a-adb5f1720840) transitioned into state 'SUCCESS' from state 'RUNNING' with result '{'volume_id': '58a0ea78-3e07-4df8-a8f1-767b3e8b1b38', 'volume_properties': VolumeProperties(attach_status='detached',availability_zone='nova',cgsnapshot_id=None,consistencygroup_id=None,display_description=None,display_name='tempest-VolumeTypesAccessTest-Volume-96037423',encryption_key_id=None,group_id=None,group_type_id=,metadata={},multiattach=False,project_id='43f9092249e34489bcc8599f35143f5c',qos_specs=None,replication_status=,reservations=['b199a597-7b46-42ee-abac-6b32e89c7086','2e32b17f-859d-4bff-8fbe-a72476a138e7','8a954dbf-87ed-491b-8513-325787a2b522','7f93093e-1a93-429f-b87e-f2b80c06ad72'],size=1,snapshot_id=None,source_replicaid=,source_volid=None,status='creating',user_id='061457ad88604be1a8962a6049485de9',volume_type_id=36cbb1d3-76ec-4025-b4e0-e92fcd89e062), 'volume': Volume(_name_id=None,admin_metadata=,attach_status='detached',availability_zone='nova',bootable=False,cluster=,cluster_name=None,consistencygroup=,consistencygroup_id=None,created_at=2021-11-23T12:55:13Z,deleted=False,deleted_at=None,display_description=None,display_name='tempest-VolumeTypesAccessTest-Volume-96037423',ec2_id=None,encryption_key_id=None,glance_metadata=,group=,group_id=None,host=None,id=58a0ea78-3e07-4df8-a8f1-767b3e8b1b38,launched_at=None,metadata={},migration_status=None,multiattach=False,previous_status=None,project_id='43f9092249e34489bcc8599f35143f5c',provider_auth=None,provider_geometry=None,provider_id=None,provider_location=None,replication_driver_data=None,replication_extended_status=None,replication_status=None,scheduled_at=None,service_uuid=None,shared_targets=True,size=1,snapshot_id=None,snapshots=,source_volid=None,status='creating',terminated_at=None,updated_at=None,user_id='061457ad88604be1a8962a6049485de9',volume_attachment=,volume_type=VolumeType(36cbb1d3-76ec-4025-b4e0-e92fcd89e062),volume_type_id=36cbb1d3-76ec-4025-b4e0-e92fcd89e062)}' {{(pid=93769) _task_receiver /usr/local/lib/python3.8/dist-packages/taskflow/listeners/logging.py:178}}
Nov 23 12:55:13.426786 dv-cinder-818884-1-iscsi devstack@c-api.service[93769]: DEBUG cinder.volume.api [None req-24d568fb-bba5-4f7c-9820-f2d36c95da09 tempest-VolumeTypesAccessTest-202375221 tempest-VolumeTypesAccessTest-202375221-project] Task 'cinder.volume.flows.api.create_volume.QuotaCommitTask;volume:create' (11f6153a-67b1-44ae-ae37-017042a31952) transitioned into state 'RUNNING' from state 'PENDING' {{(pid=93769) _task_receiver /usr/local/lib/python3.8/dist-packages/taskflow/listeners/logging.py:190}}
Nov 23 12:55:13.447967 dv-cinder-818884-1-iscsi devstack@c-api.service[93768]: INFO cinder.api.openstack.wsgi [None req-93c52a09-1eb1-47c8-9d26-ed793f6ea278 tempest-GroupsV314Test-572137034 tempest-GroupsV314Test-572137034-project] GET http://10.222.0.73/volume/v3/5b680ab66b9547838431e13799380abe/groups/e725f871-a82b-4266-84ab-0d1dff2a7850
Nov 23 12:55:13.448746 dv-cinder-818884-1-iscsi devstack@c-api.service[93768]: DEBUG cinder.api.openstack.wsgi [None req-93c52a09-1eb1-47c8-9d26-ed793f6ea278 tempest-GroupsV314Test-572137034 tempest-GroupsV314Test-572137034-project] Empty body provided in request {{(pid=93768) get_body /opt/stack/cinder/cinder/api/openstack/wsgi.py:713}}
Nov 23 12:55:13.449057 dv-cinder-818884-1-iscsi devstack@c-api.service[93768]: /usr/local/lib/python3.8/dist-packages/webob/acceptparse.py:1047: DeprecationWarning: The behavior of AcceptValidHeader.best_match is currently being maintained for backward compatibility, but it will be deprecated in the future, as it does not conform to the RFC.
Nov 23 12:55:13.449057 dv-cinder-818884-1-iscsi devstack@c-api.service[93768]: warnings.warn(
Nov 23 12:55:13.449565 dv-cinder-818884-1-iscsi devstack@c-api.service[93768]: DEBUG cinder.api.openstack.wsgi [None req-93c52a09-1eb1-47c8-9d26-ed793f6ea278 tempest-GroupsV314Test-572137034 tempest-GroupsV314Test-572137034-project] Calling method 'version_select' {{(pid=93768) _process_stack /opt/stack/cinder/cinder/api/openstack/wsgi.py:866}}
Nov 23 12:55:13.450042 dv-cinder-818884-1-iscsi devstack@c-api.service[93768]: DEBUG cinder.api.v3.groups [None req-93c52a09-1eb1-47c8-9d26-ed793f6ea278 tempest-GroupsV314Test-572137034 tempest-GroupsV314Test-572137034-project] show called for member e725f871-a82b-4266-84ab-0d1dff2a7850 {{(pid=93768) show /opt/stack/cinder/cinder/api/v3/groups.py:58}}
Nov 23 12:55:13.467274 dv-cinder-818884-1-iscsi devstack@c-api.service[93768]: /usr/local/lib/python3.8/dist-packages/oslo_context/context.py:105: DeprecationWarning: Policy enforcement is depending on the value of is_admin. This key is deprecated. Please update your policy file to use the standard policy values.
Nov 23 12:55:13.467274 dv-cinder-818884-1-iscsi devstack@c-api.service[93768]: warnings.warn('Policy enforcement is depending on the value of '
Nov 23 12:55:13.472279 dv-cinder-818884-1-iscsi devstack@c-api.service[93769]: DEBUG cinder.volume.api [None req-24d568fb-bba5-4f7c-9820-f2d36c95da09 tempest-VolumeTypesAccessTest-202375221 tempest-VolumeTypesAccessTest-202375221-project] Task 'cinder.volume.flows.api.create_volume.QuotaCommitTask;volume:create' (11f6153a-67b1-44ae-ae37-017042a31952) transitioned into state 'SUCCESS' from state 'RUNNING' with result '{'volume_properties': VolumeProperties(attach_status='detached',availability_zone='nova',cgsnapshot_id=None,consistencygroup_id=None,display_description=None,display_name='tempest-VolumeTypesAccessTest-Volume-96037423',encryption_key_id=None,group_id=None,group_type_id=,metadata={},multiattach=False,project_id='43f9092249e34489bcc8599f35143f5c',qos_specs=None,replication_status=,reservations=['b199a597-7b46-42ee-abac-6b32e89c7086','2e32b17f-859d-4bff-8fbe-a72476a138e7','8a954dbf-87ed-491b-8513-325787a2b522','7f93093e-1a93-429f-b87e-f2b80c06ad72'],size=1,snapshot_id=None,source_replicaid=,source_volid=None,status='creating',user_id='061457ad88604be1a8962a6049485de9',volume_type_id=36cbb1d3-76ec-4025-b4e0-e92fcd89e062)}' {{(pid=93769) _task_receiver /usr/local/lib/python3.8/dist-packages/taskflow/listeners/logging.py:178}}
Nov 23 12:55:13.474171 dv-cinder-818884-1-iscsi devstack@c-api.service[93769]: DEBUG cinder.volume.api [None req-24d568fb-bba5-4f7c-9820-f2d36c95da09 tempest-VolumeTypesAccessTest-202375221 tempest-VolumeTypesAccessTest-202375221-project] Task 'cinder.volume.flows.api.create_volume.VolumeCastTask;volume:create' (e2531190-8148-4d24-aaa9-f684ee6ed1b6) transitioned into state 'RUNNING' from state 'PENDING' {{(pid=93769) _task_receiver /usr/local/lib/python3.8/dist-packages/taskflow/listeners/logging.py:190}}
Nov 23 12:55:13.507226 dv-cinder-818884-1-iscsi devstack@c-api.service[93768]: INFO cinder.api.openstack.wsgi [None req-93c52a09-1eb1-47c8-9d26-ed793f6ea278 tempest-GroupsV314Test-572137034 tempest-GroupsV314Test-572137034-project] http://10.222.0.73/volume/v3/5b680ab66b9547838431e13799380abe/groups/e725f871-a82b-4266-84ab-0d1dff2a7850 returned with HTTP 200
Nov 23 12:55:13.515742 dv-cinder-818884-1-iscsi devstack@c-api.service[93769]: DEBUG cinder.volume.api [None req-24d568fb-bba5-4f7c-9820-f2d36c95da09 tempest-VolumeTypesAccessTest-202375221 tempest-VolumeTypesAccessTest-202375221-project] Task 'cinder.volume.flows.api.create_volume.VolumeCastTask;volume:create' (e2531190-8148-4d24-aaa9-f684ee6ed1b6) transitioned into state 'SUCCESS' from state 'RUNNING' with result 'None' {{(pid=93769) _task_receiver /usr/local/lib/python3.8/dist-packages/taskflow/listeners/logging.py:178}}
Nov 23 12:55:13.516458 dv-cinder-818884-1-iscsi devstack@c-api.service[93768]: [pid: 93768|app: 0|req: 94/192] 10.222.0.73 () {60 vars in 1362 bytes} [Tue Nov 23 12:55:13 2021] GET /volume/v3/5b680ab66b9547838431e13799380abe/groups/e725f871-a82b-4266-84ab-0d1dff2a7850 => generated 388 bytes in 64 msecs (HTTP/1.1 200) 7 headers in 286 bytes (2 switches on core 0)
Nov 23 12:55:13.516558 dv-cinder-818884-1-iscsi devstack@c-api.service[93769]: DEBUG cinder.volume.api [None req-24d568fb-bba5-4f7c-9820-f2d36c95da09 tempest-VolumeTypesAccessTest-202375221 tempest-VolumeTypesAccessTest-202375221-project] Flow 'volume_create_api' (cc205489-1f73-4f4b-b281-08f7cb379a52) transitioned into state 'SUCCESS' from state 'RUNNING' {{(pid=93769) _flow_receiver /usr/local/lib/python3.8/dist-packages/taskflow/listeners/logging.py:141}}
Nov 23 12:55:13.516558 dv-cinder-818884-1-iscsi devstack@c-api.service[93769]: INFO cinder.volume.api [None req-24d568fb-bba5-4f7c-9820-f2d36c95da09 tempest-VolumeTypesAccessTest-202375221 tempest-VolumeTypesAccessTest-202375221-project] Create volume request issued successfully.
Nov 23 12:55:13.520541 dv-cinder-818884-1-iscsi devstack@c-api.service[93768]: INFO cinder.api.openstack.wsgi [None req-51373e65-a039-4ad7-b2bc-004aa619d58e tempest-GroupsV314Test-572137034 tempest-GroupsV314Test-572137034-project] POST http://10.222.0.73/volume/v3/5b680ab66b9547838431e13799380abe/volumes
Nov 23 12:55:13.521769 dv-cinder-818884-1-iscsi devstack@c-api.service[93768]: /usr/local/lib/python3.8/dist-packages/webob/acceptparse.py:1047: DeprecationWarning: The behavior of AcceptValidHeader.best_match is currently being maintained for backward compatibility, but it will be deprecated in the future, as it does not conform to the RFC.
Nov 23 12:55:13.521769 dv-cinder-818884-1-iscsi devstack@c-api.service[93768]: warnings.warn(
Nov 23 12:55:13.523599 dv-cinder-818884-1-iscsi devstack@c-api.service[93768]: DEBUG cinder.api.openstack.wsgi [None req-51373e65-a039-4ad7-b2bc-004aa619d58e tempest-GroupsV314Test-572137034 tempest-GroupsV314Test-572137034-project] Action: 'create', calling method: create, body: {"volume": {"volume_type": "ededcf4d-10ce-4826-a5ee-25ebc2255453", "group_id": "e725f871-a82b-4266-84ab-0d1dff2a7850", "size": 1, "name": "tempest-GroupsV314Test-Volume-518453559"}} {{(pid=93768) _process_stack /opt/stack/cinder/cinder/api/openstack/wsgi.py:864}}
Nov 23 12:55:13.524761 dv-cinder-818884-1-iscsi devstack@c-api.service[93768]: DEBUG cinder.api.v3.volumes [None req-51373e65-a039-4ad7-b2bc-004aa619d58e tempest-GroupsV314Test-572137034 tempest-GroupsV314Test-572137034-project] Create volume request body: {'volume': {'volume_type': 'ededcf4d-10ce-4826-a5ee-25ebc2255453', 'group_id': 'e725f871-a82b-4266-84ab-0d1dff2a7850', 'size': 1, 'name': 'tempest-GroupsV314Test-Volume-518453559'}} {{(pid=93768) create /opt/stack/cinder/cinder/api/v3/volumes.py:289}}
Nov 23 12:55:13.537054 dv-cinder-818884-1-iscsi devstack@c-api.service[93769]: INFO cinder.api.openstack.wsgi [None req-24d568fb-bba5-4f7c-9820-f2d36c95da09 tempest-VolumeTypesAccessTest-202375221 tempest-VolumeTypesAccessTest-202375221-project] http://10.222.0.73/volume/v3/43f9092249e34489bcc8599f35143f5c/volumes returned with HTTP 202
Nov 23 12:55:13.538227 dv-cinder-818884-1-iscsi devstack@c-api.service[93769]: [pid: 93769|app: 0|req: 99/193] 10.222.0.73 () {60 vars in 1235 bytes} [Tue Nov 23 12:55:13 2021] POST /volume/v3/43f9092249e34489bcc8599f35143f5c/volumes => generated 859 bytes in 444 msecs (HTTP/1.1 202) 7 headers in 291 bytes (2 switches on core 0)
Nov 23 12:55:13.552506 dv-cinder-818884-1-iscsi devstack@c-api.service[93769]: INFO cinder.api.openstack.wsgi [None req-8af692a5-d178-46fc-8fea-7b5caa61d3ba tempest-VolumeTypesAccessTest-202375221 tempest-VolumeTypesAccessTest-202375221-project] GET http://10.222.0.73/volume/v3/43f9092249e34489bcc8599f35143f5c/volumes/58a0ea78-3e07-4df8-a8f1-767b3e8b1b38
Nov 23 12:55:13.553082 dv-cinder-818884-1-iscsi devstack@c-api.service[93769]: DEBUG cinder.api.openstack.wsgi [None req-8af692a5-d178-46fc-8fea-7b5caa61d3ba tempest-VolumeTypesAccessTest-202375221 tempest-VolumeTypesAccessTest-202375221-project] Empty body provided in request {{(pid=93769) get_body /opt/stack/cinder/cinder/api/openstack/wsgi.py:713}}
Nov 23 12:55:13.553267 dv-cinder-818884-1-iscsi devstack@c-api.service[93769]: /usr/local/lib/python3.8/dist-packages/webob/acceptparse.py:1047: DeprecationWarning: The behavior of AcceptValidHeader.best_match is currently being maintained for backward compatibility, but it will be deprecated in the future, as it does not conform to the RFC.
Nov 23 12:55:13.553267 dv-cinder-818884-1-iscsi devstack@c-api.service[93769]: warnings.warn(
Nov 23 12:55:13.553763 dv-cinder-818884-1-iscsi devstack@c-api.service[93769]: DEBUG cinder.api.openstack.wsgi [None req-8af692a5-d178-46fc-8fea-7b5caa61d3ba tempest-VolumeTypesAccessTest-202375221 tempest-VolumeTypesAccessTest-202375221-project] Calling method 'show' {{(pid=93769) _process_stack /opt/stack/cinder/cinder/api/openstack/wsgi.py:866}}
Nov 23 12:55:13.576998 dv-cinder-818884-1-iscsi devstack@c-api.service[93768]: /usr/local/lib/python3.8/dist-packages/oslo_context/context.py:105: DeprecationWarning: Policy enforcement is depending on the value of is_admin. This key is deprecated. Please update your policy file to use the standard policy values.
Nov 23 12:55:13.576998 dv-cinder-818884-1-iscsi devstack@c-api.service[93768]: warnings.warn('Policy enforcement is depending on the value of '
Nov 23 12:55:13.580503 dv-cinder-818884-1-iscsi devstack@c-api.service[93768]: INFO cinder.api.v3.volumes [None req-51373e65-a039-4ad7-b2bc-004aa619d58e tempest-GroupsV314Test-572137034 tempest-GroupsV314Test-572137034-project] Create volume of 1 GB
Nov 23 12:55:13.614244 dv-cinder-818884-1-iscsi devstack@c-api.service[93768]: INFO cinder.volume.api [None req-51373e65-a039-4ad7-b2bc-004aa619d58e tempest-GroupsV314Test-572137034 tempest-GroupsV314Test-572137034-project] Availability Zones retrieved successfully.
Nov 23 12:55:13.635475 dv-cinder-818884-1-iscsi devstack@c-api.service[93769]: /usr/local/lib/python3.8/dist-packages/oslo_context/context.py:105: DeprecationWarning: Policy enforcement is depending on the value of is_admin. This key is deprecated. Please update your policy file to use the standard policy values.
Nov 23 12:55:13.635475 dv-cinder-818884-1-iscsi devstack@c-api.service[93769]: warnings.warn('Policy enforcement is depending on the value of '
Nov 23 12:55:13.644925 dv-cinder-818884-1-iscsi devstack@c-api.service[93769]: INFO cinder.volume.api [None req-8af692a5-d178-46fc-8fea-7b5caa61d3ba tempest-VolumeTypesAccessTest-202375221 tempest-VolumeTypesAccessTest-202375221-project] Volume info retrieved successfully.
Nov 23 12:55:13.647532 dv-cinder-818884-1-iscsi devstack@c-api.service[93768]: DEBUG cinder.volume.api [None req-51373e65-a039-4ad7-b2bc-004aa619d58e tempest-GroupsV314Test-572137034 tempest-GroupsV314Test-572137034-project] Flow 'volume_create_api' (c6e6a917-7fd9-4603-81e1-0ece22fae916) transitioned into state 'RUNNING' from state 'PENDING' {{(pid=93768) _flow_receiver /usr/local/lib/python3.8/dist-packages/taskflow/listeners/logging.py:141}}
Nov 23 12:55:13.661286 dv-cinder-818884-1-iscsi devstack@c-api.service[93768]: DEBUG cinder.volume.api [None req-51373e65-a039-4ad7-b2bc-004aa619d58e tempest-GroupsV314Test-572137034 tempest-GroupsV314Test-572137034-project] Task 'cinder.volume.flows.api.create_volume.ExtractVolumeRequestTask;volume:create' (640c7d78-d6c2-449a-bcc2-21869d5a1bda) transitioned into state 'RUNNING' from state 'PENDING' {{(pid=93768) _task_receiver /usr/local/lib/python3.8/dist-packages/taskflow/listeners/logging.py:190}}
Nov 23 12:55:13.669000 dv-cinder-818884-1-iscsi devstack@c-api.service[93769]: INFO cinder.api.openstack.wsgi [None req-8af692a5-d178-46fc-8fea-7b5caa61d3ba tempest-VolumeTypesAccessTest-202375221 tempest-VolumeTypesAccessTest-202375221-project] http://10.222.0.73/volume/v3/43f9092249e34489bcc8599f35143f5c/volumes/58a0ea78-3e07-4df8-a8f1-767b3e8b1b38 returned with HTTP 200
Nov 23 12:55:13.678378 dv-cinder-818884-1-iscsi devstack@c-api.service[93769]: [pid: 93769|app: 0|req: 100/194] 10.222.0.73 () {58 vars in 1324 bytes} [Tue Nov 23 12:55:13 2021] GET /volume/v3/43f9092249e34489bcc8599f35143f5c/volumes/58a0ea78-3e07-4df8-a8f1-767b3e8b1b38 => generated 927 bytes in 128 msecs (HTTP/1.1 200) 7 headers in 285 bytes (1 switches on core 0)
Nov 23 12:55:13.682116 dv-cinder-818884-1-iscsi devstack@c-api.service[93768]: /usr/local/lib/python3.8/dist-packages/oslo_context/context.py:105: DeprecationWarning: Policy enforcement is depending on the value of is_admin. This key is deprecated. Please update your policy file to use the standard policy values.
Nov 23 12:55:13.682116 dv-cinder-818884-1-iscsi devstack@c-api.service[93768]: warnings.warn('Policy enforcement is depending on the value of '
Nov 23 12:55:13.682768 dv-cinder-818884-1-iscsi devstack@c-api.service[93768]: DEBUG cinder.volume.flows.api.create_volume [None req-51373e65-a039-4ad7-b2bc-004aa619d58e tempest-GroupsV314Test-572137034 tempest-GroupsV314Test-572137034-project] Validating volume size '1' using validate_int {{(pid=93768) _extract_size /opt/stack/cinder/cinder/volume/flows/api/create_volume.py:201}}
Nov 23 12:55:13.764048 dv-cinder-818884-1-iscsi devstack@c-api.service[93768]: DEBUG cinder.volume.api [None req-51373e65-a039-4ad7-b2bc-004aa619d58e tempest-GroupsV314Test-572137034 tempest-GroupsV314Test-572137034-project] Task 'cinder.volume.flows.api.create_volume.ExtractVolumeRequestTask;volume:create' (640c7d78-d6c2-449a-bcc2-21869d5a1bda) transitioned into state 'SUCCESS' from state 'RUNNING' with result '{'size': 1, 'snapshot_id': None, 'source_volid': None, 'volume_type': VolumeType(created_at=2021-11-23T12:55:11Z,deleted=False,deleted_at=None,description=None,extra_specs={},id=ededcf4d-10ce-4826-a5ee-25ebc2255453,is_public=True,name='tempest-GroupsV314Test-volume-type-1577516259',projects=[],qos_specs=,qos_specs_id=None,updated_at=None), 'volume_type_id': 'ededcf4d-10ce-4826-a5ee-25ebc2255453', 'encryption_key_id': None, 'qos_specs': None, 'consistencygroup_id': None, 'cgsnapshot_id': None, 'group_id': 'e725f871-a82b-4266-84ab-0d1dff2a7850', 'replication_status': 'disabled', 'refresh_az': False, 'backup_id': None, 'multiattach': False, 'availability_zones': ['nova']}' {{(pid=93768) _task_receiver /usr/local/lib/python3.8/dist-packages/taskflow/listeners/logging.py:178}}
Nov 23 12:55:13.767066 dv-cinder-818884-1-iscsi devstack@c-api.service[93768]: DEBUG cinder.volume.api [None req-51373e65-a039-4ad7-b2bc-004aa619d58e tempest-GroupsV314Test-572137034 tempest-GroupsV314Test-572137034-project] Task 'cinder.volume.flows.api.create_volume.QuotaReserveTask;volume:create' (2fbba740-79cb-4345-8cdf-3f6559638b17) transitioned into state 'RUNNING' from state 'PENDING' {{(pid=93768) _task_receiver /usr/local/lib/python3.8/dist-packages/taskflow/listeners/logging.py:190}}
Nov 23 12:55:13.815694 dv-cinder-818884-1-iscsi devstack@c-api.service[93768]: WARNING cinder.quota [None req-51373e65-a039-4ad7-b2bc-004aa619d58e tempest-GroupsV314Test-572137034 tempest-GroupsV314Test-572137034-project] Deprecated: Default quota for resource: volumes_tempest-GroupsV314Test-volume-type-1577516259 is set by the default quota flag: quota_volumes_tempest-GroupsV314Test-volume-type-1577516259, it is now deprecated. Please use the default quota class for default quota.
Nov 23 12:55:13.816591 dv-cinder-818884-1-iscsi devstack@c-api.service[93768]: WARNING cinder.quota [None req-51373e65-a039-4ad7-b2bc-004aa619d58e tempest-GroupsV314Test-572137034 tempest-GroupsV314Test-572137034-project] Deprecated: Default quota for resource: gigabytes_tempest-GroupsV314Test-volume-type-1577516259 is set by the default quota flag: quota_gigabytes_tempest-GroupsV314Test-volume-type-1577516259, it is now deprecated. Please use the default quota class for default quota.
Nov 23 12:55:13.881083 dv-cinder-818884-1-iscsi devstack@c-api.service[93768]: DEBUG cinder.quota [None req-51373e65-a039-4ad7-b2bc-004aa619d58e tempest-GroupsV314Test-572137034 tempest-GroupsV314Test-572137034-project] Created reservations ['56e96224-0de2-4387-a7f5-ac60280091e2', '2e27c67d-966f-49b8-857d-006cd1595a1a', '4da328c6-368f-42de-bef1-6ad743d8b9a5', '98282aba-4bd6-4161-aebc-2fdff1af1b17'] {{(pid=93768) reserve /opt/stack/cinder/cinder/quota.py:756}}
Nov 23 12:55:13.883231 dv-cinder-818884-1-iscsi devstack@c-api.service[93768]: DEBUG cinder.volume.api [None req-51373e65-a039-4ad7-b2bc-004aa619d58e tempest-GroupsV314Test-572137034 tempest-GroupsV314Test-572137034-project] Task 'cinder.volume.flows.api.create_volume.QuotaReserveTask;volume:create' (2fbba740-79cb-4345-8cdf-3f6559638b17) transitioned into state 'SUCCESS' from state 'RUNNING' with result '{'reservations': ['56e96224-0de2-4387-a7f5-ac60280091e2', '2e27c67d-966f-49b8-857d-006cd1595a1a', '4da328c6-368f-42de-bef1-6ad743d8b9a5', '98282aba-4bd6-4161-aebc-2fdff1af1b17']}' {{(pid=93768) _task_receiver /usr/local/lib/python3.8/dist-packages/taskflow/listeners/logging.py:178}}
Nov 23 12:55:13.885474 dv-cinder-818884-1-iscsi devstack@c-api.service[93768]: DEBUG cinder.volume.api [None req-51373e65-a039-4ad7-b2bc-004aa619d58e tempest-GroupsV314Test-572137034 tempest-GroupsV314Test-572137034-project] Task 'cinder.volume.flows.api.create_volume.EntryCreateTask;volume:create' (49ad7762-6f80-452c-a1bd-72fdfdf2b387) transitioned into state 'RUNNING' from state 'PENDING' {{(pid=93768) _task_receiver /usr/local/lib/python3.8/dist-packages/taskflow/listeners/logging.py:190}}
Nov 23 12:55:13.944462 dv-cinder-818884-1-iscsi devstack@c-api.service[93768]: DEBUG cinder.volume.api [None req-51373e65-a039-4ad7-b2bc-004aa619d58e tempest-GroupsV314Test-572137034 tempest-GroupsV314Test-572137034-project] Task 'cinder.volume.flows.api.create_volume.EntryCreateTask;volume:create' (49ad7762-6f80-452c-a1bd-72fdfdf2b387) transitioned into state 'SUCCESS' from state 'RUNNING' with result '{'volume_id': 'adfbe67b-065d-4465-b52b-58a09acabdf1', 'volume_properties': VolumeProperties(attach_status='detached',availability_zone='nova',cgsnapshot_id=None,consistencygroup_id=None,display_description=None,display_name='tempest-GroupsV314Test-Volume-518453559',encryption_key_id=None,group_id=e725f871-a82b-4266-84ab-0d1dff2a7850,group_type_id=,metadata={},multiattach=False,project_id='5b680ab66b9547838431e13799380abe',qos_specs=None,replication_status=,reservations=['56e96224-0de2-4387-a7f5-ac60280091e2','2e27c67d-966f-49b8-857d-006cd1595a1a','4da328c6-368f-42de-bef1-6ad743d8b9a5','98282aba-4bd6-4161-aebc-2fdff1af1b17'],size=1,snapshot_id=None,source_replicaid=,source_volid=None,status='creating',user_id='8a60e46f7c994c618c9eb2f87a7d2fcc',volume_type_id=ededcf4d-10ce-4826-a5ee-25ebc2255453), 'volume': Volume(_name_id=None,admin_metadata=,attach_status='detached',availability_zone='nova',bootable=False,cluster=,cluster_name=None,consistencygroup=,consistencygroup_id=None,created_at=2021-11-23T12:55:13Z,deleted=False,deleted_at=None,display_description=None,display_name='tempest-GroupsV314Test-Volume-518453559',ec2_id=None,encryption_key_id=None,glance_metadata=,group=,group_id=e725f871-a82b-4266-84ab-0d1dff2a7850,host=None,id=adfbe67b-065d-4465-b52b-58a09acabdf1,launched_at=None,metadata={},migration_status=None,multiattach=False,previous_status=None,project_id='5b680ab66b9547838431e13799380abe',provider_auth=None,provider_geometry=None,provider_id=None,provider_location=None,replication_driver_data=None,replication_extended_status=None,replication_status=None,scheduled_at=None,service_uuid=None,shared_targets=True,size=1,snapshot_id=None,snapshots=,source_volid=None,status='creating',terminated_at=None,updated_at=None,user_id='8a60e46f7c994c618c9eb2f87a7d2fcc',volume_attachment=,volume_type=VolumeType(ededcf4d-10ce-4826-a5ee-25ebc2255453),volume_type_id=ededcf4d-10ce-4826-a5ee-25ebc2255453)}' {{(pid=93768) _task_receiver /usr/local/lib/python3.8/dist-packages/taskflow/listeners/logging.py:178}}
Nov 23 12:55:13.946319 dv-cinder-818884-1-iscsi devstack@c-api.service[93768]: DEBUG cinder.volume.api [None req-51373e65-a039-4ad7-b2bc-004aa619d58e tempest-GroupsV314Test-572137034 tempest-GroupsV314Test-572137034-project] Task 'cinder.volume.flows.api.create_volume.QuotaCommitTask;volume:create' (6f765910-7f20-48e5-a6da-099e17c114d3) transitioned into state 'RUNNING' from state 'PENDING' {{(pid=93768) _task_receiver /usr/local/lib/python3.8/dist-packages/taskflow/listeners/logging.py:190}}
Nov 23 12:55:13.975034 dv-cinder-818884-1-iscsi devstack@c-api.service[93768]: DEBUG cinder.volume.api [None req-51373e65-a039-4ad7-b2bc-004aa619d58e tempest-GroupsV314Test-572137034 tempest-GroupsV314Test-572137034-project] Task 'cinder.volume.flows.api.create_volume.QuotaCommitTask;volume:create' (6f765910-7f20-48e5-a6da-099e17c114d3) transitioned into state 'SUCCESS' from state 'RUNNING' with result '{'volume_properties': VolumeProperties(attach_status='detached',availability_zone='nova',cgsnapshot_id=None,consistencygroup_id=None,display_description=None,display_name='tempest-GroupsV314Test-Volume-518453559',encryption_key_id=None,group_id=e725f871-a82b-4266-84ab-0d1dff2a7850,group_type_id=,metadata={},multiattach=False,project_id='5b680ab66b9547838431e13799380abe',qos_specs=None,replication_status=,reservations=['56e96224-0de2-4387-a7f5-ac60280091e2','2e27c67d-966f-49b8-857d-006cd1595a1a','4da328c6-368f-42de-bef1-6ad743d8b9a5','98282aba-4bd6-4161-aebc-2fdff1af1b17'],size=1,snapshot_id=None,source_replicaid=,source_volid=None,status='creating',user_id='8a60e46f7c994c618c9eb2f87a7d2fcc',volume_type_id=ededcf4d-10ce-4826-a5ee-25ebc2255453)}' {{(pid=93768) _task_receiver /usr/local/lib/python3.8/dist-packages/taskflow/listeners/logging.py:178}}
Nov 23 12:55:13.977012 dv-cinder-818884-1-iscsi devstack@c-api.service[93768]: DEBUG cinder.volume.api [None req-51373e65-a039-4ad7-b2bc-004aa619d58e tempest-GroupsV314Test-572137034 tempest-GroupsV314Test-572137034-project] Task 'cinder.volume.flows.api.create_volume.VolumeCastTask;volume:create' (da021ff2-cc6b-47dd-9222-29a41b0e23b5) transitioned into state 'RUNNING' from state 'PENDING' {{(pid=93768) _task_receiver /usr/local/lib/python3.8/dist-packages/taskflow/listeners/logging.py:190}}
Nov 23 12:55:14.005917 dv-cinder-818884-1-iscsi devstack@c-api.service[93768]: DEBUG cinder.volume.api [None req-51373e65-a039-4ad7-b2bc-004aa619d58e tempest-GroupsV314Test-572137034 tempest-GroupsV314Test-572137034-project] Task 'cinder.volume.flows.api.create_volume.VolumeCastTask;volume:create' (da021ff2-cc6b-47dd-9222-29a41b0e23b5) transitioned into state 'SUCCESS' from state 'RUNNING' with result 'None' {{(pid=93768) _task_receiver /usr/local/lib/python3.8/dist-packages/taskflow/listeners/logging.py:178}}
Nov 23 12:55:14.013587 dv-cinder-818884-1-iscsi devstack@c-api.service[93768]: DEBUG cinder.volume.api [None req-51373e65-a039-4ad7-b2bc-004aa619d58e tempest-GroupsV314Test-572137034 tempest-GroupsV314Test-572137034-project] Flow 'volume_create_api' (c6e6a917-7fd9-4603-81e1-0ece22fae916) transitioned into state 'SUCCESS' from state 'RUNNING' {{(pid=93768) _flow_receiver /usr/local/lib/python3.8/dist-packages/taskflow/listeners/logging.py:141}}
Nov 23 12:55:14.015020 dv-cinder-818884-1-iscsi devstack@c-api.service[93768]: INFO cinder.volume.api [None req-51373e65-a039-4ad7-b2bc-004aa619d58e tempest-GroupsV314Test-572137034 tempest-GroupsV314Test-572137034-project] Create volume request issued successfully.
Nov 23 12:55:14.034133 dv-cinder-818884-1-iscsi devstack@c-api.service[93768]: WARNING stevedore.named [None req-51373e65-a039-4ad7-b2bc-004aa619d58e tempest-GroupsV314Test-572137034 tempest-GroupsV314Test-572137034-project] Could not load cinder.keymgr.conf_key_mgr.ConfKeyManager
Nov 23 12:55:14.034824 dv-cinder-818884-1-iscsi devstack@c-api.service[93768]: WARNING castellan.key_manager [None req-51373e65-a039-4ad7-b2bc-004aa619d58e tempest-GroupsV314Test-572137034 tempest-GroupsV314Test-572137034-project] Deprecation Warning : cinder.keymgr.conf_key_mgr.ConfKeyManager is not a stevedore based driver, trying to load it as a class: stevedore.exception.NoMatches: No 'castellan.drivers' driver found, looking for 'cinder.keymgr.conf_key_mgr.ConfKeyManager'
Nov 23 12:55:14.046634 dv-cinder-818884-1-iscsi devstack@c-api.service[93768]: DEBUG oslo_db.sqlalchemy.engines [None req-51373e65-a039-4ad7-b2bc-004aa619d58e tempest-GroupsV314Test-572137034 tempest-GroupsV314Test-572137034-project] MySQL server mode set to STRICT_TRANS_TABLES,STRICT_ALL_TABLES,NO_ZERO_IN_DATE,NO_ZERO_DATE,ERROR_FOR_DIVISION_BY_ZERO,TRADITIONAL,NO_ENGINE_SUBSTITUTION {{(pid=93768) _check_effective_sql_mode /usr/local/lib/python3.8/dist-packages/oslo_db/sqlalchemy/engines.py:304}}
Nov 23 12:55:14.059279 dv-cinder-818884-1-iscsi devstack@c-api.service[93769]: INFO cinder.api.openstack.wsgi [None req-9d1d3351-cc46-409a-b0f3-5396511756dc tempest-GroupsTest-409835504 tempest-GroupsTest-409835504-project] GET http://10.222.0.73/volume/v3/f6f1ad96e51341329f025cc054c7e30b/groups/9ddc4106-8832-43c4-a2fc-9d705486e6de
Nov 23 12:55:14.060622 dv-cinder-818884-1-iscsi devstack@c-api.service[93769]: DEBUG cinder.api.openstack.wsgi [None req-9d1d3351-cc46-409a-b0f3-5396511756dc tempest-GroupsTest-409835504 tempest-GroupsTest-409835504-project] Empty body provided in request {{(pid=93769) get_body /opt/stack/cinder/cinder/api/openstack/wsgi.py:713}}
Nov 23 12:55:14.061159 dv-cinder-818884-1-iscsi devstack@c-api.service[93769]: /usr/local/lib/python3.8/dist-packages/webob/acceptparse.py:1047: DeprecationWarning: The behavior of AcceptValidHeader.best_match is currently being maintained for backward compatibility, but it will be deprecated in the future, as it does not conform to the RFC.
Nov 23 12:55:14.061159 dv-cinder-818884-1-iscsi devstack@c-api.service[93769]: warnings.warn(
Nov 23 12:55:14.061950 dv-cinder-818884-1-iscsi devstack@c-api.service[93769]: DEBUG cinder.api.openstack.wsgi [None req-9d1d3351-cc46-409a-b0f3-5396511756dc tempest-GroupsTest-409835504 tempest-GroupsTest-409835504-project] Calling method 'version_select' {{(pid=93769) _process_stack /opt/stack/cinder/cinder/api/openstack/wsgi.py:866}}
Nov 23 12:55:14.062793 dv-cinder-818884-1-iscsi devstack@c-api.service[93769]: DEBUG cinder.api.v3.groups [None req-9d1d3351-cc46-409a-b0f3-5396511756dc tempest-GroupsTest-409835504 tempest-GroupsTest-409835504-project] show called for member 9ddc4106-8832-43c4-a2fc-9d705486e6de {{(pid=93769) show /opt/stack/cinder/cinder/api/v3/groups.py:58}}
Nov 23 12:55:14.074244 dv-cinder-818884-1-iscsi devstack@c-api.service[93768]: /usr/local/lib/python3.8/dist-packages/oslo_context/context.py:105: DeprecationWarning: Policy enforcement is depending on the value of is_admin. This key is deprecated. Please update your policy file to use the standard policy values.
Nov 23 12:55:14.074244 dv-cinder-818884-1-iscsi devstack@c-api.service[93768]: warnings.warn('Policy enforcement is depending on the value of '
Nov 23 12:55:14.083216 dv-cinder-818884-1-iscsi devstack@c-api.service[93769]: /usr/local/lib/python3.8/dist-packages/oslo_context/context.py:105: DeprecationWarning: Policy enforcement is depending on the value of is_admin. This key is deprecated. Please update your policy file to use the standard policy values.
Nov 23 12:55:14.083216 dv-cinder-818884-1-iscsi devstack@c-api.service[93769]: warnings.warn('Policy enforcement is depending on the value of '
Nov 23 12:55:14.112653 dv-cinder-818884-1-iscsi devstack@c-api.service[93768]: INFO cinder.api.openstack.wsgi [None req-51373e65-a039-4ad7-b2bc-004aa619d58e tempest-GroupsV314Test-572137034 tempest-GroupsV314Test-572137034-project] http://10.222.0.73/volume/v3/5b680ab66b9547838431e13799380abe/volumes returned with HTTP 202
Nov 23 12:55:14.115686 dv-cinder-818884-1-iscsi devstack@c-api.service[93768]: [pid: 93768|app: 0|req: 95/195] 10.222.0.73 () {62 vars in 1276 bytes} [Tue Nov 23 12:55:13 2021] POST /volume/v3/5b680ab66b9547838431e13799380abe/volumes => generated 899 bytes in 599 msecs (HTTP/1.1 202) 7 headers in 292 bytes (2 switches on core 0)
Nov 23 12:55:14.131752 dv-cinder-818884-1-iscsi devstack@c-api.service[93768]: INFO cinder.api.openstack.wsgi [None req-92f0aa7a-bcda-46ae-bb7f-026bbdf51719 tempest-GroupsV314Test-572137034 tempest-GroupsV314Test-572137034-project] GET http://10.222.0.73/volume/v3/5b680ab66b9547838431e13799380abe/volumes/adfbe67b-065d-4465-b52b-58a09acabdf1
Nov 23 12:55:14.132650 dv-cinder-818884-1-iscsi devstack@c-api.service[93768]: DEBUG cinder.api.openstack.wsgi [None req-92f0aa7a-bcda-46ae-bb7f-026bbdf51719 tempest-GroupsV314Test-572137034 tempest-GroupsV314Test-572137034-project] Empty body provided in request {{(pid=93768) get_body /opt/stack/cinder/cinder/api/openstack/wsgi.py:713}}
Nov 23 12:55:14.132981 dv-cinder-818884-1-iscsi devstack@c-api.service[93768]: /usr/local/lib/python3.8/dist-packages/webob/acceptparse.py:1047: DeprecationWarning: The behavior of AcceptValidHeader.best_match is currently being maintained for backward compatibility, but it will be deprecated in the future, as it does not conform to the RFC.
Nov 23 12:55:14.132981 dv-cinder-818884-1-iscsi devstack@c-api.service[93768]: warnings.warn(
Nov 23 12:55:14.133641 dv-cinder-818884-1-iscsi devstack@c-api.service[93768]: DEBUG cinder.api.openstack.wsgi [None req-92f0aa7a-bcda-46ae-bb7f-026bbdf51719 tempest-GroupsV314Test-572137034 tempest-GroupsV314Test-572137034-project] Calling method 'show' {{(pid=93768) _process_stack /opt/stack/cinder/cinder/api/openstack/wsgi.py:866}}
Nov 23 12:55:14.144403 dv-cinder-818884-1-iscsi devstack@c-api.service[93769]: INFO cinder.api.openstack.wsgi [None req-9d1d3351-cc46-409a-b0f3-5396511756dc tempest-GroupsTest-409835504 tempest-GroupsTest-409835504-project] http://10.222.0.73/volume/v3/f6f1ad96e51341329f025cc054c7e30b/groups/9ddc4106-8832-43c4-a2fc-9d705486e6de returned with HTTP 200
Nov 23 12:55:14.145174 dv-cinder-818884-1-iscsi devstack@c-api.service[93769]: [pid: 93769|app: 0|req: 101/196] 10.222.0.73 () {60 vars in 1362 bytes} [Tue Nov 23 12:55:14 2021] GET /volume/v3/f6f1ad96e51341329f025cc054c7e30b/groups/9ddc4106-8832-43c4-a2fc-9d705486e6de => generated 324 bytes in 91 msecs (HTTP/1.1 200) 7 headers in 286 bytes (2 switches on core 0)
Nov 23 12:55:14.154847 dv-cinder-818884-1-iscsi devstack@c-api.service[93769]: INFO cinder.api.openstack.wsgi [None req-e41cde2f-53b3-4fec-9b7c-678cebac5958 tempest-GroupsTest-409835504 tempest-GroupsTest-409835504-project] GET http://10.222.0.73/volume/v3/f6f1ad96e51341329f025cc054c7e30b/volumes/detail
Nov 23 12:55:14.155574 dv-cinder-818884-1-iscsi devstack@c-api.service[93769]: DEBUG cinder.api.openstack.wsgi [None req-e41cde2f-53b3-4fec-9b7c-678cebac5958 tempest-GroupsTest-409835504 tempest-GroupsTest-409835504-project] Empty body provided in request {{(pid=93769) get_body /opt/stack/cinder/cinder/api/openstack/wsgi.py:713}}
Nov 23 12:55:14.155881 dv-cinder-818884-1-iscsi devstack@c-api.service[93769]: /usr/local/lib/python3.8/dist-packages/webob/acceptparse.py:1047: DeprecationWarning: The behavior of AcceptValidHeader.best_match is currently being maintained for backward compatibility, but it will be deprecated in the future, as it does not conform to the RFC.
Nov 23 12:55:14.155881 dv-cinder-818884-1-iscsi devstack@c-api.service[93769]: warnings.warn(
Nov 23 12:55:14.156388 dv-cinder-818884-1-iscsi devstack@c-api.service[93769]: DEBUG cinder.api.openstack.wsgi [None req-e41cde2f-53b3-4fec-9b7c-678cebac5958 tempest-GroupsTest-409835504 tempest-GroupsTest-409835504-project] Calling method 'detail' {{(pid=93769) _process_stack /opt/stack/cinder/cinder/api/openstack/wsgi.py:866}}
Nov 23 12:55:14.157155 dv-cinder-818884-1-iscsi devstack@c-api.service[93769]: DEBUG cinder.api.api_utils [None req-e41cde2f-53b3-4fec-9b7c-678cebac5958 tempest-GroupsTest-409835504 tempest-GroupsTest-409835504-project] Removing options '' from query. {{(pid=93769) remove_invalid_filter_options /opt/stack/cinder/cinder/api/api_utils.py:63}}
Nov 23 12:55:14.157996 dv-cinder-818884-1-iscsi devstack@c-api.service[93769]: /usr/local/lib/python3.8/dist-packages/oslo_context/context.py:105: DeprecationWarning: Policy enforcement is depending on the value of is_admin. This key is deprecated. Please update your policy file to use the standard policy values.
Nov 23 12:55:14.157996 dv-cinder-818884-1-iscsi devstack@c-api.service[93769]: warnings.warn('Policy enforcement is depending on the value of '
Nov 23 12:55:14.161812 dv-cinder-818884-1-iscsi devstack@c-api.service[93769]: DEBUG cinder.volume.api [None req-e41cde2f-53b3-4fec-9b7c-678cebac5958 tempest-GroupsTest-409835504 tempest-GroupsTest-409835504-project] Searching by: MultiDict([('no_migration_targets', True)]). {{(pid=93769) get_all /opt/stack/cinder/cinder/volume/api.py:617}}
Nov 23 12:55:14.192624 dv-cinder-818884-1-iscsi devstack@c-api.service[93768]: /usr/local/lib/python3.8/dist-packages/oslo_context/context.py:105: DeprecationWarning: Policy enforcement is depending on the value of is_admin. This key is deprecated. Please update your policy file to use the standard policy values.
Nov 23 12:55:14.192624 dv-cinder-818884-1-iscsi devstack@c-api.service[93768]: warnings.warn('Policy enforcement is depending on the value of '
Nov 23 12:55:14.201541 dv-cinder-818884-1-iscsi devstack@c-api.service[93768]: INFO cinder.volume.api [None req-92f0aa7a-bcda-46ae-bb7f-026bbdf51719 tempest-GroupsV314Test-572137034 tempest-GroupsV314Test-572137034-project] Volume info retrieved successfully.
Nov 23 12:55:14.215705 dv-cinder-818884-1-iscsi devstack@c-api.service[93768]: WARNING stevedore.named [None req-92f0aa7a-bcda-46ae-bb7f-026bbdf51719 tempest-GroupsV314Test-572137034 tempest-GroupsV314Test-572137034-project] Could not load cinder.keymgr.conf_key_mgr.ConfKeyManager
Nov 23 12:55:14.216170 dv-cinder-818884-1-iscsi devstack@c-api.service[93768]: WARNING castellan.key_manager [None req-92f0aa7a-bcda-46ae-bb7f-026bbdf51719 tempest-GroupsV314Test-572137034 tempest-GroupsV314Test-572137034-project] Deprecation Warning : cinder.keymgr.conf_key_mgr.ConfKeyManager is not a stevedore based driver, trying to load it as a class: stevedore.exception.NoMatches: No 'castellan.drivers' driver found, looking for 'cinder.keymgr.conf_key_mgr.ConfKeyManager'
Nov 23 12:55:14.225252 dv-cinder-818884-1-iscsi devstack@c-api.service[93768]: DEBUG oslo_db.sqlalchemy.engines [None req-92f0aa7a-bcda-46ae-bb7f-026bbdf51719 tempest-GroupsV314Test-572137034 tempest-GroupsV314Test-572137034-project] MySQL server mode set to STRICT_TRANS_TABLES,STRICT_ALL_TABLES,NO_ZERO_IN_DATE,NO_ZERO_DATE,ERROR_FOR_DIVISION_BY_ZERO,TRADITIONAL,NO_ENGINE_SUBSTITUTION {{(pid=93768) _check_effective_sql_mode /usr/local/lib/python3.8/dist-packages/oslo_db/sqlalchemy/engines.py:304}}
Nov 23 12:55:14.231798 dv-cinder-818884-1-iscsi devstack@c-api.service[93768]: /usr/local/lib/python3.8/dist-packages/oslo_context/context.py:105: DeprecationWarning: Policy enforcement is depending on the value of is_admin. This key is deprecated. Please update your policy file to use the standard policy values.
Nov 23 12:55:14.231798 dv-cinder-818884-1-iscsi devstack@c-api.service[93768]: warnings.warn('Policy enforcement is depending on the value of '
Nov 23 12:55:14.275335 dv-cinder-818884-1-iscsi devstack@c-api.service[93769]: INFO cinder.volume.api [None req-e41cde2f-53b3-4fec-9b7c-678cebac5958 tempest-GroupsTest-409835504 tempest-GroupsTest-409835504-project] Get all volumes completed successfully.
Nov 23 12:55:14.278743 dv-cinder-818884-1-iscsi devstack@c-api.service[93768]: INFO cinder.api.openstack.wsgi [None req-92f0aa7a-bcda-46ae-bb7f-026bbdf51719 tempest-GroupsV314Test-572137034 tempest-GroupsV314Test-572137034-project] http://10.222.0.73/volume/v3/5b680ab66b9547838431e13799380abe/volumes/adfbe67b-065d-4465-b52b-58a09acabdf1 returned with HTTP 200
Nov 23 12:55:14.279392 dv-cinder-818884-1-iscsi devstack@c-api.service[93768]: [pid: 93768|app: 0|req: 96/197] 10.222.0.73 () {60 vars in 1365 bytes} [Tue Nov 23 12:55:14 2021] GET /volume/v3/5b680ab66b9547838431e13799380abe/volumes/adfbe67b-065d-4465-b52b-58a09acabdf1 => generated 967 bytes in 152 msecs (HTTP/1.1 200) 7 headers in 286 bytes (1 switches on core 0)
Nov 23 12:55:14.285171 dv-cinder-818884-1-iscsi devstack@c-api.service[93769]: WARNING stevedore.named [None req-e41cde2f-53b3-4fec-9b7c-678cebac5958 tempest-GroupsTest-409835504 tempest-GroupsTest-409835504-project] Could not load cinder.keymgr.conf_key_mgr.ConfKeyManager
Nov 23 12:55:14.288604 dv-cinder-818884-1-iscsi devstack@c-api.service[93769]: WARNING castellan.key_manager [None req-e41cde2f-53b3-4fec-9b7c-678cebac5958 tempest-GroupsTest-409835504 tempest-GroupsTest-409835504-project] Deprecation Warning : cinder.keymgr.conf_key_mgr.ConfKeyManager is not a stevedore based driver, trying to load it as a class: stevedore.exception.NoMatches: No 'castellan.drivers' driver found, looking for 'cinder.keymgr.conf_key_mgr.ConfKeyManager'
Nov 23 12:55:14.305705 dv-cinder-818884-1-iscsi devstack@c-api.service[93769]: DEBUG oslo_db.sqlalchemy.engines [None req-e41cde2f-53b3-4fec-9b7c-678cebac5958 tempest-GroupsTest-409835504 tempest-GroupsTest-409835504-project] MySQL server mode set to STRICT_TRANS_TABLES,STRICT_ALL_TABLES,NO_ZERO_IN_DATE,NO_ZERO_DATE,ERROR_FOR_DIVISION_BY_ZERO,TRADITIONAL,NO_ENGINE_SUBSTITUTION {{(pid=93769) _check_effective_sql_mode /usr/local/lib/python3.8/dist-packages/oslo_db/sqlalchemy/engines.py:304}}
