Nov 23 12:46:50.856295 dv-cinder-818883-1-smb neutron-server[86838]: INFO neutron.wsgi [None req-fbac8de1-a1b1-4d1b-94de-cef4deb5adfb admin admin] 10.222.0.31 "GET /v2.0/security-groups?tenant_id=cee62862fd6b42729605c4fa4a76c954&name=default HTTP/1.1" status: 200 len: 2979 time: 0.2546835
Nov 23 12:46:50.861423 dv-cinder-818883-1-smb neutron-server[86838]: DEBUG neutron.wsgi [-] (86838) accepted ('10.222.0.31', 46730) {{(pid=86838) server /usr/local/lib/python3.8/dist-packages/eventlet/wsgi.py:992}}
Nov 23 12:46:50.939044 dv-cinder-818883-1-smb neutron-server[86838]: DEBUG neutron.pecan_wsgi.hooks.policy_enforcement [req-1613c91e-1f4f-411d-970a-12d02bdec683 req-267256ad-507a-4d4a-b6d7-f8053f1f915d tempest-AttachVolumeTestJSON-821325339 tempest-AttachVolumeTestJSON-821325339-project] Attributes excluded by policy engine: ['standard_attr_id', 'binding:profile', 'binding:host_id', 'binding:vif_type', 'binding:vif_details'] {{(pid=86838) _exclude_attributes_by_policy /opt/stack/neutron/neutron/pecan_wsgi/hooks/policy_enforcement.py:255}}
Nov 23 12:46:50.941146 dv-cinder-818883-1-smb neutron-server[86838]: INFO neutron.wsgi [req-1613c91e-1f4f-411d-970a-12d02bdec683 req-267256ad-507a-4d4a-b6d7-f8053f1f915d tempest-AttachVolumeTestJSON-821325339 tempest-AttachVolumeTestJSON-821325339-project] 10.222.0.31 "GET /v2.0/ports?device_id=872292ed-386e-4699-a03d-8e1c49db1f89 HTTP/1.1" status: 200 len: 931 time: 0.3040528
Nov 23 12:46:50.996462 dv-cinder-818883-1-smb neutron-server[86837]: DEBUG neutron.notifiers.nova [req-0433a157-7d66-46b1-b693-3d99d5a3b0e4 req-775e3eaa-c76e-44aa-9cc9-510a802518cf service neutron] Ignoring state change previous_port_status: DOWN current_port_status: DOWN port_id 65c7a919-dbd1-44a3-b3ed-fe42d845dbd9 {{(pid=86837) record_port_status_changed /opt/stack/neutron/neutron/notifiers/nova.py:224}}
Nov 23 12:46:51.004467 dv-cinder-818883-1-smb neutron-server[86837]: DEBUG neutron_lib.callbacks.manager [req-0433a157-7d66-46b1-b693-3d99d5a3b0e4 req-775e3eaa-c76e-44aa-9cc9-510a802518cf service neutron] Notify callbacks [] for port, precommit_update {{(pid=86837) _notify_loop /usr/local/lib/python3.8/dist-packages/neutron_lib/callbacks/manager.py:192}}
Nov 23 12:46:51.011519 dv-cinder-818883-1-smb neutron-server[86838]: DEBUG neutron.pecan_wsgi.hooks.policy_enforcement [req-0688d0df-eeef-4c16-8b69-4a44c3b0755a req-a49d7ef0-3e56-47ad-aa30-75b854c094cd tempest-ServerRescueNegativeTestJSON-1116529203 tempest-ServerRescueNegativeTestJSON-1116529203-project] Attributes excluded by policy engine: ['standard_attr_id', 'binding:profile', 'binding:host_id', 'binding:vif_type', 'binding:vif_details'] {{(pid=86838) _exclude_attributes_by_policy /opt/stack/neutron/neutron/pecan_wsgi/hooks/policy_enforcement.py:255}}
Nov 23 12:46:51.013771 dv-cinder-818883-1-smb neutron-server[86838]: INFO neutron.wsgi [req-0688d0df-eeef-4c16-8b69-4a44c3b0755a req-a49d7ef0-3e56-47ad-aa30-75b854c094cd tempest-ServerRescueNegativeTestJSON-1116529203 tempest-ServerRescueNegativeTestJSON-1116529203-project] 10.222.0.31 "GET /v2.0/ports?device_id=c4d90f60-e137-4811-85c3-0bcfe3e77242 HTTP/1.1" status: 200 len: 944 time: 0.2303991
Nov 23 12:46:51.020425 dv-cinder-818883-1-smb neutron-server[86837]: DEBUG neutron.db.provisioning_blocks [req-0433a157-7d66-46b1-b693-3d99d5a3b0e4 req-775e3eaa-c76e-44aa-9cc9-510a802518cf service neutron] Transition to ACTIVE for port object 65c7a919-dbd1-44a3-b3ed-fe42d845dbd9 will not be triggered until provisioned by entity L2. {{(pid=86837) add_provisioning_component /opt/stack/neutron/neutron/db/provisioning_blocks.py:73}}
Nov 23 12:46:51.026462 dv-cinder-818883-1-smb neutron-server[86837]: DEBUG neutron_lib.callbacks.manager [req-0433a157-7d66-46b1-b693-3d99d5a3b0e4 req-775e3eaa-c76e-44aa-9cc9-510a802518cf service neutron] Notify callbacks ['neutron.plugins.ml2.plugin.SecurityGroupServerNotifierRpcMixin.notify_sg_on_port_change-581723', 'neutron.plugins.ml2.ovo_rpc._ObjectChangeHandler.handle_event-93941', 'neutron.api.rpc.agentnotifiers.dhcp_rpc_agent_api.DhcpAgentNotifyAPI._native_event_send_dhcp_notification-1600595', 'neutron.db.l3_db.L3RpcNotifierMixin._notify_gateway_port_ip_changed-8788171071546', 'neutron.db.l3_dvrscheduler_db._notify_l3_agent_port_update-8788170525781', 'neutron.db.l3_hascheduler_db._notify_l3_agent_ha_port_update-8788170525826', 'neutron.services.segments.plugin.NovaSegmentNotifier._notify_port_updated-6379454'] for port, after_update {{(pid=86837) _notify_loop /usr/local/lib/python3.8/dist-packages/neutron_lib/callbacks/manager.py:192}}
Nov 23 12:46:51.033776 dv-cinder-818883-1-smb neutron-server[86837]: DEBUG oslo_concurrency.lockutils [None req-dbef3b46-65ae-4d51-9ddb-5d8637496063 tempest-AttachVolumeTestJSON-821325339 tempest-AttachVolumeTestJSON-821325339-project] Lock "event-dispatch" acquired by "neutron.plugins.ml2.ovo_rpc._ObjectChangeHandler.dispatch_events" :: waited 0.000s {{(pid=86837) inner /usr/local/lib/python3.8/dist-packages/oslo_concurrency/lockutils.py:355}}
Nov 23 12:46:51.070250 dv-cinder-818883-1-smb neutron-server[86838]: INFO neutron.wsgi [req-1613c91e-1f4f-411d-970a-12d02bdec683 req-e8df2f3b-a898-48e2-90d1-5b2d625993ec tempest-AttachVolumeTestJSON-821325339 tempest-AttachVolumeTestJSON-821325339-project] 10.222.0.31 "GET /v2.0/security-groups?id=ec7a2df9-5b5f-4d0a-9518-b6602095324f&fields=id&fields=name HTTP/1.1" status: 200 len: 312 time: 0.1186616
Nov 23 12:46:51.071815 dv-cinder-818883-1-smb neutron-server[86838]: DEBUG neutron_lib.callbacks.manager [None req-9eeefdee-fcb9-4102-ac7e-fce5251fe8a4 admin admin] Notify callbacks [] for security_group, before_delete {{(pid=86838) _notify_loop /usr/local/lib/python3.8/dist-packages/neutron_lib/callbacks/manager.py:192}}
Nov 23 12:46:51.166871 dv-cinder-818883-1-smb neutron-server[86838]: DEBUG neutron_lib.callbacks.manager [None req-9eeefdee-fcb9-4102-ac7e-fce5251fe8a4 admin admin] Notify callbacks [] for security_group, precommit_delete {{(pid=86838) _notify_loop /usr/local/lib/python3.8/dist-packages/neutron_lib/callbacks/manager.py:192}}
Nov 23 12:46:51.249549 dv-cinder-818883-1-smb neutron-server[86838]: DEBUG neutron_lib.callbacks.manager [None req-9eeefdee-fcb9-4102-ac7e-fce5251fe8a4 admin admin] Notify callbacks ['neutron.plugins.ml2.ovo_rpc._ObjectChangeHandler.handle_event-453167'] for security_group, after_delete {{(pid=86838) _notify_loop /usr/local/lib/python3.8/dist-packages/neutron_lib/callbacks/manager.py:192}}
Nov 23 12:46:51.271203 dv-cinder-818883-1-smb neutron-server[86838]: DEBUG oslo_concurrency.lockutils [None req-80423ffb-861f-447e-bff3-4bd98b8b9493 admin admin] Lock "event-dispatch" acquired by "neutron.plugins.ml2.ovo_rpc._ObjectChangeHandler.dispatch_events" :: waited 0.000s {{(pid=86838) inner /usr/local/lib/python3.8/dist-packages/oslo_concurrency/lockutils.py:355}}
Nov 23 12:46:51.287777 dv-cinder-818883-1-smb neutron-server[86838]: DEBUG neutron.api.rpc.handlers.resources_rpc [None req-9eeefdee-fcb9-4102-ac7e-fce5251fe8a4 admin admin] Pushing event deleted for resources: {'SecurityGroup': ['ID=3d9aebfc-7276-483f-9b21-6828546ad6b6,revision_number=None']} {{(pid=86838) push /opt/stack/neutron/neutron/api/rpc/handlers/resources_rpc.py:237}}
Nov 23 12:46:51.291471 dv-cinder-818883-1-smb neutron-server[86838]: DEBUG oslo_concurrency.lockutils [None req-9eeefdee-fcb9-4102-ac7e-fce5251fe8a4 admin admin] Lock "event-dispatch" released by "neutron.plugins.ml2.ovo_rpc._ObjectChangeHandler.dispatch_events" :: held 0.020s {{(pid=86838) inner /usr/local/lib/python3.8/dist-packages/oslo_concurrency/lockutils.py:367}}
Nov 23 12:46:51.298176 dv-cinder-818883-1-smb neutron-server[86837]: DEBUG neutron.api.rpc.handlers.resources_rpc [None req-775e3eaa-c76e-44aa-9cc9-510a802518cf service neutron] Pushing event updated for resources: {'Port': ['ID=65c7a919-dbd1-44a3-b3ed-fe42d845dbd9,revision_number=2']} {{(pid=86837) push /opt/stack/neutron/neutron/api/rpc/handlers/resources_rpc.py:237}}
Nov 23 12:46:51.300234 dv-cinder-818883-1-smb neutron-server[86838]: DEBUG neutron_lib.callbacks.manager [None req-9eeefdee-fcb9-4102-ac7e-fce5251fe8a4 admin admin] Notify callbacks [] for security_group, before_response {{(pid=86838) _notify_loop /usr/local/lib/python3.8/dist-packages/neutron_lib/callbacks/manager.py:192}}
Nov 23 12:46:51.302663 dv-cinder-818883-1-smb neutron-server[86838]: INFO neutron.wsgi [None req-9eeefdee-fcb9-4102-ac7e-fce5251fe8a4 admin admin] 10.222.0.31 "DELETE /v2.0/security-groups/3d9aebfc-7276-483f-9b21-6828546ad6b6 HTTP/1.1" status: 204 len: 168 time: 0.4379084
Nov 23 12:46:51.313234 dv-cinder-818883-1-smb neutron-server[86837]: DEBUG oslo_concurrency.lockutils [None req-775e3eaa-c76e-44aa-9cc9-510a802518cf service neutron] Lock "event-dispatch" released by "neutron.plugins.ml2.ovo_rpc._ObjectChangeHandler.dispatch_events" :: held 0.280s {{(pid=86837) inner /usr/local/lib/python3.8/dist-packages/oslo_concurrency/lockutils.py:367}}
Nov 23 12:46:51.325535 dv-cinder-818883-1-smb neutron-server[86838]: INFO neutron.wsgi [req-0688d0df-eeef-4c16-8b69-4a44c3b0755a req-6b59c1c0-0417-4c29-a85b-92bf08d6c4c1 tempest-ServerRescueNegativeTestJSON-1116529203 tempest-ServerRescueNegativeTestJSON-1116529203-project] 10.222.0.31 "GET /v2.0/security-groups?id=a07395ea-6958-4a30-8653-814e78309a7c&fields=id&fields=name HTTP/1.1" status: 200 len: 286 time: 0.2929313
Nov 23 12:46:51.485264 dv-cinder-818883-1-smb neutron-server[86839]: DEBUG neutron.plugins.ml2.rpc [None req-1639b7ff-137f-43de-8ed2-ca08cf192c82 None None] Device 544b571b-f84a-45cd-82a6-bcdf0529258b details requested by agent hyperv_hv-cinder-81888 with host hv-cinder-81888 {{(pid=86839) get_device_details /opt/stack/neutron/neutron/plugins/ml2/rpc.py:88}}
Nov 23 12:46:51.531503 dv-cinder-818883-1-smb neutron-server[86839]: DEBUG neutron.plugins.ml2.rpc [None req-1639b7ff-137f-43de-8ed2-ca08cf192c82 None None] Device 802d7382-a7a7-4d00-8901-3b4993b19393 up at agent hyperv_hv-cinder-81888 {{(pid=86839) update_device_up /opt/stack/neutron/neutron/plugins/ml2/rpc.py:278}}
Nov 23 12:46:51.673153 dv-cinder-818883-1-smb neutron-server[86839]: DEBUG neutron_lib.db.resource_extend [None req-1639b7ff-137f-43de-8ed2-ca08cf192c82 None None] It took 0.17 seconds to run function 'neutron_lib.db.resource_extend.apply_funcs' {{(pid=86839) wrapper /usr/local/lib/python3.8/dist-packages/oslo_utils/timeutils.py:386}}
Nov 23 12:46:51.793420 dv-cinder-818883-1-smb neutron-server[86838]: DEBUG neutron.pecan_wsgi.hooks.policy_enforcement [req-37ca188a-7793-43b8-b9be-fd7d536039ee req-52bc6cbc-a0ff-40a9-a78d-5b646ae73a42 tempest-AttachVolumeNegativeTest-1975586717 tempest-AttachVolumeNegativeTest-1975586717-project] Attributes excluded by policy engine: ['standard_attr_id', 'binding:profile', 'binding:host_id', 'binding:vif_type', 'binding:vif_details'] {{(pid=86838) _exclude_attributes_by_policy /opt/stack/neutron/neutron/pecan_wsgi/hooks/policy_enforcement.py:255}}
Nov 23 12:46:51.796577 dv-cinder-818883-1-smb neutron-server[86838]: INFO neutron.wsgi [req-37ca188a-7793-43b8-b9be-fd7d536039ee req-52bc6cbc-a0ff-40a9-a78d-5b646ae73a42 tempest-AttachVolumeNegativeTest-1975586717 tempest-AttachVolumeNegativeTest-1975586717-project] 10.222.0.31 "GET /v2.0/ports?device_id=9f160759-d9fc-45e2-8533-6615870234d8 HTTP/1.1" status: 200 len: 946 time: 0.2410860
Nov 23 12:46:51.809348 dv-cinder-818883-1-smb neutron-server[86839]: DEBUG neutron.db.provisioning_blocks [None req-1639b7ff-137f-43de-8ed2-ca08cf192c82 None None] Provisioning for port 802d7382-a7a7-4d00-8901-3b4993b19393 completed by entity L2. {{(pid=86839) provisioning_complete /opt/stack/neutron/neutron/db/provisioning_blocks.py:133}}
Nov 23 12:46:51.818562 dv-cinder-818883-1-smb neutron-server[86839]: DEBUG neutron.db.provisioning_blocks [None req-1639b7ff-137f-43de-8ed2-ca08cf192c82 None None] Provisioning complete for port 802d7382-a7a7-4d00-8901-3b4993b19393 triggered by entity L2. {{(pid=86839) provisioning_complete /opt/stack/neutron/neutron/db/provisioning_blocks.py:139}}
Nov 23 12:46:51.819422 dv-cinder-818883-1-smb neutron-server[86839]: DEBUG neutron_lib.callbacks.manager [None req-1639b7ff-137f-43de-8ed2-ca08cf192c82 None None] Notify callbacks ['neutron.plugins.ml2.plugin.Ml2Plugin._port_provisioned-567787'] for port, provisioning_complete {{(pid=86839) _notify_loop /usr/local/lib/python3.8/dist-packages/neutron_lib/callbacks/manager.py:192}}
Nov 23 12:46:51.833673 dv-cinder-818883-1-smb neutron-server[86837]: DEBUG neutron.plugins.ml2.managers [req-0433a157-7d66-46b1-b693-3d99d5a3b0e4 req-775e3eaa-c76e-44aa-9cc9-510a802518cf service neutron] Attempting to bind port 65c7a919-dbd1-44a3-b3ed-fe42d845dbd9 on host hv-cinder-81888 for vnic_type normal with profile {{(pid=86837) bind_port /opt/stack/neutron/neutron/plugins/ml2/managers.py:790}}
Nov 23 12:46:51.834355 dv-cinder-818883-1-smb neutron-server[86837]: DEBUG neutron.plugins.ml2.managers [req-0433a157-7d66-46b1-b693-3d99d5a3b0e4 req-775e3eaa-c76e-44aa-9cc9-510a802518cf service neutron] Attempting to bind port 65c7a919-dbd1-44a3-b3ed-fe42d845dbd9 by drivers openvswitch,hyperv on host hv-cinder-81888 at level 0 using segments [{'id': '72423ed0-d64a-4579-bbc7-85380a74b257', 'network_type': 'vlan', 'physical_network': 'physnet1', 'segmentation_id': 773, 'network_id': 'f34ec0a4-d329-411a-9213-97be29ff4587'}] {{(pid=86837) _bind_port_level /opt/stack/neutron/neutron/plugins/ml2/managers.py:815}}
Nov 23 12:46:51.834934 dv-cinder-818883-1-smb neutron-server[86837]: DEBUG neutron.plugins.ml2.drivers.mech_agent [req-0433a157-7d66-46b1-b693-3d99d5a3b0e4 req-775e3eaa-c76e-44aa-9cc9-510a802518cf service neutron] Attempting to bind port 65c7a919-dbd1-44a3-b3ed-fe42d845dbd9 on network f34ec0a4-d329-411a-9213-97be29ff4587 {{(pid=86837) bind_port /opt/stack/neutron/neutron/plugins/ml2/drivers/mech_agent.py:86}}
Nov 23 12:46:51.841011 dv-cinder-818883-1-smb neutron-server[86837]: DEBUG neutron.plugins.ml2.drivers.mech_agent [req-0433a157-7d66-46b1-b693-3d99d5a3b0e4 req-775e3eaa-c76e-44aa-9cc9-510a802518cf service neutron] Port 65c7a919-dbd1-44a3-b3ed-fe42d845dbd9 on network f34ec0a4-d329-411a-9213-97be29ff4587 not bound, no agent of type Open vSwitch agent registered on host hv-cinder-81888 {{(pid=86837) bind_port /opt/stack/neutron/neutron/plugins/ml2/drivers/mech_agent.py:98}}
Nov 23 12:46:51.843517 dv-cinder-818883-1-smb neutron-server[86837]: DEBUG neutron.plugins.ml2.drivers.mech_agent [req-0433a157-7d66-46b1-b693-3d99d5a3b0e4 req-775e3eaa-c76e-44aa-9cc9-510a802518cf service neutron] Attempting to bind port 65c7a919-dbd1-44a3-b3ed-fe42d845dbd9 on network f34ec0a4-d329-411a-9213-97be29ff4587 {{(pid=86837) bind_port /opt/stack/neutron/neutron/plugins/ml2/drivers/mech_agent.py:86}}
Nov 23 12:46:51.852705 dv-cinder-818883-1-smb neutron-server[86837]: DEBUG neutron.plugins.ml2.drivers.mech_agent [req-0433a157-7d66-46b1-b693-3d99d5a3b0e4 req-775e3eaa-c76e-44aa-9cc9-510a802518cf service neutron] Checking agent: {'id': 'c02b2241-eea5-43d7-ab73-e33b65374cd5', 'agent_type': 'HyperV agent', 'binary': 'neutron-hyperv-agent', 'topic': 'N/A', 'host': 'hv-cinder-81888', 'admin_state_up': True, 'created_at': datetime.datetime(2021, 11, 23, 12, 44, 5), 'started_at': datetime.datetime(2021, 11, 23, 12, 44, 5), 'heartbeat_timestamp': datetime.datetime(2021, 11, 23, 12, 46, 35), 'description': None, 'resources_synced': None, 'availability_zone': None, 'alive': True, 'configurations': {'vswitch_mappings': {'physnet1$': 'br-data'}}, 'resource_versions': {}} {{(pid=86837) bind_port /opt/stack/neutron/neutron/plugins/ml2/drivers/mech_agent.py:105}}
Nov 23 12:46:51.862982 dv-cinder-818883-1-smb neutron-server[86837]: DEBUG neutron.plugins.ml2.drivers.mech_agent [req-0433a157-7d66-46b1-b693-3d99d5a3b0e4 req-775e3eaa-c76e-44aa-9cc9-510a802518cf service neutron] Checking segment: {'id': '72423ed0-d64a-4579-bbc7-85380a74b257', 'network_type': 'vlan', 'physical_network': 'physnet1', 'segmentation_id': 773, 'network_id': 'f34ec0a4-d329-411a-9213-97be29ff4587'} for mappings: {'physnet1$': 'br-data'} with network types: ['local', 'flat', 'vlan'] {{(pid=86837) check_segment_for_agent /opt/stack/neutron/neutron/plugins/ml2/drivers/mech_agent.py:341}}
Nov 23 12:46:51.864584 dv-cinder-818883-1-smb neutron-server[86837]: DEBUG neutron.plugins.ml2.drivers.mech_agent [req-0433a157-7d66-46b1-b693-3d99d5a3b0e4 req-775e3eaa-c76e-44aa-9cc9-510a802518cf service neutron] Bound using segment: {'id': '72423ed0-d64a-4579-bbc7-85380a74b257', 'network_type': 'vlan', 'physical_network': 'physnet1', 'segmentation_id': 773, 'network_id': 'f34ec0a4-d329-411a-9213-97be29ff4587'} {{(pid=86837) bind_port /opt/stack/neutron/neutron/plugins/ml2/drivers/mech_agent.py:115}}
Nov 23 12:46:51.866298 dv-cinder-818883-1-smb neutron-server[86837]: DEBUG neutron.plugins.ml2.managers [req-0433a157-7d66-46b1-b693-3d99d5a3b0e4 req-775e3eaa-c76e-44aa-9cc9-510a802518cf service neutron] Bound port: 65c7a919-dbd1-44a3-b3ed-fe42d845dbd9, host: hv-cinder-81888, vif_type: hyperv, vif_details: {"connectivity": "legacy", "port_filter": false}, binding_levels: [{'bound_driver': 'hyperv', 'bound_segment': {'id': '72423ed0-d64a-4579-bbc7-85380a74b257', 'network_type': 'vlan', 'physical_network': 'physnet1', 'segmentation_id': 773, 'network_id': 'f34ec0a4-d329-411a-9213-97be29ff4587'}}] {{(pid=86837) _bind_port_level /opt/stack/neutron/neutron/plugins/ml2/managers.py:928}}
Nov 23 12:46:51.867064 dv-cinder-818883-1-smb neutron-server[86837]: DEBUG neutron_lib.callbacks.manager [req-0433a157-7d66-46b1-b693-3d99d5a3b0e4 req-775e3eaa-c76e-44aa-9cc9-510a802518cf service neutron] Notify callbacks ['neutron.plugins.ml2.plugin.SecurityGroupDbMixin._ensure_default_security_group_handler-581656'] for port, before_update {{(pid=86837) _notify_loop /usr/local/lib/python3.8/dist-packages/neutron_lib/callbacks/manager.py:192}}
Nov 23 12:46:51.897980 dv-cinder-818883-1-smb neutron-server[86838]: INFO neutron.wsgi [req-37ca188a-7793-43b8-b9be-fd7d536039ee req-c6a9f277-876c-455f-b988-dce306137ad1 tempest-AttachVolumeNegativeTest-1975586717 tempest-AttachVolumeNegativeTest-1975586717-project] 10.222.0.31 "GET /v2.0/security-groups?id=0a850f89-1fcd-4fc3-a6fa-0f4e61598668&fields=id&fields=name HTTP/1.1" status: 200 len: 286 time: 0.0890872
Nov 23 12:46:52.011303 dv-cinder-818883-1-smb neutron-server[86837]: DEBUG neutron.plugins.ml2.db [req-0433a157-7d66-46b1-b693-3d99d5a3b0e4 req-775e3eaa-c76e-44aa-9cc9-510a802518cf service neutron] For port 65c7a919-dbd1-44a3-b3ed-fe42d845dbd9, host hv-cinder-81888, cleared binding levels {{(pid=86837) clear_binding_levels /opt/stack/neutron/neutron/plugins/ml2/db.py:88}}
Nov 23 12:46:52.013108 dv-cinder-818883-1-smb neutron-server[86839]: DEBUG neutron.plugins.ml2.db [None req-1639b7ff-137f-43de-8ed2-ca08cf192c82 None None] For port 544b571b-f84a-45cd-82a6-bcdf0529258b, host hv-cinder-81888, got binding levels [PortBindingLevel(driver='hyperv',host='hv-cinder-81888',level=0,port_id=544b571b-f84a-45cd-82a6-bcdf0529258b,segment=NetworkSegment(2ce219c0-31bb-4a35-97c5-ece432ad3767),segment_id=2ce219c0-31bb-4a35-97c5-ece432ad3767)] {{(pid=86839) get_binding_level_objs /opt/stack/neutron/neutron/plugins/ml2/db.py:75}}
Nov 23 12:46:52.021768 dv-cinder-818883-1-smb neutron-server[86837]: DEBUG neutron.plugins.ml2.db [req-0433a157-7d66-46b1-b693-3d99d5a3b0e4 req-775e3eaa-c76e-44aa-9cc9-510a802518cf service neutron] For port 65c7a919-dbd1-44a3-b3ed-fe42d845dbd9, host hv-cinder-81888, set binding levels [PortBindingLevel(driver='hyperv',host='hv-cinder-81888',level=0,port_id=65c7a919-dbd1-44a3-b3ed-fe42d845dbd9,segment=NetworkSegment(72423ed0-d64a-4579-bbc7-85380a74b257),segment_id=72423ed0-d64a-4579-bbc7-85380a74b257)] {{(pid=86837) set_binding_levels /opt/stack/neutron/neutron/plugins/ml2/db.py:60}}
Nov 23 12:46:52.031310 dv-cinder-818883-1-smb neutron-server[86837]: DEBUG neutron_lib.callbacks.manager [req-0433a157-7d66-46b1-b693-3d99d5a3b0e4 req-775e3eaa-c76e-44aa-9cc9-510a802518cf service neutron] Notify callbacks ['neutron.plugins.ml2.plugin.SecurityGroupServerNotifierRpcMixin.notify_sg_on_port_change-581723', 'neutron.plugins.ml2.ovo_rpc._ObjectChangeHandler.handle_event-93941', 'neutron.api.rpc.agentnotifiers.dhcp_rpc_agent_api.DhcpAgentNotifyAPI._native_event_send_dhcp_notification-1600595', 'neutron.db.l3_db.L3RpcNotifierMixin._notify_gateway_port_ip_changed-8788171071546', 'neutron.db.l3_dvrscheduler_db._notify_l3_agent_port_update-8788170525781', 'neutron.db.l3_hascheduler_db._notify_l3_agent_ha_port_update-8788170525826', 'neutron.services.segments.plugin.NovaSegmentNotifier._notify_port_updated-6379454'] for port, after_update {{(pid=86837) _notify_loop /usr/local/lib/python3.8/dist-packages/neutron_lib/callbacks/manager.py:192}}
Nov 23 12:46:52.041318 dv-cinder-818883-1-smb neutron-server[86837]: DEBUG oslo_concurrency.lockutils [-] Lock "event-dispatch" acquired by "neutron.plugins.ml2.ovo_rpc._ObjectChangeHandler.dispatch_events" :: waited 0.000s {{(pid=86837) inner /usr/local/lib/python3.8/dist-packages/oslo_concurrency/lockutils.py:355}}
Nov 23 12:46:52.047111 dv-cinder-818883-1-smb neutron-server[86839]: DEBUG neutron.plugins.ml2.rpc [None req-1639b7ff-137f-43de-8ed2-ca08cf192c82 None None] Returning: {'device': '544b571b-f84a-45cd-82a6-bcdf0529258b', 'network_id': 'f9d133c8-4135-48e6-b582-06743cb8c4da', 'port_id': '544b571b-f84a-45cd-82a6-bcdf0529258b', 'mac_address': 'fa:16:3e:3a:80:02', 'admin_state_up': True, 'network_type': 'vlan', 'segmentation_id': 786, 'physical_network': 'physnet1', 'mtu': 1500, 'fixed_ips': [{'subnet_id': 'bd51d8cb-0c29-4851-b2cf-4f44e529c93c', 'ip_address': '172.20.0.10'}], 'device_owner': 'compute:nova', 'allowed_address_pairs': [], 'port_security_enabled': True, 'qos_policy_id': None, 'network_qos_policy_id': None, 'profile': {}, 'propagate_uplink_status': False} {{(pid=86839) _get_device_details /opt/stack/neutron/neutron/plugins/ml2/rpc.py:168}}
Nov 23 12:46:52.110885 dv-cinder-818883-1-smb neutron-server[86837]: DEBUG neutron.pecan_wsgi.hooks.policy_enforcement [req-0433a157-7d66-46b1-b693-3d99d5a3b0e4 req-775e3eaa-c76e-44aa-9cc9-510a802518cf service neutron] Attributes excluded by policy engine: ['standard_attr_id'] {{(pid=86837) _exclude_attributes_by_policy /opt/stack/neutron/neutron/pecan_wsgi/hooks/policy_enforcement.py:255}}
Nov 23 12:46:52.111595 dv-cinder-818883-1-smb neutron-server[86837]: DEBUG neutron_lib.callbacks.manager [req-0433a157-7d66-46b1-b693-3d99d5a3b0e4 req-775e3eaa-c76e-44aa-9cc9-510a802518cf service neutron] Notify callbacks ['neutron.notifiers.nova.Notifier._send_nova_notification-188604', 'neutron.api.rpc.agentnotifiers.dhcp_rpc_agent_api.DhcpAgentNotifyAPI._send_dhcp_notification-1600637'] for port, before_response {{(pid=86837) _notify_loop /usr/local/lib/python3.8/dist-packages/neutron_lib/callbacks/manager.py:192}}
Nov 23 12:46:52.113491 dv-cinder-818883-1-smb neutron-server[86837]: INFO neutron.wsgi [req-0433a157-7d66-46b1-b693-3d99d5a3b0e4 req-775e3eaa-c76e-44aa-9cc9-510a802518cf service neutron] 10.222.0.54 "PUT /v2.0/ports/65c7a919-dbd1-44a3-b3ed-fe42d845dbd9 HTTP/1.1" status: 200 len: 1093 time: 2.2809601
Nov 23 12:46:52.114186 dv-cinder-818883-1-smb neutron-server[86837]: DEBUG neutron.notifiers.nova [-] Sending events: [{'name': 'network-changed', 'server_uuid': '872292ed-386e-4699-a03d-8e1c49db1f89', 'tag': '65c7a919-dbd1-44a3-b3ed-fe42d845dbd9'}] {{(pid=86837) send_events /opt/stack/neutron/neutron/notifiers/nova.py:262}}
Nov 23 12:46:52.142697 dv-cinder-818883-1-smb neutron-server[86837]: DEBUG neutron.api.rpc.handlers.resources_rpc [None req-775e3eaa-c76e-44aa-9cc9-510a802518cf service neutron] Pushing event updated for resources: {'Port': ['ID=65c7a919-dbd1-44a3-b3ed-fe42d845dbd9,revision_number=3']} {{(pid=86837) push /opt/stack/neutron/neutron/api/rpc/handlers/resources_rpc.py:237}}
Nov 23 12:46:52.152549 dv-cinder-818883-1-smb neutron-server[86837]: DEBUG oslo_concurrency.lockutils [None req-775e3eaa-c76e-44aa-9cc9-510a802518cf service neutron] Lock "event-dispatch" released by "neutron.plugins.ml2.ovo_rpc._ObjectChangeHandler.dispatch_events" :: held 0.110s {{(pid=86837) inner /usr/local/lib/python3.8/dist-packages/oslo_concurrency/lockutils.py:367}}
Nov 23 12:46:52.376459 dv-cinder-818883-1-smb neutron-server[86837]: INFO neutron.notifiers.nova [-] Nova event response: {'name': 'network-changed', 'server_uuid': '872292ed-386e-4699-a03d-8e1c49db1f89', 'tag': '65c7a919-dbd1-44a3-b3ed-fe42d845dbd9', 'status': 'completed', 'code': 200}
Nov 23 12:46:52.407347 dv-cinder-818883-1-smb neutron-server[86837]: DEBUG neutron.pecan_wsgi.hooks.policy_enforcement [req-0433a157-7d66-46b1-b693-3d99d5a3b0e4 req-ee812d85-e770-4b3b-9a13-4a65bba42b1e service neutron] Attributes excluded by policy engine: ['standard_attr_id'] {{(pid=86837) _exclude_attributes_by_policy /opt/stack/neutron/neutron/pecan_wsgi/hooks/policy_enforcement.py:255}}
Nov 23 12:46:52.409808 dv-cinder-818883-1-smb neutron-server[86837]: INFO neutron.wsgi [req-0433a157-7d66-46b1-b693-3d99d5a3b0e4 req-ee812d85-e770-4b3b-9a13-4a65bba42b1e service neutron] 10.222.0.54 "GET /v2.0/ports?tenant_id=e6142a50a1bb4ef9bfd9b1bc59edda1d&device_id=872292ed-386e-4699-a03d-8e1c49db1f89 HTTP/1.1" status: 200 len: 1096 time: 0.2243607
Nov 23 12:46:52.584061 dv-cinder-818883-1-smb neutron-server[86837]: INFO neutron.wsgi [req-0433a157-7d66-46b1-b693-3d99d5a3b0e4 req-0340dcf5-83f0-4709-8858-1e61d1ee278d service neutron] 10.222.0.54 "GET /v2.0/floatingips?fixed_ip_address=172.20.0.4&port_id=65c7a919-dbd1-44a3-b3ed-fe42d845dbd9 HTTP/1.1" status: 200 len: 217 time: 0.1617382
Nov 23 12:46:52.761222 dv-cinder-818883-1-smb neutron-server[86839]: DEBUG neutron_lib.callbacks.manager [None req-1639b7ff-137f-43de-8ed2-ca08cf192c82 None None] Notify callbacks ['neutron.plugins.ml2.plugin.SecurityGroupDbMixin._ensure_default_security_group_handler-581656'] for port, before_update {{(pid=86839) _notify_loop /usr/local/lib/python3.8/dist-packages/neutron_lib/callbacks/manager.py:192}}
Nov 23 12:46:52.818673 dv-cinder-818883-1-smb neutron-server[86839]: DEBUG neutron_lib.callbacks.manager [None req-1639b7ff-137f-43de-8ed2-ca08cf192c82 None None] Notify callbacks ['neutron.plugins.ml2.plugin.SecurityGroupDbMixin._ensure_default_security_group_handler-581656'] for port, before_update {{(pid=86839) _notify_loop /usr/local/lib/python3.8/dist-packages/neutron_lib/callbacks/manager.py:192}}
Nov 23 12:46:52.825455 dv-cinder-818883-1-smb neutron-server[86838]: DEBUG neutron.pecan_wsgi.hooks.policy_enforcement [req-3104b063-afa8-4a49-9810-b608bf57c0b6 req-dbac0de7-c277-4d10-91ab-4c391aaeff1e tempest-AttachVolumeTestJSON-821325339 tempest-AttachVolumeTestJSON-821325339-project] Attributes excluded by policy engine: ['standard_attr_id', 'binding:profile', 'binding:host_id', 'binding:vif_type', 'binding:vif_details'] {{(pid=86838) _exclude_attributes_by_policy /opt/stack/neutron/neutron/pecan_wsgi/hooks/policy_enforcement.py:255}}
Nov 23 12:46:52.840607 dv-cinder-818883-1-smb neutron-server[86838]: INFO neutron.wsgi [req-3104b063-afa8-4a49-9810-b608bf57c0b6 req-dbac0de7-c277-4d10-91ab-4c391aaeff1e tempest-AttachVolumeTestJSON-821325339 tempest-AttachVolumeTestJSON-821325339-project] 10.222.0.31 "GET /v2.0/ports?device_id=872292ed-386e-4699-a03d-8e1c49db1f89 HTTP/1.1" status: 200 len: 943 time: 0.2737448
Nov 23 12:46:52.851437 dv-cinder-818883-1-smb neutron-server[86837]: DEBUG neutron.pecan_wsgi.hooks.policy_enforcement [req-0433a157-7d66-46b1-b693-3d99d5a3b0e4 req-ec89cd15-4cfc-4022-af4d-4c78e7bdd088 service neutron] Attributes excluded by policy engine: ['standard_attr_id', 'shared', 'segment_id'] {{(pid=86837) _exclude_attributes_by_policy /opt/stack/neutron/neutron/pecan_wsgi/hooks/policy_enforcement.py:255}}
Nov 23 12:46:52.855637 dv-cinder-818883-1-smb neutron-server[86837]: INFO neutron.wsgi [req-0433a157-7d66-46b1-b693-3d99d5a3b0e4 req-ec89cd15-4cfc-4022-af4d-4c78e7bdd088 service neutron] 10.222.0.54 "GET /v2.0/subnets?id=456abfc7-81cf-4d5c-adc8-b3f39f8433bb HTTP/1.1" status: 200 len: 849 time: 0.2621584
Nov 23 12:46:52.913798 dv-cinder-818883-1-smb neutron-server[86839]: DEBUG neutron.notifiers.nova [None req-1639b7ff-137f-43de-8ed2-ca08cf192c82 None None] Ignoring state change previous_port_status: DOWN current_port_status: BUILD port_id 544b571b-f84a-45cd-82a6-bcdf0529258b {{(pid=86839) record_port_status_changed /opt/stack/neutron/neutron/notifiers/nova.py:224}}
Nov 23 12:46:52.916898 dv-cinder-818883-1-smb neutron-server[86838]: DEBUG neutron.pecan_wsgi.hooks.policy_enforcement [req-01d42db1-cd3d-473c-b4be-e4ca86d0049a req-632171b3-71e8-4c0c-833b-ebf03c097dc0 tempest-ServerRescueNegativeTestJSON-1116529203 tempest-ServerRescueNegativeTestJSON-1116529203-project] Attributes excluded by policy engine: ['standard_attr_id', 'binding:profile', 'binding:host_id', 'binding:vif_type', 'binding:vif_details'] {{(pid=86838) _exclude_attributes_by_policy /opt/stack/neutron/neutron/pecan_wsgi/hooks/policy_enforcement.py:255}}
Nov 23 12:46:52.925831 dv-cinder-818883-1-smb neutron-server[86838]: INFO neutron.wsgi [req-01d42db1-cd3d-473c-b4be-e4ca86d0049a req-632171b3-71e8-4c0c-833b-ebf03c097dc0 tempest-ServerRescueNegativeTestJSON-1116529203 tempest-ServerRescueNegativeTestJSON-1116529203-project] 10.222.0.31 "GET /v2.0/ports?device_id=c4d90f60-e137-4811-85c3-0bcfe3e77242 HTTP/1.1" status: 200 len: 944 time: 0.2455497
Nov 23 12:46:52.958243 dv-cinder-818883-1-smb neutron-server[86839]: DEBUG neutron.notifiers.nova [-] Sending events: [{'server_uuid': '1aa277d2-d587-4c30-a177-a45523276ec0', 'name': 'network-vif-plugged', 'status': 'completed', 'tag': '802d7382-a7a7-4d00-8901-3b4993b19393'}] {{(pid=86839) send_events /opt/stack/neutron/neutron/notifiers/nova.py:262}}
Nov 23 12:46:52.997117 dv-cinder-818883-1-smb neutron-server[86838]: INFO neutron.wsgi [req-3104b063-afa8-4a49-9810-b608bf57c0b6 req-fa87f5b8-e278-4427-b843-75fdca005895 tempest-AttachVolumeTestJSON-821325339 tempest-AttachVolumeTestJSON-821325339-project] 10.222.0.31 "GET /v2.0/security-groups?id=ec7a2df9-5b5f-4d0a-9518-b6602095324f&fields=id&fields=name HTTP/1.1" status: 200 len: 312 time: 0.1507745
Nov 23 12:46:53.015354 dv-cinder-818883-1-smb neutron-server[86839]: DEBUG neutron_lib.callbacks.manager [None req-502a8e43-8dbf-487c-9471-35e0687564db None None] Notify callbacks ['neutron.services.segments.db._update_segment_host_mapping_for_agent-8788170962607', 'neutron.plugins.ml2.plugin.Ml2Plugin._retry_binding_revived_agents-567576'] for agent, after_update {{(pid=86839) _notify_loop /usr/local/lib/python3.8/dist-packages/neutron_lib/callbacks/manager.py:192}}
Nov 23 12:46:53.015854 dv-cinder-818883-1-smb neutron-server[86837]: DEBUG neutron.pecan_wsgi.hooks.policy_enforcement [req-0433a157-7d66-46b1-b693-3d99d5a3b0e4 req-465716af-a92c-4b21-84a9-bf0953374cfe service neutron] Attributes excluded by policy engine: ['standard_attr_id'] {{(pid=86837) _exclude_attributes_by_policy /opt/stack/neutron/neutron/pecan_wsgi/hooks/policy_enforcement.py:255}}
Nov 23 12:46:53.017548 dv-cinder-818883-1-smb neutron-server[86837]: INFO neutron.wsgi [req-0433a157-7d66-46b1-b693-3d99d5a3b0e4 req-465716af-a92c-4b21-84a9-bf0953374cfe service neutron] 10.222.0.54 "GET /v2.0/ports?network_id=f34ec0a4-d329-411a-9213-97be29ff4587&device_owner=network%3Adhcp HTTP/1.1" status: 200 len: 1173 time: 0.1487739
Nov 23 12:46:53.046912 dv-cinder-818883-1-smb neutron-server[86839]: DEBUG neutron.plugins.ml2.db [None req-1639b7ff-137f-43de-8ed2-ca08cf192c82 None None] For port 802d7382-a7a7-4d00-8901-3b4993b19393, host hv-cinder-81888, got binding levels [PortBindingLevel(driver='hyperv',host='hv-cinder-81888',level=0,port_id=802d7382-a7a7-4d00-8901-3b4993b19393,segment=NetworkSegment(2ce219c0-31bb-4a35-97c5-ece432ad3767),segment_id=2ce219c0-31bb-4a35-97c5-ece432ad3767)] {{(pid=86839) get_binding_level_objs /opt/stack/neutron/neutron/plugins/ml2/db.py:75}}
Nov 23 12:46:53.074826 dv-cinder-818883-1-smb neutron-server[86838]: INFO neutron.wsgi [req-01d42db1-cd3d-473c-b4be-e4ca86d0049a req-74449c0c-9ebf-4c6a-a13c-a99777129607 tempest-ServerRescueNegativeTestJSON-1116529203 tempest-ServerRescueNegativeTestJSON-1116529203-project] 10.222.0.31 "GET /v2.0/security-groups?id=a07395ea-6958-4a30-8653-814e78309a7c&fields=id&fields=name HTTP/1.1" status: 200 len: 286 time: 0.1465893
Nov 23 12:46:53.090315 dv-cinder-818883-1-smb neutron-server[86839]: DEBUG neutron.plugins.ml2.db [None req-1639b7ff-137f-43de-8ed2-ca08cf192c82 None None] For port 544b571b-f84a-45cd-82a6-bcdf0529258b, host hv-cinder-81888, got binding levels [PortBindingLevel(driver='hyperv',host='hv-cinder-81888',level=0,port_id=544b571b-f84a-45cd-82a6-bcdf0529258b,segment=NetworkSegment(2ce219c0-31bb-4a35-97c5-ece432ad3767),segment_id=2ce219c0-31bb-4a35-97c5-ece432ad3767)] {{(pid=86839) get_binding_level_objs /opt/stack/neutron/neutron/plugins/ml2/db.py:75}}
Nov 23 12:46:53.092461 dv-cinder-818883-1-smb neutron-server[86839]: DEBUG neutron_lib.callbacks.manager [None req-1639b7ff-137f-43de-8ed2-ca08cf192c82 None None] Notify callbacks ['neutron.plugins.ml2.plugin.SecurityGroupServerNotifierRpcMixin.notify_sg_on_port_change-581723', 'neutron.plugins.ml2.ovo_rpc._ObjectChangeHandler.handle_event-93941', 'neutron.api.rpc.agentnotifiers.dhcp_rpc_agent_api.DhcpAgentNotifyAPI._native_event_send_dhcp_notification-1600595', 'neutron.db.l3_db.L3RpcNotifierMixin._notify_gateway_port_ip_changed-8788171071546', 'neutron.db.l3_dvrscheduler_db._notify_l3_agent_port_update-8788170525781', 'neutron.db.l3_hascheduler_db._notify_l3_agent_ha_port_update-8788170525826'] for port, after_update {{(pid=86839) _notify_loop /usr/local/lib/python3.8/dist-packages/neutron_lib/callbacks/manager.py:192}}
Nov 23 12:46:53.111019 dv-cinder-818883-1-smb neutron-server[86839]: DEBUG oslo_concurrency.lockutils [None req-f768b2dd-1286-4e97-aad6-a4e19c68cc13 None None] Lock "event-dispatch" acquired by "neutron.plugins.ml2.ovo_rpc._ObjectChangeHandler.dispatch_events" :: waited 0.000s {{(pid=86839) inner /usr/local/lib/python3.8/dist-packages/oslo_concurrency/lockutils.py:355}}
Nov 23 12:46:53.201627 dv-cinder-818883-1-smb neutron-server[86839]: INFO neutron.notifiers.nova [-] Nova event response: {'server_uuid': '1aa277d2-d587-4c30-a177-a45523276ec0', 'name': 'network-vif-plugged', 'status': 'completed', 'tag': '802d7382-a7a7-4d00-8901-3b4993b19393', 'code': 200}
Nov 23 12:46:53.228757 dv-cinder-818883-1-smb neutron-server[86839]: DEBUG neutron_lib.callbacks.manager [None req-1639b7ff-137f-43de-8ed2-ca08cf192c82 None None] Notify callbacks ['neutron.plugins.ml2.plugin.SecurityGroupServerNotifierRpcMixin.notify_sg_on_port_change-581723', 'neutron.plugins.ml2.ovo_rpc._ObjectChangeHandler.handle_event-93941', 'neutron.api.rpc.agentnotifiers.dhcp_rpc_agent_api.DhcpAgentNotifyAPI._native_event_send_dhcp_notification-1600595', 'neutron.db.l3_db.L3RpcNotifierMixin._notify_gateway_port_ip_changed-8788171071546', 'neutron.db.l3_dvrscheduler_db._notify_l3_agent_port_update-8788170525781', 'neutron.db.l3_hascheduler_db._notify_l3_agent_ha_port_update-8788170525826'] for port, after_update {{(pid=86839) _notify_loop /usr/local/lib/python3.8/dist-packages/neutron_lib/callbacks/manager.py:192}}
Nov 23 12:46:53.304917 dv-cinder-818883-1-smb neutron-server[86839]: DEBUG neutron.api.rpc.handlers.resources_rpc [None req-1639b7ff-137f-43de-8ed2-ca08cf192c82 None None] Pushing event updated for resources: {'Port': ['ID=802d7382-a7a7-4d00-8901-3b4993b19393,revision_number=5']} {{(pid=86839) push /opt/stack/neutron/neutron/api/rpc/handlers/resources_rpc.py:237}}
Nov 23 12:46:53.308695 dv-cinder-818883-1-smb neutron-server[86839]: DEBUG oslo_concurrency.lockutils [None req-1639b7ff-137f-43de-8ed2-ca08cf192c82 None None] Lock "event-dispatch" released by "neutron.plugins.ml2.ovo_rpc._ObjectChangeHandler.dispatch_events" :: held 0.214s {{(pid=86839) inner /usr/local/lib/python3.8/dist-packages/oslo_concurrency/lockutils.py:367}}
Nov 23 12:46:53.309432 dv-cinder-818883-1-smb neutron-server[86839]: DEBUG oslo_concurrency.lockutils [None req-5a5fdac0-e079-4ff6-a8d7-76ef3a636859 None None] Lock "event-dispatch" acquired by "neutron.plugins.ml2.ovo_rpc._ObjectChangeHandler.dispatch_events" :: waited 0.060s {{(pid=86839) inner /usr/local/lib/python3.8/dist-packages/oslo_concurrency/lockutils.py:355}}
Nov 23 12:46:53.429537 dv-cinder-818883-1-smb neutron-server[86839]: DEBUG neutron.api.rpc.handlers.resources_rpc [None req-1639b7ff-137f-43de-8ed2-ca08cf192c82 None None] Pushing event updated for resources: {'Port': ['ID=544b571b-f84a-45cd-82a6-bcdf0529258b,revision_number=4']} {{(pid=86839) push /opt/stack/neutron/neutron/api/rpc/handlers/resources_rpc.py:237}}
Nov 23 12:46:53.434030 dv-cinder-818883-1-smb neutron-server[86839]: DEBUG oslo_concurrency.lockutils [None req-1639b7ff-137f-43de-8ed2-ca08cf192c82 None None] Lock "event-dispatch" released by "neutron.plugins.ml2.ovo_rpc._ObjectChangeHandler.dispatch_events" :: held 0.124s {{(pid=86839) inner /usr/local/lib/python3.8/dist-packages/oslo_concurrency/lockutils.py:367}}
Nov 23 12:46:53.436783 dv-cinder-818883-1-smb neutron-server[86839]: DEBUG neutron_lib.callbacks.manager [None req-5a5fdac0-e079-4ff6-a8d7-76ef3a636859 None None] Notify callbacks ['neutron.services.segments.db._update_segment_host_mapping_for_agent-8788170962607', 'neutron.plugins.ml2.plugin.Ml2Plugin._retry_binding_revived_agents-567576'] for agent, after_update {{(pid=86839) _notify_loop /usr/local/lib/python3.8/dist-packages/neutron_lib/callbacks/manager.py:192}}
Nov 23 12:46:53.533855 dv-cinder-818883-1-smb neutron-server[86839]: DEBUG neutron.plugins.ml2.db [None req-1639b7ff-137f-43de-8ed2-ca08cf192c82 None None] get_ports_and_sgs() called for port_ids ['544b571b-f84a-45cd-82a6-bcdf0529258b'] {{(pid=86839) get_ports_and_sgs /opt/stack/neutron/neutron/plugins/ml2/db.py:164}}
Nov 23 12:46:53.553826 dv-cinder-818883-1-smb neutron-server[86837]: INFO neutron.wsgi [req-0433a157-7d66-46b1-b693-3d99d5a3b0e4 req-399466e9-4934-4cef-859e-bb3e6ef2b378 service neutron] 10.222.0.54 "GET /v2.0/networks/f34ec0a4-d329-411a-9213-97be29ff4587?fields=segments HTTP/1.1" status: 200 len: 212 time: 0.5245969
Nov 23 12:46:53.682270 dv-cinder-818883-1-smb neutron-server[86837]: DEBUG neutron.pecan_wsgi.hooks.policy_enforcement [req-7c2dd0e7-0b37-4ec5-b7bd-792350eea04a req-f0144a5b-f0bf-4d53-b02b-a444bc7877d4 service neutron] Attributes excluded by policy engine: ['standard_attr_id'] {{(pid=86837) _exclude_attributes_by_policy /opt/stack/neutron/neutron/pecan_wsgi/hooks/policy_enforcement.py:255}}
Nov 23 12:46:53.684304 dv-cinder-818883-1-smb neutron-server[86837]: INFO neutron.wsgi [req-7c2dd0e7-0b37-4ec5-b7bd-792350eea04a req-f0144a5b-f0bf-4d53-b02b-a444bc7877d4 service neutron] 10.222.0.54 "GET /v2.0/ports?device_id=1aa277d2-d587-4c30-a177-a45523276ec0 HTTP/1.1" status: 200 len: 1098 time: 0.2389667
Nov 23 12:46:53.767703 dv-cinder-818883-1-smb neutron-server[86837]: DEBUG neutron.quota.resource [req-7c2dd0e7-0b37-4ec5-b7bd-792350eea04a req-27f48df1-e23d-4f2d-8084-05e233cc7ebe service neutron] Synchronizing usage tracker for tenant:f19c19b2df8346a5a783a35b5fe19eec on resource:security_group {{(pid=86837) resync /opt/stack/neutron/neutron/quota/resource.py:241}}
Nov 23 12:46:53.774904 dv-cinder-818883-1-smb neutron-server[86837]: INFO neutron.wsgi [req-0433a157-7d66-46b1-b693-3d99d5a3b0e4 req-bfd3d39d-88e5-4530-89c0-478435262a92 service neutron] 10.222.0.54 "GET /v2.0/networks/f34ec0a4-d329-411a-9213-97be29ff4587?fields=provider%3Aphysical_network&fields=provider%3Anetwork_type HTTP/1.1" status: 200 len: 281 time: 0.2135324
Nov 23 12:46:53.795627 dv-cinder-818883-1-smb neutron-server[86837]: DEBUG neutron.quota.resource [req-7c2dd0e7-0b37-4ec5-b7bd-792350eea04a req-27f48df1-e23d-4f2d-8084-05e233cc7ebe service neutron] Unset dirty status for tenant:f19c19b2df8346a5a783a35b5fe19eec on resource:security_group {{(pid=86837) _resync /opt/stack/neutron/neutron/quota/resource.py:233}}
Nov 23 12:46:53.798207 dv-cinder-818883-1-smb neutron-server[86837]: INFO neutron.wsgi [req-7c2dd0e7-0b37-4ec5-b7bd-792350eea04a req-27f48df1-e23d-4f2d-8084-05e233cc7ebe service neutron] 10.222.0.54 "GET /v2.0/security-groups?id=a07395ea-6958-4a30-8653-814e78309a7c&fields=id&fields=name HTTP/1.1" status: 200 len: 286 time: 0.1055784
Nov 23 12:46:54.231045 dv-cinder-818883-1-smb neutron-server[86837]: DEBUG neutron.pecan_wsgi.hooks.policy_enforcement [req-a41cddfb-a170-4588-9d43-8a8f7207818b req-541a8b2b-78c2-4255-aa21-6b0f2d91ea52 service neutron] Attributes excluded by policy engine: ['standard_attr_id'] {{(pid=86837) _exclude_attributes_by_policy /opt/stack/neutron/neutron/pecan_wsgi/hooks/policy_enforcement.py:255}}
Nov 23 12:46:54.237057 dv-cinder-818883-1-smb neutron-server[86837]: INFO neutron.wsgi [req-a41cddfb-a170-4588-9d43-8a8f7207818b req-541a8b2b-78c2-4255-aa21-6b0f2d91ea52 service neutron] 10.222.0.54 "GET /v2.0/ports?tenant_id=e6142a50a1bb4ef9bfd9b1bc59edda1d&device_id=872292ed-386e-4699-a03d-8e1c49db1f89 HTTP/1.1" status: 200 len: 1096 time: 0.1687307
Nov 23 12:46:54.389866 dv-cinder-818883-1-smb neutron-server[86838]: DEBUG neutron.wsgi [-] (86838) accepted ('10.222.0.31', 46856) {{(pid=86838) server /usr/local/lib/python3.8/dist-packages/eventlet/wsgi.py:992}}
Nov 23 12:46:54.455148 dv-cinder-818883-1-smb neutron-server[86838]: DEBUG neutron.pecan_wsgi.hooks.policy_enforcement [req-90d2bcf9-cc53-4c72-a7ee-f869c13793aa req-9469514c-9ea1-4595-ae01-0ee3f654ff20 tempest-AttachVolumeTestJSON-821325339 tempest-AttachVolumeTestJSON-821325339-project] Attributes excluded by policy engine: ['standard_attr_id', 'binding:profile', 'binding:host_id', 'binding:vif_type', 'binding:vif_details'] {{(pid=86838) _exclude_attributes_by_policy /opt/stack/neutron/neutron/pecan_wsgi/hooks/policy_enforcement.py:255}}
Nov 23 12:46:54.463773 dv-cinder-818883-1-smb neutron-server[86838]: INFO neutron.wsgi [req-90d2bcf9-cc53-4c72-a7ee-f869c13793aa req-9469514c-9ea1-4595-ae01-0ee3f654ff20 tempest-AttachVolumeTestJSON-821325339 tempest-AttachVolumeTestJSON-821325339-project] 10.222.0.31 "GET /v2.0/ports?device_id=872292ed-386e-4699-a03d-8e1c49db1f89 HTTP/1.1" status: 200 len: 943 time: 0.2354317
Nov 23 12:46:54.496103 dv-cinder-818883-1-smb neutron-server[86838]: DEBUG neutron.pecan_wsgi.hooks.policy_enforcement [req-e88532a5-84c9-41f6-b9ec-8841a064135e req-7e2e9c74-1e62-41c8-9d22-530fe5cc21b2 tempest-ServerRescueNegativeTestJSON-1116529203 tempest-ServerRescueNegativeTestJSON-1116529203-project] Attributes excluded by policy engine: ['standard_attr_id', 'binding:profile', 'binding:host_id', 'binding:vif_type', 'binding:vif_details'] {{(pid=86838) _exclude_attributes_by_policy /opt/stack/neutron/neutron/pecan_wsgi/hooks/policy_enforcement.py:255}}
Nov 23 12:46:54.504189 dv-cinder-818883-1-smb neutron-server[86838]: INFO neutron.wsgi [req-e88532a5-84c9-41f6-b9ec-8841a064135e req-7e2e9c74-1e62-41c8-9d22-530fe5cc21b2 tempest-ServerRescueNegativeTestJSON-1116529203 tempest-ServerRescueNegativeTestJSON-1116529203-project] 10.222.0.31 "GET /v2.0/ports?device_id=c4d90f60-e137-4811-85c3-0bcfe3e77242 HTTP/1.1" status: 200 len: 945 time: 0.1823788
Nov 23 12:46:54.518586 dv-cinder-818883-1-smb neutron-server[86837]: DEBUG neutron.pecan_wsgi.hooks.policy_enforcement [req-a41cddfb-a170-4588-9d43-8a8f7207818b req-f96b4a65-bb16-4929-ac41-f4b61c0fedd6 service neutron] Attributes excluded by policy engine: ['standard_attr_id', 'vlan_transparent'] {{(pid=86837) _exclude_attributes_by_policy /opt/stack/neutron/neutron/pecan_wsgi/hooks/policy_enforcement.py:255}}
Nov 23 12:46:54.522882 dv-cinder-818883-1-smb neutron-server[86837]: INFO neutron.wsgi [req-a41cddfb-a170-4588-9d43-8a8f7207818b req-f96b4a65-bb16-4929-ac41-f4b61c0fedd6 service neutron] 10.222.0.54 "GET /v2.0/networks?id=f34ec0a4-d329-411a-9213-97be29ff4587 HTTP/1.1" status: 200 len: 911 time: 0.2800906
Nov 23 12:46:54.622181 dv-cinder-818883-1-smb neutron-server[86838]: INFO neutron.wsgi [req-90d2bcf9-cc53-4c72-a7ee-f869c13793aa req-c5c3e4c4-f654-4736-9219-823e11e2e6c1 tempest-AttachVolumeTestJSON-821325339 tempest-AttachVolumeTestJSON-821325339-project] 10.222.0.31 "GET /v2.0/security-groups?id=ec7a2df9-5b5f-4d0a-9518-b6602095324f&fields=id&fields=name HTTP/1.1" status: 200 len: 312 time: 0.1572096
Nov 23 12:46:54.645681 dv-cinder-818883-1-smb neutron-server[86838]: INFO neutron.wsgi [req-e88532a5-84c9-41f6-b9ec-8841a064135e req-9fcc1273-cdf4-404e-8483-b09d83b8f584 tempest-ServerRescueNegativeTestJSON-1116529203 tempest-ServerRescueNegativeTestJSON-1116529203-project] 10.222.0.31 "GET /v2.0/security-groups?id=a07395ea-6958-4a30-8653-814e78309a7c&fields=id&fields=name HTTP/1.1" status: 200 len: 286 time: 0.1376047
Nov 23 12:46:54.691903 dv-cinder-818883-1-smb neutron-server[86837]: INFO neutron.wsgi [req-a41cddfb-a170-4588-9d43-8a8f7207818b req-354aaa98-fa7a-42bc-a061-ad033b885fdf service neutron] 10.222.0.54 "GET /v2.0/floatingips?fixed_ip_address=172.20.0.4&port_id=65c7a919-dbd1-44a3-b3ed-fe42d845dbd9 HTTP/1.1" status: 200 len: 217 time: 0.1473932
Nov 23 12:46:54.787599 dv-cinder-818883-1-smb neutron-server[86837]: DEBUG neutron.pecan_wsgi.hooks.policy_enforcement [req-a41cddfb-a170-4588-9d43-8a8f7207818b req-0249599a-beda-44a3-91b8-4516a7a7381d service neutron] Attributes excluded by policy engine: ['standard_attr_id', 'shared', 'segment_id'] {{(pid=86837) _exclude_attributes_by_policy /opt/stack/neutron/neutron/pecan_wsgi/hooks/policy_enforcement.py:255}}
Nov 23 12:46:54.790571 dv-cinder-818883-1-smb neutron-server[86837]: INFO neutron.wsgi [req-a41cddfb-a170-4588-9d43-8a8f7207818b req-0249599a-beda-44a3-91b8-4516a7a7381d service neutron] 10.222.0.54 "GET /v2.0/subnets?id=456abfc7-81cf-4d5c-adc8-b3f39f8433bb HTTP/1.1" status: 200 len: 849 time: 0.0919323
Nov 23 12:46:54.890247 dv-cinder-818883-1-smb neutron-server[86837]: DEBUG neutron.pecan_wsgi.hooks.policy_enforcement [req-a41cddfb-a170-4588-9d43-8a8f7207818b req-76bbac63-b16b-42cf-9e15-742a25bb4ab4 service neutron] Attributes excluded by policy engine: ['standard_attr_id'] {{(pid=86837) _exclude_attributes_by_policy /opt/stack/neutron/neutron/pecan_wsgi/hooks/policy_enforcement.py:255}}
Nov 23 12:46:54.891824 dv-cinder-818883-1-smb neutron-server[86837]: INFO neutron.wsgi [req-a41cddfb-a170-4588-9d43-8a8f7207818b req-76bbac63-b16b-42cf-9e15-742a25bb4ab4 service neutron] 10.222.0.54 "GET /v2.0/ports?network_id=f34ec0a4-d329-411a-9213-97be29ff4587&device_owner=network%3Adhcp HTTP/1.1" status: 200 len: 1173 time: 0.0878634
Nov 23 12:46:54.904071 dv-cinder-818883-1-smb neutron-server[86838]: DEBUG neutron_lib.callbacks.manager [None req-51343b6a-253b-4f38-adea-3061494b6d2f admin admin] Notify callbacks [] for security_group, before_create {{(pid=86838) _notify_loop /usr/local/lib/python3.8/dist-packages/neutron_lib/callbacks/manager.py:192}}
Nov 23 12:46:54.920137 dv-cinder-818883-1-smb neutron-server[86838]: DEBUG neutron.db.quota.driver [None req-51343b6a-253b-4f38-adea-3061494b6d2f admin admin] Resources subnetpool have unlimited quota limit. It is not required to calculate headroom {{(pid=86838) make_reservation /opt/stack/neutron/neutron/db/quota/driver.py:219}}
Nov 23 12:46:54.924357 dv-cinder-818883-1-smb neutron-server[86838]: DEBUG neutron.quota.resource [None req-51343b6a-253b-4f38-adea-3061494b6d2f admin admin] Usage tracker for resource:security_group_rule and tenant:557e30f5ec0d45b08a77621bcd6def0b is out of sync, need to count used quota {{(pid=86838) count_used /opt/stack/neutron/neutron/quota/resource.py:270}}
Nov 23 12:46:54.927399 dv-cinder-818883-1-smb neutron-server[86838]: DEBUG neutron.quota.resource [None req-51343b6a-253b-4f38-adea-3061494b6d2f admin admin] Quota usage for security_group_rule was recalculated. Used quota:0. {{(pid=86838) count_used /opt/stack/neutron/neutron/quota/resource.py:290}}
Nov 23 12:46:54.933533 dv-cinder-818883-1-smb neutron-server[86838]: DEBUG neutron.db.quota.driver [None req-51343b6a-253b-4f38-adea-3061494b6d2f admin admin] Attempting to reserve 4 items for resource security_group_rule. Total usage: 0; quota limit: 100; headroom:100 {{(pid=86838) make_reservation /opt/stack/neutron/neutron/db/quota/driver.py:246}}
Nov 23 12:46:55.045155 dv-cinder-818883-1-smb neutron-server[86838]: DEBUG neutron_lib.callbacks.manager [None req-51343b6a-253b-4f38-adea-3061494b6d2f admin admin] Notify callbacks [] for security_group, precommit_create {{(pid=86838) _notify_loop /usr/local/lib/python3.8/dist-packages/neutron_lib/callbacks/manager.py:192}}
Nov 23 12:46:55.050291 dv-cinder-818883-1-smb neutron-server[86838]: DEBUG neutron_lib.callbacks.manager [None req-51343b6a-253b-4f38-adea-3061494b6d2f admin admin] Notify callbacks ['neutron.plugins.ml2.ovo_rpc._ObjectChangeHandler.handle_event-453167'] for security_group, after_create {{(pid=86838) _notify_loop /usr/local/lib/python3.8/dist-packages/neutron_lib/callbacks/manager.py:192}}
Nov 23 12:46:55.051399 dv-cinder-818883-1-smb neutron-server[86837]: INFO neutron.wsgi [req-a41cddfb-a170-4588-9d43-8a8f7207818b req-37e2cf03-9f36-42b6-aec9-8f6b09cf2d27 service neutron] 10.222.0.54 "GET /v2.0/networks/f34ec0a4-d329-411a-9213-97be29ff4587?fields=segments HTTP/1.1" status: 200 len: 212 time: 0.1471455
Nov 23 12:46:55.061835 dv-cinder-818883-1-smb neutron-server[86838]: DEBUG oslo_concurrency.lockutils [None req-bb66fa41-6146-4811-855a-8c6bb060c2e3 admin admin] Lock "event-dispatch" acquired by "neutron.plugins.ml2.ovo_rpc._ObjectChangeHandler.dispatch_events" :: waited 0.000s {{(pid=86838) inner /usr/local/lib/python3.8/dist-packages/oslo_concurrency/lockutils.py:355}}
Nov 23 12:46:55.094210 dv-cinder-818883-1-smb neutron-server[86838]: INFO neutron.wsgi [None req-51343b6a-253b-4f38-adea-3061494b6d2f admin admin] 10.222.0.31 "GET /v2.0/security-groups?tenant_id=557e30f5ec0d45b08a77621bcd6def0b&name=default HTTP/1.1" status: 200 len: 2979 time: 0.6997235
