Nov 22 22:58:47.446324 dv-cinder-818834-1-iscsi neutron-server[102663]: DEBUG neutron_lib.callbacks.manager [None req-593ec04e-48b1-48ae-90d8-e8c75bae1afa admin admin] Publish callbacks [] for subnet, before_create {{(pid=102663) _notify_loop /usr/local/lib/python3.8/dist-packages/neutron_lib/callbacks/manager.py:175}}
Nov 22 22:58:47.461917 dv-cinder-818834-1-iscsi neutron-server[102662]: DEBUG neutron.api.rpc.handlers.resources_rpc [None req-54f4f4ac-208e-4222-b879-05e0933a445c admin admin] Pushing event updated for resources: {'Network': ['ID=2cb3d985-c2d9-4782-ae33-7bf9b53d9888,revision_number=1']} {{(pid=102662) push /opt/stack/neutron/neutron/api/rpc/handlers/resources_rpc.py:237}}
Nov 22 22:58:47.497642 dv-cinder-818834-1-iscsi neutron-server[102662]: DEBUG neutron.pecan_wsgi.hooks.quota_enforcement [None req-4222a98b-8846-4f21-8910-fd0452d5138e admin admin] Made reservation on behalf of 6ae3b6b7cb754497a30d3a41220bef60 for: {'network': 1} {{(pid=102662) before /opt/stack/neutron/neutron/pecan_wsgi/hooks/quota_enforcement.py:53}}
Nov 22 22:58:47.502354 dv-cinder-818834-1-iscsi neutron-server[102662]: DEBUG neutron_lib.callbacks.manager [None req-4222a98b-8846-4f21-8910-fd0452d5138e admin admin] Publish callbacks ['neutron.plugins.ml2.plugin.SecurityGroupDbMixin._ensure_default_security_group_handler-569952'] for network, before_create {{(pid=102662) _notify_loop /usr/local/lib/python3.8/dist-packages/neutron_lib/callbacks/manager.py:175}}
Nov 22 22:58:47.504853 dv-cinder-818834-1-iscsi neutron-server[102664]: DEBUG neutron.plugins.ml2.rpc [None req-823f2631-aa87-409a-87ec-3cb24714484c None None] Network 2cb3d985-c2d9-4782-ae33-7bf9b53d9888 details requested by agent ovs-agent-dv-cinder-818834-1-iscsi with host dv-cinder-818834-1-iscsi {{(pid=102664) get_network_details /opt/stack/neutron/neutron/plugins/ml2/rpc.py:248}}
Nov 22 22:58:47.507682 dv-cinder-818834-1-iscsi neutron-server[102663]: DEBUG neutron.api.v2.base [None req-8ff7965b-a5c0-459b-b3cf-29ceaf9b6bb9 admin admin] Request body: {'network': {'name': 'tempest-AttachVolumeTestJSON-1745063030-network', 'tenant_id': '1525897e49c34ebb9215d460e1ad237d'}} {{(pid=102663) prepare_request_body /opt/stack/neutron/neutron/api/v2/base.py:729}}
Nov 22 22:58:47.515626 dv-cinder-818834-1-iscsi neutron-server[102662]: DEBUG neutron_lib.callbacks.manager [None req-4222a98b-8846-4f21-8910-fd0452d5138e admin admin] Publish callbacks [] for security_group, before_create {{(pid=102662) _notify_loop /usr/local/lib/python3.8/dist-packages/neutron_lib/callbacks/manager.py:175}}
Nov 22 22:58:47.614355 dv-cinder-818834-1-iscsi neutron-server[102662]: DEBUG neutron_lib.callbacks.manager [None req-4222a98b-8846-4f21-8910-fd0452d5138e admin admin] Publish callbacks [] for security_group, precommit_create {{(pid=102662) _notify_loop /usr/local/lib/python3.8/dist-packages/neutron_lib/callbacks/manager.py:175}}
Nov 22 22:58:47.620386 dv-cinder-818834-1-iscsi neutron-server[102662]: DEBUG neutron_lib.callbacks.manager [None req-4222a98b-8846-4f21-8910-fd0452d5138e admin admin] Publish callbacks ['neutron.plugins.ml2.ovo_rpc._ObjectChangeHandler.handle_event-355089'] for security_group, after_create {{(pid=102662) _notify_loop /usr/local/lib/python3.8/dist-packages/neutron_lib/callbacks/manager.py:175}}
Nov 22 22:58:47.638181 dv-cinder-818834-1-iscsi neutron-server[102662]: DEBUG neutron.plugins.ml2.drivers.helpers [None req-4222a98b-8846-4f21-8910-fd0452d5138e admin admin] vlan segment allocate from pool success with {'physical_network': 'physnet1', 'vlan_id': 1041} {{(pid=102662) allocate_partially_specified_segment /opt/stack/neutron/neutron/plugins/ml2/drivers/helpers.py:153}}
Nov 22 22:58:47.641892 dv-cinder-818834-1-iscsi neutron-server[102663]: DEBUG neutron.pecan_wsgi.hooks.quota_enforcement [None req-239832c1-30e6-43f5-8216-63e71c69e4ab admin admin] Made reservation on behalf of 5cfa9a861da442f688818dd77f89bf9f for: {'subnet': 1} {{(pid=102663) before /opt/stack/neutron/neutron/pecan_wsgi/hooks/quota_enforcement.py:53}}
Nov 22 22:58:47.644474 dv-cinder-818834-1-iscsi neutron-server[102663]: DEBUG neutron_lib.callbacks.manager [None req-239832c1-30e6-43f5-8216-63e71c69e4ab admin admin] Publish callbacks [] for subnet, before_create {{(pid=102663) _notify_loop /usr/local/lib/python3.8/dist-packages/neutron_lib/callbacks/manager.py:175}}
Nov 22 22:58:47.651585 dv-cinder-818834-1-iscsi neutron-server[102662]: DEBUG neutron_lib.callbacks.manager [None req-4222a98b-8846-4f21-8910-fd0452d5138e admin admin] Publish callbacks ['neutron.plugins.ml2.plugin.Ml2Plugin._handle_segment_change-577510'] for segment, precommit_create {{(pid=102662) _notify_loop /usr/local/lib/python3.8/dist-packages/neutron_lib/callbacks/manager.py:175}}
Nov 22 22:58:47.652006 dv-cinder-818834-1-iscsi neutron-server[102662]: INFO neutron.db.segments_db [None req-4222a98b-8846-4f21-8910-fd0452d5138e admin admin] Added segment 573c2dfa-29ce-4305-979a-20bff5392418 of type vlan for network 9bbfe9b4-10d0-433e-bb54-f88a06c5a93e
Nov 22 22:58:47.724205 dv-cinder-818834-1-iscsi neutron-server[102662]: DEBUG neutron.api.rpc.handlers.resources_rpc [None req-4222a98b-8846-4f21-8910-fd0452d5138e admin admin] Pushing event updated for resources: {'SecurityGroup': ['ID=b9ec3629-510a-4ecc-9bb3-00446e1e6186,revision_number=1']} {{(pid=102662) push /opt/stack/neutron/neutron/api/rpc/handlers/resources_rpc.py:237}}
Nov 22 22:58:47.738175 dv-cinder-818834-1-iscsi neutron-server[102662]: DEBUG neutron_lib.callbacks.manager [None req-4222a98b-8846-4f21-8910-fd0452d5138e admin admin] Publish callbacks ['neutron.services.auto_allocate.db._ensure_external_network_default_value_callback-8740652127245'] for network, precommit_create {{(pid=102662) _notify_loop /usr/local/lib/python3.8/dist-packages/neutron_lib/callbacks/manager.py:175}}
Nov 22 22:58:47.756976 dv-cinder-818834-1-iscsi neutron-server[102663]: DEBUG neutron_lib.callbacks.manager [None req-593ec04e-48b1-48ae-90d8-e8c75bae1afa admin admin] Publish callbacks ['neutron.plugins.ml2.ovo_rpc._ObjectChangeHandler.handle_event-355321', 'neutron.api.rpc.agentnotifiers.dhcp_rpc_agent_api.DhcpAgentNotifyAPI._native_event_send_dhcp_notification-16289561'] for subnet, after_create {{(pid=102663) _notify_loop /usr/local/lib/python3.8/dist-packages/neutron_lib/callbacks/manager.py:175}}
Nov 22 22:58:47.787414 dv-cinder-818834-1-iscsi neutron-server[102662]: DEBUG neutron_lib.callbacks.manager [None req-4222a98b-8846-4f21-8910-fd0452d5138e admin admin] Publish callbacks ['neutron.plugins.ml2.ovo_rpc._ObjectChangeHandler.handle_event-355232', 'neutron.api.rpc.agentnotifiers.dhcp_rpc_agent_api.DhcpAgentNotifyAPI._native_event_send_dhcp_notification-16289561'] for network, after_create {{(pid=102662) _notify_loop /usr/local/lib/python3.8/dist-packages/neutron_lib/callbacks/manager.py:175}}
Nov 22 22:58:47.790180 dv-cinder-818834-1-iscsi neutron-server[102662]: DEBUG neutron.pecan_wsgi.hooks.policy_enforcement [None req-4222a98b-8846-4f21-8910-fd0452d5138e admin admin] Attributes excluded by policy engine: ['standard_attr_id', 'vlan_transparent'] {{(pid=102662) _exclude_attributes_by_policy /opt/stack/neutron/neutron/pecan_wsgi/hooks/policy_enforcement.py:255}}
Nov 22 22:58:47.790847 dv-cinder-818834-1-iscsi neutron-server[102662]: DEBUG neutron_lib.callbacks.manager [None req-4222a98b-8846-4f21-8910-fd0452d5138e admin admin] Publish callbacks ['neutron.api.rpc.agentnotifiers.dhcp_rpc_agent_api.DhcpAgentNotifyAPI._send_dhcp_notification-16289583'] for network, before_response {{(pid=102662) _notify_loop /usr/local/lib/python3.8/dist-packages/neutron_lib/callbacks/manager.py:175}}
Nov 22 22:58:47.797963 dv-cinder-818834-1-iscsi neutron-server[102663]: DEBUG neutron.pecan_wsgi.hooks.quota_enforcement [None req-8ff7965b-a5c0-459b-b3cf-29ceaf9b6bb9 admin admin] Made reservation on behalf of 1525897e49c34ebb9215d460e1ad237d for: {'network': 1} {{(pid=102663) before /opt/stack/neutron/neutron/pecan_wsgi/hooks/quota_enforcement.py:53}}
Nov 22 22:58:47.800198 dv-cinder-818834-1-iscsi neutron-server[102663]: DEBUG neutron_lib.callbacks.manager [None req-8ff7965b-a5c0-459b-b3cf-29ceaf9b6bb9 admin admin] Publish callbacks ['neutron.plugins.ml2.plugin.SecurityGroupDbMixin._ensure_default_security_group_handler-569952'] for network, before_create {{(pid=102663) _notify_loop /usr/local/lib/python3.8/dist-packages/neutron_lib/callbacks/manager.py:175}}
Nov 22 22:58:47.867964 dv-cinder-818834-1-iscsi neutron-server[102663]: DEBUG neutron_lib.callbacks.manager [None req-8ff7965b-a5c0-459b-b3cf-29ceaf9b6bb9 admin admin] Publish callbacks [] for security_group, before_create {{(pid=102663) _notify_loop /usr/local/lib/python3.8/dist-packages/neutron_lib/callbacks/manager.py:175}}
Nov 22 22:58:47.872757 dv-cinder-818834-1-iscsi neutron-server[102662]: INFO neutron.wsgi [None req-4222a98b-8846-4f21-8910-fd0452d5138e admin admin] 10.222.0.81 "POST /v2.0/networks HTTP/1.1" status: 201 len: 884 time: 1.4310279
Nov 22 22:58:47.878201 dv-cinder-818834-1-iscsi neutron-server[102662]: DEBUG neutron.wsgi [-] (102662) accepted ('10.222.0.81', 60932) {{(pid=102662) server /usr/local/lib/python3.8/dist-packages/eventlet/wsgi.py:1004}}
Nov 22 22:58:47.885730 dv-cinder-818834-1-iscsi neutron-server[102662]: DEBUG neutron.api.v2.base [None req-dcc00e25-38ba-48aa-a14e-5561f2e92ebf admin admin] Request body: {'subnet': {'network_id': '9bbfe9b4-10d0-433e-bb54-f88a06c5a93e', 'cidr': '172.20.0.0/28', 'name': 'tempest-DeleteServersTestJSON-82132811-subnet', 'tenant_id': '6ae3b6b7cb754497a30d3a41220bef60', 'enable_dhcp': False, 'ip_version': 4}} {{(pid=102662) prepare_request_body /opt/stack/neutron/neutron/api/v2/base.py:729}}
Nov 22 22:58:47.893230 dv-cinder-818834-1-iscsi neutron-server[102662]: DEBUG neutron.api.rpc.handlers.resources_rpc [None req-4222a98b-8846-4f21-8910-fd0452d5138e admin admin] Pushing event updated for resources: {'Network': ['ID=9bbfe9b4-10d0-433e-bb54-f88a06c5a93e,revision_number=1']} {{(pid=102662) push /opt/stack/neutron/neutron/api/rpc/handlers/resources_rpc.py:237}}
Nov 22 22:58:47.910891 dv-cinder-818834-1-iscsi neutron-server[102664]: DEBUG neutron.plugins.ml2.rpc [None req-823f2631-aa87-409a-87ec-3cb24714484c None None] Network 9bbfe9b4-10d0-433e-bb54-f88a06c5a93e details requested by agent ovs-agent-dv-cinder-818834-1-iscsi with host dv-cinder-818834-1-iscsi {{(pid=102664) get_network_details /opt/stack/neutron/neutron/plugins/ml2/rpc.py:248}}
Nov 22 22:58:47.920985 dv-cinder-818834-1-iscsi neutron-server[102662]: DEBUG neutron.pecan_wsgi.hooks.quota_enforcement [None req-dcc00e25-38ba-48aa-a14e-5561f2e92ebf admin admin] Made reservation on behalf of 6ae3b6b7cb754497a30d3a41220bef60 for: {'subnet': 1} {{(pid=102662) before /opt/stack/neutron/neutron/pecan_wsgi/hooks/quota_enforcement.py:53}}
Nov 22 22:58:47.925132 dv-cinder-818834-1-iscsi neutron-server[102662]: DEBUG neutron_lib.callbacks.manager [None req-dcc00e25-38ba-48aa-a14e-5561f2e92ebf admin admin] Publish callbacks [] for subnet, before_create {{(pid=102662) _notify_loop /usr/local/lib/python3.8/dist-packages/neutron_lib/callbacks/manager.py:175}}
Nov 22 22:58:47.928650 dv-cinder-818834-1-iscsi neutron-server[102663]: DEBUG neutron.plugins.ml2.drivers.mech_agent [None req-593ec04e-48b1-48ae-90d8-e8c75bae1afa admin admin] Checking segment: {'id': '40a04a89-6ebd-4e32-90f4-0d446d4153d8', 'network_type': 'vlan', 'physical_network': 'physnet1', 'segmentation_id': 1042, 'network_id': 'bf77bdb8-32c3-46df-9787-173ffafa8e98'} for mappings: {'physnet1': 'br-data'} with network types: ['local', 'flat', 'vlan'] {{(pid=102663) check_segment_for_agent /opt/stack/neutron/neutron/plugins/ml2/drivers/mech_agent.py:371}}
Nov 22 22:58:47.929106 dv-cinder-818834-1-iscsi neutron-server[102663]: DEBUG neutron.scheduler.dhcp_agent_scheduler [None req-593ec04e-48b1-48ae-90d8-e8c75bae1afa admin admin] Network hostable DHCP agents. Network: bf77bdb8-32c3-46df-9787-173ffafa8e98, hostable agents: ['40129849-e931-4483-9309-6000c2514771'], hosted agents: [] {{(pid=102663) _get_network_hostable_dhcp_agents /opt/stack/neutron/neutron/scheduler/dhcp_agent_scheduler.py:329}}
Nov 22 22:58:47.940912 dv-cinder-818834-1-iscsi neutron-server[102663]: DEBUG neutron.api.rpc.handlers.resources_rpc [None req-593ec04e-48b1-48ae-90d8-e8c75bae1afa admin admin] Pushing event updated for resources: {'Subnet': ['ID=5f0c2acb-721b-4d06-b714-4fbf6b768fe9,revision_number=0']} {{(pid=102663) push /opt/stack/neutron/neutron/api/rpc/handlers/resources_rpc.py:237}}
Nov 22 22:58:48.001941 dv-cinder-818834-1-iscsi neutron-server[102663]: DEBUG neutron.api.rpc.callbacks.version_manager [None req-593ec04e-48b1-48ae-90d8-e8c75bae1afa admin admin] Version for resource type AddressGroup changed None to 1.2 on consumer Open vSwitch agent@dv-cinder-818834-1-iscsi {{(pid=102663) _set_version /opt/stack/neutron/neutron/api/rpc/callbacks/version_manager.py:113}}
Nov 22 22:58:48.010444 dv-cinder-818834-1-iscsi neutron-server[102663]: DEBUG neutron.api.rpc.callbacks.version_manager [None req-593ec04e-48b1-48ae-90d8-e8c75bae1afa admin admin] Version for resource type ConntrackHelper changed None to 1.0 on consumer Open vSwitch agent@dv-cinder-818834-1-iscsi {{(pid=102663) _set_version /opt/stack/neutron/neutron/api/rpc/callbacks/version_manager.py:113}}
Nov 22 22:58:48.010444 dv-cinder-818834-1-iscsi neutron-server[102663]: DEBUG neutron.api.rpc.callbacks.version_manager [None req-593ec04e-48b1-48ae-90d8-e8c75bae1afa admin admin] Version for resource type Log changed None to 1.0 on consumer Open vSwitch agent@dv-cinder-818834-1-iscsi {{(pid=102663) _set_version /opt/stack/neutron/neutron/api/rpc/callbacks/version_manager.py:113}}
Nov 22 22:58:48.010444 dv-cinder-818834-1-iscsi neutron-server[102663]: DEBUG neutron.api.rpc.callbacks.version_manager [None req-593ec04e-48b1-48ae-90d8-e8c75bae1afa admin admin] Version for resource type Network changed None to 1.1 on consumer Open vSwitch agent@dv-cinder-818834-1-iscsi {{(pid=102663) _set_version /opt/stack/neutron/neutron/api/rpc/callbacks/version_manager.py:113}}
Nov 22 22:58:48.010444 dv-cinder-818834-1-iscsi neutron-server[102663]: DEBUG neutron.api.rpc.callbacks.version_manager [None req-593ec04e-48b1-48ae-90d8-e8c75bae1afa admin admin] Version for resource type Port changed None to 1.7 on consumer Open vSwitch agent@dv-cinder-818834-1-iscsi {{(pid=102663) _set_version /opt/stack/neutron/neutron/api/rpc/callbacks/version_manager.py:113}}
Nov 22 22:58:48.010444 dv-cinder-818834-1-iscsi neutron-server[102663]: DEBUG neutron.api.rpc.callbacks.version_manager [None req-593ec04e-48b1-48ae-90d8-e8c75bae1afa admin admin] Version for resource type PortForwarding changed None to 1.2 on consumer Open vSwitch agent@dv-cinder-818834-1-iscsi {{(pid=102663) _set_version /opt/stack/neutron/neutron/api/rpc/callbacks/version_manager.py:113}}
Nov 22 22:58:48.010444 dv-cinder-818834-1-iscsi neutron-server[102663]: DEBUG neutron.api.rpc.callbacks.version_manager [None req-593ec04e-48b1-48ae-90d8-e8c75bae1afa admin admin] Version for resource type QosPolicy changed None to 1.10 on consumer Open vSwitch agent@dv-cinder-818834-1-iscsi {{(pid=102663) _set_version /opt/stack/neutron/neutron/api/rpc/callbacks/version_manager.py:113}}
Nov 22 22:58:48.010444 dv-cinder-818834-1-iscsi neutron-server[102663]: DEBUG neutron.api.rpc.callbacks.version_manager [None req-593ec04e-48b1-48ae-90d8-e8c75bae1afa admin admin] Version for resource type SecurityGroup changed None to 1.5 on consumer Open vSwitch agent@dv-cinder-818834-1-iscsi {{(pid=102663) _set_version /opt/stack/neutron/neutron/api/rpc/callbacks/version_manager.py:113}}
Nov 22 22:58:48.010444 dv-cinder-818834-1-iscsi neutron-server[102663]: DEBUG neutron.api.rpc.callbacks.version_manager [None req-593ec04e-48b1-48ae-90d8-e8c75bae1afa admin admin] Version for resource type SecurityGroupRule changed None to 1.2 on consumer Open vSwitch agent@dv-cinder-818834-1-iscsi {{(pid=102663) _set_version /opt/stack/neutron/neutron/api/rpc/callbacks/version_manager.py:113}}
Nov 22 22:58:48.010444 dv-cinder-818834-1-iscsi neutron-server[102663]: DEBUG neutron.api.rpc.callbacks.version_manager [None req-593ec04e-48b1-48ae-90d8-e8c75bae1afa admin admin] Version for resource type SubPort changed None to 1.0 on consumer Open vSwitch agent@dv-cinder-818834-1-iscsi {{(pid=102663) _set_version /opt/stack/neutron/neutron/api/rpc/callbacks/version_manager.py:113}}
Nov 22 22:58:48.010444 dv-cinder-818834-1-iscsi neutron-server[102663]: DEBUG neutron.api.rpc.callbacks.version_manager [None req-593ec04e-48b1-48ae-90d8-e8c75bae1afa admin admin] Version for resource type Subnet changed None to 1.1 on consumer Open vSwitch agent@dv-cinder-818834-1-iscsi {{(pid=102663) _set_version /opt/stack/neutron/neutron/api/rpc/callbacks/version_manager.py:113}}
Nov 22 22:58:48.010444 dv-cinder-818834-1-iscsi neutron-server[102663]: DEBUG neutron.api.rpc.callbacks.version_manager [None req-593ec04e-48b1-48ae-90d8-e8c75bae1afa admin admin] Version for resource type Trunk changed None to 1.1 on consumer Open vSwitch agent@dv-cinder-818834-1-iscsi {{(pid=102663) _set_version /opt/stack/neutron/neutron/api/rpc/callbacks/version_manager.py:113}}
Nov 22 22:58:48.010444 dv-cinder-818834-1-iscsi neutron-server[102663]: DEBUG neutron.api.rpc.callbacks.version_manager [None req-593ec04e-48b1-48ae-90d8-e8c75bae1afa admin admin] Tracked resource versions report:
Nov 22 22:58:48.010444 dv-cinder-818834-1-iscsi neutron-server[102663]: pushed versions:
Nov 22 22:58:48.010444 dv-cinder-818834-1-iscsi neutron-server[102663]: { 'AddressGroup': {'1.2'},
Nov 22 22:58:48.010444 dv-cinder-818834-1-iscsi neutron-server[102663]: 'ConntrackHelper': {'1.0'},
Nov 22 22:58:48.010444 dv-cinder-818834-1-iscsi neutron-server[102663]: 'Log': {'1.0'},
Nov 22 22:58:48.010444 dv-cinder-818834-1-iscsi neutron-server[102663]: 'Network': {'1.1'},
Nov 22 22:58:48.010444 dv-cinder-818834-1-iscsi neutron-server[102663]: 'Port': {'1.7'},
Nov 22 22:58:48.010444 dv-cinder-818834-1-iscsi neutron-server[102663]: 'PortForwarding': {'1.2'},
Nov 22 22:58:48.010444 dv-cinder-818834-1-iscsi neutron-server[102663]: 'QosPolicy': {'1.10'},
Nov 22 22:58:48.010444 dv-cinder-818834-1-iscsi neutron-server[102663]: 'SecurityGroup': {'1.5'},
Nov 22 22:58:48.010444 dv-cinder-818834-1-iscsi neutron-server[102663]: 'SecurityGroupRule': {'1.2'},
Nov 22 22:58:48.010444 dv-cinder-818834-1-iscsi neutron-server[102663]: 'SubPort': {'1.0'},
Nov 22 22:58:48.010444 dv-cinder-818834-1-iscsi neutron-server[102663]: 'Subnet': {'1.1'},
Nov 22 22:58:48.010444 dv-cinder-818834-1-iscsi neutron-server[102663]: 'Trunk': {'1.1'}}
Nov 22 22:58:48.010444 dv-cinder-818834-1-iscsi neutron-server[102663]: consumer versions:
Nov 22 22:58:48.010444 dv-cinder-818834-1-iscsi neutron-server[102663]: { DHCP agent@dv-cinder-818834-1-iscsi: {},
Nov 22 22:58:48.010444 dv-cinder-818834-1-iscsi neutron-server[102663]: HyperV agent@hv-cinder-81883: {},
Nov 22 22:58:48.010444 dv-cinder-818834-1-iscsi neutron-server[102663]: L3 agent@dv-cinder-818834-1-iscsi: {},
Nov 22 22:58:48.010444 dv-cinder-818834-1-iscsi neutron-server[102663]: Metadata agent@dv-cinder-818834-1-iscsi: {},
Nov 22 22:58:48.010444 dv-cinder-818834-1-iscsi neutron-server[102663]: Metering agent@dv-cinder-818834-1-iscsi: {},
Nov 22 22:58:48.010444 dv-cinder-818834-1-iscsi neutron-server[102663]: Open vSwitch agent@dv-cinder-818834-1-iscsi: { 'AddressGroup': '1.2',
Nov 22 22:58:48.010444 dv-cinder-818834-1-iscsi neutron-server[102663]: 'ConntrackHelper': '1.0',
Nov 22 22:58:48.010444 dv-cinder-818834-1-iscsi neutron-server[102663]: 'Log': '1.0',
Nov 22 22:58:48.010444 dv-cinder-818834-1-iscsi neutron-server[102663]: 'Network': '1.1',
Nov 22 22:58:48.010444 dv-cinder-818834-1-iscsi neutron-server[102663]: 'Port': '1.7',
Nov 22 22:58:48.010444 dv-cinder-818834-1-iscsi neutron-server[102663]: 'PortForwarding': '1.2',
Nov 22 22:58:48.010444 dv-cinder-818834-1-iscsi neutron-server[102663]: 'QosPolicy': '1.10',
Nov 22 22:58:48.010444 dv-cinder-818834-1-iscsi neutron-server[102663]: 'SecurityGroup': '1.5',
Nov 22 22:58:48.010444 dv-cinder-818834-1-iscsi neutron-server[102663]: 'SecurityGroupRule': '1.2',
Nov 22 22:58:48.010444 dv-cinder-818834-1-iscsi neutron-server[102663]: 'SubPort': '1.0',
Nov 22 22:58:48.010444 dv-cinder-818834-1-iscsi neutron-server[102663]: 'Subnet': '1.1',
Nov 22 22:58:48.010444 dv-cinder-818834-1-iscsi neutron-server[102663]: 'Trunk': '1.1'}}
Nov 22 22:58:48.010444 dv-cinder-818834-1-iscsi neutron-server[102663]: {{(pid=102663) report /opt/stack/neutron/neutron/api/rpc/callbacks/version_manager.py:175}}
Nov 22 22:58:48.020970 dv-cinder-818834-1-iscsi neutron-server[102663]: DEBUG neutron.scheduler.dhcp_agent_scheduler [None req-593ec04e-48b1-48ae-90d8-e8c75bae1afa admin admin] Network bf77bdb8-32c3-46df-9787-173ffafa8e98 is scheduled to be hosted by DHCP agent 40129849-e931-4483-9309-6000c2514771 with binding_index 1 {{(pid=102663) bind /opt/stack/neutron/neutron/scheduler/dhcp_agent_scheduler.py:227}}
Nov 22 22:58:48.063777 dv-cinder-818834-1-iscsi neutron-server[102663]: DEBUG neutron.scheduler.base_scheduler [None req-593ec04e-48b1-48ae-90d8-e8c75bae1afa admin admin] Resources bound (agent type, host, resource id): (DHCP agent, dv-cinder-818834-1-iscsi, bf77bdb8-32c3-46df-9787-173ffafa8e98) {{(pid=102663) schedule /opt/stack/neutron/neutron/scheduler/base_scheduler.py:57}}
Nov 22 22:58:48.082046 dv-cinder-818834-1-iscsi neutron-server[102664]: DEBUG neutron.api.rpc.handlers.dhcp_rpc [None req-db1c645e-d427-4b27-aba4-3fec2e81327a None None] Network bf77bdb8-32c3-46df-9787-173ffafa8e98 requested from dv-cinder-818834-1-iscsi {{(pid=102664) get_network_info /opt/stack/neutron/neutron/api/rpc/handlers/dhcp_rpc.py:218}}
Nov 22 22:58:48.095529 dv-cinder-818834-1-iscsi neutron-server[102663]: DEBUG neutron.pecan_wsgi.hooks.policy_enforcement [None req-593ec04e-48b1-48ae-90d8-e8c75bae1afa admin admin] Attributes excluded by policy engine: ['standard_attr_id', 'shared', 'network'] {{(pid=102663) _exclude_attributes_by_policy /opt/stack/neutron/neutron/pecan_wsgi/hooks/policy_enforcement.py:255}}
Nov 22 22:58:48.097641 dv-cinder-818834-1-iscsi neutron-server[102663]: DEBUG neutron_lib.callbacks.manager [None req-593ec04e-48b1-48ae-90d8-e8c75bae1afa admin admin] Publish callbacks ['neutron.api.rpc.agentnotifiers.dhcp_rpc_agent_api.DhcpAgentNotifyAPI._send_dhcp_notification-16289583'] for subnet, before_response {{(pid=102663) _notify_loop /usr/local/lib/python3.8/dist-packages/neutron_lib/callbacks/manager.py:175}}
Nov 22 22:58:48.165534 dv-cinder-818834-1-iscsi neutron-server[102663]: DEBUG neutron_lib.callbacks.manager [None req-8ff7965b-a5c0-459b-b3cf-29ceaf9b6bb9 admin admin] Publish callbacks [] for security_group, precommit_create {{(pid=102663) _notify_loop /usr/local/lib/python3.8/dist-packages/neutron_lib/callbacks/manager.py:175}}
Nov 22 22:58:48.184506 dv-cinder-818834-1-iscsi neutron-server[102663]: INFO neutron.wsgi [None req-593ec04e-48b1-48ae-90d8-e8c75bae1afa admin admin] 10.222.0.81 "POST /v2.0/subnets HTTP/1.1" status: 201 len: 852 time: 0.7888799
Nov 22 22:58:48.187507 dv-cinder-818834-1-iscsi neutron-server[102663]: DEBUG neutron.wsgi [-] (102663) accepted ('10.222.0.81', 60938) {{(pid=102663) server /usr/local/lib/python3.8/dist-packages/eventlet/wsgi.py:1004}}
Nov 22 22:58:48.193227 dv-cinder-818834-1-iscsi neutron-server[102663]: DEBUG neutron.api.v2.base [None req-285b2e9c-3865-44f9-b742-ee96530b55ac admin admin] Request body: {'router': {'name': 'tempest-AttachVolumeShelveTestJSON-481137732-router', 'tenant_id': '387b910bbc6a480a88d07859ab82cfe6', 'external_gateway_info': {'network_id': 'e28730dd-aa15-45df-ad65-718ec9d0cbab'}}} {{(pid=102663) prepare_request_body /opt/stack/neutron/neutron/api/v2/base.py:729}}
Nov 22 22:58:48.199910 dv-cinder-818834-1-iscsi neutron-server[102663]: DEBUG neutron_lib.callbacks.manager [None req-8ff7965b-a5c0-459b-b3cf-29ceaf9b6bb9 admin admin] Publish callbacks ['neutron.plugins.ml2.ovo_rpc._ObjectChangeHandler.handle_event-355089'] for security_group, after_create {{(pid=102663) _notify_loop /usr/local/lib/python3.8/dist-packages/neutron_lib/callbacks/manager.py:175}}
Nov 22 22:58:48.253301 dv-cinder-818834-1-iscsi neutron-server[102663]: DEBUG neutron.plugins.ml2.drivers.helpers [None req-8ff7965b-a5c0-459b-b3cf-29ceaf9b6bb9 admin admin] vlan segment allocate from pool success with {'physical_network': 'physnet1', 'vlan_id': 1017} {{(pid=102663) allocate_partially_specified_segment /opt/stack/neutron/neutron/plugins/ml2/drivers/helpers.py:153}}
Nov 22 22:58:48.258295 dv-cinder-818834-1-iscsi neutron-server[102663]: DEBUG neutron_lib.callbacks.manager [None req-239832c1-30e6-43f5-8216-63e71c69e4ab admin admin] Publish callbacks ['neutron.plugins.ml2.ovo_rpc._ObjectChangeHandler.handle_event-355321', 'neutron.api.rpc.agentnotifiers.dhcp_rpc_agent_api.DhcpAgentNotifyAPI._native_event_send_dhcp_notification-16289561'] for subnet, after_create {{(pid=102663) _notify_loop /usr/local/lib/python3.8/dist-packages/neutron_lib/callbacks/manager.py:175}}
Nov 22 22:58:48.261252 dv-cinder-818834-1-iscsi neutron-server[102662]: DEBUG neutron_lib.callbacks.manager [None req-dcc00e25-38ba-48aa-a14e-5561f2e92ebf admin admin] Publish callbacks ['neutron.plugins.ml2.ovo_rpc._ObjectChangeHandler.handle_event-355321', 'neutron.api.rpc.agentnotifiers.dhcp_rpc_agent_api.DhcpAgentNotifyAPI._native_event_send_dhcp_notification-16289561'] for subnet, after_create {{(pid=102662) _notify_loop /usr/local/lib/python3.8/dist-packages/neutron_lib/callbacks/manager.py:175}}
Nov 22 22:58:48.338795 dv-cinder-818834-1-iscsi neutron-server[102663]: DEBUG neutron.api.rpc.handlers.resources_rpc [None req-239832c1-30e6-43f5-8216-63e71c69e4ab admin admin] Pushing event updated for resources: {'Subnet': ['ID=54239d30-455d-4928-b2ad-f01042871693,revision_number=0']} {{(pid=102663) push /opt/stack/neutron/neutron/api/rpc/handlers/resources_rpc.py:237}}
Nov 22 22:58:48.365373 dv-cinder-818834-1-iscsi neutron-server[102663]: DEBUG neutron_lib.callbacks.manager [None req-285b2e9c-3865-44f9-b742-ee96530b55ac admin admin] Publish callbacks ['neutron.services.l3_router.l3_router_plugin.L3_HA_NAT_db_mixin._before_router_create_handler-398969', 'neutron.services.l3_router.service_providers.driver_controller.DriverController._check_router_request-26039'] for router, before_create {{(pid=102663) _notify_loop /usr/local/lib/python3.8/dist-packages/neutron_lib/callbacks/manager.py:175}}
Nov 22 22:58:48.366873 dv-cinder-818834-1-iscsi neutron-server[102663]: DEBUG neutron_lib.callbacks.manager [None req-285b2e9c-3865-44f9-b742-ee96530b55ac admin admin] Publish callbacks ['neutron.services.l3_router.l3_router_plugin.L3_HA_NAT_db_mixin._precommit_router_create-398083', 'neutron.services.l3_router.l3_router_plugin.DVRResourceOperationHandler._set_distributed_flag-346983', 'neutron.services.l3_router.l3_router_plugin.RouterAvailabilityZoneMixin._process_az_request-486794', 'neutron.services.l3_router.service_providers.driver_controller.DriverController._set_router_provider-28228'] for router, precommit_create {{(pid=102663) _notify_loop /usr/local/lib/python3.8/dist-packages/neutron_lib/callbacks/manager.py:175}}
Nov 22 22:58:48.374394 dv-cinder-818834-1-iscsi neutron-server[102662]: DEBUG neutron.plugins.ml2.drivers.mech_agent [None req-dcc00e25-38ba-48aa-a14e-5561f2e92ebf admin admin] Checking segment: {'id': '573c2dfa-29ce-4305-979a-20bff5392418', 'network_type': 'vlan', 'physical_network': 'physnet1', 'segmentation_id': 1041, 'network_id': '9bbfe9b4-10d0-433e-bb54-f88a06c5a93e'} for mappings: {'physnet1': 'br-data'} with network types: ['local', 'flat', 'vlan'] {{(pid=102662) check_segment_for_agent /opt/stack/neutron/neutron/plugins/ml2/drivers/mech_agent.py:371}}
Nov 22 22:58:48.375115 dv-cinder-818834-1-iscsi neutron-server[102662]: DEBUG neutron.scheduler.dhcp_agent_scheduler [None req-dcc00e25-38ba-48aa-a14e-5561f2e92ebf admin admin] Network hostable DHCP agents. Network: 9bbfe9b4-10d0-433e-bb54-f88a06c5a93e, hostable agents: ['40129849-e931-4483-9309-6000c2514771'], hosted agents: [] {{(pid=102662) _get_network_hostable_dhcp_agents /opt/stack/neutron/neutron/scheduler/dhcp_agent_scheduler.py:329}}
Nov 22 22:58:48.390746 dv-cinder-818834-1-iscsi neutron-server[102662]: DEBUG neutron.api.rpc.handlers.resources_rpc [None req-dcc00e25-38ba-48aa-a14e-5561f2e92ebf admin admin] Pushing event updated for resources: {'Subnet': ['ID=245a6a94-da0f-4b15-83c3-f249475814e0,revision_number=0']} {{(pid=102662) push /opt/stack/neutron/neutron/api/rpc/handlers/resources_rpc.py:237}}
Nov 22 22:58:48.425076 dv-cinder-818834-1-iscsi neutron-server[102662]: DEBUG neutron.scheduler.dhcp_agent_scheduler [None req-dcc00e25-38ba-48aa-a14e-5561f2e92ebf admin admin] Network 9bbfe9b4-10d0-433e-bb54-f88a06c5a93e is scheduled to be hosted by DHCP agent 40129849-e931-4483-9309-6000c2514771 with binding_index 1 {{(pid=102662) bind /opt/stack/neutron/neutron/scheduler/dhcp_agent_scheduler.py:227}}
Nov 22 22:58:48.427312 dv-cinder-818834-1-iscsi neutron-server[102664]: DEBUG neutron.api.rpc.handlers.dhcp_rpc [None req-72bc12e4-639c-4c5c-b047-79954e494c33 None None] Create dhcp port {'port': {'name': '', 'admin_state_up': True, 'device_id': 'dhcpf32a08a7-587b-5100-8c07-e5f5466f0d27-bf77bdb8-32c3-46df-9787-173ffafa8e98', 'network_id': 'bf77bdb8-32c3-46df-9787-173ffafa8e98', 'tenant_id': '387b910bbc6a480a88d07859ab82cfe6', 'fixed_ips': [{'subnet_id': '5f0c2acb-721b-4d06-b714-4fbf6b768fe9'}]}} from dv-cinder-818834-1-iscsi. {{(pid=102664) create_dhcp_port /opt/stack/neutron/neutron/api/rpc/handlers/dhcp_rpc.py:285}}
Nov 22 22:58:48.428547 dv-cinder-818834-1-iscsi neutron-server[102664]: DEBUG neutron_lib.callbacks.manager [None req-72bc12e4-639c-4c5c-b047-79954e494c33 None None] Publish callbacks ['neutron.plugins.ml2.plugin.SecurityGroupDbMixin._ensure_default_security_group_handler-569952'] for port, before_create {{(pid=102664) _notify_loop /usr/local/lib/python3.8/dist-packages/neutron_lib/callbacks/manager.py:175}}
Nov 22 22:58:48.449438 dv-cinder-818834-1-iscsi neutron-server[102662]: DEBUG neutron.scheduler.base_scheduler [None req-dcc00e25-38ba-48aa-a14e-5561f2e92ebf admin admin] Resources bound (agent type, host, resource id): (DHCP agent, dv-cinder-818834-1-iscsi, 9bbfe9b4-10d0-433e-bb54-f88a06c5a93e) {{(pid=102662) schedule /opt/stack/neutron/neutron/scheduler/base_scheduler.py:57}}
Nov 22 22:58:48.458316 dv-cinder-818834-1-iscsi neutron-server[102663]: DEBUG neutron_lib.callbacks.manager [None req-285b2e9c-3865-44f9-b742-ee96530b55ac admin admin] Publish callbacks [] for router_controller, precommit_add_association {{(pid=102663) _notify_loop /usr/local/lib/python3.8/dist-packages/neutron_lib/callbacks/manager.py:175}}
Nov 22 22:58:48.459582 dv-cinder-818834-1-iscsi neutron-server[102663]: DEBUG neutron.api.rpc.handlers.resources_rpc [None req-8ff7965b-a5c0-459b-b3cf-29ceaf9b6bb9 admin admin] Pushing event updated for resources: {'SecurityGroup': ['ID=0c62e496-8207-4f16-b047-0bf6fce7a961,revision_number=1']} {{(pid=102663) push /opt/stack/neutron/neutron/api/rpc/handlers/resources_rpc.py:237}}
Nov 22 22:58:48.463682 dv-cinder-818834-1-iscsi neutron-server[102664]: DEBUG neutron.api.rpc.handlers.dhcp_rpc [None req-33a1cea8-08f2-430d-b0ba-7625344f4cc9 None None] Network 9bbfe9b4-10d0-433e-bb54-f88a06c5a93e requested from dv-cinder-818834-1-iscsi {{(pid=102664) get_network_info /opt/stack/neutron/neutron/api/rpc/handlers/dhcp_rpc.py:218}}
Nov 22 22:58:48.470490 dv-cinder-818834-1-iscsi neutron-server[102662]: DEBUG neutron.pecan_wsgi.hooks.policy_enforcement [None req-dcc00e25-38ba-48aa-a14e-5561f2e92ebf admin admin] Attributes excluded by policy engine: ['standard_attr_id', 'shared', 'network'] {{(pid=102662) _exclude_attributes_by_policy /opt/stack/neutron/neutron/pecan_wsgi/hooks/policy_enforcement.py:255}}
Nov 22 22:58:48.471269 dv-cinder-818834-1-iscsi neutron-server[102662]: DEBUG neutron_lib.callbacks.manager [None req-dcc00e25-38ba-48aa-a14e-5561f2e92ebf admin admin] Publish callbacks ['neutron.api.rpc.agentnotifiers.dhcp_rpc_agent_api.DhcpAgentNotifyAPI._send_dhcp_notification-16289583'] for subnet, before_response {{(pid=102662) _notify_loop /usr/local/lib/python3.8/dist-packages/neutron_lib/callbacks/manager.py:175}}
Nov 22 22:58:48.483670 dv-cinder-818834-1-iscsi neutron-server[102663]: DEBUG neutron_lib.callbacks.manager [None req-8ff7965b-a5c0-459b-b3cf-29ceaf9b6bb9 admin admin] Publish callbacks ['neutron.plugins.ml2.plugin.Ml2Plugin._handle_segment_change-577510'] for segment, precommit_create {{(pid=102663) _notify_loop /usr/local/lib/python3.8/dist-packages/neutron_lib/callbacks/manager.py:175}}
Nov 22 22:58:48.484402 dv-cinder-818834-1-iscsi neutron-server[102663]: INFO neutron.db.segments_db [None req-8ff7965b-a5c0-459b-b3cf-29ceaf9b6bb9 admin admin] Added segment 6bfbca0c-638b-482e-ac70-cbfe8f64f2b5 of type vlan for network 135c9d2c-b547-438e-b31c-2139e85d4ac9
Nov 22 22:58:48.512487 dv-cinder-818834-1-iscsi neutron-server[102662]: INFO neutron.wsgi [None req-dcc00e25-38ba-48aa-a14e-5561f2e92ebf admin admin] 10.222.0.81 "POST /v2.0/subnets HTTP/1.1" status: 201 len: 847 time: 0.6329918
Nov 22 22:58:48.658481 dv-cinder-818834-1-iscsi neutron-server[102663]: DEBUG neutron_lib.callbacks.manager [None req-8ff7965b-a5c0-459b-b3cf-29ceaf9b6bb9 admin admin] Publish callbacks ['neutron.services.auto_allocate.db._ensure_external_network_default_value_callback-8740652127245'] for network, precommit_create {{(pid=102663) _notify_loop /usr/local/lib/python3.8/dist-packages/neutron_lib/callbacks/manager.py:175}}
Nov 22 22:58:48.704989 dv-cinder-818834-1-iscsi neutron-server[102663]: DEBUG neutron.plugins.ml2.drivers.mech_agent [None req-239832c1-30e6-43f5-8216-63e71c69e4ab admin admin] Checking segment: {'id': '096490f2-d1fc-43c5-91c1-d7e79147b54c', 'network_type': 'vlan', 'physical_network': 'physnet1', 'segmentation_id': 1029, 'network_id': '2cb3d985-c2d9-4782-ae33-7bf9b53d9888'} for mappings: {'physnet1': 'br-data'} with network types: ['local', 'flat', 'vlan'] {{(pid=102663) check_segment_for_agent /opt/stack/neutron/neutron/plugins/ml2/drivers/mech_agent.py:371}}
Nov 22 22:58:48.705607 dv-cinder-818834-1-iscsi neutron-server[102663]: DEBUG neutron.scheduler.dhcp_agent_scheduler [None req-239832c1-30e6-43f5-8216-63e71c69e4ab admin admin] Network hostable DHCP agents. Network: 2cb3d985-c2d9-4782-ae33-7bf9b53d9888, hostable agents: ['40129849-e931-4483-9309-6000c2514771'], hosted agents: [] {{(pid=102663) _get_network_hostable_dhcp_agents /opt/stack/neutron/neutron/scheduler/dhcp_agent_scheduler.py:329}}
Nov 22 22:58:48.732307 dv-cinder-818834-1-iscsi neutron-server[102664]: DEBUG neutron.db.db_base_plugin_common [None req-72bc12e4-639c-4c5c-b047-79954e494c33 None None] Allocated IP 172.20.0.2 (bf77bdb8-32c3-46df-9787-173ffafa8e98/5f0c2acb-721b-4d06-b714-4fbf6b768fe9/4af3049d-21be-47aa-b52b-eb0fe2947b76) {{(pid=102664) _store_ip_allocation /opt/stack/neutron/neutron/db/db_base_plugin_common.py:131}}
Nov 22 22:58:48.788530 dv-cinder-818834-1-iscsi neutron-server[102663]: DEBUG neutron_lib.callbacks.manager [None req-285b2e9c-3865-44f9-b742-ee96530b55ac admin admin] Publish callbacks [] for router_gateway, precommit_update {{(pid=102663) _notify_loop /usr/local/lib/python3.8/dist-packages/neutron_lib/callbacks/manager.py:175}}
Nov 22 22:58:48.792670 dv-cinder-818834-1-iscsi neutron-server[102663]: DEBUG neutron_lib.callbacks.manager [None req-8ff7965b-a5c0-459b-b3cf-29ceaf9b6bb9 admin admin] Publish callbacks ['neutron.plugins.ml2.ovo_rpc._ObjectChangeHandler.handle_event-355232', 'neutron.api.rpc.agentnotifiers.dhcp_rpc_agent_api.DhcpAgentNotifyAPI._native_event_send_dhcp_notification-16289561'] for network, after_create {{(pid=102663) _notify_loop /usr/local/lib/python3.8/dist-packages/neutron_lib/callbacks/manager.py:175}}
Nov 22 22:58:48.793890 dv-cinder-818834-1-iscsi neutron-server[102663]: DEBUG neutron.pecan_wsgi.hooks.policy_enforcement [None req-8ff7965b-a5c0-459b-b3cf-29ceaf9b6bb9 admin admin] Attributes excluded by policy engine: ['standard_attr_id', 'vlan_transparent'] {{(pid=102663) _exclude_attributes_by_policy /opt/stack/neutron/neutron/pecan_wsgi/hooks/policy_enforcement.py:255}}
Nov 22 22:58:48.794685 dv-cinder-818834-1-iscsi neutron-server[102663]: DEBUG neutron_lib.callbacks.manager [None req-8ff7965b-a5c0-459b-b3cf-29ceaf9b6bb9 admin admin] Publish callbacks ['neutron.api.rpc.agentnotifiers.dhcp_rpc_agent_api.DhcpAgentNotifyAPI._send_dhcp_notification-16289583'] for network, before_response {{(pid=102663) _notify_loop /usr/local/lib/python3.8/dist-packages/neutron_lib/callbacks/manager.py:175}}
Nov 22 22:58:48.797412 dv-cinder-818834-1-iscsi neutron-server[102664]: DEBUG neutron.api.rpc.handlers.dhcp_rpc [None req-cc6e72d6-3796-4be0-a80b-de03fca75eb9 None None] Network 9bbfe9b4-10d0-433e-bb54-f88a06c5a93e requested from dv-cinder-818834-1-iscsi {{(pid=102664) get_network_info /opt/stack/neutron/neutron/api/rpc/handlers/dhcp_rpc.py:218}}
Nov 22 22:58:48.817224 dv-cinder-818834-1-iscsi neutron-server[102663]: INFO neutron.wsgi [None req-8ff7965b-a5c0-459b-b3cf-29ceaf9b6bb9 admin admin] 10.222.0.81 "POST /v2.0/networks HTTP/1.1" status: 201 len: 885 time: 1.7284606
Nov 22 22:58:48.820916 dv-cinder-818834-1-iscsi neutron-server[102662]: DEBUG neutron.wsgi [-] (102662) accepted ('10.222.0.81', 60966) {{(pid=102662) server /usr/local/lib/python3.8/dist-packages/eventlet/wsgi.py:1004}}
Nov 22 22:58:48.825979 dv-cinder-818834-1-iscsi neutron-server[102662]: DEBUG neutron.api.v2.base [None req-a21e35f0-b124-4b79-b892-76b77ba473b6 admin admin] Request body: {'subnet': {'network_id': '135c9d2c-b547-438e-b31c-2139e85d4ac9', 'cidr': '172.20.0.0/28', 'name': 'tempest-AttachVolumeTestJSON-1745063030-subnet', 'tenant_id': '1525897e49c34ebb9215d460e1ad237d', 'enable_dhcp': True, 'ip_version': 4}} {{(pid=102662) prepare_request_body /opt/stack/neutron/neutron/api/v2/base.py:729}}
Nov 22 22:58:48.864086 dv-cinder-818834-1-iscsi neutron-server[102663]: DEBUG neutron.scheduler.dhcp_agent_scheduler [None req-239832c1-30e6-43f5-8216-63e71c69e4ab admin admin] Network 2cb3d985-c2d9-4782-ae33-7bf9b53d9888 is scheduled to be hosted by DHCP agent 40129849-e931-4483-9309-6000c2514771 with binding_index 1 {{(pid=102663) bind /opt/stack/neutron/neutron/scheduler/dhcp_agent_scheduler.py:227}}
Nov 22 22:58:48.873881 dv-cinder-818834-1-iscsi neutron-server[102662]: DEBUG neutron.pecan_wsgi.hooks.quota_enforcement [None req-a21e35f0-b124-4b79-b892-76b77ba473b6 admin admin] Made reservation on behalf of 1525897e49c34ebb9215d460e1ad237d for: {'subnet': 1} {{(pid=102662) before /opt/stack/neutron/neutron/pecan_wsgi/hooks/quota_enforcement.py:53}}
Nov 22 22:58:48.877840 dv-cinder-818834-1-iscsi neutron-server[102662]: DEBUG neutron_lib.callbacks.manager [None req-a21e35f0-b124-4b79-b892-76b77ba473b6 admin admin] Publish callbacks [] for subnet, before_create {{(pid=102662) _notify_loop /usr/local/lib/python3.8/dist-packages/neutron_lib/callbacks/manager.py:175}}
Nov 22 22:58:48.925571 dv-cinder-818834-1-iscsi neutron-server[102663]: DEBUG neutron.scheduler.base_scheduler [None req-239832c1-30e6-43f5-8216-63e71c69e4ab admin admin] Resources bound (agent type, host, resource id): (DHCP agent, dv-cinder-818834-1-iscsi, 2cb3d985-c2d9-4782-ae33-7bf9b53d9888) {{(pid=102663) schedule /opt/stack/neutron/neutron/scheduler/base_scheduler.py:57}}
Nov 22 22:58:48.934043 dv-cinder-818834-1-iscsi neutron-server[102663]: DEBUG neutron.pecan_wsgi.hooks.policy_enforcement [None req-239832c1-30e6-43f5-8216-63e71c69e4ab admin admin] Attributes excluded by policy engine: ['standard_attr_id', 'shared', 'network'] {{(pid=102663) _exclude_attributes_by_policy /opt/stack/neutron/neutron/pecan_wsgi/hooks/policy_enforcement.py:255}}
Nov 22 22:58:48.934690 dv-cinder-818834-1-iscsi neutron-server[102663]: DEBUG neutron_lib.callbacks.manager [None req-239832c1-30e6-43f5-8216-63e71c69e4ab admin admin] Publish callbacks ['neutron.api.rpc.agentnotifiers.dhcp_rpc_agent_api.DhcpAgentNotifyAPI._send_dhcp_notification-16289583'] for subnet, before_response {{(pid=102663) _notify_loop /usr/local/lib/python3.8/dist-packages/neutron_lib/callbacks/manager.py:175}}
Nov 22 22:58:48.936881 dv-cinder-818834-1-iscsi neutron-server[102663]: DEBUG neutron.api.rpc.handlers.resources_rpc [None req-8ff7965b-a5c0-459b-b3cf-29ceaf9b6bb9 admin admin] Pushing event updated for resources: {'Network': ['ID=135c9d2c-b547-438e-b31c-2139e85d4ac9,revision_number=1']} {{(pid=102663) push /opt/stack/neutron/neutron/api/rpc/handlers/resources_rpc.py:237}}
Nov 22 22:58:48.968199 dv-cinder-818834-1-iscsi neutron-server[102663]: INFO neutron.wsgi [None req-239832c1-30e6-43f5-8216-63e71c69e4ab admin admin] 10.222.0.81 "POST /v2.0/subnets HTTP/1.1" status: 201 len: 855 time: 1.5357363
Nov 22 22:58:48.971747 dv-cinder-818834-1-iscsi neutron-server[102663]: DEBUG neutron.wsgi [-] (102663) accepted ('10.222.0.81', 60974) {{(pid=102663) server /usr/local/lib/python3.8/dist-packages/eventlet/wsgi.py:1004}}
Nov 22 22:58:48.979877 dv-cinder-818834-1-iscsi neutron-server[102663]: DEBUG neutron.api.v2.base [None req-e15f1826-b3ff-4cd1-b160-77b0c6ae8911 admin admin] Request body: {'router': {'name': 'tempest-ServerRescueNegativeTestJSON-637076007-router', 'tenant_id': '5cfa9a861da442f688818dd77f89bf9f', 'external_gateway_info': {'network_id': 'e28730dd-aa15-45df-ad65-718ec9d0cbab'}}} {{(pid=102663) prepare_request_body /opt/stack/neutron/neutron/api/v2/base.py:729}}
Nov 22 22:58:49.011007 dv-cinder-818834-1-iscsi neutron-server[102664]: DEBUG neutron.api.rpc.handlers.dhcp_rpc [None req-e41d9a81-282c-45fa-af6b-389d0b19bccc None None] Network 2cb3d985-c2d9-4782-ae33-7bf9b53d9888 requested from dv-cinder-818834-1-iscsi {{(pid=102664) get_network_info /opt/stack/neutron/neutron/api/rpc/handlers/dhcp_rpc.py:218}}
Nov 22 22:58:49.012252 dv-cinder-818834-1-iscsi neutron-server[102663]: DEBUG neutron_lib.callbacks.manager [None req-e15f1826-b3ff-4cd1-b160-77b0c6ae8911 admin admin] Publish callbacks ['neutron.services.l3_router.l3_router_plugin.L3_HA_NAT_db_mixin._before_router_create_handler-398969', 'neutron.services.l3_router.service_providers.driver_controller.DriverController._check_router_request-26039'] for router, before_create {{(pid=102663) _notify_loop /usr/local/lib/python3.8/dist-packages/neutron_lib/callbacks/manager.py:175}}
Nov 22 22:58:49.013385 dv-cinder-818834-1-iscsi neutron-server[102664]: DEBUG neutron.plugins.ml2.rpc [None req-823f2631-aa87-409a-87ec-3cb24714484c None None] Network 135c9d2c-b547-438e-b31c-2139e85d4ac9 details requested by agent ovs-agent-dv-cinder-818834-1-iscsi with host dv-cinder-818834-1-iscsi {{(pid=102664) get_network_details /opt/stack/neutron/neutron/plugins/ml2/rpc.py:248}}
Nov 22 22:58:49.013516 dv-cinder-818834-1-iscsi neutron-server[102663]: DEBUG neutron_lib.callbacks.manager [None req-e15f1826-b3ff-4cd1-b160-77b0c6ae8911 admin admin] Publish callbacks ['neutron.services.l3_router.l3_router_plugin.L3_HA_NAT_db_mixin._precommit_router_create-398083', 'neutron.services.l3_router.l3_router_plugin.DVRResourceOperationHandler._set_distributed_flag-346983', 'neutron.services.l3_router.l3_router_plugin.RouterAvailabilityZoneMixin._process_az_request-486794', 'neutron.services.l3_router.service_providers.driver_controller.DriverController._set_router_provider-28228'] for router, precommit_create {{(pid=102663) _notify_loop /usr/local/lib/python3.8/dist-packages/neutron_lib/callbacks/manager.py:175}}
Nov 22 22:58:49.316536 dv-cinder-818834-1-iscsi neutron-server[102663]: DEBUG neutron_lib.callbacks.manager [None req-e15f1826-b3ff-4cd1-b160-77b0c6ae8911 admin admin] Publish callbacks [] for router_controller, precommit_add_association {{(pid=102663) _notify_loop /usr/local/lib/python3.8/dist-packages/neutron_lib/callbacks/manager.py:175}}
Nov 22 22:58:49.350313 dv-cinder-818834-1-iscsi neutron-server[102662]: DEBUG neutron_lib.callbacks.manager [None req-a21e35f0-b124-4b79-b892-76b77ba473b6 admin admin] Publish callbacks ['neutron.plugins.ml2.ovo_rpc._ObjectChangeHandler.handle_event-355321', 'neutron.api.rpc.agentnotifiers.dhcp_rpc_agent_api.DhcpAgentNotifyAPI._native_event_send_dhcp_notification-16289561'] for subnet, after_create {{(pid=102662) _notify_loop /usr/local/lib/python3.8/dist-packages/neutron_lib/callbacks/manager.py:175}}
Nov 22 22:58:49.427650 dv-cinder-818834-1-iscsi neutron-server[102662]: DEBUG neutron.plugins.ml2.drivers.mech_agent [None req-a21e35f0-b124-4b79-b892-76b77ba473b6 admin admin] Checking segment: {'id': '6bfbca0c-638b-482e-ac70-cbfe8f64f2b5', 'network_type': 'vlan', 'physical_network': 'physnet1', 'segmentation_id': 1017, 'network_id': '135c9d2c-b547-438e-b31c-2139e85d4ac9'} for mappings: {'physnet1': 'br-data'} with network types: ['local', 'flat', 'vlan'] {{(pid=102662) check_segment_for_agent /opt/stack/neutron/neutron/plugins/ml2/drivers/mech_agent.py:371}}
Nov 22 22:58:49.428723 dv-cinder-818834-1-iscsi neutron-server[102662]: DEBUG neutron.scheduler.dhcp_agent_scheduler [None req-a21e35f0-b124-4b79-b892-76b77ba473b6 admin admin] Network hostable DHCP agents. Network: 135c9d2c-b547-438e-b31c-2139e85d4ac9, hostable agents: ['40129849-e931-4483-9309-6000c2514771'], hosted agents: [] {{(pid=102662) _get_network_hostable_dhcp_agents /opt/stack/neutron/neutron/scheduler/dhcp_agent_scheduler.py:329}}
Nov 22 22:58:49.436643 dv-cinder-818834-1-iscsi neutron-server[102662]: DEBUG neutron.api.rpc.handlers.resources_rpc [None req-a21e35f0-b124-4b79-b892-76b77ba473b6 admin admin] Pushing event updated for resources: {'Subnet': ['ID=ca886abe-a984-4dfe-9c9e-938111a57318,revision_number=0']} {{(pid=102662) push /opt/stack/neutron/neutron/api/rpc/handlers/resources_rpc.py:237}}
Nov 22 22:58:49.462034 dv-cinder-818834-1-iscsi neutron-server[102662]: DEBUG neutron.scheduler.dhcp_agent_scheduler [None req-a21e35f0-b124-4b79-b892-76b77ba473b6 admin admin] Network 135c9d2c-b547-438e-b31c-2139e85d4ac9 is scheduled to be hosted by DHCP agent 40129849-e931-4483-9309-6000c2514771 with binding_index 1 {{(pid=102662) bind /opt/stack/neutron/neutron/scheduler/dhcp_agent_scheduler.py:227}}
Nov 22 22:58:49.482580 dv-cinder-818834-1-iscsi neutron-server[102662]: DEBUG neutron.scheduler.base_scheduler [None req-a21e35f0-b124-4b79-b892-76b77ba473b6 admin admin] Resources bound (agent type, host, resource id): (DHCP agent, dv-cinder-818834-1-iscsi, 135c9d2c-b547-438e-b31c-2139e85d4ac9) {{(pid=102662) schedule /opt/stack/neutron/neutron/scheduler/base_scheduler.py:57}}
Nov 22 22:58:49.493231 dv-cinder-818834-1-iscsi neutron-server[102662]: DEBUG neutron.pecan_wsgi.hooks.policy_enforcement [None req-a21e35f0-b124-4b79-b892-76b77ba473b6 admin admin] Attributes excluded by policy engine: ['standard_attr_id', 'shared', 'network'] {{(pid=102662) _exclude_attributes_by_policy /opt/stack/neutron/neutron/pecan_wsgi/hooks/policy_enforcement.py:255}}
Nov 22 22:58:49.495719 dv-cinder-818834-1-iscsi neutron-server[102662]: DEBUG neutron_lib.callbacks.manager [None req-a21e35f0-b124-4b79-b892-76b77ba473b6 admin admin] Publish callbacks ['neutron.api.rpc.agentnotifiers.dhcp_rpc_agent_api.DhcpAgentNotifyAPI._send_dhcp_notification-16289583'] for subnet, before_response {{(pid=102662) _notify_loop /usr/local/lib/python3.8/dist-packages/neutron_lib/callbacks/manager.py:175}}
Nov 22 22:58:49.523420 dv-cinder-818834-1-iscsi neutron-server[102663]: DEBUG neutron_lib.callbacks.manager [None req-285b2e9c-3865-44f9-b742-ee96530b55ac admin admin] Publish callbacks [] for router_gateway, before_create {{(pid=102663) _notify_loop /usr/local/lib/python3.8/dist-packages/neutron_lib/callbacks/manager.py:175}}
Nov 22 22:58:49.530148 dv-cinder-818834-1-iscsi neutron-server[102662]: INFO neutron.wsgi [None req-a21e35f0-b124-4b79-b892-76b77ba473b6 admin admin] 10.222.0.81 "POST /v2.0/subnets HTTP/1.1" status: 201 len: 847 time: 0.7083056
Nov 22 22:58:49.532703 dv-cinder-818834-1-iscsi neutron-server[102662]: DEBUG neutron.wsgi [-] (102662) accepted ('10.222.0.81', 32772) {{(pid=102662) server /usr/local/lib/python3.8/dist-packages/eventlet/wsgi.py:1004}}
Nov 22 22:58:49.536957 dv-cinder-818834-1-iscsi neutron-server[102662]: DEBUG neutron.api.v2.base [None req-cff6cdee-74c5-4940-9d80-997e3ee3b4d8 admin admin] Request body: {'router': {'name': 'tempest-AttachVolumeTestJSON-1745063030-router', 'tenant_id': '1525897e49c34ebb9215d460e1ad237d', 'external_gateway_info': {'network_id': 'e28730dd-aa15-45df-ad65-718ec9d0cbab'}}} {{(pid=102662) prepare_request_body /opt/stack/neutron/neutron/api/v2/base.py:729}}
Nov 22 22:58:49.538403 dv-cinder-818834-1-iscsi neutron-server[102664]: DEBUG neutron.api.rpc.handlers.dhcp_rpc [None req-50a6676e-367b-42f4-bc91-10f20647fd5b None None] Network 135c9d2c-b547-438e-b31c-2139e85d4ac9 requested from dv-cinder-818834-1-iscsi {{(pid=102664) get_network_info /opt/stack/neutron/neutron/api/rpc/handlers/dhcp_rpc.py:218}}
Nov 22 22:58:49.574778 dv-cinder-818834-1-iscsi neutron-server[102662]: DEBUG neutron_lib.callbacks.manager [None req-cff6cdee-74c5-4940-9d80-997e3ee3b4d8 admin admin] Publish callbacks ['neutron.services.l3_router.l3_router_plugin.L3_HA_NAT_db_mixin._before_router_create_handler-398969', 'neutron.services.l3_router.service_providers.driver_controller.DriverController._check_router_request-26039'] for router, before_create {{(pid=102662) _notify_loop /usr/local/lib/python3.8/dist-packages/neutron_lib/callbacks/manager.py:175}}
