Jan 27 16:48:39.916088 dv-cinder-818830-2-smb devstack@n-api.service[122702]: DEBUG nova.compute.api [None req-fb0d1ef4-258f-4b7d-87d5-916ac8246592 tempest-AttachVolumeTestJSON-19843959 tempest-AttachVolumeTestJSON-19843959-project] [instance: 72c72ecf-7bab-4476-9c47-04de3801952e] Fetching instance by UUID {{(pid=122702) get /opt/stack/nova/nova/compute/api.py:2865}}
Jan 27 16:48:39.933671 dv-cinder-818830-2-smb devstack@n-api.service[122702]: DEBUG oslo_concurrency.lockutils [None req-fb0d1ef4-258f-4b7d-87d5-916ac8246592 tempest-AttachVolumeTestJSON-19843959 tempest-AttachVolumeTestJSON-19843959-project] Lock "8d289b21-8574-4302-97ec-18d889321df5" acquired by "nova.context.set_target_cell.<locals>.get_or_set_cached_cell_and_set_connections" :: waited 0.000s {{(pid=122702) inner /usr/local/lib/python3.8/dist-packages/oslo_concurrency/lockutils.py:386}}
Jan 27 16:48:39.935386 dv-cinder-818830-2-smb devstack@n-api.service[122702]: DEBUG oslo_concurrency.lockutils [None req-fb0d1ef4-258f-4b7d-87d5-916ac8246592 tempest-AttachVolumeTestJSON-19843959 tempest-AttachVolumeTestJSON-19843959-project] Lock "8d289b21-8574-4302-97ec-18d889321df5" "released" by "nova.context.set_target_cell.<locals>.get_or_set_cached_cell_and_set_connections" :: held 0.002s {{(pid=122702) inner /usr/local/lib/python3.8/dist-packages/oslo_concurrency/lockutils.py:400}}
Jan 27 16:48:39.938640 dv-cinder-818830-2-smb devstack@n-api.service[122702]: DEBUG oslo_concurrency.lockutils [None req-fb0d1ef4-258f-4b7d-87d5-916ac8246592 tempest-AttachVolumeTestJSON-19843959 tempest-AttachVolumeTestJSON-19843959-project] Lock "8d289b21-8574-4302-97ec-18d889321df5" acquired by "nova.context.set_target_cell.<locals>.get_or_set_cached_cell_and_set_connections" :: waited 0.000s {{(pid=122702) inner /usr/local/lib/python3.8/dist-packages/oslo_concurrency/lockutils.py:386}}
Jan 27 16:48:39.939121 dv-cinder-818830-2-smb devstack@n-api.service[122702]: DEBUG oslo_concurrency.lockutils [None req-fb0d1ef4-258f-4b7d-87d5-916ac8246592 tempest-AttachVolumeTestJSON-19843959 tempest-AttachVolumeTestJSON-19843959-project] Lock "8d289b21-8574-4302-97ec-18d889321df5" "released" by "nova.context.set_target_cell.<locals>.get_or_set_cached_cell_and_set_connections" :: held 0.003s {{(pid=122702) inner /usr/local/lib/python3.8/dist-packages/oslo_concurrency/lockutils.py:400}}
Jan 27 16:48:40.047827 dv-cinder-818830-2-smb devstack@n-api.service[122701]: DEBUG nova.policy [None req-9cafa313-32b9-47ec-aa4d-656e9c2c7ba0 tempest-AttachVolumeNegativeTest-323909458 tempest-AttachVolumeNegativeTest-323909458-project] Policy check for os_compute_api:os-extended-server-attributes failed with credentials {'is_admin': False, 'user_id': '896e5dacc5cc48468d2173c417ef7213', 'user_domain_id': 'default', 'system_scope': None, 'domain_id': None, 'project_id': '2006c02a739647f0b03e55734c513ff8', 'project_domain_id': 'default', 'roles': ['reader', 'member'], 'is_admin_project': True, 'service_user_id': None, 'service_user_domain_id': None, 'service_project_id': None, 'service_project_domain_id': None, 'service_roles': []} {{(pid=122701) authorize /opt/stack/nova/nova/policy.py:199}}
Jan 27 16:48:40.063038 dv-cinder-818830-2-smb devstack@n-api.service[122701]: INFO nova.api.openstack.requestlog [None req-9cafa313-32b9-47ec-aa4d-656e9c2c7ba0 tempest-AttachVolumeNegativeTest-323909458 tempest-AttachVolumeNegativeTest-323909458-project] 10.222.0.36 "GET /compute/v2.1/servers/37d0df60-eff2-48a9-b930-32e17d077616" status: 200 len: 1318 microversion: 2.1 time: 0.660838
Jan 27 16:48:40.068065 dv-cinder-818830-2-smb devstack@n-api.service[122701]: [pid: 122701|app: 0|req: 24/43] 10.222.0.36 () {58 vars in 1235 bytes} [Thu Jan 27 16:48:39 2022] GET /compute/v2.1/servers/37d0df60-eff2-48a9-b930-32e17d077616 => generated 1318 bytes in 667 msecs (HTTP/1.1 200) 9 headers in 358 bytes (1 switches on core 0)
Jan 27 16:48:40.145427 dv-cinder-818830-2-smb devstack@n-api.service[122702]: DEBUG nova.policy [None req-fb0d1ef4-258f-4b7d-87d5-916ac8246592 tempest-AttachVolumeTestJSON-19843959 tempest-AttachVolumeTestJSON-19843959-project] Policy check for os_compute_api:os-extended-server-attributes failed with credentials {'is_admin': False, 'user_id': 'b029264dfb9d4778aa765a83b2918f3e', 'user_domain_id': 'default', 'system_scope': None, 'domain_id': None, 'project_id': '2652eb7667c540af96c4a208b49ca1f8', 'project_domain_id': 'default', 'roles': ['reader', 'member'], 'is_admin_project': True, 'service_user_id': None, 'service_user_domain_id': None, 'service_project_id': None, 'service_project_domain_id': None, 'service_roles': []} {{(pid=122702) authorize /opt/stack/nova/nova/policy.py:199}}
Jan 27 16:48:40.158119 dv-cinder-818830-2-smb devstack@n-api.service[122702]: INFO nova.api.openstack.requestlog [None req-fb0d1ef4-258f-4b7d-87d5-916ac8246592 tempest-AttachVolumeTestJSON-19843959 tempest-AttachVolumeTestJSON-19843959-project] 10.222.0.36 "GET /compute/v2.1/servers/72c72ecf-7bab-4476-9c47-04de3801952e" status: 200 len: 1293 microversion: 2.1 time: 0.251353
Jan 27 16:48:40.169854 dv-cinder-818830-2-smb devstack@n-api.service[122702]: [pid: 122702|app: 0|req: 20/44] 10.222.0.36 () {58 vars in 1235 bytes} [Thu Jan 27 16:48:39 2022] GET /compute/v2.1/servers/72c72ecf-7bab-4476-9c47-04de3801952e => generated 1293 bytes in 265 msecs (HTTP/1.1 200) 9 headers in 358 bytes (1 switches on core 0)
Jan 27 16:48:40.337243 dv-cinder-818830-2-smb devstack@n-api.service[122701]: DEBUG nova.api.openstack.wsgi [req-0a6f7568-5511-4dee-b31b-8ab5334db3a3 req-b8d1c886-da2d-40dd-8d9c-09e7995d4bee service nova] Action: 'create', calling method: <bound method ServerExternalEventsController.create of <nova.api.openstack.compute.server_external_events.ServerExternalEventsController object at 0x7f168413fac0>>, body: {"events": [{"name": "network-changed", "server_uuid": "f503968d-6c80-4f42-847b-5338edf0c8a9", "tag": "f41d4ec7-1f43-47a7-a2df-fab347390f59"}]} {{(pid=122701) _process_stack /opt/stack/nova/nova/api/openstack/wsgi.py:511}}
Jan 27 16:48:40.339174 dv-cinder-818830-2-smb devstack@n-api.service[122701]: /usr/local/lib/python3.8/dist-packages/oslo_policy/policy.py:1119: UserWarning: Policy "os_compute_api:os-server-external-events:create": "rule:system_admin_api" failed scope check. The token used to make the request was project scoped but the policy requires ['system'] scope. This behavior may change in the future where using the intended scope is required
Jan 27 16:48:40.339174 dv-cinder-818830-2-smb devstack@n-api.service[122701]:   warnings.warn(msg)
Jan 27 16:48:40.355231 dv-cinder-818830-2-smb devstack@n-api.service[122701]: DEBUG oslo_concurrency.lockutils [req-0a6f7568-5511-4dee-b31b-8ab5334db3a3 req-b8d1c886-da2d-40dd-8d9c-09e7995d4bee service nova] Lock "8d289b21-8574-4302-97ec-18d889321df5" acquired by "nova.context.set_target_cell.<locals>.get_or_set_cached_cell_and_set_connections" :: waited 0.000s {{(pid=122701) inner /usr/local/lib/python3.8/dist-packages/oslo_concurrency/lockutils.py:386}}
Jan 27 16:48:40.358872 dv-cinder-818830-2-smb devstack@n-api.service[122701]: DEBUG oslo_concurrency.lockutils [req-0a6f7568-5511-4dee-b31b-8ab5334db3a3 req-b8d1c886-da2d-40dd-8d9c-09e7995d4bee service nova] Lock "8d289b21-8574-4302-97ec-18d889321df5" "released" by "nova.context.set_target_cell.<locals>.get_or_set_cached_cell_and_set_connections" :: held 0.004s {{(pid=122701) inner /usr/local/lib/python3.8/dist-packages/oslo_concurrency/lockutils.py:400}}
Jan 27 16:48:40.383323 dv-cinder-818830-2-smb devstack@n-api.service[122701]: INFO nova.api.openstack.compute.server_external_events [req-0a6f7568-5511-4dee-b31b-8ab5334db3a3 req-b8d1c886-da2d-40dd-8d9c-09e7995d4bee service nova] Creating event network-changed:f41d4ec7-1f43-47a7-a2df-fab347390f59 for instance f503968d-6c80-4f42-847b-5338edf0c8a9 on hv-cinder-81883
Jan 27 16:48:40.389850 dv-cinder-818830-2-smb devstack@n-api.service[122701]: INFO nova.api.openstack.requestlog [req-0a6f7568-5511-4dee-b31b-8ab5334db3a3 req-b8d1c886-da2d-40dd-8d9c-09e7995d4bee service nova] 10.222.0.36 "POST /compute/v2.1/os-server-external-events" status: 200 len: 179 microversion: 2.1 time: 0.319369
Jan 27 16:48:40.391089 dv-cinder-818830-2-smb devstack@n-api.service[122701]: [pid: 122701|app: 0|req: 25/45] 10.222.0.36 () {64 vars in 1317 bytes} [Thu Jan 27 16:48:40 2022] POST /compute/v2.1/os-server-external-events => generated 179 bytes in 322 msecs (HTTP/1.1 200) 9 headers in 357 bytes (1 switches on core 0)
Jan 27 16:48:40.412949 dv-cinder-818830-2-smb devstack@n-api.service[122702]: DEBUG nova.api.openstack.wsgi [None req-4ec4ccb2-5b1a-4fa8-a064-b9eae29e5d7a tempest-DeleteServersTestJSON-1088768309 tempest-DeleteServersTestJSON-1088768309-project] Calling method '<bound method ServersController.show of <nova.api.openstack.compute.servers.ServersController object at 0x7f1684037e20>>' {{(pid=122702) _process_stack /opt/stack/nova/nova/api/openstack/wsgi.py:513}}
Jan 27 16:48:40.413896 dv-cinder-818830-2-smb devstack@n-api.service[122702]: DEBUG nova.compute.api [None req-4ec4ccb2-5b1a-4fa8-a064-b9eae29e5d7a tempest-DeleteServersTestJSON-1088768309 tempest-DeleteServersTestJSON-1088768309-project] [instance: 16253184-cfc2-42ae-a5bc-39170186f4c2] Fetching instance by UUID {{(pid=122702) get /opt/stack/nova/nova/compute/api.py:2865}}
Jan 27 16:48:40.423361 dv-cinder-818830-2-smb devstack@n-api.service[122702]: DEBUG oslo_concurrency.lockutils [None req-4ec4ccb2-5b1a-4fa8-a064-b9eae29e5d7a tempest-DeleteServersTestJSON-1088768309 tempest-DeleteServersTestJSON-1088768309-project] Lock "8d289b21-8574-4302-97ec-18d889321df5" acquired by "nova.context.set_target_cell.<locals>.get_or_set_cached_cell_and_set_connections" :: waited 0.000s {{(pid=122702) inner /usr/local/lib/python3.8/dist-packages/oslo_concurrency/lockutils.py:386}}
Jan 27 16:48:40.424096 dv-cinder-818830-2-smb devstack@n-api.service[122702]: DEBUG oslo_concurrency.lockutils [None req-4ec4ccb2-5b1a-4fa8-a064-b9eae29e5d7a tempest-DeleteServersTestJSON-1088768309 tempest-DeleteServersTestJSON-1088768309-project] Lock "8d289b21-8574-4302-97ec-18d889321df5" "released" by "nova.context.set_target_cell.<locals>.get_or_set_cached_cell_and_set_connections" :: held 0.001s {{(pid=122702) inner /usr/local/lib/python3.8/dist-packages/oslo_concurrency/lockutils.py:400}}
Jan 27 16:48:40.425380 dv-cinder-818830-2-smb devstack@n-api.service[122702]: DEBUG oslo_concurrency.lockutils [None req-4ec4ccb2-5b1a-4fa8-a064-b9eae29e5d7a tempest-DeleteServersTestJSON-1088768309 tempest-DeleteServersTestJSON-1088768309-project] Lock "8d289b21-8574-4302-97ec-18d889321df5" acquired by "nova.context.set_target_cell.<locals>.get_or_set_cached_cell_and_set_connections" :: waited 0.000s {{(pid=122702) inner /usr/local/lib/python3.8/dist-packages/oslo_concurrency/lockutils.py:386}}
Jan 27 16:48:40.425982 dv-cinder-818830-2-smb devstack@n-api.service[122702]: DEBUG oslo_concurrency.lockutils [None req-4ec4ccb2-5b1a-4fa8-a064-b9eae29e5d7a tempest-DeleteServersTestJSON-1088768309 tempest-DeleteServersTestJSON-1088768309-project] Lock "8d289b21-8574-4302-97ec-18d889321df5" "released" by "nova.context.set_target_cell.<locals>.get_or_set_cached_cell_and_set_connections" :: held 0.001s {{(pid=122702) inner /usr/local/lib/python3.8/dist-packages/oslo_concurrency/lockutils.py:400}}
Jan 27 16:48:40.687245 dv-cinder-818830-2-smb devstack@n-api.service[122702]: DEBUG nova.policy [None req-4ec4ccb2-5b1a-4fa8-a064-b9eae29e5d7a tempest-DeleteServersTestJSON-1088768309 tempest-DeleteServersTestJSON-1088768309-project] Policy check for os_compute_api:os-extended-server-attributes failed with credentials {'is_admin': False, 'user_id': 'b4f6812cad5245fd850a1ec6a5eea2f6', 'user_domain_id': 'default', 'system_scope': None, 'domain_id': None, 'project_id': 'e6c74f5d7b6a4f3191ee74b0cc39223f', 'project_domain_id': 'default', 'roles': ['reader', 'member'], 'is_admin_project': True, 'service_user_id': None, 'service_user_domain_id': None, 'service_project_id': None, 'service_project_domain_id': None, 'service_roles': []} {{(pid=122702) authorize /opt/stack/nova/nova/policy.py:199}}
Jan 27 16:48:40.699527 dv-cinder-818830-2-smb devstack@n-api.service[122702]: INFO nova.api.openstack.requestlog [None req-4ec4ccb2-5b1a-4fa8-a064-b9eae29e5d7a tempest-DeleteServersTestJSON-1088768309 tempest-DeleteServersTestJSON-1088768309-project] 10.222.0.36 "GET /compute/v2.1/servers/16253184-cfc2-42ae-a5bc-39170186f4c2" status: 200 len: 1315 microversion: 2.1 time: 0.289932
Jan 27 16:48:40.701885 dv-cinder-818830-2-smb devstack@n-api.service[122702]: [pid: 122702|app: 0|req: 21/46] 10.222.0.36 () {58 vars in 1235 bytes} [Thu Jan 27 16:48:40 2022] GET /compute/v2.1/servers/16253184-cfc2-42ae-a5bc-39170186f4c2 => generated 1315 bytes in 293 msecs (HTTP/1.1 200) 9 headers in 358 bytes (1 switches on core 0)
Jan 27 16:48:40.922117 dv-cinder-818830-2-smb devstack@n-api.service[122701]: DEBUG nova.api.openstack.wsgi [None req-a880693f-b71e-4501-9c06-77fc7cafbb4d tempest-ServerRescueNegativeTestJSON-2028609353 tempest-ServerRescueNegativeTestJSON-2028609353-project] Calling method '<bound method ServersController.show of <nova.api.openstack.compute.servers.ServersController object at 0x7f1684037eb0>>' {{(pid=122701) _process_stack /opt/stack/nova/nova/api/openstack/wsgi.py:513}}
Jan 27 16:48:40.923743 dv-cinder-818830-2-smb devstack@n-api.service[122701]: DEBUG nova.compute.api [None req-a880693f-b71e-4501-9c06-77fc7cafbb4d tempest-ServerRescueNegativeTestJSON-2028609353 tempest-ServerRescueNegativeTestJSON-2028609353-project] [instance: acc8280a-4ef2-4f1e-ad43-dfaffb8f3dc0] Fetching instance by UUID {{(pid=122701) get /opt/stack/nova/nova/compute/api.py:2865}}
Jan 27 16:48:40.931756 dv-cinder-818830-2-smb devstack@n-api.service[122701]: DEBUG oslo_concurrency.lockutils [None req-a880693f-b71e-4501-9c06-77fc7cafbb4d tempest-ServerRescueNegativeTestJSON-2028609353 tempest-ServerRescueNegativeTestJSON-2028609353-project] Lock "8d289b21-8574-4302-97ec-18d889321df5" acquired by "nova.context.set_target_cell.<locals>.get_or_set_cached_cell_and_set_connections" :: waited 0.000s {{(pid=122701) inner /usr/local/lib/python3.8/dist-packages/oslo_concurrency/lockutils.py:386}}
Jan 27 16:48:40.932743 dv-cinder-818830-2-smb devstack@n-api.service[122701]: DEBUG oslo_concurrency.lockutils [None req-a880693f-b71e-4501-9c06-77fc7cafbb4d tempest-ServerRescueNegativeTestJSON-2028609353 tempest-ServerRescueNegativeTestJSON-2028609353-project] Lock "8d289b21-8574-4302-97ec-18d889321df5" "released" by "nova.context.set_target_cell.<locals>.get_or_set_cached_cell_and_set_connections" :: held 0.001s {{(pid=122701) inner /usr/local/lib/python3.8/dist-packages/oslo_concurrency/lockutils.py:400}}
Jan 27 16:48:40.933808 dv-cinder-818830-2-smb devstack@n-api.service[122701]: DEBUG oslo_concurrency.lockutils [None req-a880693f-b71e-4501-9c06-77fc7cafbb4d tempest-ServerRescueNegativeTestJSON-2028609353 tempest-ServerRescueNegativeTestJSON-2028609353-project] Lock "8d289b21-8574-4302-97ec-18d889321df5" acquired by "nova.context.set_target_cell.<locals>.get_or_set_cached_cell_and_set_connections" :: waited 0.000s {{(pid=122701) inner /usr/local/lib/python3.8/dist-packages/oslo_concurrency/lockutils.py:386}}
Jan 27 16:48:40.934727 dv-cinder-818830-2-smb devstack@n-api.service[122701]: DEBUG oslo_concurrency.lockutils [None req-a880693f-b71e-4501-9c06-77fc7cafbb4d tempest-ServerRescueNegativeTestJSON-2028609353 tempest-ServerRescueNegativeTestJSON-2028609353-project] Lock "8d289b21-8574-4302-97ec-18d889321df5" "released" by "nova.context.set_target_cell.<locals>.get_or_set_cached_cell_and_set_connections" :: held 0.001s {{(pid=122701) inner /usr/local/lib/python3.8/dist-packages/oslo_concurrency/lockutils.py:400}}
Jan 27 16:48:41.083050 dv-cinder-818830-2-smb devstack@n-api.service[122702]: DEBUG nova.api.openstack.wsgi [None req-a0bfcc54-5b10-421f-a894-07fe72137ec5 tempest-AttachVolumeNegativeTest-323909458 tempest-AttachVolumeNegativeTest-323909458-project] Calling method '<bound method ServersController.show of <nova.api.openstack.compute.servers.ServersController object at 0x7f1684037e20>>' {{(pid=122702) _process_stack /opt/stack/nova/nova/api/openstack/wsgi.py:513}}
Jan 27 16:48:41.084405 dv-cinder-818830-2-smb devstack@n-api.service[122702]: DEBUG nova.compute.api [None req-a0bfcc54-5b10-421f-a894-07fe72137ec5 tempest-AttachVolumeNegativeTest-323909458 tempest-AttachVolumeNegativeTest-323909458-project] [instance: 37d0df60-eff2-48a9-b930-32e17d077616] Fetching instance by UUID {{(pid=122702) get /opt/stack/nova/nova/compute/api.py:2865}}
Jan 27 16:48:41.096039 dv-cinder-818830-2-smb devstack@n-api.service[122702]: DEBUG oslo_concurrency.lockutils [None req-a0bfcc54-5b10-421f-a894-07fe72137ec5 tempest-AttachVolumeNegativeTest-323909458 tempest-AttachVolumeNegativeTest-323909458-project] Lock "8d289b21-8574-4302-97ec-18d889321df5" acquired by "nova.context.set_target_cell.<locals>.get_or_set_cached_cell_and_set_connections" :: waited 0.000s {{(pid=122702) inner /usr/local/lib/python3.8/dist-packages/oslo_concurrency/lockutils.py:386}}
Jan 27 16:48:41.097116 dv-cinder-818830-2-smb devstack@n-api.service[122702]: DEBUG oslo_concurrency.lockutils [None req-a0bfcc54-5b10-421f-a894-07fe72137ec5 tempest-AttachVolumeNegativeTest-323909458 tempest-AttachVolumeNegativeTest-323909458-project] Lock "8d289b21-8574-4302-97ec-18d889321df5" "released" by "nova.context.set_target_cell.<locals>.get_or_set_cached_cell_and_set_connections" :: held 0.001s {{(pid=122702) inner /usr/local/lib/python3.8/dist-packages/oslo_concurrency/lockutils.py:400}}
Jan 27 16:48:41.098381 dv-cinder-818830-2-smb devstack@n-api.service[122702]: DEBUG oslo_concurrency.lockutils [None req-a0bfcc54-5b10-421f-a894-07fe72137ec5 tempest-AttachVolumeNegativeTest-323909458 tempest-AttachVolumeNegativeTest-323909458-project] Lock "8d289b21-8574-4302-97ec-18d889321df5" acquired by "nova.context.set_target_cell.<locals>.get_or_set_cached_cell_and_set_connections" :: waited 0.000s {{(pid=122702) inner /usr/local/lib/python3.8/dist-packages/oslo_concurrency/lockutils.py:386}}
Jan 27 16:48:41.099197 dv-cinder-818830-2-smb devstack@n-api.service[122702]: DEBUG oslo_concurrency.lockutils [None req-a0bfcc54-5b10-421f-a894-07fe72137ec5 tempest-AttachVolumeNegativeTest-323909458 tempest-AttachVolumeNegativeTest-323909458-project] Lock "8d289b21-8574-4302-97ec-18d889321df5" "released" by "nova.context.set_target_cell.<locals>.get_or_set_cached_cell_and_set_connections" :: held 0.001s {{(pid=122702) inner /usr/local/lib/python3.8/dist-packages/oslo_concurrency/lockutils.py:400}}
Jan 27 16:48:41.441366 dv-cinder-818830-2-smb devstack@n-api.service[122702]: DEBUG nova.policy [None req-a0bfcc54-5b10-421f-a894-07fe72137ec5 tempest-AttachVolumeNegativeTest-323909458 tempest-AttachVolumeNegativeTest-323909458-project] Policy check for os_compute_api:os-extended-server-attributes failed with credentials {'is_admin': False, 'user_id': '896e5dacc5cc48468d2173c417ef7213', 'user_domain_id': 'default', 'system_scope': None, 'domain_id': None, 'project_id': '2006c02a739647f0b03e55734c513ff8', 'project_domain_id': 'default', 'roles': ['reader', 'member'], 'is_admin_project': True, 'service_user_id': None, 'service_user_domain_id': None, 'service_project_id': None, 'service_project_domain_id': None, 'service_roles': []} {{(pid=122702) authorize /opt/stack/nova/nova/policy.py:199}}
Jan 27 16:48:41.458284 dv-cinder-818830-2-smb devstack@n-api.service[122702]: INFO nova.api.openstack.requestlog [None req-a0bfcc54-5b10-421f-a894-07fe72137ec5 tempest-AttachVolumeNegativeTest-323909458 tempest-AttachVolumeNegativeTest-323909458-project] 10.222.0.36 "GET /compute/v2.1/servers/37d0df60-eff2-48a9-b930-32e17d077616" status: 200 len: 1318 microversion: 2.1 time: 0.378037
Jan 27 16:48:41.460164 dv-cinder-818830-2-smb devstack@n-api.service[122702]: [pid: 122702|app: 0|req: 22/47] 10.222.0.36 () {58 vars in 1235 bytes} [Thu Jan 27 16:48:41 2022] GET /compute/v2.1/servers/37d0df60-eff2-48a9-b930-32e17d077616 => generated 1318 bytes in 383 msecs (HTTP/1.1 200) 9 headers in 358 bytes (2 switches on core 0)
Jan 27 16:48:41.466546 dv-cinder-818830-2-smb devstack@n-api.service[122702]: DEBUG nova.api.openstack.wsgi [None req-994276bd-a699-4b32-862d-28b534db6c69 tempest-AttachVolumeTestJSON-19843959 tempest-AttachVolumeTestJSON-19843959-project] Calling method '<bound method ServersController.show of <nova.api.openstack.compute.servers.ServersController object at 0x7f1684037e20>>' {{(pid=122702) _process_stack /opt/stack/nova/nova/api/openstack/wsgi.py:513}}
Jan 27 16:48:41.467468 dv-cinder-818830-2-smb devstack@n-api.service[122702]: DEBUG nova.compute.api [None req-994276bd-a699-4b32-862d-28b534db6c69 tempest-AttachVolumeTestJSON-19843959 tempest-AttachVolumeTestJSON-19843959-project] [instance: 72c72ecf-7bab-4476-9c47-04de3801952e] Fetching instance by UUID {{(pid=122702) get /opt/stack/nova/nova/compute/api.py:2865}}
Jan 27 16:48:41.485757 dv-cinder-818830-2-smb devstack@n-api.service[122701]: DEBUG nova.policy [None req-a880693f-b71e-4501-9c06-77fc7cafbb4d tempest-ServerRescueNegativeTestJSON-2028609353 tempest-ServerRescueNegativeTestJSON-2028609353-project] Policy check for os_compute_api:os-extended-server-attributes failed with credentials {'is_admin': False, 'user_id': '1f883544fdec47368bb690b24993e3f5', 'user_domain_id': 'default', 'system_scope': None, 'domain_id': None, 'project_id': '46735b363beb4de5a202c8f0bfd61584', 'project_domain_id': 'default', 'roles': ['reader', 'member'], 'is_admin_project': True, 'service_user_id': None, 'service_user_domain_id': None, 'service_project_id': None, 'service_project_domain_id': None, 'service_roles': []} {{(pid=122701) authorize /opt/stack/nova/nova/policy.py:199}}
Jan 27 16:48:41.487174 dv-cinder-818830-2-smb devstack@n-api.service[122702]: DEBUG oslo_concurrency.lockutils [None req-994276bd-a699-4b32-862d-28b534db6c69 tempest-AttachVolumeTestJSON-19843959 tempest-AttachVolumeTestJSON-19843959-project] Lock "8d289b21-8574-4302-97ec-18d889321df5" acquired by "nova.context.set_target_cell.<locals>.get_or_set_cached_cell_and_set_connections" :: waited 0.000s {{(pid=122702) inner /usr/local/lib/python3.8/dist-packages/oslo_concurrency/lockutils.py:386}}
Jan 27 16:48:41.487932 dv-cinder-818830-2-smb devstack@n-api.service[122702]: DEBUG oslo_concurrency.lockutils [None req-994276bd-a699-4b32-862d-28b534db6c69 tempest-AttachVolumeTestJSON-19843959 tempest-AttachVolumeTestJSON-19843959-project] Lock "8d289b21-8574-4302-97ec-18d889321df5" "released" by "nova.context.set_target_cell.<locals>.get_or_set_cached_cell_and_set_connections" :: held 0.002s {{(pid=122702) inner /usr/local/lib/python3.8/dist-packages/oslo_concurrency/lockutils.py:400}}
Jan 27 16:48:41.490778 dv-cinder-818830-2-smb devstack@n-api.service[122702]: DEBUG oslo_concurrency.lockutils [None req-994276bd-a699-4b32-862d-28b534db6c69 tempest-AttachVolumeTestJSON-19843959 tempest-AttachVolumeTestJSON-19843959-project] Lock "8d289b21-8574-4302-97ec-18d889321df5" acquired by "nova.context.set_target_cell.<locals>.get_or_set_cached_cell_and_set_connections" :: waited 0.000s {{(pid=122702) inner /usr/local/lib/python3.8/dist-packages/oslo_concurrency/lockutils.py:386}}
Jan 27 16:48:41.491381 dv-cinder-818830-2-smb devstack@n-api.service[122702]: DEBUG oslo_concurrency.lockutils [None req-994276bd-a699-4b32-862d-28b534db6c69 tempest-AttachVolumeTestJSON-19843959 tempest-AttachVolumeTestJSON-19843959-project] Lock "8d289b21-8574-4302-97ec-18d889321df5" "released" by "nova.context.set_target_cell.<locals>.get_or_set_cached_cell_and_set_connections" :: held 0.001s {{(pid=122702) inner /usr/local/lib/python3.8/dist-packages/oslo_concurrency/lockutils.py:400}}
Jan 27 16:48:41.496807 dv-cinder-818830-2-smb devstack@n-api.service[122701]: INFO nova.api.openstack.requestlog [None req-a880693f-b71e-4501-9c06-77fc7cafbb4d tempest-ServerRescueNegativeTestJSON-2028609353 tempest-ServerRescueNegativeTestJSON-2028609353-project] 10.222.0.36 "GET /compute/v2.1/servers/acc8280a-4ef2-4f1e-ad43-dfaffb8f3dc0" status: 200 len: 1322 microversion: 2.1 time: 0.581319
Jan 27 16:48:41.501399 dv-cinder-818830-2-smb devstack@n-api.service[122701]: [pid: 122701|app: 0|req: 26/48] 10.222.0.36 () {58 vars in 1235 bytes} [Thu Jan 27 16:48:40 2022] GET /compute/v2.1/servers/acc8280a-4ef2-4f1e-ad43-dfaffb8f3dc0 => generated 1322 bytes in 586 msecs (HTTP/1.1 200) 9 headers in 358 bytes (1 switches on core 0)
Jan 27 16:48:41.718492 dv-cinder-818830-2-smb devstack@n-api.service[122701]: DEBUG nova.api.openstack.wsgi [None req-5abf62db-109d-428a-8487-781a20fb54e9 tempest-DeleteServersTestJSON-1088768309 tempest-DeleteServersTestJSON-1088768309-project] Calling method '<bound method ServersController.show of <nova.api.openstack.compute.servers.ServersController object at 0x7f1684037eb0>>' {{(pid=122701) _process_stack /opt/stack/nova/nova/api/openstack/wsgi.py:513}}
Jan 27 16:48:41.719466 dv-cinder-818830-2-smb devstack@n-api.service[122701]: DEBUG nova.compute.api [None req-5abf62db-109d-428a-8487-781a20fb54e9 tempest-DeleteServersTestJSON-1088768309 tempest-DeleteServersTestJSON-1088768309-project] [instance: 16253184-cfc2-42ae-a5bc-39170186f4c2] Fetching instance by UUID {{(pid=122701) get /opt/stack/nova/nova/compute/api.py:2865}}
Jan 27 16:48:41.731620 dv-cinder-818830-2-smb devstack@n-api.service[122701]: DEBUG oslo_concurrency.lockutils [None req-5abf62db-109d-428a-8487-781a20fb54e9 tempest-DeleteServersTestJSON-1088768309 tempest-DeleteServersTestJSON-1088768309-project] Lock "8d289b21-8574-4302-97ec-18d889321df5" acquired by "nova.context.set_target_cell.<locals>.get_or_set_cached_cell_and_set_connections" :: waited 0.000s {{(pid=122701) inner /usr/local/lib/python3.8/dist-packages/oslo_concurrency/lockutils.py:386}}
Jan 27 16:48:41.733969 dv-cinder-818830-2-smb devstack@n-api.service[122701]: DEBUG oslo_concurrency.lockutils [None req-5abf62db-109d-428a-8487-781a20fb54e9 tempest-DeleteServersTestJSON-1088768309 tempest-DeleteServersTestJSON-1088768309-project] Lock "8d289b21-8574-4302-97ec-18d889321df5" "released" by "nova.context.set_target_cell.<locals>.get_or_set_cached_cell_and_set_connections" :: held 0.001s {{(pid=122701) inner /usr/local/lib/python3.8/dist-packages/oslo_concurrency/lockutils.py:400}}
Jan 27 16:48:41.734993 dv-cinder-818830-2-smb devstack@n-api.service[122701]: DEBUG oslo_concurrency.lockutils [None req-5abf62db-109d-428a-8487-781a20fb54e9 tempest-DeleteServersTestJSON-1088768309 tempest-DeleteServersTestJSON-1088768309-project] Lock "8d289b21-8574-4302-97ec-18d889321df5" acquired by "nova.context.set_target_cell.<locals>.get_or_set_cached_cell_and_set_connections" :: waited 0.000s {{(pid=122701) inner /usr/local/lib/python3.8/dist-packages/oslo_concurrency/lockutils.py:386}}
Jan 27 16:48:41.736693 dv-cinder-818830-2-smb devstack@n-api.service[122701]: DEBUG oslo_concurrency.lockutils [None req-5abf62db-109d-428a-8487-781a20fb54e9 tempest-DeleteServersTestJSON-1088768309 tempest-DeleteServersTestJSON-1088768309-project] Lock "8d289b21-8574-4302-97ec-18d889321df5" "released" by "nova.context.set_target_cell.<locals>.get_or_set_cached_cell_and_set_connections" :: held 0.002s {{(pid=122701) inner /usr/local/lib/python3.8/dist-packages/oslo_concurrency/lockutils.py:400}}
Jan 27 16:48:42.113620 dv-cinder-818830-2-smb devstack@n-api.service[122702]: DEBUG nova.policy [None req-994276bd-a699-4b32-862d-28b534db6c69 tempest-AttachVolumeTestJSON-19843959 tempest-AttachVolumeTestJSON-19843959-project] Policy check for os_compute_api:os-extended-server-attributes failed with credentials {'is_admin': False, 'user_id': 'b029264dfb9d4778aa765a83b2918f3e', 'user_domain_id': 'default', 'system_scope': None, 'domain_id': None, 'project_id': '2652eb7667c540af96c4a208b49ca1f8', 'project_domain_id': 'default', 'roles': ['reader', 'member'], 'is_admin_project': True, 'service_user_id': None, 'service_user_domain_id': None, 'service_project_id': None, 'service_project_domain_id': None, 'service_roles': []} {{(pid=122702) authorize /opt/stack/nova/nova/policy.py:199}}
Jan 27 16:48:42.144061 dv-cinder-818830-2-smb devstack@n-api.service[122702]: INFO nova.api.openstack.requestlog [None req-994276bd-a699-4b32-862d-28b534db6c69 tempest-AttachVolumeTestJSON-19843959 tempest-AttachVolumeTestJSON-19843959-project] 10.222.0.36 "GET /compute/v2.1/servers/72c72ecf-7bab-4476-9c47-04de3801952e" status: 200 len: 1359 microversion: 2.1 time: 0.682273
Jan 27 16:48:42.146191 dv-cinder-818830-2-smb devstack@n-api.service[122702]: [pid: 122702|app: 0|req: 23/49] 10.222.0.36 () {58 vars in 1235 bytes} [Thu Jan 27 16:48:41 2022] GET /compute/v2.1/servers/72c72ecf-7bab-4476-9c47-04de3801952e => generated 1359 bytes in 685 msecs (HTTP/1.1 200) 9 headers in 358 bytes (1 switches on core 0)
Jan 27 16:48:42.337222 dv-cinder-818830-2-smb devstack@n-api.service[122701]: DEBUG nova.policy [None req-5abf62db-109d-428a-8487-781a20fb54e9 tempest-DeleteServersTestJSON-1088768309 tempest-DeleteServersTestJSON-1088768309-project] Policy check for os_compute_api:os-extended-server-attributes failed with credentials {'is_admin': False, 'user_id': 'b4f6812cad5245fd850a1ec6a5eea2f6', 'user_domain_id': 'default', 'system_scope': None, 'domain_id': None, 'project_id': 'e6c74f5d7b6a4f3191ee74b0cc39223f', 'project_domain_id': 'default', 'roles': ['reader', 'member'], 'is_admin_project': True, 'service_user_id': None, 'service_user_domain_id': None, 'service_project_id': None, 'service_project_domain_id': None, 'service_roles': []} {{(pid=122701) authorize /opt/stack/nova/nova/policy.py:199}}
Jan 27 16:48:42.352406 dv-cinder-818830-2-smb devstack@n-api.service[122701]: INFO nova.api.openstack.requestlog [None req-5abf62db-109d-428a-8487-781a20fb54e9 tempest-DeleteServersTestJSON-1088768309 tempest-DeleteServersTestJSON-1088768309-project] 10.222.0.36 "GET /compute/v2.1/servers/16253184-cfc2-42ae-a5bc-39170186f4c2" status: 200 len: 1315 microversion: 2.1 time: 0.637758
Jan 27 16:48:42.356083 dv-cinder-818830-2-smb devstack@n-api.service[122701]: [pid: 122701|app: 0|req: 27/50] 10.222.0.36 () {58 vars in 1235 bytes} [Thu Jan 27 16:48:41 2022] GET /compute/v2.1/servers/16253184-cfc2-42ae-a5bc-39170186f4c2 => generated 1315 bytes in 642 msecs (HTTP/1.1 200) 9 headers in 358 bytes (2 switches on core 0)
Jan 27 16:48:42.475487 dv-cinder-818830-2-smb devstack@n-api.service[122702]: DEBUG nova.api.openstack.wsgi [None req-00ff2688-c92e-49b2-bf22-2f0c8bddc665 tempest-AttachVolumeNegativeTest-323909458 tempest-AttachVolumeNegativeTest-323909458-project] Calling method '<bound method ServersController.show of <nova.api.openstack.compute.servers.ServersController object at 0x7f1684037e20>>' {{(pid=122702) _process_stack /opt/stack/nova/nova/api/openstack/wsgi.py:513}}
Jan 27 16:48:42.476230 dv-cinder-818830-2-smb devstack@n-api.service[122702]: DEBUG nova.compute.api [None req-00ff2688-c92e-49b2-bf22-2f0c8bddc665 tempest-AttachVolumeNegativeTest-323909458 tempest-AttachVolumeNegativeTest-323909458-project] [instance: 37d0df60-eff2-48a9-b930-32e17d077616] Fetching instance by UUID {{(pid=122702) get /opt/stack/nova/nova/compute/api.py:2865}}
Jan 27 16:48:42.490287 dv-cinder-818830-2-smb devstack@n-api.service[122702]: DEBUG oslo_concurrency.lockutils [None req-00ff2688-c92e-49b2-bf22-2f0c8bddc665 tempest-AttachVolumeNegativeTest-323909458 tempest-AttachVolumeNegativeTest-323909458-project] Lock "8d289b21-8574-4302-97ec-18d889321df5" acquired by "nova.context.set_target_cell.<locals>.get_or_set_cached_cell_and_set_connections" :: waited 0.000s {{(pid=122702) inner /usr/local/lib/python3.8/dist-packages/oslo_concurrency/lockutils.py:386}}
Jan 27 16:48:42.490938 dv-cinder-818830-2-smb devstack@n-api.service[122702]: DEBUG oslo_concurrency.lockutils [None req-00ff2688-c92e-49b2-bf22-2f0c8bddc665 tempest-AttachVolumeNegativeTest-323909458 tempest-AttachVolumeNegativeTest-323909458-project] Lock "8d289b21-8574-4302-97ec-18d889321df5" "released" by "nova.context.set_target_cell.<locals>.get_or_set_cached_cell_and_set_connections" :: held 0.001s {{(pid=122702) inner /usr/local/lib/python3.8/dist-packages/oslo_concurrency/lockutils.py:400}}
Jan 27 16:48:42.491963 dv-cinder-818830-2-smb devstack@n-api.service[122702]: DEBUG oslo_concurrency.lockutils [None req-00ff2688-c92e-49b2-bf22-2f0c8bddc665 tempest-AttachVolumeNegativeTest-323909458 tempest-AttachVolumeNegativeTest-323909458-project] Lock "8d289b21-8574-4302-97ec-18d889321df5" acquired by "nova.context.set_target_cell.<locals>.get_or_set_cached_cell_and_set_connections" :: waited 0.000s {{(pid=122702) inner /usr/local/lib/python3.8/dist-packages/oslo_concurrency/lockutils.py:386}}
Jan 27 16:48:42.492366 dv-cinder-818830-2-smb devstack@n-api.service[122702]: DEBUG oslo_concurrency.lockutils [None req-00ff2688-c92e-49b2-bf22-2f0c8bddc665 tempest-AttachVolumeNegativeTest-323909458 tempest-AttachVolumeNegativeTest-323909458-project] Lock "8d289b21-8574-4302-97ec-18d889321df5" "released" by "nova.context.set_target_cell.<locals>.get_or_set_cached_cell_and_set_connections" :: held 0.001s {{(pid=122702) inner /usr/local/lib/python3.8/dist-packages/oslo_concurrency/lockutils.py:400}}
Jan 27 16:48:42.517700 dv-cinder-818830-2-smb devstack@n-api.service[122701]: DEBUG nova.api.openstack.wsgi [None req-c61ce39f-ebbf-42c4-91d3-1a2ceea52c00 tempest-ServerRescueNegativeTestJSON-2028609353 tempest-ServerRescueNegativeTestJSON-2028609353-project] Calling method '<bound method ServersController.show of <nova.api.openstack.compute.servers.ServersController object at 0x7f1684037eb0>>' {{(pid=122701) _process_stack /opt/stack/nova/nova/api/openstack/wsgi.py:513}}
Jan 27 16:48:42.518589 dv-cinder-818830-2-smb devstack@n-api.service[122701]: DEBUG nova.compute.api [None req-c61ce39f-ebbf-42c4-91d3-1a2ceea52c00 tempest-ServerRescueNegativeTestJSON-2028609353 tempest-ServerRescueNegativeTestJSON-2028609353-project] [instance: acc8280a-4ef2-4f1e-ad43-dfaffb8f3dc0] Fetching instance by UUID {{(pid=122701) get /opt/stack/nova/nova/compute/api.py:2865}}
Jan 27 16:48:42.526735 dv-cinder-818830-2-smb devstack@n-api.service[122701]: DEBUG oslo_concurrency.lockutils [None req-c61ce39f-ebbf-42c4-91d3-1a2ceea52c00 tempest-ServerRescueNegativeTestJSON-2028609353 tempest-ServerRescueNegativeTestJSON-2028609353-project] Lock "8d289b21-8574-4302-97ec-18d889321df5" acquired by "nova.context.set_target_cell.<locals>.get_or_set_cached_cell_and_set_connections" :: waited 0.000s {{(pid=122701) inner /usr/local/lib/python3.8/dist-packages/oslo_concurrency/lockutils.py:386}}
Jan 27 16:48:42.528770 dv-cinder-818830-2-smb devstack@n-api.service[122701]: DEBUG oslo_concurrency.lockutils [None req-c61ce39f-ebbf-42c4-91d3-1a2ceea52c00 tempest-ServerRescueNegativeTestJSON-2028609353 tempest-ServerRescueNegativeTestJSON-2028609353-project] Lock "8d289b21-8574-4302-97ec-18d889321df5" "released" by "nova.context.set_target_cell.<locals>.get_or_set_cached_cell_and_set_connections" :: held 0.002s {{(pid=122701) inner /usr/local/lib/python3.8/dist-packages/oslo_concurrency/lockutils.py:400}}
Jan 27 16:48:42.530901 dv-cinder-818830-2-smb devstack@n-api.service[122701]: DEBUG oslo_concurrency.lockutils [None req-c61ce39f-ebbf-42c4-91d3-1a2ceea52c00 tempest-ServerRescueNegativeTestJSON-2028609353 tempest-ServerRescueNegativeTestJSON-2028609353-project] Lock "8d289b21-8574-4302-97ec-18d889321df5" acquired by "nova.context.set_target_cell.<locals>.get_or_set_cached_cell_and_set_connections" :: waited 0.000s {{(pid=122701) inner /usr/local/lib/python3.8/dist-packages/oslo_concurrency/lockutils.py:386}}
Jan 27 16:48:42.532601 dv-cinder-818830-2-smb devstack@n-api.service[122701]: DEBUG oslo_concurrency.lockutils [None req-c61ce39f-ebbf-42c4-91d3-1a2ceea52c00 tempest-ServerRescueNegativeTestJSON-2028609353 tempest-ServerRescueNegativeTestJSON-2028609353-project] Lock "8d289b21-8574-4302-97ec-18d889321df5" "released" by "nova.context.set_target_cell.<locals>.get_or_set_cached_cell_and_set_connections" :: held 0.002s {{(pid=122701) inner /usr/local/lib/python3.8/dist-packages/oslo_concurrency/lockutils.py:400}}
Jan 27 16:48:42.888968 dv-cinder-818830-2-smb devstack@n-api.service[122702]: DEBUG nova.policy [None req-00ff2688-c92e-49b2-bf22-2f0c8bddc665 tempest-AttachVolumeNegativeTest-323909458 tempest-AttachVolumeNegativeTest-323909458-project] Policy check for os_compute_api:os-extended-server-attributes failed with credentials {'is_admin': False, 'user_id': '896e5dacc5cc48468d2173c417ef7213', 'user_domain_id': 'default', 'system_scope': None, 'domain_id': None, 'project_id': '2006c02a739647f0b03e55734c513ff8', 'project_domain_id': 'default', 'roles': ['reader', 'member'], 'is_admin_project': True, 'service_user_id': None, 'service_user_domain_id': None, 'service_project_id': None, 'service_project_domain_id': None, 'service_roles': []} {{(pid=122702) authorize /opt/stack/nova/nova/policy.py:199}}
Jan 27 16:48:42.904442 dv-cinder-818830-2-smb devstack@n-api.service[122702]: INFO nova.api.openstack.requestlog [None req-00ff2688-c92e-49b2-bf22-2f0c8bddc665 tempest-AttachVolumeNegativeTest-323909458 tempest-AttachVolumeNegativeTest-323909458-project] 10.222.0.36 "GET /compute/v2.1/servers/37d0df60-eff2-48a9-b930-32e17d077616" status: 200 len: 1318 microversion: 2.1 time: 0.431142
Jan 27 16:48:42.907050 dv-cinder-818830-2-smb devstack@n-api.service[122702]: [pid: 122702|app: 0|req: 24/51] 10.222.0.36 () {58 vars in 1235 bytes} [Thu Jan 27 16:48:42 2022] GET /compute/v2.1/servers/37d0df60-eff2-48a9-b930-32e17d077616 => generated 1318 bytes in 437 msecs (HTTP/1.1 200) 9 headers in 358 bytes (1 switches on core 0)
Jan 27 16:48:43.103986 dv-cinder-818830-2-smb devstack@n-api.service[122701]: DEBUG nova.policy [None req-c61ce39f-ebbf-42c4-91d3-1a2ceea52c00 tempest-ServerRescueNegativeTestJSON-2028609353 tempest-ServerRescueNegativeTestJSON-2028609353-project] Policy check for os_compute_api:os-extended-server-attributes failed with credentials {'is_admin': False, 'user_id': '1f883544fdec47368bb690b24993e3f5', 'user_domain_id': 'default', 'system_scope': None, 'domain_id': None, 'project_id': '46735b363beb4de5a202c8f0bfd61584', 'project_domain_id': 'default', 'roles': ['reader', 'member'], 'is_admin_project': True, 'service_user_id': None, 'service_user_domain_id': None, 'service_project_id': None, 'service_project_domain_id': None, 'service_roles': []} {{(pid=122701) authorize /opt/stack/nova/nova/policy.py:199}}
Jan 27 16:48:43.118154 dv-cinder-818830-2-smb devstack@n-api.service[122701]: INFO nova.api.openstack.requestlog [None req-c61ce39f-ebbf-42c4-91d3-1a2ceea52c00 tempest-ServerRescueNegativeTestJSON-2028609353 tempest-ServerRescueNegativeTestJSON-2028609353-project] 10.222.0.36 "GET /compute/v2.1/servers/acc8280a-4ef2-4f1e-ad43-dfaffb8f3dc0" status: 200 len: 1322 microversion: 2.1 time: 0.604162
Jan 27 16:48:43.120718 dv-cinder-818830-2-smb devstack@n-api.service[122701]: [pid: 122701|app: 0|req: 28/52] 10.222.0.36 () {58 vars in 1235 bytes} [Thu Jan 27 16:48:42 2022] GET /compute/v2.1/servers/acc8280a-4ef2-4f1e-ad43-dfaffb8f3dc0 => generated 1322 bytes in 608 msecs (HTTP/1.1 200) 9 headers in 358 bytes (2 switches on core 0)
Jan 27 16:48:43.176647 dv-cinder-818830-2-smb devstack@n-api.service[122702]: DEBUG nova.api.openstack.wsgi [None req-07effbc0-ed2c-45ba-88ad-49fbb43e14d4 tempest-AttachVolumeTestJSON-19843959 tempest-AttachVolumeTestJSON-19843959-project] Calling method '<bound method ServersController.show of <nova.api.openstack.compute.servers.ServersController object at 0x7f1684037e20>>' {{(pid=122702) _process_stack /opt/stack/nova/nova/api/openstack/wsgi.py:513}}
Jan 27 16:48:43.181166 dv-cinder-818830-2-smb devstack@n-api.service[122702]: DEBUG nova.compute.api [None req-07effbc0-ed2c-45ba-88ad-49fbb43e14d4 tempest-AttachVolumeTestJSON-19843959 tempest-AttachVolumeTestJSON-19843959-project] [instance: 72c72ecf-7bab-4476-9c47-04de3801952e] Fetching instance by UUID {{(pid=122702) get /opt/stack/nova/nova/compute/api.py:2865}}
Jan 27 16:48:43.189547 dv-cinder-818830-2-smb devstack@n-api.service[122702]: DEBUG oslo_concurrency.lockutils [None req-07effbc0-ed2c-45ba-88ad-49fbb43e14d4 tempest-AttachVolumeTestJSON-19843959 tempest-AttachVolumeTestJSON-19843959-project] Lock "8d289b21-8574-4302-97ec-18d889321df5" acquired by "nova.context.set_target_cell.<locals>.get_or_set_cached_cell_and_set_connections" :: waited 0.000s {{(pid=122702) inner /usr/local/lib/python3.8/dist-packages/oslo_concurrency/lockutils.py:386}}
Jan 27 16:48:43.190352 dv-cinder-818830-2-smb devstack@n-api.service[122702]: DEBUG oslo_concurrency.lockutils [None req-07effbc0-ed2c-45ba-88ad-49fbb43e14d4 tempest-AttachVolumeTestJSON-19843959 tempest-AttachVolumeTestJSON-19843959-project] Lock "8d289b21-8574-4302-97ec-18d889321df5" "released" by "nova.context.set_target_cell.<locals>.get_or_set_cached_cell_and_set_connections" :: held 0.001s {{(pid=122702) inner /usr/local/lib/python3.8/dist-packages/oslo_concurrency/lockutils.py:400}}
Jan 27 16:48:43.192551 dv-cinder-818830-2-smb devstack@n-api.service[122702]: DEBUG oslo_concurrency.lockutils [None req-07effbc0-ed2c-45ba-88ad-49fbb43e14d4 tempest-AttachVolumeTestJSON-19843959 tempest-AttachVolumeTestJSON-19843959-project] Lock "8d289b21-8574-4302-97ec-18d889321df5" acquired by "nova.context.set_target_cell.<locals>.get_or_set_cached_cell_and_set_connections" :: waited 0.000s {{(pid=122702) inner /usr/local/lib/python3.8/dist-packages/oslo_concurrency/lockutils.py:386}}
Jan 27 16:48:43.193318 dv-cinder-818830-2-smb devstack@n-api.service[122702]: DEBUG oslo_concurrency.lockutils [None req-07effbc0-ed2c-45ba-88ad-49fbb43e14d4 tempest-AttachVolumeTestJSON-19843959 tempest-AttachVolumeTestJSON-19843959-project] Lock "8d289b21-8574-4302-97ec-18d889321df5" "released" by "nova.context.set_target_cell.<locals>.get_or_set_cached_cell_and_set_connections" :: held 0.001s {{(pid=122702) inner /usr/local/lib/python3.8/dist-packages/oslo_concurrency/lockutils.py:400}}
Jan 27 16:48:43.372875 dv-cinder-818830-2-smb devstack@n-api.service[122701]: DEBUG nova.api.openstack.wsgi [None req-39892cbe-5994-41f5-a502-a86989875d7a tempest-DeleteServersTestJSON-1088768309 tempest-DeleteServersTestJSON-1088768309-project] Calling method '<bound method ServersController.show of <nova.api.openstack.compute.servers.ServersController object at 0x7f1684037eb0>>' {{(pid=122701) _process_stack /opt/stack/nova/nova/api/openstack/wsgi.py:513}}
Jan 27 16:48:43.374233 dv-cinder-818830-2-smb devstack@n-api.service[122701]: DEBUG nova.compute.api [None req-39892cbe-5994-41f5-a502-a86989875d7a tempest-DeleteServersTestJSON-1088768309 tempest-DeleteServersTestJSON-1088768309-project] [instance: 16253184-cfc2-42ae-a5bc-39170186f4c2] Fetching instance by UUID {{(pid=122701) get /opt/stack/nova/nova/compute/api.py:2865}}
Jan 27 16:48:43.387003 dv-cinder-818830-2-smb devstack@n-api.service[122701]: DEBUG oslo_concurrency.lockutils [None req-39892cbe-5994-41f5-a502-a86989875d7a tempest-DeleteServersTestJSON-1088768309 tempest-DeleteServersTestJSON-1088768309-project] Lock "8d289b21-8574-4302-97ec-18d889321df5" acquired by "nova.context.set_target_cell.<locals>.get_or_set_cached_cell_and_set_connections" :: waited 0.000s {{(pid=122701) inner /usr/local/lib/python3.8/dist-packages/oslo_concurrency/lockutils.py:386}}
Jan 27 16:48:43.389303 dv-cinder-818830-2-smb devstack@n-api.service[122701]: DEBUG oslo_concurrency.lockutils [None req-39892cbe-5994-41f5-a502-a86989875d7a tempest-DeleteServersTestJSON-1088768309 tempest-DeleteServersTestJSON-1088768309-project] Lock "8d289b21-8574-4302-97ec-18d889321df5" "released" by "nova.context.set_target_cell.<locals>.get_or_set_cached_cell_and_set_connections" :: held 0.004s {{(pid=122701) inner /usr/local/lib/python3.8/dist-packages/oslo_concurrency/lockutils.py:400}}
Jan 27 16:48:43.394939 dv-cinder-818830-2-smb devstack@n-api.service[122701]: DEBUG oslo_concurrency.lockutils [None req-39892cbe-5994-41f5-a502-a86989875d7a tempest-DeleteServersTestJSON-1088768309 tempest-DeleteServersTestJSON-1088768309-project] Lock "8d289b21-8574-4302-97ec-18d889321df5" acquired by "nova.context.set_target_cell.<locals>.get_or_set_cached_cell_and_set_connections" :: waited 0.000s {{(pid=122701) inner /usr/local/lib/python3.8/dist-packages/oslo_concurrency/lockutils.py:386}}
Jan 27 16:48:43.396554 dv-cinder-818830-2-smb devstack@n-api.service[122701]: DEBUG oslo_concurrency.lockutils [None req-39892cbe-5994-41f5-a502-a86989875d7a tempest-DeleteServersTestJSON-1088768309 tempest-DeleteServersTestJSON-1088768309-project] Lock "8d289b21-8574-4302-97ec-18d889321df5" "released" by "nova.context.set_target_cell.<locals>.get_or_set_cached_cell_and_set_connections" :: held 0.003s {{(pid=122701) inner /usr/local/lib/python3.8/dist-packages/oslo_concurrency/lockutils.py:400}}
Jan 27 16:48:43.442299 dv-cinder-818830-2-smb devstack@n-api.service[122702]: DEBUG nova.policy [None req-07effbc0-ed2c-45ba-88ad-49fbb43e14d4 tempest-AttachVolumeTestJSON-19843959 tempest-AttachVolumeTestJSON-19843959-project] Policy check for os_compute_api:os-extended-server-attributes failed with credentials {'is_admin': False, 'user_id': 'b029264dfb9d4778aa765a83b2918f3e', 'user_domain_id': 'default', 'system_scope': None, 'domain_id': None, 'project_id': '2652eb7667c540af96c4a208b49ca1f8', 'project_domain_id': 'default', 'roles': ['reader', 'member'], 'is_admin_project': True, 'service_user_id': None, 'service_user_domain_id': None, 'service_project_id': None, 'service_project_domain_id': None, 'service_roles': []} {{(pid=122702) authorize /opt/stack/nova/nova/policy.py:199}}
Jan 27 16:48:43.470154 dv-cinder-818830-2-smb devstack@n-api.service[122702]: INFO nova.api.openstack.requestlog [None req-07effbc0-ed2c-45ba-88ad-49fbb43e14d4 tempest-AttachVolumeTestJSON-19843959 tempest-AttachVolumeTestJSON-19843959-project] 10.222.0.36 "GET /compute/v2.1/servers/72c72ecf-7bab-4476-9c47-04de3801952e" status: 200 len: 1359 microversion: 2.1 time: 0.300024
Jan 27 16:48:43.474187 dv-cinder-818830-2-smb devstack@n-api.service[122702]: [pid: 122702|app: 0|req: 25/53] 10.222.0.36 () {58 vars in 1235 bytes} [Thu Jan 27 16:48:43 2022] GET /compute/v2.1/servers/72c72ecf-7bab-4476-9c47-04de3801952e => generated 1359 bytes in 308 msecs (HTTP/1.1 200) 9 headers in 358 bytes (1 switches on core 0)
Jan 27 16:48:43.670576 dv-cinder-818830-2-smb devstack@n-api.service[122702]: DEBUG nova.api.openstack.wsgi [req-3b6b33b4-3eb3-402a-a6ff-202b8d88c104 req-ad866530-9e25-49d7-b6fe-df2ed484cd4d service nova] Action: 'create', calling method: <bound method ServerExternalEventsController.create of <nova.api.openstack.compute.server_external_events.ServerExternalEventsController object at 0x7f1684144160>>, body: {"events": [{"name": "network-changed", "server_uuid": "acc8280a-4ef2-4f1e-ad43-dfaffb8f3dc0", "tag": "48139ad0-f8f4-4001-a48d-2d7594324964"}]} {{(pid=122702) _process_stack /opt/stack/nova/nova/api/openstack/wsgi.py:511}}
Jan 27 16:48:43.673887 dv-cinder-818830-2-smb devstack@n-api.service[122702]: /usr/local/lib/python3.8/dist-packages/oslo_policy/policy.py:1119: UserWarning: Policy "os_compute_api:os-server-external-events:create": "rule:system_admin_api" failed scope check. The token used to make the request was project scoped but the policy requires ['system'] scope. This behavior may change in the future where using the intended scope is required
Jan 27 16:48:43.673887 dv-cinder-818830-2-smb devstack@n-api.service[122702]:   warnings.warn(msg)
Jan 27 16:48:43.707589 dv-cinder-818830-2-smb devstack@n-api.service[122702]: DEBUG oslo_concurrency.lockutils [req-3b6b33b4-3eb3-402a-a6ff-202b8d88c104 req-ad866530-9e25-49d7-b6fe-df2ed484cd4d service nova] Lock "8d289b21-8574-4302-97ec-18d889321df5" acquired by "nova.context.set_target_cell.<locals>.get_or_set_cached_cell_and_set_connections" :: waited 0.000s {{(pid=122702) inner /usr/local/lib/python3.8/dist-packages/oslo_concurrency/lockutils.py:386}}
Jan 27 16:48:43.707589 dv-cinder-818830-2-smb devstack@n-api.service[122702]: DEBUG oslo_concurrency.lockutils [req-3b6b33b4-3eb3-402a-a6ff-202b8d88c104 req-ad866530-9e25-49d7-b6fe-df2ed484cd4d service nova] Lock "8d289b21-8574-4302-97ec-18d889321df5" "released" by "nova.context.set_target_cell.<locals>.get_or_set_cached_cell_and_set_connections" :: held 0.001s {{(pid=122702) inner /usr/local/lib/python3.8/dist-packages/oslo_concurrency/lockutils.py:400}}
Jan 27 16:48:43.754687 dv-cinder-818830-2-smb devstack@n-api.service[122702]: INFO nova.api.openstack.compute.server_external_events [req-3b6b33b4-3eb3-402a-a6ff-202b8d88c104 req-ad866530-9e25-49d7-b6fe-df2ed484cd4d service nova] Creating event network-changed:48139ad0-f8f4-4001-a48d-2d7594324964 for instance acc8280a-4ef2-4f1e-ad43-dfaffb8f3dc0 on hv-cinder-81883
Jan 27 16:48:43.761410 dv-cinder-818830-2-smb devstack@n-api.service[122702]: INFO nova.api.openstack.requestlog [req-3b6b33b4-3eb3-402a-a6ff-202b8d88c104 req-ad866530-9e25-49d7-b6fe-df2ed484cd4d service nova] 10.222.0.36 "POST /compute/v2.1/os-server-external-events" status: 200 len: 179 microversion: 2.1 time: 0.097136
Jan 27 16:48:43.762570 dv-cinder-818830-2-smb devstack@n-api.service[122702]: [pid: 122702|app: 0|req: 26/54] 10.222.0.36 () {64 vars in 1317 bytes} [Thu Jan 27 16:48:43 2022] POST /compute/v2.1/os-server-external-events => generated 179 bytes in 100 msecs (HTTP/1.1 200) 9 headers in 357 bytes (1 switches on core 0)
Jan 27 16:48:43.923541 dv-cinder-818830-2-smb devstack@n-api.service[122702]: DEBUG nova.api.openstack.wsgi [None req-538a7c3c-2d7c-4a99-9671-6a963ed2761d tempest-AttachVolumeNegativeTest-323909458 tempest-AttachVolumeNegativeTest-323909458-project] Calling method '<bound method ServersController.show of <nova.api.openstack.compute.servers.ServersController object at 0x7f1684037e20>>' {{(pid=122702) _process_stack /opt/stack/nova/nova/api/openstack/wsgi.py:513}}
