Jan 27 16:49:20.869978 dv-cinder-818830-2-smb devstack@n-api.service[122701]: DEBUG nova.api.openstack.wsgi [None req-291a9d07-c9af-4ac9-9cf4-1f3c7846e389 tempest-VolumesTestJSON-1508619754 tempest-VolumesTestJSON-1508619754-project] Calling method '<function Controller.__getattribute__.<locals>.version_select at 0x7f1682153ca0>' {{(pid=122701) _process_stack /opt/stack/nova/nova/api/openstack/wsgi.py:513}}
Jan 27 16:49:20.883992 dv-cinder-818830-2-smb devstack@n-api.service[122702]: DEBUG nova.api.openstack.wsgi [None req-3f37e0bc-c7b6-4e2a-ab84-db4fbc3f8db9 tempest-VolumesActionsTest-850926550 tempest-VolumesActionsTest-850926550-project] Calling method '<bound method ServersController.show of <nova.api.openstack.compute.servers.ServersController object at 0x7f1684037e20>>' {{(pid=122702) _process_stack /opt/stack/nova/nova/api/openstack/wsgi.py:513}}
Jan 27 16:49:20.884599 dv-cinder-818830-2-smb devstack@n-api.service[122702]: DEBUG nova.compute.api [None req-3f37e0bc-c7b6-4e2a-ab84-db4fbc3f8db9 tempest-VolumesActionsTest-850926550 tempest-VolumesActionsTest-850926550-project] [instance: 73778a44-d267-436b-8831-80e17987e325] Fetching instance by UUID {{(pid=122702) get /opt/stack/nova/nova/compute/api.py:2865}}
Jan 27 16:49:20.890858 dv-cinder-818830-2-smb devstack@n-api.service[122702]: DEBUG oslo_concurrency.lockutils [None req-3f37e0bc-c7b6-4e2a-ab84-db4fbc3f8db9 tempest-VolumesActionsTest-850926550 tempest-VolumesActionsTest-850926550-project] Lock "8d289b21-8574-4302-97ec-18d889321df5" acquired by "nova.context.set_target_cell.<locals>.get_or_set_cached_cell_and_set_connections" :: waited 0.000s {{(pid=122702) inner /usr/local/lib/python3.8/dist-packages/oslo_concurrency/lockutils.py:386}}
Jan 27 16:49:20.891263 dv-cinder-818830-2-smb devstack@n-api.service[122702]: DEBUG oslo_concurrency.lockutils [None req-3f37e0bc-c7b6-4e2a-ab84-db4fbc3f8db9 tempest-VolumesActionsTest-850926550 tempest-VolumesActionsTest-850926550-project] Lock "8d289b21-8574-4302-97ec-18d889321df5" "released" by "nova.context.set_target_cell.<locals>.get_or_set_cached_cell_and_set_connections" :: held 0.001s {{(pid=122702) inner /usr/local/lib/python3.8/dist-packages/oslo_concurrency/lockutils.py:400}}
Jan 27 16:49:20.892073 dv-cinder-818830-2-smb devstack@n-api.service[122702]: DEBUG oslo_concurrency.lockutils [None req-3f37e0bc-c7b6-4e2a-ab84-db4fbc3f8db9 tempest-VolumesActionsTest-850926550 tempest-VolumesActionsTest-850926550-project] Lock "8d289b21-8574-4302-97ec-18d889321df5" acquired by "nova.context.set_target_cell.<locals>.get_or_set_cached_cell_and_set_connections" :: waited 0.000s {{(pid=122702) inner /usr/local/lib/python3.8/dist-packages/oslo_concurrency/lockutils.py:386}}
Jan 27 16:49:20.892504 dv-cinder-818830-2-smb devstack@n-api.service[122702]: DEBUG oslo_concurrency.lockutils [None req-3f37e0bc-c7b6-4e2a-ab84-db4fbc3f8db9 tempest-VolumesActionsTest-850926550 tempest-VolumesActionsTest-850926550-project] Lock "8d289b21-8574-4302-97ec-18d889321df5" "released" by "nova.context.set_target_cell.<locals>.get_or_set_cached_cell_and_set_connections" :: held 0.000s {{(pid=122702) inner /usr/local/lib/python3.8/dist-packages/oslo_concurrency/lockutils.py:400}}
Jan 27 16:49:20.948775 dv-cinder-818830-2-smb devstack@n-api.service[122701]: INFO nova.api.openstack.requestlog [None req-291a9d07-c9af-4ac9-9cf4-1f3c7846e389 tempest-VolumesTestJSON-1508619754 tempest-VolumesTestJSON-1508619754-project] 10.222.0.36 "GET /compute/v2.1/os-volumes/detail" status: 200 len: 1035 microversion: 2.1 time: 0.082472
Jan 27 16:49:20.949351 dv-cinder-818830-2-smb devstack@n-api.service[122701]: [pid: 122701|app: 0|req: 115/227] 10.222.0.36 () {58 vars in 1154 bytes} [Thu Jan 27 16:49:20 2022] GET /compute/v2.1/os-volumes/detail => generated 1035 bytes in 84 msecs (HTTP/1.1 200) 9 headers in 358 bytes (1 switches on core 0)
Jan 27 16:49:20.960502 dv-cinder-818830-2-smb devstack@n-api.service[122701]: DEBUG nova.api.openstack.wsgi [None req-b525d594-bcff-48d6-93cb-73445b2c1201 tempest-VolumesTestJSON-1508619754 tempest-VolumesTestJSON-1508619754-project] Calling method '<function Controller.__getattribute__.<locals>.version_select at 0x7f16821eedc0>' {{(pid=122701) _process_stack /opt/stack/nova/nova/api/openstack/wsgi.py:513}}
Jan 27 16:49:21.045268 dv-cinder-818830-2-smb devstack@n-api.service[122701]: INFO nova.api.openstack.requestlog [None req-b525d594-bcff-48d6-93cb-73445b2c1201 tempest-VolumesTestJSON-1508619754 tempest-VolumesTestJSON-1508619754-project] 10.222.0.36 "GET /compute/v2.1/os-volumes/detail?offset=1&limit=1" status: 200 len: 354 microversion: 2.1 time: 0.088129
Jan 27 16:49:21.045589 dv-cinder-818830-2-smb devstack@n-api.service[122701]: [pid: 122701|app: 0|req: 116/228] 10.222.0.36 () {58 vars in 1187 bytes} [Thu Jan 27 16:49:20 2022] GET /compute/v2.1/os-volumes/detail?offset=1&limit=1 => generated 354 bytes in 90 msecs (HTTP/1.1 200) 9 headers in 357 bytes (2 switches on core 0)
Jan 27 16:49:21.047281 dv-cinder-818830-2-smb devstack@n-api.service[122702]: DEBUG nova.policy [None req-3f37e0bc-c7b6-4e2a-ab84-db4fbc3f8db9 tempest-VolumesActionsTest-850926550 tempest-VolumesActionsTest-850926550-project] Policy check for os_compute_api:os-extended-server-attributes failed with credentials {'is_admin': False, 'user_id': 'a64b2b54af6145cda560f805ab1e5e6f', 'user_domain_id': 'default', 'system_scope': None, 'domain_id': None, 'project_id': '8830be16b5894f5491979b3795624284', 'project_domain_id': 'default', 'roles': ['reader', 'member'], 'is_admin_project': True, 'service_user_id': None, 'service_user_domain_id': None, 'service_project_id': None, 'service_project_domain_id': None, 'service_roles': []} {{(pid=122702) authorize /opt/stack/nova/nova/policy.py:199}}
Jan 27 16:49:21.050605 dv-cinder-818830-2-smb devstack@n-api.service[122701]: DEBUG nova.api.openstack.wsgi [None req-43187235-7156-4f5e-b12a-f229fc375183 tempest-VolumesActionsTest-1495772205 tempest-VolumesActionsTest-1495772205-project] Calling method '<bound method ServersController.show of <nova.api.openstack.compute.servers.ServersController object at 0x7f1684037eb0>>' {{(pid=122701) _process_stack /opt/stack/nova/nova/api/openstack/wsgi.py:513}}
Jan 27 16:49:21.052545 dv-cinder-818830-2-smb devstack@n-api.service[122701]: DEBUG nova.compute.api [None req-43187235-7156-4f5e-b12a-f229fc375183 tempest-VolumesActionsTest-1495772205 tempest-VolumesActionsTest-1495772205-project] [instance: eaf2666c-1902-4143-a7ec-82726c247b33] Fetching instance by UUID {{(pid=122701) get /opt/stack/nova/nova/compute/api.py:2865}}
Jan 27 16:49:21.060683 dv-cinder-818830-2-smb devstack@n-api.service[122701]: DEBUG oslo_concurrency.lockutils [None req-43187235-7156-4f5e-b12a-f229fc375183 tempest-VolumesActionsTest-1495772205 tempest-VolumesActionsTest-1495772205-project] Lock "8d289b21-8574-4302-97ec-18d889321df5" acquired by "nova.context.set_target_cell.<locals>.get_or_set_cached_cell_and_set_connections" :: waited 0.000s {{(pid=122701) inner /usr/local/lib/python3.8/dist-packages/oslo_concurrency/lockutils.py:386}}
Jan 27 16:49:21.061116 dv-cinder-818830-2-smb devstack@n-api.service[122701]: DEBUG oslo_concurrency.lockutils [None req-43187235-7156-4f5e-b12a-f229fc375183 tempest-VolumesActionsTest-1495772205 tempest-VolumesActionsTest-1495772205-project] Lock "8d289b21-8574-4302-97ec-18d889321df5" "released" by "nova.context.set_target_cell.<locals>.get_or_set_cached_cell_and_set_connections" :: held 0.001s {{(pid=122701) inner /usr/local/lib/python3.8/dist-packages/oslo_concurrency/lockutils.py:400}}
Jan 27 16:49:21.062119 dv-cinder-818830-2-smb devstack@n-api.service[122701]: DEBUG oslo_concurrency.lockutils [None req-43187235-7156-4f5e-b12a-f229fc375183 tempest-VolumesActionsTest-1495772205 tempest-VolumesActionsTest-1495772205-project] Lock "8d289b21-8574-4302-97ec-18d889321df5" acquired by "nova.context.set_target_cell.<locals>.get_or_set_cached_cell_and_set_connections" :: waited 0.000s {{(pid=122701) inner /usr/local/lib/python3.8/dist-packages/oslo_concurrency/lockutils.py:386}}
Jan 27 16:49:21.062737 dv-cinder-818830-2-smb devstack@n-api.service[122701]: DEBUG oslo_concurrency.lockutils [None req-43187235-7156-4f5e-b12a-f229fc375183 tempest-VolumesActionsTest-1495772205 tempest-VolumesActionsTest-1495772205-project] Lock "8d289b21-8574-4302-97ec-18d889321df5" "released" by "nova.context.set_target_cell.<locals>.get_or_set_cached_cell_and_set_connections" :: held 0.001s {{(pid=122701) inner /usr/local/lib/python3.8/dist-packages/oslo_concurrency/lockutils.py:400}}
Jan 27 16:49:21.065066 dv-cinder-818830-2-smb devstack@n-api.service[122702]: INFO nova.api.openstack.requestlog [None req-3f37e0bc-c7b6-4e2a-ab84-db4fbc3f8db9 tempest-VolumesActionsTest-850926550 tempest-VolumesActionsTest-850926550-project] 10.222.0.36 "GET /compute/v2.1/servers/73778a44-d267-436b-8831-80e17987e325" status: 200 len: 1314 microversion: 2.1 time: 0.184671
Jan 27 16:49:21.065678 dv-cinder-818830-2-smb devstack@n-api.service[122702]: [pid: 122702|app: 0|req: 113/229] 10.222.0.36 () {58 vars in 1235 bytes} [Thu Jan 27 16:49:20 2022] GET /compute/v2.1/servers/73778a44-d267-436b-8831-80e17987e325 => generated 1314 bytes in 186 msecs (HTTP/1.1 200) 9 headers in 358 bytes (2 switches on core 0)
Jan 27 16:49:21.076466 dv-cinder-818830-2-smb devstack@n-api.service[122702]: DEBUG nova.api.openstack.wsgi [None req-0f1adc79-56b4-4308-aeed-0cee13e6444a tempest-VolumesTestJSON-1508619754 tempest-VolumesTestJSON-1508619754-project] Calling method '<function Controller.__getattribute__.<locals>.version_select at 0x7f1682938d30>' {{(pid=122702) _process_stack /opt/stack/nova/nova/api/openstack/wsgi.py:513}}
Jan 27 16:49:21.081481 dv-cinder-818830-2-smb devstack@n-api.service[122701]: INFO nova.api.openstack.wsgi [None req-43187235-7156-4f5e-b12a-f229fc375183 tempest-VolumesActionsTest-1495772205 tempest-VolumesActionsTest-1495772205-project] HTTP exception thrown: Instance eaf2666c-1902-4143-a7ec-82726c247b33 could not be found.
Jan 27 16:49:21.082113 dv-cinder-818830-2-smb devstack@n-api.service[122701]: DEBUG nova.api.openstack.wsgi [None req-43187235-7156-4f5e-b12a-f229fc375183 tempest-VolumesActionsTest-1495772205 tempest-VolumesActionsTest-1495772205-project] Returning 404 to user: Instance eaf2666c-1902-4143-a7ec-82726c247b33 could not be found. {{(pid=122701) __call__ /opt/stack/nova/nova/api/openstack/wsgi.py:936}}
Jan 27 16:49:21.083519 dv-cinder-818830-2-smb devstack@n-api.service[122701]: INFO nova.api.openstack.requestlog [None req-43187235-7156-4f5e-b12a-f229fc375183 tempest-VolumesActionsTest-1495772205 tempest-VolumesActionsTest-1495772205-project] 10.222.0.36 "GET /compute/v2.1/servers/eaf2666c-1902-4143-a7ec-82726c247b33" status: 404 len: 111 microversion: 2.1 time: 0.036758
Jan 27 16:49:21.084139 dv-cinder-818830-2-smb devstack@n-api.service[122701]: [pid: 122701|app: 0|req: 117/230] 10.222.0.36 () {58 vars in 1235 bytes} [Thu Jan 27 16:49:21 2022] GET /compute/v2.1/servers/eaf2666c-1902-4143-a7ec-82726c247b33 => generated 111 bytes in 38 msecs (HTTP/1.1 404) 9 headers in 379 bytes (1 switches on core 0)
Jan 27 16:49:21.163670 dv-cinder-818830-2-smb devstack@n-api.service[122701]: DEBUG nova.api.openstack.wsgi [None req-46ea7665-3e40-45db-8ad3-673356b7f444 tempest-AttachVolumeTestJSON-19843959 tempest-AttachVolumeTestJSON-19843959-project] Action: 'action', calling method: <bound method ConsoleOutputController.get_console_output of <nova.api.openstack.compute.console_output.ConsoleOutputController object at 0x7f1684013b50>>, body: {"os-getConsoleOutput": {}} {{(pid=122701) _process_stack /opt/stack/nova/nova/api/openstack/wsgi.py:511}}
Jan 27 16:49:21.164905 dv-cinder-818830-2-smb devstack@n-api.service[122701]: DEBUG nova.compute.api [None req-46ea7665-3e40-45db-8ad3-673356b7f444 tempest-AttachVolumeTestJSON-19843959 tempest-AttachVolumeTestJSON-19843959-project] [instance: 72c72ecf-7bab-4476-9c47-04de3801952e] Fetching instance by UUID {{(pid=122701) get /opt/stack/nova/nova/compute/api.py:2865}}
Jan 27 16:49:21.171244 dv-cinder-818830-2-smb devstack@n-api.service[122702]: INFO nova.api.openstack.requestlog [None req-0f1adc79-56b4-4308-aeed-0cee13e6444a tempest-VolumesTestJSON-1508619754 tempest-VolumesTestJSON-1508619754-project] 10.222.0.36 "GET /compute/v2.1/os-volumes/detail" status: 200 len: 1035 microversion: 2.1 time: 0.104031
Jan 27 16:49:21.172062 dv-cinder-818830-2-smb devstack@n-api.service[122702]: [pid: 122702|app: 0|req: 114/231] 10.222.0.36 () {58 vars in 1154 bytes} [Thu Jan 27 16:49:21 2022] GET /compute/v2.1/os-volumes/detail => generated 1035 bytes in 105 msecs (HTTP/1.1 200) 9 headers in 358 bytes (1 switches on core 0)
Jan 27 16:49:21.175343 dv-cinder-818830-2-smb devstack@n-api.service[122701]: DEBUG oslo_concurrency.lockutils [None req-46ea7665-3e40-45db-8ad3-673356b7f444 tempest-AttachVolumeTestJSON-19843959 tempest-AttachVolumeTestJSON-19843959-project] Lock "8d289b21-8574-4302-97ec-18d889321df5" acquired by "nova.context.set_target_cell.<locals>.get_or_set_cached_cell_and_set_connections" :: waited 0.000s {{(pid=122701) inner /usr/local/lib/python3.8/dist-packages/oslo_concurrency/lockutils.py:386}}
Jan 27 16:49:21.175797 dv-cinder-818830-2-smb devstack@n-api.service[122701]: DEBUG oslo_concurrency.lockutils [None req-46ea7665-3e40-45db-8ad3-673356b7f444 tempest-AttachVolumeTestJSON-19843959 tempest-AttachVolumeTestJSON-19843959-project] Lock "8d289b21-8574-4302-97ec-18d889321df5" "released" by "nova.context.set_target_cell.<locals>.get_or_set_cached_cell_and_set_connections" :: held 0.001s {{(pid=122701) inner /usr/local/lib/python3.8/dist-packages/oslo_concurrency/lockutils.py:400}}
Jan 27 16:49:21.176616 dv-cinder-818830-2-smb devstack@n-api.service[122701]: DEBUG oslo_concurrency.lockutils [None req-46ea7665-3e40-45db-8ad3-673356b7f444 tempest-AttachVolumeTestJSON-19843959 tempest-AttachVolumeTestJSON-19843959-project] Lock "8d289b21-8574-4302-97ec-18d889321df5" acquired by "nova.context.set_target_cell.<locals>.get_or_set_cached_cell_and_set_connections" :: waited 0.000s {{(pid=122701) inner /usr/local/lib/python3.8/dist-packages/oslo_concurrency/lockutils.py:386}}
Jan 27 16:49:21.179977 dv-cinder-818830-2-smb devstack@n-api.service[122701]: DEBUG oslo_concurrency.lockutils [None req-46ea7665-3e40-45db-8ad3-673356b7f444 tempest-AttachVolumeTestJSON-19843959 tempest-AttachVolumeTestJSON-19843959-project] Lock "8d289b21-8574-4302-97ec-18d889321df5" "released" by "nova.context.set_target_cell.<locals>.get_or_set_cached_cell_and_set_connections" :: held 0.000s {{(pid=122701) inner /usr/local/lib/python3.8/dist-packages/oslo_concurrency/lockutils.py:400}}
Jan 27 16:49:21.224547 dv-cinder-818830-2-smb devstack@n-api.service[122702]: DEBUG nova.api.openstack.wsgi [None req-55a96478-0010-431d-aa83-b405f9efa8ab tempest-VolumesActionsTest-1495772205 tempest-VolumesActionsTest-1495772205-project] Action: 'create', calling method: <bound method ServersController.create of <nova.api.openstack.compute.servers.ServersController object at 0x7f168409b280>>, body: {"server": {"name": "tempest-VolumesActionsTest-instance-384326472", "imageRef": "eb39490e-e578-4483-bc8f-bbece505af16", "flavorRef": "452", "networks": [{"uuid": "10f081df-a006-4b2c-ad70-964afc0350e9"}]}} {{(pid=122702) _process_stack /opt/stack/nova/nova/api/openstack/wsgi.py:511}}
Jan 27 16:49:21.285257 dv-cinder-818830-2-smb devstack@n-api.service[122702]: DEBUG nova.network.neutron [None req-55a96478-0010-431d-aa83-b405f9efa8ab tempest-VolumesActionsTest-1495772205 tempest-VolumesActionsTest-1495772205-project] validate_networks() for [('10f081df-a006-4b2c-ad70-964afc0350e9', None, None, None, None, None)] {{(pid=122702) validate_networks /opt/stack/nova/nova/network/neutron.py:2482}}
Jan 27 16:49:21.294426 dv-cinder-818830-2-smb devstack@n-api.service[122701]: INFO nova.api.openstack.requestlog [None req-46ea7665-3e40-45db-8ad3-673356b7f444 tempest-AttachVolumeTestJSON-19843959 tempest-AttachVolumeTestJSON-19843959-project] 10.222.0.36 "POST /compute/v2.1/servers/72c72ecf-7bab-4476-9c47-04de3801952e/action" status: 200 len: 21709 microversion: 2.1 time: 0.134476
Jan 27 16:49:21.295146 dv-cinder-818830-2-smb devstack@n-api.service[122701]: [pid: 122701|app: 0|req: 118/232] 10.222.0.36 () {60 vars in 1277 bytes} [Thu Jan 27 16:49:21 2022] POST /compute/v2.1/servers/72c72ecf-7bab-4476-9c47-04de3801952e/action => generated 21709 bytes in 136 msecs (HTTP/1.1 200) 9 headers in 359 bytes (2 switches on core 0)
Jan 27 16:49:21.509001 dv-cinder-818830-2-smb devstack@n-api.service[122701]: DEBUG nova.api.openstack.wsgi [None req-0d78ed3d-16f2-4d3e-af55-5b486834449d tempest-AttachVolumeNegativeTest-323909458 tempest-AttachVolumeNegativeTest-323909458-project] Calling method '<bound method ServersController.show of <nova.api.openstack.compute.servers.ServersController object at 0x7f1684037eb0>>' {{(pid=122701) _process_stack /opt/stack/nova/nova/api/openstack/wsgi.py:513}}
Jan 27 16:49:21.510313 dv-cinder-818830-2-smb devstack@n-api.service[122701]: DEBUG nova.compute.api [None req-0d78ed3d-16f2-4d3e-af55-5b486834449d tempest-AttachVolumeNegativeTest-323909458 tempest-AttachVolumeNegativeTest-323909458-project] [instance: 53c359bf-49ff-4292-a0db-ac1bc78a968f] Fetching instance by UUID {{(pid=122701) get /opt/stack/nova/nova/compute/api.py:2865}}
Jan 27 16:49:21.519325 dv-cinder-818830-2-smb devstack@n-api.service[122701]: DEBUG oslo_concurrency.lockutils [None req-0d78ed3d-16f2-4d3e-af55-5b486834449d tempest-AttachVolumeNegativeTest-323909458 tempest-AttachVolumeNegativeTest-323909458-project] Lock "8d289b21-8574-4302-97ec-18d889321df5" acquired by "nova.context.set_target_cell.<locals>.get_or_set_cached_cell_and_set_connections" :: waited 0.000s {{(pid=122701) inner /usr/local/lib/python3.8/dist-packages/oslo_concurrency/lockutils.py:386}}
Jan 27 16:49:21.520011 dv-cinder-818830-2-smb devstack@n-api.service[122701]: DEBUG oslo_concurrency.lockutils [None req-0d78ed3d-16f2-4d3e-af55-5b486834449d tempest-AttachVolumeNegativeTest-323909458 tempest-AttachVolumeNegativeTest-323909458-project] Lock "8d289b21-8574-4302-97ec-18d889321df5" "released" by "nova.context.set_target_cell.<locals>.get_or_set_cached_cell_and_set_connections" :: held 0.001s {{(pid=122701) inner /usr/local/lib/python3.8/dist-packages/oslo_concurrency/lockutils.py:400}}
Jan 27 16:49:21.521160 dv-cinder-818830-2-smb devstack@n-api.service[122701]: DEBUG oslo_concurrency.lockutils [None req-0d78ed3d-16f2-4d3e-af55-5b486834449d tempest-AttachVolumeNegativeTest-323909458 tempest-AttachVolumeNegativeTest-323909458-project] Lock "8d289b21-8574-4302-97ec-18d889321df5" acquired by "nova.context.set_target_cell.<locals>.get_or_set_cached_cell_and_set_connections" :: waited 0.000s {{(pid=122701) inner /usr/local/lib/python3.8/dist-packages/oslo_concurrency/lockutils.py:386}}
Jan 27 16:49:21.522170 dv-cinder-818830-2-smb devstack@n-api.service[122701]: DEBUG oslo_concurrency.lockutils [None req-0d78ed3d-16f2-4d3e-af55-5b486834449d tempest-AttachVolumeNegativeTest-323909458 tempest-AttachVolumeNegativeTest-323909458-project] Lock "8d289b21-8574-4302-97ec-18d889321df5" "released" by "nova.context.set_target_cell.<locals>.get_or_set_cached_cell_and_set_connections" :: held 0.001s {{(pid=122701) inner /usr/local/lib/python3.8/dist-packages/oslo_concurrency/lockutils.py:400}}
Jan 27 16:49:21.592534 dv-cinder-818830-2-smb devstack@n-api.service[122701]: DEBUG nova.policy [None req-0d78ed3d-16f2-4d3e-af55-5b486834449d tempest-AttachVolumeNegativeTest-323909458 tempest-AttachVolumeNegativeTest-323909458-project] Policy check for os_compute_api:os-extended-server-attributes failed with credentials {'is_admin': False, 'user_id': '896e5dacc5cc48468d2173c417ef7213', 'user_domain_id': 'default', 'system_scope': None, 'domain_id': None, 'project_id': '2006c02a739647f0b03e55734c513ff8', 'project_domain_id': 'default', 'roles': ['reader', 'member'], 'is_admin_project': True, 'service_user_id': None, 'service_user_domain_id': None, 'service_project_id': None, 'service_project_domain_id': None, 'service_roles': []} {{(pid=122701) authorize /opt/stack/nova/nova/policy.py:199}}
Jan 27 16:49:21.607076 dv-cinder-818830-2-smb devstack@n-api.service[122701]: INFO nova.api.openstack.requestlog [None req-0d78ed3d-16f2-4d3e-af55-5b486834449d tempest-AttachVolumeNegativeTest-323909458 tempest-AttachVolumeNegativeTest-323909458-project] 10.222.0.36 "GET /compute/v2.1/servers/53c359bf-49ff-4292-a0db-ac1bc78a968f" status: 200 len: 1270 microversion: 2.1 time: 0.103696
Jan 27 16:49:21.608354 dv-cinder-818830-2-smb devstack@n-api.service[122701]: [pid: 122701|app: 0|req: 119/233] 10.222.0.36 () {58 vars in 1235 bytes} [Thu Jan 27 16:49:21 2022] GET /compute/v2.1/servers/53c359bf-49ff-4292-a0db-ac1bc78a968f => generated 1270 bytes in 106 msecs (HTTP/1.1 200) 9 headers in 358 bytes (2 switches on core 0)
Jan 27 16:49:21.678078 dv-cinder-818830-2-smb devstack@n-api.service[122702]: DEBUG nova.virt.hardware [None req-55a96478-0010-431d-aa83-b405f9efa8ab tempest-VolumesActionsTest-1495772205 tempest-VolumesActionsTest-1495772205-project] Flavor limits 0:0:0 {{(pid=122702) get_cpu_topology_constraints /opt/stack/nova/nova/virt/hardware.py:343}}
Jan 27 16:49:21.679133 dv-cinder-818830-2-smb devstack@n-api.service[122702]: DEBUG nova.virt.hardware [None req-55a96478-0010-431d-aa83-b405f9efa8ab tempest-VolumesActionsTest-1495772205 tempest-VolumesActionsTest-1495772205-project] Image limits 0:0:0 {{(pid=122702) get_cpu_topology_constraints /opt/stack/nova/nova/virt/hardware.py:347}}
Jan 27 16:49:21.680294 dv-cinder-818830-2-smb devstack@n-api.service[122702]: DEBUG nova.virt.hardware [None req-55a96478-0010-431d-aa83-b405f9efa8ab tempest-VolumesActionsTest-1495772205 tempest-VolumesActionsTest-1495772205-project] Flavor pref 0:0:0 {{(pid=122702) get_cpu_topology_constraints /opt/stack/nova/nova/virt/hardware.py:383}}
Jan 27 16:49:21.680871 dv-cinder-818830-2-smb devstack@n-api.service[122702]: DEBUG nova.virt.hardware [None req-55a96478-0010-431d-aa83-b405f9efa8ab tempest-VolumesActionsTest-1495772205 tempest-VolumesActionsTest-1495772205-project] Image pref 0:0:0 {{(pid=122702) get_cpu_topology_constraints /opt/stack/nova/nova/virt/hardware.py:387}}
Jan 27 16:49:21.681390 dv-cinder-818830-2-smb devstack@n-api.service[122702]: DEBUG nova.virt.hardware [None req-55a96478-0010-431d-aa83-b405f9efa8ab tempest-VolumesActionsTest-1495772205 tempest-VolumesActionsTest-1495772205-project] Chose sockets=0, cores=0, threads=0; limits were sockets=65536, cores=65536, threads=65536 {{(pid=122702) get_cpu_topology_constraints /opt/stack/nova/nova/virt/hardware.py:425}}
Jan 27 16:49:21.694188 dv-cinder-818830-2-smb devstack@n-api.service[122702]: DEBUG oslo_concurrency.lockutils [None req-55a96478-0010-431d-aa83-b405f9efa8ab tempest-VolumesActionsTest-1495772205 tempest-VolumesActionsTest-1495772205-project] Lock "00000000-0000-0000-0000-000000000000" acquired by "nova.context.set_target_cell.<locals>.get_or_set_cached_cell_and_set_connections" :: waited 0.000s {{(pid=122702) inner /usr/local/lib/python3.8/dist-packages/oslo_concurrency/lockutils.py:386}}
Jan 27 16:49:21.694642 dv-cinder-818830-2-smb devstack@n-api.service[122702]: DEBUG oslo_concurrency.lockutils [None req-55a96478-0010-431d-aa83-b405f9efa8ab tempest-VolumesActionsTest-1495772205 tempest-VolumesActionsTest-1495772205-project] Lock "00000000-0000-0000-0000-000000000000" "released" by "nova.context.set_target_cell.<locals>.get_or_set_cached_cell_and_set_connections" :: held 0.001s {{(pid=122702) inner /usr/local/lib/python3.8/dist-packages/oslo_concurrency/lockutils.py:400}}
Jan 27 16:49:21.697136 dv-cinder-818830-2-smb devstack@n-api.service[122702]: DEBUG oslo_concurrency.lockutils [None req-55a96478-0010-431d-aa83-b405f9efa8ab tempest-VolumesActionsTest-1495772205 tempest-VolumesActionsTest-1495772205-project] Lock "8d289b21-8574-4302-97ec-18d889321df5" acquired by "nova.context.set_target_cell.<locals>.get_or_set_cached_cell_and_set_connections" :: waited 0.000s {{(pid=122702) inner /usr/local/lib/python3.8/dist-packages/oslo_concurrency/lockutils.py:386}}
Jan 27 16:49:21.697961 dv-cinder-818830-2-smb devstack@n-api.service[122702]: DEBUG oslo_concurrency.lockutils [None req-55a96478-0010-431d-aa83-b405f9efa8ab tempest-VolumesActionsTest-1495772205 tempest-VolumesActionsTest-1495772205-project] Lock "8d289b21-8574-4302-97ec-18d889321df5" "released" by "nova.context.set_target_cell.<locals>.get_or_set_cached_cell_and_set_connections" :: held 0.001s {{(pid=122702) inner /usr/local/lib/python3.8/dist-packages/oslo_concurrency/lockutils.py:400}}
Jan 27 16:49:21.738316 dv-cinder-818830-2-smb devstack@n-api.service[122702]: DEBUG nova.quota [None req-55a96478-0010-431d-aa83-b405f9efa8ab tempest-VolumesActionsTest-1495772205 tempest-VolumesActionsTest-1495772205-project] Getting quotas for project 86cef67f0a214ac3bb9c0bb282a6c25b. Resources: {'instances', 'cores', 'ram'} {{(pid=122702) _get_quotas /opt/stack/nova/nova/quota.py:387}}
Jan 27 16:49:21.749068 dv-cinder-818830-2-smb devstack@n-api.service[122702]: DEBUG nova.quota [None req-55a96478-0010-431d-aa83-b405f9efa8ab tempest-VolumesActionsTest-1495772205 tempest-VolumesActionsTest-1495772205-project] Getting quotas for user ef71830a4ba5473ab0e8b6e10abb967e and project 86cef67f0a214ac3bb9c0bb282a6c25b. Resources: {'instances', 'cores', 'ram'} {{(pid=122702) _get_quotas /opt/stack/nova/nova/quota.py:377}}
Jan 27 16:49:21.762980 dv-cinder-818830-2-smb devstack@n-api.service[122702]: DEBUG nova.compute.api [None req-55a96478-0010-431d-aa83-b405f9efa8ab tempest-VolumesActionsTest-1495772205 tempest-VolumesActionsTest-1495772205-project] Going to run 1 instances... {{(pid=122702) _provision_instances /opt/stack/nova/nova/compute/api.py:1350}}
Jan 27 16:49:21.765568 dv-cinder-818830-2-smb devstack@n-api.service[122702]: DEBUG nova.compute.api [None req-55a96478-0010-431d-aa83-b405f9efa8ab tempest-VolumesActionsTest-1495772205 tempest-VolumesActionsTest-1495772205-project] [instance: eaae7c91-15a1-4626-b961-a55202df6b78] block_device_mapping [BlockDeviceMapping(attachment_id=<?>,boot_index=0,connection_info=None,created_at=<?>,delete_on_termination=True,deleted=<?>,deleted_at=<?>,destination_type='local',device_name=None,device_type='disk',disk_bus=None,guest_format=None,id=<?>,image_id='eb39490e-e578-4483-bc8f-bbece505af16',instance=<?>,instance_uuid=<?>,no_device=False,snapshot_id=None,source_type='image',tag=None,updated_at=<?>,uuid=<?>,volume_id=None,volume_size=None,volume_type=None)] {{(pid=122702) _bdm_validate_set_size_and_instance /opt/stack/nova/nova/compute/api.py:1757}}
Jan 27 16:49:21.813288 dv-cinder-818830-2-smb devstack@n-api.service[122702]: INFO nova.api.openstack.requestlog [None req-55a96478-0010-431d-aa83-b405f9efa8ab tempest-VolumesActionsTest-1495772205 tempest-VolumesActionsTest-1495772205-project] 10.222.0.36 "POST /compute/v2.1/servers" status: 202 len: 380 microversion: 2.1 time: 0.592210
Jan 27 16:49:21.813850 dv-cinder-818830-2-smb devstack@n-api.service[122702]: [pid: 122702|app: 0|req: 115/234] 10.222.0.36 () {60 vars in 1146 bytes} [Thu Jan 27 16:49:21 2022] POST /compute/v2.1/servers => generated 380 bytes in 594 msecs (HTTP/1.1 202) 10 headers in 451 bytes (2 switches on core 0)
Jan 27 16:49:21.825840 dv-cinder-818830-2-smb devstack@n-api.service[122701]: DEBUG nova.api.openstack.wsgi [None req-67319fca-a796-4549-8c11-9aed8cedb65a tempest-VolumesActionsTest-1495772205 tempest-VolumesActionsTest-1495772205-project] Calling method '<bound method ServersController.show of <nova.api.openstack.compute.servers.ServersController object at 0x7f1684037eb0>>' {{(pid=122701) _process_stack /opt/stack/nova/nova/api/openstack/wsgi.py:513}}
Jan 27 16:49:21.826456 dv-cinder-818830-2-smb devstack@n-api.service[122701]: DEBUG nova.compute.api [None req-67319fca-a796-4549-8c11-9aed8cedb65a tempest-VolumesActionsTest-1495772205 tempest-VolumesActionsTest-1495772205-project] [instance: eaae7c91-15a1-4626-b961-a55202df6b78] Fetching instance by UUID {{(pid=122701) get /opt/stack/nova/nova/compute/api.py:2865}}
Jan 27 16:49:21.866287 dv-cinder-818830-2-smb devstack@n-api.service[122702]: DEBUG nova.api.openstack.wsgi [None req-ad105292-1be3-42ca-ac8f-3d0d90b81452 tempest-ServerRescueNegativeTestJSON-2028609353 tempest-ServerRescueNegativeTestJSON-2028609353-project] Calling method '<bound method ServersController.show of <nova.api.openstack.compute.servers.ServersController object at 0x7f1684037e20>>' {{(pid=122702) _process_stack /opt/stack/nova/nova/api/openstack/wsgi.py:513}}
Jan 27 16:49:21.869044 dv-cinder-818830-2-smb devstack@n-api.service[122702]: DEBUG nova.compute.api [None req-ad105292-1be3-42ca-ac8f-3d0d90b81452 tempest-ServerRescueNegativeTestJSON-2028609353 tempest-ServerRescueNegativeTestJSON-2028609353-project] [instance: acc8280a-4ef2-4f1e-ad43-dfaffb8f3dc0] Fetching instance by UUID {{(pid=122702) get /opt/stack/nova/nova/compute/api.py:2865}}
Jan 27 16:49:21.882088 dv-cinder-818830-2-smb devstack@n-api.service[122702]: DEBUG oslo_concurrency.lockutils [None req-ad105292-1be3-42ca-ac8f-3d0d90b81452 tempest-ServerRescueNegativeTestJSON-2028609353 tempest-ServerRescueNegativeTestJSON-2028609353-project] Lock "8d289b21-8574-4302-97ec-18d889321df5" acquired by "nova.context.set_target_cell.<locals>.get_or_set_cached_cell_and_set_connections" :: waited 0.000s {{(pid=122702) inner /usr/local/lib/python3.8/dist-packages/oslo_concurrency/lockutils.py:386}}
Jan 27 16:49:21.883521 dv-cinder-818830-2-smb devstack@n-api.service[122702]: DEBUG oslo_concurrency.lockutils [None req-ad105292-1be3-42ca-ac8f-3d0d90b81452 tempest-ServerRescueNegativeTestJSON-2028609353 tempest-ServerRescueNegativeTestJSON-2028609353-project] Lock "8d289b21-8574-4302-97ec-18d889321df5" "released" by "nova.context.set_target_cell.<locals>.get_or_set_cached_cell_and_set_connections" :: held 0.001s {{(pid=122702) inner /usr/local/lib/python3.8/dist-packages/oslo_concurrency/lockutils.py:400}}
Jan 27 16:49:21.885081 dv-cinder-818830-2-smb devstack@n-api.service[122702]: DEBUG oslo_concurrency.lockutils [None req-ad105292-1be3-42ca-ac8f-3d0d90b81452 tempest-ServerRescueNegativeTestJSON-2028609353 tempest-ServerRescueNegativeTestJSON-2028609353-project] Lock "8d289b21-8574-4302-97ec-18d889321df5" acquired by "nova.context.set_target_cell.<locals>.get_or_set_cached_cell_and_set_connections" :: waited 0.000s {{(pid=122702) inner /usr/local/lib/python3.8/dist-packages/oslo_concurrency/lockutils.py:386}}
Jan 27 16:49:21.885993 dv-cinder-818830-2-smb devstack@n-api.service[122702]: DEBUG oslo_concurrency.lockutils [None req-ad105292-1be3-42ca-ac8f-3d0d90b81452 tempest-ServerRescueNegativeTestJSON-2028609353 tempest-ServerRescueNegativeTestJSON-2028609353-project] Lock "8d289b21-8574-4302-97ec-18d889321df5" "released" by "nova.context.set_target_cell.<locals>.get_or_set_cached_cell_and_set_connections" :: held 0.001s {{(pid=122702) inner /usr/local/lib/python3.8/dist-packages/oslo_concurrency/lockutils.py:400}}
Jan 27 16:49:21.958940 dv-cinder-818830-2-smb devstack@n-api.service[122701]: DEBUG nova.policy [None req-67319fca-a796-4549-8c11-9aed8cedb65a tempest-VolumesActionsTest-1495772205 tempest-VolumesActionsTest-1495772205-project] Policy check for os_compute_api:os-extended-server-attributes failed with credentials {'is_admin': False, 'user_id': 'ef71830a4ba5473ab0e8b6e10abb967e', 'user_domain_id': 'default', 'system_scope': None, 'domain_id': None, 'project_id': '86cef67f0a214ac3bb9c0bb282a6c25b', 'project_domain_id': 'default', 'roles': ['reader', 'member'], 'is_admin_project': True, 'service_user_id': None, 'service_user_domain_id': None, 'service_project_id': None, 'service_project_domain_id': None, 'service_roles': []} {{(pid=122701) authorize /opt/stack/nova/nova/policy.py:199}}
Jan 27 16:49:21.991520 dv-cinder-818830-2-smb devstack@n-api.service[122701]: INFO nova.api.openstack.requestlog [None req-67319fca-a796-4549-8c11-9aed8cedb65a tempest-VolumesActionsTest-1495772205 tempest-VolumesActionsTest-1495772205-project] 10.222.0.36 "GET /compute/v2.1/servers/eaae7c91-15a1-4626-b961-a55202df6b78" status: 200 len: 1213 microversion: 2.1 time: 0.170296
Jan 27 16:49:21.992800 dv-cinder-818830-2-smb devstack@n-api.service[122701]: [pid: 122701|app: 0|req: 120/235] 10.222.0.36 () {58 vars in 1235 bytes} [Thu Jan 27 16:49:21 2022] GET /compute/v2.1/servers/eaae7c91-15a1-4626-b961-a55202df6b78 => generated 1213 bytes in 173 msecs (HTTP/1.1 200) 9 headers in 358 bytes (2 switches on core 0)
Jan 27 16:49:22.082700 dv-cinder-818830-2-smb devstack@n-api.service[122701]: DEBUG nova.api.openstack.wsgi [None req-640ce20e-2888-4363-b79e-ef1f79f1fd29 tempest-VolumesActionsTest-850926550 tempest-VolumesActionsTest-850926550-project] Calling method '<bound method ServersController.show of <nova.api.openstack.compute.servers.ServersController object at 0x7f1684037eb0>>' {{(pid=122701) _process_stack /opt/stack/nova/nova/api/openstack/wsgi.py:513}}
Jan 27 16:49:22.083225 dv-cinder-818830-2-smb devstack@n-api.service[122701]: DEBUG nova.compute.api [None req-640ce20e-2888-4363-b79e-ef1f79f1fd29 tempest-VolumesActionsTest-850926550 tempest-VolumesActionsTest-850926550-project] [instance: 73778a44-d267-436b-8831-80e17987e325] Fetching instance by UUID {{(pid=122701) get /opt/stack/nova/nova/compute/api.py:2865}}
Jan 27 16:49:22.092101 dv-cinder-818830-2-smb devstack@n-api.service[122701]: DEBUG oslo_concurrency.lockutils [None req-640ce20e-2888-4363-b79e-ef1f79f1fd29 tempest-VolumesActionsTest-850926550 tempest-VolumesActionsTest-850926550-project] Lock "8d289b21-8574-4302-97ec-18d889321df5" acquired by "nova.context.set_target_cell.<locals>.get_or_set_cached_cell_and_set_connections" :: waited 0.000s {{(pid=122701) inner /usr/local/lib/python3.8/dist-packages/oslo_concurrency/lockutils.py:386}}
Jan 27 16:49:22.092903 dv-cinder-818830-2-smb devstack@n-api.service[122701]: DEBUG oslo_concurrency.lockutils [None req-640ce20e-2888-4363-b79e-ef1f79f1fd29 tempest-VolumesActionsTest-850926550 tempest-VolumesActionsTest-850926550-project] Lock "8d289b21-8574-4302-97ec-18d889321df5" "released" by "nova.context.set_target_cell.<locals>.get_or_set_cached_cell_and_set_connections" :: held 0.002s {{(pid=122701) inner /usr/local/lib/python3.8/dist-packages/oslo_concurrency/lockutils.py:400}}
Jan 27 16:49:22.093925 dv-cinder-818830-2-smb devstack@n-api.service[122701]: DEBUG oslo_concurrency.lockutils [None req-640ce20e-2888-4363-b79e-ef1f79f1fd29 tempest-VolumesActionsTest-850926550 tempest-VolumesActionsTest-850926550-project] Lock "8d289b21-8574-4302-97ec-18d889321df5" acquired by "nova.context.set_target_cell.<locals>.get_or_set_cached_cell_and_set_connections" :: waited 0.000s {{(pid=122701) inner /usr/local/lib/python3.8/dist-packages/oslo_concurrency/lockutils.py:386}}
Jan 27 16:49:22.094513 dv-cinder-818830-2-smb devstack@n-api.service[122701]: DEBUG oslo_concurrency.lockutils [None req-640ce20e-2888-4363-b79e-ef1f79f1fd29 tempest-VolumesActionsTest-850926550 tempest-VolumesActionsTest-850926550-project] Lock "8d289b21-8574-4302-97ec-18d889321df5" "released" by "nova.context.set_target_cell.<locals>.get_or_set_cached_cell_and_set_connections" :: held 0.001s {{(pid=122701) inner /usr/local/lib/python3.8/dist-packages/oslo_concurrency/lockutils.py:400}}
Jan 27 16:49:22.116423 dv-cinder-818830-2-smb devstack@n-api.service[122702]: DEBUG nova.policy [None req-ad105292-1be3-42ca-ac8f-3d0d90b81452 tempest-ServerRescueNegativeTestJSON-2028609353 tempest-ServerRescueNegativeTestJSON-2028609353-project] Policy check for os_compute_api:os-extended-server-attributes failed with credentials {'is_admin': False, 'user_id': '1f883544fdec47368bb690b24993e3f5', 'user_domain_id': 'default', 'system_scope': None, 'domain_id': None, 'project_id': '46735b363beb4de5a202c8f0bfd61584', 'project_domain_id': 'default', 'roles': ['reader', 'member'], 'is_admin_project': True, 'service_user_id': None, 'service_user_domain_id': None, 'service_project_id': None, 'service_project_domain_id': None, 'service_roles': []} {{(pid=122702) authorize /opt/stack/nova/nova/policy.py:199}}
Jan 27 16:49:22.127072 dv-cinder-818830-2-smb devstack@n-api.service[122702]: INFO nova.api.openstack.requestlog [None req-ad105292-1be3-42ca-ac8f-3d0d90b81452 tempest-ServerRescueNegativeTestJSON-2028609353 tempest-ServerRescueNegativeTestJSON-2028609353-project] 10.222.0.36 "GET /compute/v2.1/servers/acc8280a-4ef2-4f1e-ad43-dfaffb8f3dc0" status: 200 len: 1521 microversion: 2.1 time: 0.283543
Jan 27 16:49:22.139241 dv-cinder-818830-2-smb devstack@n-api.service[122702]: [pid: 122702|app: 0|req: 116/236] 10.222.0.36 () {58 vars in 1235 bytes} [Thu Jan 27 16:49:21 2022] GET /compute/v2.1/servers/acc8280a-4ef2-4f1e-ad43-dfaffb8f3dc0 => generated 1521 bytes in 297 msecs (HTTP/1.1 200) 9 headers in 358 bytes (2 switches on core 0)
Jan 27 16:49:22.305562 dv-cinder-818830-2-smb devstack@n-api.service[122702]: DEBUG nova.api.openstack.wsgi [None req-e7922969-93e9-40aa-aaea-79c32e7a6a8e tempest-AttachVolumeTestJSON-19843959 tempest-AttachVolumeTestJSON-19843959-project] Action: 'action', calling method: <bound method ConsoleOutputController.get_console_output of <nova.api.openstack.compute.console_output.ConsoleOutputController object at 0x7f1684014ac0>>, body: {"os-getConsoleOutput": {}} {{(pid=122702) _process_stack /opt/stack/nova/nova/api/openstack/wsgi.py:511}}
Jan 27 16:49:22.306549 dv-cinder-818830-2-smb devstack@n-api.service[122702]: DEBUG nova.compute.api [None req-e7922969-93e9-40aa-aaea-79c32e7a6a8e tempest-AttachVolumeTestJSON-19843959 tempest-AttachVolumeTestJSON-19843959-project] [instance: 72c72ecf-7bab-4476-9c47-04de3801952e] Fetching instance by UUID {{(pid=122702) get /opt/stack/nova/nova/compute/api.py:2865}}
Jan 27 16:49:22.312924 dv-cinder-818830-2-smb devstack@n-api.service[122702]: DEBUG oslo_concurrency.lockutils [None req-e7922969-93e9-40aa-aaea-79c32e7a6a8e tempest-AttachVolumeTestJSON-19843959 tempest-AttachVolumeTestJSON-19843959-project] Lock "8d289b21-8574-4302-97ec-18d889321df5" acquired by "nova.context.set_target_cell.<locals>.get_or_set_cached_cell_and_set_connections" :: waited 0.000s {{(pid=122702) inner /usr/local/lib/python3.8/dist-packages/oslo_concurrency/lockutils.py:386}}
Jan 27 16:49:22.313377 dv-cinder-818830-2-smb devstack@n-api.service[122702]: DEBUG oslo_concurrency.lockutils [None req-e7922969-93e9-40aa-aaea-79c32e7a6a8e tempest-AttachVolumeTestJSON-19843959 tempest-AttachVolumeTestJSON-19843959-project] Lock "8d289b21-8574-4302-97ec-18d889321df5" "released" by "nova.context.set_target_cell.<locals>.get_or_set_cached_cell_and_set_connections" :: held 0.001s {{(pid=122702) inner /usr/local/lib/python3.8/dist-packages/oslo_concurrency/lockutils.py:400}}
Jan 27 16:49:22.314180 dv-cinder-818830-2-smb devstack@n-api.service[122702]: DEBUG oslo_concurrency.lockutils [None req-e7922969-93e9-40aa-aaea-79c32e7a6a8e tempest-AttachVolumeTestJSON-19843959 tempest-AttachVolumeTestJSON-19843959-project] Lock "8d289b21-8574-4302-97ec-18d889321df5" acquired by "nova.context.set_target_cell.<locals>.get_or_set_cached_cell_and_set_connections" :: waited 0.000s {{(pid=122702) inner /usr/local/lib/python3.8/dist-packages/oslo_concurrency/lockutils.py:386}}
Jan 27 16:49:22.314614 dv-cinder-818830-2-smb devstack@n-api.service[122702]: DEBUG oslo_concurrency.lockutils [None req-e7922969-93e9-40aa-aaea-79c32e7a6a8e tempest-AttachVolumeTestJSON-19843959 tempest-AttachVolumeTestJSON-19843959-project] Lock "8d289b21-8574-4302-97ec-18d889321df5" "released" by "nova.context.set_target_cell.<locals>.get_or_set_cached_cell_and_set_connections" :: held 0.000s {{(pid=122702) inner /usr/local/lib/python3.8/dist-packages/oslo_concurrency/lockutils.py:400}}
Jan 27 16:49:22.353161 dv-cinder-818830-2-smb devstack@n-api.service[122701]: DEBUG nova.policy [None req-640ce20e-2888-4363-b79e-ef1f79f1fd29 tempest-VolumesActionsTest-850926550 tempest-VolumesActionsTest-850926550-project] Policy check for os_compute_api:os-extended-server-attributes failed with credentials {'is_admin': False, 'user_id': 'a64b2b54af6145cda560f805ab1e5e6f', 'user_domain_id': 'default', 'system_scope': None, 'domain_id': None, 'project_id': '8830be16b5894f5491979b3795624284', 'project_domain_id': 'default', 'roles': ['reader', 'member'], 'is_admin_project': True, 'service_user_id': None, 'service_user_domain_id': None, 'service_project_id': None, 'service_project_domain_id': None, 'service_roles': []} {{(pid=122701) authorize /opt/stack/nova/nova/policy.py:199}}
Jan 27 16:49:22.364815 dv-cinder-818830-2-smb devstack@n-api.service[122701]: INFO nova.api.openstack.requestlog [None req-640ce20e-2888-4363-b79e-ef1f79f1fd29 tempest-VolumesActionsTest-850926550 tempest-VolumesActionsTest-850926550-project] 10.222.0.36 "GET /compute/v2.1/servers/73778a44-d267-436b-8831-80e17987e325" status: 200 len: 1314 microversion: 2.1 time: 0.283084
Jan 27 16:49:22.365563 dv-cinder-818830-2-smb devstack@n-api.service[122701]: [pid: 122701|app: 0|req: 121/237] 10.222.0.36 () {58 vars in 1235 bytes} [Thu Jan 27 16:49:22 2022] GET /compute/v2.1/servers/73778a44-d267-436b-8831-80e17987e325 => generated 1314 bytes in 288 msecs (HTTP/1.1 200) 9 headers in 358 bytes (2 switches on core 0)
Jan 27 16:49:22.445562 dv-cinder-818830-2-smb devstack@n-api.service[122702]: INFO nova.api.openstack.requestlog [None req-e7922969-93e9-40aa-aaea-79c32e7a6a8e tempest-AttachVolumeTestJSON-19843959 tempest-AttachVolumeTestJSON-19843959-project] 10.222.0.36 "POST /compute/v2.1/servers/72c72ecf-7bab-4476-9c47-04de3801952e/action" status: 200 len: 22725 microversion: 2.1 time: 0.142956
Jan 27 16:49:22.447250 dv-cinder-818830-2-smb devstack@n-api.service[122702]: [pid: 122702|app: 0|req: 117/238] 10.222.0.36 () {60 vars in 1277 bytes} [Thu Jan 27 16:49:22 2022] POST /compute/v2.1/servers/72c72ecf-7bab-4476-9c47-04de3801952e/action => generated 22725 bytes in 146 msecs (HTTP/1.1 200) 9 headers in 359 bytes (2 switches on core 0)
Jan 27 16:49:22.627397 dv-cinder-818830-2-smb devstack@n-api.service[122701]: DEBUG nova.api.openstack.wsgi [None req-e5c077cc-efb4-4ae0-9797-02c053eb7630 tempest-AttachVolumeNegativeTest-323909458 tempest-AttachVolumeNegativeTest-323909458-project] Calling method '<bound method ServersController.show of <nova.api.openstack.compute.servers.ServersController object at 0x7f1684037eb0>>' {{(pid=122701) _process_stack /opt/stack/nova/nova/api/openstack/wsgi.py:513}}
Jan 27 16:49:22.628312 dv-cinder-818830-2-smb devstack@n-api.service[122701]: DEBUG nova.compute.api [None req-e5c077cc-efb4-4ae0-9797-02c053eb7630 tempest-AttachVolumeNegativeTest-323909458 tempest-AttachVolumeNegativeTest-323909458-project] [instance: 53c359bf-49ff-4292-a0db-ac1bc78a968f] Fetching instance by UUID {{(pid=122701) get /opt/stack/nova/nova/compute/api.py:2865}}
Jan 27 16:49:22.635209 dv-cinder-818830-2-smb devstack@n-api.service[122701]: DEBUG oslo_concurrency.lockutils [None req-e5c077cc-efb4-4ae0-9797-02c053eb7630 tempest-AttachVolumeNegativeTest-323909458 tempest-AttachVolumeNegativeTest-323909458-project] Lock "8d289b21-8574-4302-97ec-18d889321df5" acquired by "nova.context.set_target_cell.<locals>.get_or_set_cached_cell_and_set_connections" :: waited 0.000s {{(pid=122701) inner /usr/local/lib/python3.8/dist-packages/oslo_concurrency/lockutils.py:386}}
Jan 27 16:49:22.635559 dv-cinder-818830-2-smb devstack@n-api.service[122701]: DEBUG oslo_concurrency.lockutils [None req-e5c077cc-efb4-4ae0-9797-02c053eb7630 tempest-AttachVolumeNegativeTest-323909458 tempest-AttachVolumeNegativeTest-323909458-project] Lock "8d289b21-8574-4302-97ec-18d889321df5" "released" by "nova.context.set_target_cell.<locals>.get_or_set_cached_cell_and_set_connections" :: held 0.001s {{(pid=122701) inner /usr/local/lib/python3.8/dist-packages/oslo_concurrency/lockutils.py:400}}
Jan 27 16:49:22.636403 dv-cinder-818830-2-smb devstack@n-api.service[122701]: DEBUG oslo_concurrency.lockutils [None req-e5c077cc-efb4-4ae0-9797-02c053eb7630 tempest-AttachVolumeNegativeTest-323909458 tempest-AttachVolumeNegativeTest-323909458-project] Lock "8d289b21-8574-4302-97ec-18d889321df5" acquired by "nova.context.set_target_cell.<locals>.get_or_set_cached_cell_and_set_connections" :: waited 0.000s {{(pid=122701) inner /usr/local/lib/python3.8/dist-packages/oslo_concurrency/lockutils.py:386}}
Jan 27 16:49:22.636820 dv-cinder-818830-2-smb devstack@n-api.service[122701]: DEBUG oslo_concurrency.lockutils [None req-e5c077cc-efb4-4ae0-9797-02c053eb7630 tempest-AttachVolumeNegativeTest-323909458 tempest-AttachVolumeNegativeTest-323909458-project] Lock "8d289b21-8574-4302-97ec-18d889321df5" "released" by "nova.context.set_target_cell.<locals>.get_or_set_cached_cell_and_set_connections" :: held 0.000s {{(pid=122701) inner /usr/local/lib/python3.8/dist-packages/oslo_concurrency/lockutils.py:400}}
Jan 27 16:49:22.888611 dv-cinder-818830-2-smb devstack@n-api.service[122701]: DEBUG nova.policy [None req-e5c077cc-efb4-4ae0-9797-02c053eb7630 tempest-AttachVolumeNegativeTest-323909458 tempest-AttachVolumeNegativeTest-323909458-project] Policy check for os_compute_api:os-extended-server-attributes failed with credentials {'is_admin': False, 'user_id': '896e5dacc5cc48468d2173c417ef7213', 'user_domain_id': 'default', 'system_scope': None, 'domain_id': None, 'project_id': '2006c02a739647f0b03e55734c513ff8', 'project_domain_id': 'default', 'roles': ['reader', 'member'], 'is_admin_project': True, 'service_user_id': None, 'service_user_domain_id': None, 'service_project_id': None, 'service_project_domain_id': None, 'service_roles': []} {{(pid=122701) authorize /opt/stack/nova/nova/policy.py:199}}
Jan 27 16:49:22.898947 dv-cinder-818830-2-smb devstack@n-api.service[122701]: INFO nova.api.openstack.requestlog [None req-e5c077cc-efb4-4ae0-9797-02c053eb7630 tempest-AttachVolumeNegativeTest-323909458 tempest-AttachVolumeNegativeTest-323909458-project] 10.222.0.36 "GET /compute/v2.1/servers/53c359bf-49ff-4292-a0db-ac1bc78a968f" status: 200 len: 1318 microversion: 2.1 time: 0.275608
Jan 27 16:49:22.900058 dv-cinder-818830-2-smb devstack@n-api.service[122701]: [pid: 122701|app: 0|req: 122/239] 10.222.0.36 () {58 vars in 1235 bytes} [Thu Jan 27 16:49:22 2022] GET /compute/v2.1/servers/53c359bf-49ff-4292-a0db-ac1bc78a968f => generated 1318 bytes in 278 msecs (HTTP/1.1 200) 9 headers in 358 bytes (1 switches on core 0)
Jan 27 16:49:23.015739 dv-cinder-818830-2-smb devstack@n-api.service[122702]: DEBUG nova.api.openstack.wsgi [None req-f1cb80d0-0ac6-4d37-9e96-023871c77c3a tempest-VolumesActionsTest-1495772205 tempest-VolumesActionsTest-1495772205-project] Calling method '<bound method ServersController.show of <nova.api.openstack.compute.servers.ServersController object at 0x7f1684037e20>>' {{(pid=122702) _process_stack /opt/stack/nova/nova/api/openstack/wsgi.py:513}}
Jan 27 16:49:23.017543 dv-cinder-818830-2-smb devstack@n-api.service[122702]: DEBUG nova.compute.api [None req-f1cb80d0-0ac6-4d37-9e96-023871c77c3a tempest-VolumesActionsTest-1495772205 tempest-VolumesActionsTest-1495772205-project] [instance: eaae7c91-15a1-4626-b961-a55202df6b78] Fetching instance by UUID {{(pid=122702) get /opt/stack/nova/nova/compute/api.py:2865}}
Jan 27 16:49:23.031207 dv-cinder-818830-2-smb devstack@n-api.service[122702]: DEBUG oslo_concurrency.lockutils [None req-f1cb80d0-0ac6-4d37-9e96-023871c77c3a tempest-VolumesActionsTest-1495772205 tempest-VolumesActionsTest-1495772205-project] Lock "8d289b21-8574-4302-97ec-18d889321df5" acquired by "nova.context.set_target_cell.<locals>.get_or_set_cached_cell_and_set_connections" :: waited 0.000s {{(pid=122702) inner /usr/local/lib/python3.8/dist-packages/oslo_concurrency/lockutils.py:386}}
Jan 27 16:49:23.031927 dv-cinder-818830-2-smb devstack@n-api.service[122702]: DEBUG oslo_concurrency.lockutils [None req-f1cb80d0-0ac6-4d37-9e96-023871c77c3a tempest-VolumesActionsTest-1495772205 tempest-VolumesActionsTest-1495772205-project] Lock "8d289b21-8574-4302-97ec-18d889321df5" "released" by "nova.context.set_target_cell.<locals>.get_or_set_cached_cell_and_set_connections" :: held 0.001s {{(pid=122702) inner /usr/local/lib/python3.8/dist-packages/oslo_concurrency/lockutils.py:400}}
Jan 27 16:49:23.032878 dv-cinder-818830-2-smb devstack@n-api.service[122702]: DEBUG oslo_concurrency.lockutils [None req-f1cb80d0-0ac6-4d37-9e96-023871c77c3a tempest-VolumesActionsTest-1495772205 tempest-VolumesActionsTest-1495772205-project] Lock "8d289b21-8574-4302-97ec-18d889321df5" acquired by "nova.context.set_target_cell.<locals>.get_or_set_cached_cell_and_set_connections" :: waited 0.000s {{(pid=122702) inner /usr/local/lib/python3.8/dist-packages/oslo_concurrency/lockutils.py:386}}
Jan 27 16:49:23.033456 dv-cinder-818830-2-smb devstack@n-api.service[122702]: DEBUG oslo_concurrency.lockutils [None req-f1cb80d0-0ac6-4d37-9e96-023871c77c3a tempest-VolumesActionsTest-1495772205 tempest-VolumesActionsTest-1495772205-project] Lock "8d289b21-8574-4302-97ec-18d889321df5" "released" by "nova.context.set_target_cell.<locals>.get_or_set_cached_cell_and_set_connections" :: held 0.001s {{(pid=122702) inner /usr/local/lib/python3.8/dist-packages/oslo_concurrency/lockutils.py:400}}
