Nov 22 18:33:20.728053 dv-cinder-818815-1-smb devstack@c-api.service[109590]: INFO cinder.api.openstack.wsgi [None req-be7da547-9b8e-41f7-9ff9-7ec0be7cadac tempest-DeleteServersTestJSON-194403963 tempest-DeleteServersTestJSON-194403963-project] POST http://10.222.0.54/volume/v3/53ba23377fe14ff6af63777294b5d3e2/volumes
Nov 22 18:33:20.728592 dv-cinder-818815-1-smb devstack@c-api.service[109590]: /usr/local/lib/python3.8/dist-packages/webob/acceptparse.py:1047: DeprecationWarning: The behavior of AcceptValidHeader.best_match is currently being maintained for backward compatibility, but it will be deprecated in the future, as it does not conform to the RFC.
Nov 22 18:33:20.728592 dv-cinder-818815-1-smb devstack@c-api.service[109590]: warnings.warn(
Nov 22 18:33:20.728958 dv-cinder-818815-1-smb devstack@c-api.service[109590]: DEBUG cinder.api.openstack.wsgi [None req-be7da547-9b8e-41f7-9ff9-7ec0be7cadac tempest-DeleteServersTestJSON-194403963 tempest-DeleteServersTestJSON-194403963-project] Action: 'create', calling method: create, body: {"volume": {"size": 1, "display_name": "tempest-DeleteServersTestJSON-volume-1141764135"}} {{(pid=109590) _process_stack /opt/stack/cinder/cinder/api/openstack/wsgi.py:854}}
Nov 22 18:33:20.729965 dv-cinder-818815-1-smb devstack@c-api.service[109590]: DEBUG cinder.api.v3.volumes [None req-be7da547-9b8e-41f7-9ff9-7ec0be7cadac tempest-DeleteServersTestJSON-194403963 tempest-DeleteServersTestJSON-194403963-project] Create volume request body: {'volume': {'size': 1, 'display_name': 'tempest-DeleteServersTestJSON-volume-1141764135'}} {{(pid=109590) create /opt/stack/cinder/cinder/api/v3/volumes.py:298}}
Nov 22 18:33:20.730268 dv-cinder-818815-1-smb devstack@c-api.service[109590]: INFO cinder.api.v3.volumes [None req-be7da547-9b8e-41f7-9ff9-7ec0be7cadac tempest-DeleteServersTestJSON-194403963 tempest-DeleteServersTestJSON-194403963-project] Create volume of 1 GB
Nov 22 18:33:20.738635 dv-cinder-818815-1-smb devstack@c-api.service[109590]: INFO cinder.volume.api [None req-be7da547-9b8e-41f7-9ff9-7ec0be7cadac tempest-DeleteServersTestJSON-194403963 tempest-DeleteServersTestJSON-194403963-project] Availability Zones retrieved successfully.
Nov 22 18:33:20.755350 dv-cinder-818815-1-smb devstack@c-api.service[109590]: DEBUG cinder.volume.api [None req-be7da547-9b8e-41f7-9ff9-7ec0be7cadac tempest-DeleteServersTestJSON-194403963 tempest-DeleteServersTestJSON-194403963-project] Flow 'volume_create_api' (5b729107-9e33-456d-837e-f49cf867d7fc) transitioned into state 'RUNNING' from state 'PENDING' {{(pid=109590) _flow_receiver /usr/local/lib/python3.8/dist-packages/taskflow/listeners/logging.py:141}}
Nov 22 18:33:20.759133 dv-cinder-818815-1-smb devstack@c-api.service[109590]: DEBUG cinder.volume.api [None req-be7da547-9b8e-41f7-9ff9-7ec0be7cadac tempest-DeleteServersTestJSON-194403963 tempest-DeleteServersTestJSON-194403963-project] Task 'cinder.volume.flows.api.create_volume.ExtractVolumeRequestTask;volume:create' (b4018d9d-ed5a-4e36-aea1-9fc496d9d8fa) transitioned into state 'RUNNING' from state 'PENDING' {{(pid=109590) _task_receiver /usr/local/lib/python3.8/dist-packages/taskflow/listeners/logging.py:190}}
Nov 22 18:33:20.769900 dv-cinder-818815-1-smb devstack@c-api.service[109590]: DEBUG cinder.volume.flows.api.create_volume [None req-be7da547-9b8e-41f7-9ff9-7ec0be7cadac tempest-DeleteServersTestJSON-194403963 tempest-DeleteServersTestJSON-194403963-project] Validating volume size '1' using validate_int {{(pid=109590) _extract_size /opt/stack/cinder/cinder/volume/flows/api/create_volume.py:225}}
Nov 22 18:33:20.834468 dv-cinder-818815-1-smb devstack@c-api.service[109590]: DEBUG cinder.volume.api [None req-be7da547-9b8e-41f7-9ff9-7ec0be7cadac tempest-DeleteServersTestJSON-194403963 tempest-DeleteServersTestJSON-194403963-project] Task 'cinder.volume.flows.api.create_volume.ExtractVolumeRequestTask;volume:create' (b4018d9d-ed5a-4e36-aea1-9fc496d9d8fa) transitioned into state 'SUCCESS' from state 'RUNNING' with result '{'size': 1, 'snapshot_id': None, 'source_volid': None, 'volume_type': VolumeType(created_at=2021-11-22T18:23:01Z,deleted=False,deleted_at=None,description='Default Volume Type',extra_specs={},id=f5740d93-05e3-47ee-870a-c43dc8d01f43,is_public=True,name='__DEFAULT__',projects=[],qos_specs=,qos_specs_id=None,updated_at=2021-11-22T18:23:01Z), 'volume_type_id': 'f5740d93-05e3-47ee-870a-c43dc8d01f43', 'encryption_key_id': None, 'qos_specs': None, 'consistencygroup_id': None, 'cgsnapshot_id': None, 'group_id': None, 'replication_status': 'disabled', 'refresh_az': False, 'backup_id': None, 'multiattach': False, 'availability_zones': ['nova']}' {{(pid=109590) _task_receiver /usr/local/lib/python3.8/dist-packages/taskflow/listeners/logging.py:178}}
Nov 22 18:33:20.838181 dv-cinder-818815-1-smb devstack@c-api.service[109590]: DEBUG cinder.volume.api [None req-be7da547-9b8e-41f7-9ff9-7ec0be7cadac tempest-DeleteServersTestJSON-194403963 tempest-DeleteServersTestJSON-194403963-project] Task 'cinder.volume.flows.api.create_volume.QuotaReserveTask;volume:create' (f547fe23-8107-4245-aa66-324ed927f90f) transitioned into state 'RUNNING' from state 'PENDING' {{(pid=109590) _task_receiver /usr/local/lib/python3.8/dist-packages/taskflow/listeners/logging.py:190}}
Nov 22 18:33:20.883999 dv-cinder-818815-1-smb devstack@c-api.service[109591]: INFO cinder.api.openstack.wsgi [None req-8fe51c50-48a6-4d95-b869-3f9d13752ab9 tempest-GroupsTest-1710946028 tempest-GroupsTest-1710946028-project] GET http://10.222.0.54/volume/v3/4dd411aa455149d58235563218f51936/groups/0570c27e-3f50-4936-b4ca-b670820c787d
Nov 22 18:33:20.884644 dv-cinder-818815-1-smb devstack@c-api.service[109591]: DEBUG cinder.api.openstack.wsgi [None req-8fe51c50-48a6-4d95-b869-3f9d13752ab9 tempest-GroupsTest-1710946028 tempest-GroupsTest-1710946028-project] Empty body provided in request {{(pid=109591) get_body /opt/stack/cinder/cinder/api/openstack/wsgi.py:703}}
Nov 22 18:33:20.885060 dv-cinder-818815-1-smb devstack@c-api.service[109591]: /usr/local/lib/python3.8/dist-packages/webob/acceptparse.py:1047: DeprecationWarning: The behavior of AcceptValidHeader.best_match is currently being maintained for backward compatibility, but it will be deprecated in the future, as it does not conform to the RFC.
Nov 22 18:33:20.885060 dv-cinder-818815-1-smb devstack@c-api.service[109591]: warnings.warn(
Nov 22 18:33:20.885949 dv-cinder-818815-1-smb devstack@c-api.service[109591]: DEBUG cinder.api.openstack.wsgi [None req-8fe51c50-48a6-4d95-b869-3f9d13752ab9 tempest-GroupsTest-1710946028 tempest-GroupsTest-1710946028-project] Calling method 'version_select' {{(pid=109591) _process_stack /opt/stack/cinder/cinder/api/openstack/wsgi.py:856}}
Nov 22 18:33:20.886522 dv-cinder-818815-1-smb devstack@c-api.service[109591]: DEBUG cinder.api.v3.groups [None req-8fe51c50-48a6-4d95-b869-3f9d13752ab9 tempest-GroupsTest-1710946028 tempest-GroupsTest-1710946028-project] show called for member 0570c27e-3f50-4936-b4ca-b670820c787d {{(pid=109591) show /opt/stack/cinder/cinder/api/v3/groups.py:58}}
Nov 22 18:33:20.893964 dv-cinder-818815-1-smb devstack@c-api.service[109591]: /usr/local/lib/python3.8/dist-packages/oslo_context/context.py:105: DeprecationWarning: Policy enforcement is depending on the value of is_admin. This key is deprecated. Please update your policy file to use the standard policy values.
Nov 22 18:33:20.893964 dv-cinder-818815-1-smb devstack@c-api.service[109591]: warnings.warn('Policy enforcement is depending on the value of '
Nov 22 18:33:20.923652 dv-cinder-818815-1-smb devstack@c-api.service[109591]: INFO cinder.api.openstack.wsgi [None req-8fe51c50-48a6-4d95-b869-3f9d13752ab9 tempest-GroupsTest-1710946028 tempest-GroupsTest-1710946028-project] http://10.222.0.54/volume/v3/4dd411aa455149d58235563218f51936/groups/0570c27e-3f50-4936-b4ca-b670820c787d returned with HTTP 200
Nov 22 18:33:20.924758 dv-cinder-818815-1-smb devstack@c-api.service[109591]: [pid: 109591|app: 0|req: 79/160] 10.222.0.54 () {60 vars in 1362 bytes} [Mon Nov 22 18:33:20 2021] GET /volume/v3/4dd411aa455149d58235563218f51936/groups/0570c27e-3f50-4936-b4ca-b670820c787d => generated 324 bytes in 46 msecs (HTTP/1.1 200) 7 headers in 286 bytes (1 switches on core 0)
Nov 22 18:33:20.935348 dv-cinder-818815-1-smb devstack@c-api.service[109591]: INFO cinder.api.openstack.wsgi [None req-cefe8f46-93bc-4288-8f7d-8b0f729f0ea9 tempest-GroupsTest-1710946028 tempest-GroupsTest-1710946028-project] GET http://10.222.0.54/volume/v3/4dd411aa455149d58235563218f51936/volumes/detail
Nov 22 18:33:20.936178 dv-cinder-818815-1-smb devstack@c-api.service[109591]: DEBUG cinder.api.openstack.wsgi [None req-cefe8f46-93bc-4288-8f7d-8b0f729f0ea9 tempest-GroupsTest-1710946028 tempest-GroupsTest-1710946028-project] Empty body provided in request {{(pid=109591) get_body /opt/stack/cinder/cinder/api/openstack/wsgi.py:703}}
Nov 22 18:33:20.936426 dv-cinder-818815-1-smb devstack@c-api.service[109591]: /usr/local/lib/python3.8/dist-packages/webob/acceptparse.py:1047: DeprecationWarning: The behavior of AcceptValidHeader.best_match is currently being maintained for backward compatibility, but it will be deprecated in the future, as it does not conform to the RFC.
Nov 22 18:33:20.936426 dv-cinder-818815-1-smb devstack@c-api.service[109591]: warnings.warn(
Nov 22 18:33:20.937005 dv-cinder-818815-1-smb devstack@c-api.service[109591]: DEBUG cinder.api.openstack.wsgi [None req-cefe8f46-93bc-4288-8f7d-8b0f729f0ea9 tempest-GroupsTest-1710946028 tempest-GroupsTest-1710946028-project] Calling method 'detail' {{(pid=109591) _process_stack /opt/stack/cinder/cinder/api/openstack/wsgi.py:856}}
Nov 22 18:33:20.937866 dv-cinder-818815-1-smb devstack@c-api.service[109591]: DEBUG cinder.api.api_utils [None req-cefe8f46-93bc-4288-8f7d-8b0f729f0ea9 tempest-GroupsTest-1710946028 tempest-GroupsTest-1710946028-project] Removing options '' from query. {{(pid=109591) remove_invalid_filter_options /opt/stack/cinder/cinder/api/api_utils.py:73}}
Nov 22 18:33:20.938910 dv-cinder-818815-1-smb devstack@c-api.service[109591]: /usr/local/lib/python3.8/dist-packages/oslo_context/context.py:105: DeprecationWarning: Policy enforcement is depending on the value of is_admin. This key is deprecated. Please update your policy file to use the standard policy values.
Nov 22 18:33:20.938910 dv-cinder-818815-1-smb devstack@c-api.service[109591]: warnings.warn('Policy enforcement is depending on the value of '
Nov 22 18:33:20.940116 dv-cinder-818815-1-smb devstack@c-api.service[109591]: DEBUG cinder.volume.api [None req-cefe8f46-93bc-4288-8f7d-8b0f729f0ea9 tempest-GroupsTest-1710946028 tempest-GroupsTest-1710946028-project] Searching by: MultiDict([('no_migration_targets', True)]). {{(pid=109591) get_all /opt/stack/cinder/cinder/volume/api.py:619}}
Nov 22 18:33:20.997907 dv-cinder-818815-1-smb devstack@c-api.service[109590]: DEBUG cinder.quota [None req-be7da547-9b8e-41f7-9ff9-7ec0be7cadac tempest-DeleteServersTestJSON-194403963 tempest-DeleteServersTestJSON-194403963-project] Created reservations ['9636c0de-f15d-467d-9dcb-8a20bec136de', 'ce4fb852-1372-4918-a715-ed997eee0262', '3cf5b822-2a87-40a1-a72d-4dc6c95474da', 'faa04773-8a5e-440f-90f8-a95e900422cd'] {{(pid=109590) reserve /opt/stack/cinder/cinder/quota.py:755}}
Nov 22 18:33:21.002356 dv-cinder-818815-1-smb devstack@c-api.service[109590]: DEBUG cinder.volume.api [None req-be7da547-9b8e-41f7-9ff9-7ec0be7cadac tempest-DeleteServersTestJSON-194403963 tempest-DeleteServersTestJSON-194403963-project] Task 'cinder.volume.flows.api.create_volume.QuotaReserveTask;volume:create' (f547fe23-8107-4245-aa66-324ed927f90f) transitioned into state 'SUCCESS' from state 'RUNNING' with result '{'reservations': ['9636c0de-f15d-467d-9dcb-8a20bec136de', 'ce4fb852-1372-4918-a715-ed997eee0262', '3cf5b822-2a87-40a1-a72d-4dc6c95474da', 'faa04773-8a5e-440f-90f8-a95e900422cd']}' {{(pid=109590) _task_receiver /usr/local/lib/python3.8/dist-packages/taskflow/listeners/logging.py:178}}
Nov 22 18:33:21.007377 dv-cinder-818815-1-smb devstack@c-api.service[109590]: DEBUG cinder.volume.api [None req-be7da547-9b8e-41f7-9ff9-7ec0be7cadac tempest-DeleteServersTestJSON-194403963 tempest-DeleteServersTestJSON-194403963-project] Task 'cinder.volume.flows.api.create_volume.EntryCreateTask;volume:create' (f8c56e87-202b-4bd7-a73f-d1c16bf3ddff) transitioned into state 'RUNNING' from state 'PENDING' {{(pid=109590) _task_receiver /usr/local/lib/python3.8/dist-packages/taskflow/listeners/logging.py:190}}
Nov 22 18:33:21.008652 dv-cinder-818815-1-smb devstack@c-api.service[109591]: INFO cinder.volume.api [None req-cefe8f46-93bc-4288-8f7d-8b0f729f0ea9 tempest-GroupsTest-1710946028 tempest-GroupsTest-1710946028-project] Get all volumes completed successfully.
Nov 22 18:33:21.010275 dv-cinder-818815-1-smb devstack@c-api.service[109591]: WARNING stevedore.named [None req-cefe8f46-93bc-4288-8f7d-8b0f729f0ea9 tempest-GroupsTest-1710946028 tempest-GroupsTest-1710946028-project] Could not load cinder.keymgr.conf_key_mgr.ConfKeyManager
Nov 22 18:33:21.011170 dv-cinder-818815-1-smb devstack@c-api.service[109591]: WARNING castellan.key_manager [None req-cefe8f46-93bc-4288-8f7d-8b0f729f0ea9 tempest-GroupsTest-1710946028 tempest-GroupsTest-1710946028-project] Deprecation Warning : cinder.keymgr.conf_key_mgr.ConfKeyManager is not a stevedore based driver, trying to load it as a class: stevedore.exception.NoMatches: No 'castellan.drivers' driver found, looking for 'cinder.keymgr.conf_key_mgr.ConfKeyManager'
Nov 22 18:33:21.024068 dv-cinder-818815-1-smb devstack@c-api.service[109591]: DEBUG oslo_db.sqlalchemy.engines [None req-cefe8f46-93bc-4288-8f7d-8b0f729f0ea9 tempest-GroupsTest-1710946028 tempest-GroupsTest-1710946028-project] MySQL server mode set to STRICT_TRANS_TABLES,STRICT_ALL_TABLES,NO_ZERO_IN_DATE,NO_ZERO_DATE,ERROR_FOR_DIVISION_BY_ZERO,TRADITIONAL,NO_ENGINE_SUBSTITUTION {{(pid=109591) _check_effective_sql_mode /usr/local/lib/python3.8/dist-packages/oslo_db/sqlalchemy/engines.py:314}}
Nov 22 18:33:21.036231 dv-cinder-818815-1-smb devstack@c-api.service[109591]: /usr/local/lib/python3.8/dist-packages/oslo_context/context.py:105: DeprecationWarning: Policy enforcement is depending on the value of is_admin. This key is deprecated. Please update your policy file to use the standard policy values.
Nov 22 18:33:21.036231 dv-cinder-818815-1-smb devstack@c-api.service[109591]: warnings.warn('Policy enforcement is depending on the value of '
Nov 22 18:33:21.053482 dv-cinder-818815-1-smb devstack@c-api.service[109591]: WARNING stevedore.named [None req-cefe8f46-93bc-4288-8f7d-8b0f729f0ea9 tempest-GroupsTest-1710946028 tempest-GroupsTest-1710946028-project] Could not load cinder.keymgr.conf_key_mgr.ConfKeyManager
Nov 22 18:33:21.054485 dv-cinder-818815-1-smb devstack@c-api.service[109591]: WARNING castellan.key_manager [None req-cefe8f46-93bc-4288-8f7d-8b0f729f0ea9 tempest-GroupsTest-1710946028 tempest-GroupsTest-1710946028-project] Deprecation Warning : cinder.keymgr.conf_key_mgr.ConfKeyManager is not a stevedore based driver, trying to load it as a class: stevedore.exception.NoMatches: No 'castellan.drivers' driver found, looking for 'cinder.keymgr.conf_key_mgr.ConfKeyManager'
Nov 22 18:33:21.064149 dv-cinder-818815-1-smb devstack@c-api.service[109590]: DEBUG cinder.volume.api [None req-be7da547-9b8e-41f7-9ff9-7ec0be7cadac tempest-DeleteServersTestJSON-194403963 tempest-DeleteServersTestJSON-194403963-project] Task 'cinder.volume.flows.api.create_volume.EntryCreateTask;volume:create' (f8c56e87-202b-4bd7-a73f-d1c16bf3ddff) transitioned into state 'SUCCESS' from state 'RUNNING' with result '{'volume_id': '0d61baed-c61e-4c6e-a002-4d24c8fa4c3a', 'volume_properties': VolumeProperties(attach_status='detached',availability_zone='nova',cgsnapshot_id=None,consistencygroup_id=None,display_description=None,display_name='tempest-DeleteServersTestJSON-volume-1141764135',encryption_key_id=None,group_id=None,group_type_id=,metadata={},multiattach=False,project_id='53ba23377fe14ff6af63777294b5d3e2',qos_specs=None,replication_status=,reservations=['9636c0de-f15d-467d-9dcb-8a20bec136de','ce4fb852-1372-4918-a715-ed997eee0262','3cf5b822-2a87-40a1-a72d-4dc6c95474da','faa04773-8a5e-440f-90f8-a95e900422cd'],size=1,snapshot_id=None,source_replicaid=,source_volid=None,status='creating',user_id='63ebe4e5741047bf936ed8a30a51cec7',volume_type_id=f5740d93-05e3-47ee-870a-c43dc8d01f43), 'volume': Volume(_name_id=None,admin_metadata=,attach_status='detached',availability_zone='nova',bootable=False,cluster=,cluster_name=None,consistencygroup=,consistencygroup_id=None,created_at=2021-11-22T18:33:21Z,deleted=False,deleted_at=None,display_description=None,display_name='tempest-DeleteServersTestJSON-volume-1141764135',ec2_id=None,encryption_key_id=None,glance_metadata=,group=,group_id=None,host=None,id=0d61baed-c61e-4c6e-a002-4d24c8fa4c3a,launched_at=None,metadata={},migration_status=None,multiattach=False,previous_status=None,project_id='53ba23377fe14ff6af63777294b5d3e2',provider_auth=None,provider_geometry=None,provider_id=None,provider_location=None,replication_driver_data=None,replication_extended_status=None,replication_status=None,scheduled_at=None,service_uuid=None,shared_targets=True,size=1,snapshot_id=None,snapshots=,source_volid=None,status='creating',terminated_at=None,updated_at=None,use_quota=True,user_id='63ebe4e5741047bf936ed8a30a51cec7',volume_attachment=VolumeAttachmentList,volume_type=VolumeType(f5740d93-05e3-47ee-870a-c43dc8d01f43),volume_type_id=f5740d93-05e3-47ee-870a-c43dc8d01f43)}' {{(pid=109590) _task_receiver /usr/local/lib/python3.8/dist-packages/taskflow/listeners/logging.py:178}}
Nov 22 18:33:21.064820 dv-cinder-818815-1-smb devstack@c-api.service[109591]: DEBUG oslo_db.sqlalchemy.engines [None req-cefe8f46-93bc-4288-8f7d-8b0f729f0ea9 tempest-GroupsTest-1710946028 tempest-GroupsTest-1710946028-project] MySQL server mode set to STRICT_TRANS_TABLES,STRICT_ALL_TABLES,NO_ZERO_IN_DATE,NO_ZERO_DATE,ERROR_FOR_DIVISION_BY_ZERO,TRADITIONAL,NO_ENGINE_SUBSTITUTION {{(pid=109591) _check_effective_sql_mode /usr/local/lib/python3.8/dist-packages/oslo_db/sqlalchemy/engines.py:314}}
Nov 22 18:33:21.068810 dv-cinder-818815-1-smb devstack@c-api.service[109590]: DEBUG cinder.volume.api [None req-be7da547-9b8e-41f7-9ff9-7ec0be7cadac tempest-DeleteServersTestJSON-194403963 tempest-DeleteServersTestJSON-194403963-project] Task 'cinder.volume.flows.api.create_volume.QuotaCommitTask;volume:create' (ea258cf9-be8a-40a0-b369-8b78c5896d86) transitioned into state 'RUNNING' from state 'PENDING' {{(pid=109590) _task_receiver /usr/local/lib/python3.8/dist-packages/taskflow/listeners/logging.py:190}}
Nov 22 18:33:21.073501 dv-cinder-818815-1-smb devstack@c-api.service[109591]: /usr/local/lib/python3.8/dist-packages/oslo_context/context.py:105: DeprecationWarning: Policy enforcement is depending on the value of is_admin. This key is deprecated. Please update your policy file to use the standard policy values.
Nov 22 18:33:21.073501 dv-cinder-818815-1-smb devstack@c-api.service[109591]: warnings.warn('Policy enforcement is depending on the value of '
Nov 22 18:33:21.091077 dv-cinder-818815-1-smb devstack@c-api.service[109591]: INFO cinder.api.openstack.wsgi [None req-cefe8f46-93bc-4288-8f7d-8b0f729f0ea9 tempest-GroupsTest-1710946028 tempest-GroupsTest-1710946028-project] http://10.222.0.54/volume/v3/4dd411aa455149d58235563218f51936/volumes/detail returned with HTTP 200
Nov 22 18:33:21.092665 dv-cinder-818815-1-smb devstack@c-api.service[109591]: [pid: 109591|app: 0|req: 80/161] 10.222.0.54 () {60 vars in 1275 bytes} [Mon Nov 22 18:33:20 2021] GET /volume/v3/4dd411aa455149d58235563218f51936/volumes/detail => generated 1960 bytes in 161 msecs (HTTP/1.1 200) 7 headers in 287 bytes (1 switches on core 0)
Nov 22 18:33:21.125490 dv-cinder-818815-1-smb devstack@c-api.service[109591]: INFO cinder.api.openstack.wsgi [None req-05607b07-e687-4662-ae9f-204e63c82f59 tempest-GroupsTest-1710946028 tempest-GroupsTest-1710946028-project] GET http://10.222.0.54/volume/v3/4dd411aa455149d58235563218f51936/volumes/detail
Nov 22 18:33:21.128674 dv-cinder-818815-1-smb devstack@c-api.service[109590]: DEBUG cinder.volume.api [None req-be7da547-9b8e-41f7-9ff9-7ec0be7cadac tempest-DeleteServersTestJSON-194403963 tempest-DeleteServersTestJSON-194403963-project] Task 'cinder.volume.flows.api.create_volume.QuotaCommitTask;volume:create' (ea258cf9-be8a-40a0-b369-8b78c5896d86) transitioned into state 'SUCCESS' from state 'RUNNING' with result '{'volume_properties': VolumeProperties(attach_status='detached',availability_zone='nova',cgsnapshot_id=None,consistencygroup_id=None,display_description=None,display_name='tempest-DeleteServersTestJSON-volume-1141764135',encryption_key_id=None,group_id=None,group_type_id=,metadata={},multiattach=False,project_id='53ba23377fe14ff6af63777294b5d3e2',qos_specs=None,replication_status=,reservations=['9636c0de-f15d-467d-9dcb-8a20bec136de','ce4fb852-1372-4918-a715-ed997eee0262','3cf5b822-2a87-40a1-a72d-4dc6c95474da','faa04773-8a5e-440f-90f8-a95e900422cd'],size=1,snapshot_id=None,source_replicaid=,source_volid=None,status='creating',user_id='63ebe4e5741047bf936ed8a30a51cec7',volume_type_id=f5740d93-05e3-47ee-870a-c43dc8d01f43)}' {{(pid=109590) _task_receiver /usr/local/lib/python3.8/dist-packages/taskflow/listeners/logging.py:178}}
Nov 22 18:33:21.129354 dv-cinder-818815-1-smb devstack@c-api.service[109591]: DEBUG cinder.api.openstack.wsgi [None req-05607b07-e687-4662-ae9f-204e63c82f59 tempest-GroupsTest-1710946028 tempest-GroupsTest-1710946028-project] Empty body provided in request {{(pid=109591) get_body /opt/stack/cinder/cinder/api/openstack/wsgi.py:703}}
Nov 22 18:33:21.132399 dv-cinder-818815-1-smb devstack@c-api.service[109591]: /usr/local/lib/python3.8/dist-packages/webob/acceptparse.py:1047: DeprecationWarning: The behavior of AcceptValidHeader.best_match is currently being maintained for backward compatibility, but it will be deprecated in the future, as it does not conform to the RFC.
Nov 22 18:33:21.132399 dv-cinder-818815-1-smb devstack@c-api.service[109591]: warnings.warn(
Nov 22 18:33:21.133526 dv-cinder-818815-1-smb devstack@c-api.service[109591]: DEBUG cinder.api.openstack.wsgi [None req-05607b07-e687-4662-ae9f-204e63c82f59 tempest-GroupsTest-1710946028 tempest-GroupsTest-1710946028-project] Calling method 'detail' {{(pid=109591) _process_stack /opt/stack/cinder/cinder/api/openstack/wsgi.py:856}}
Nov 22 18:33:21.134201 dv-cinder-818815-1-smb devstack@c-api.service[109590]: DEBUG cinder.volume.api [None req-be7da547-9b8e-41f7-9ff9-7ec0be7cadac tempest-DeleteServersTestJSON-194403963 tempest-DeleteServersTestJSON-194403963-project] Task 'cinder.volume.flows.api.create_volume.VolumeCastTask;volume:create' (aad32d9c-7512-4705-a536-b7998b39aaab) transitioned into state 'RUNNING' from state 'PENDING' {{(pid=109590) _task_receiver /usr/local/lib/python3.8/dist-packages/taskflow/listeners/logging.py:190}}
Nov 22 18:33:21.139443 dv-cinder-818815-1-smb devstack@c-api.service[109591]: DEBUG cinder.api.api_utils [None req-05607b07-e687-4662-ae9f-204e63c82f59 tempest-GroupsTest-1710946028 tempest-GroupsTest-1710946028-project] Removing options '' from query. {{(pid=109591) remove_invalid_filter_options /opt/stack/cinder/cinder/api/api_utils.py:73}}
Nov 22 18:33:21.148886 dv-cinder-818815-1-smb devstack@c-api.service[109591]: DEBUG cinder.volume.api [None req-05607b07-e687-4662-ae9f-204e63c82f59 tempest-GroupsTest-1710946028 tempest-GroupsTest-1710946028-project] Searching by: MultiDict([('no_migration_targets', True)]). {{(pid=109591) get_all /opt/stack/cinder/cinder/volume/api.py:619}}
Nov 22 18:33:21.160491 dv-cinder-818815-1-smb devstack@c-api.service[109590]: DEBUG cinder.volume.api [None req-be7da547-9b8e-41f7-9ff9-7ec0be7cadac tempest-DeleteServersTestJSON-194403963 tempest-DeleteServersTestJSON-194403963-project] Task 'cinder.volume.flows.api.create_volume.VolumeCastTask;volume:create' (aad32d9c-7512-4705-a536-b7998b39aaab) transitioned into state 'SUCCESS' from state 'RUNNING' with result 'None' {{(pid=109590) _task_receiver /usr/local/lib/python3.8/dist-packages/taskflow/listeners/logging.py:178}}
Nov 22 18:33:21.164515 dv-cinder-818815-1-smb devstack@c-api.service[109590]: DEBUG cinder.volume.api [None req-be7da547-9b8e-41f7-9ff9-7ec0be7cadac tempest-DeleteServersTestJSON-194403963 tempest-DeleteServersTestJSON-194403963-project] Flow 'volume_create_api' (5b729107-9e33-456d-837e-f49cf867d7fc) transitioned into state 'SUCCESS' from state 'RUNNING' {{(pid=109590) _flow_receiver /usr/local/lib/python3.8/dist-packages/taskflow/listeners/logging.py:141}}
Nov 22 18:33:21.165825 dv-cinder-818815-1-smb devstack@c-api.service[109590]: INFO cinder.volume.api [None req-be7da547-9b8e-41f7-9ff9-7ec0be7cadac tempest-DeleteServersTestJSON-194403963 tempest-DeleteServersTestJSON-194403963-project] Create volume request issued successfully.
Nov 22 18:33:21.167671 dv-cinder-818815-1-smb devstack@c-api.service[109590]: INFO cinder.api.openstack.wsgi [None req-be7da547-9b8e-41f7-9ff9-7ec0be7cadac tempest-DeleteServersTestJSON-194403963 tempest-DeleteServersTestJSON-194403963-project] http://10.222.0.54/volume/v3/53ba23377fe14ff6af63777294b5d3e2/volumes returned with HTTP 202
Nov 22 18:33:21.169367 dv-cinder-818815-1-smb devstack@c-api.service[109590]: [pid: 109590|app: 0|req: 82/162] 10.222.0.54 () {60 vars in 1234 bytes} [Mon Nov 22 18:33:20 2021] POST /volume/v3/53ba23377fe14ff6af63777294b5d3e2/volumes => generated 821 bytes in 456 msecs (HTTP/1.1 202) 7 headers in 291 bytes (1 switches on core 0)
Nov 22 18:33:21.183923 dv-cinder-818815-1-smb devstack@c-api.service[109590]: INFO cinder.api.openstack.wsgi [None req-74fb72d8-c4a8-4bc1-b237-7fed5e348931 tempest-DeleteServersTestJSON-194403963 tempest-DeleteServersTestJSON-194403963-project] GET http://10.222.0.54/volume/v3/53ba23377fe14ff6af63777294b5d3e2/volumes/0d61baed-c61e-4c6e-a002-4d24c8fa4c3a
Nov 22 18:33:21.185705 dv-cinder-818815-1-smb devstack@c-api.service[109590]: DEBUG cinder.api.openstack.wsgi [None req-74fb72d8-c4a8-4bc1-b237-7fed5e348931 tempest-DeleteServersTestJSON-194403963 tempest-DeleteServersTestJSON-194403963-project] Empty body provided in request {{(pid=109590) get_body /opt/stack/cinder/cinder/api/openstack/wsgi.py:703}}
Nov 22 18:33:21.186111 dv-cinder-818815-1-smb devstack@c-api.service[109590]: /usr/local/lib/python3.8/dist-packages/webob/acceptparse.py:1047: DeprecationWarning: The behavior of AcceptValidHeader.best_match is currently being maintained for backward compatibility, but it will be deprecated in the future, as it does not conform to the RFC.
Nov 22 18:33:21.186111 dv-cinder-818815-1-smb devstack@c-api.service[109590]: warnings.warn(
Nov 22 18:33:21.186893 dv-cinder-818815-1-smb devstack@c-api.service[109590]: DEBUG cinder.api.openstack.wsgi [None req-74fb72d8-c4a8-4bc1-b237-7fed5e348931 tempest-DeleteServersTestJSON-194403963 tempest-DeleteServersTestJSON-194403963-project] Calling method 'show' {{(pid=109590) _process_stack /opt/stack/cinder/cinder/api/openstack/wsgi.py:856}}
Nov 22 18:33:21.222193 dv-cinder-818815-1-smb devstack@c-api.service[109590]: /usr/local/lib/python3.8/dist-packages/oslo_context/context.py:105: DeprecationWarning: Policy enforcement is depending on the value of is_admin. This key is deprecated. Please update your policy file to use the standard policy values.
Nov 22 18:33:21.222193 dv-cinder-818815-1-smb devstack@c-api.service[109590]: warnings.warn('Policy enforcement is depending on the value of '
Nov 22 18:33:21.243166 dv-cinder-818815-1-smb devstack@c-api.service[109590]: INFO cinder.volume.api [None req-74fb72d8-c4a8-4bc1-b237-7fed5e348931 tempest-DeleteServersTestJSON-194403963 tempest-DeleteServersTestJSON-194403963-project] Volume info retrieved successfully.
Nov 22 18:33:21.262241 dv-cinder-818815-1-smb devstack@c-api.service[109590]: INFO cinder.api.openstack.wsgi [None req-74fb72d8-c4a8-4bc1-b237-7fed5e348931 tempest-DeleteServersTestJSON-194403963 tempest-DeleteServersTestJSON-194403963-project] http://10.222.0.54/volume/v3/53ba23377fe14ff6af63777294b5d3e2/volumes/0d61baed-c61e-4c6e-a002-4d24c8fa4c3a returned with HTTP 200
Nov 22 18:33:21.275678 dv-cinder-818815-1-smb devstack@c-api.service[109590]: [pid: 109590|app: 0|req: 83/163] 10.222.0.54 () {58 vars in 1324 bytes} [Mon Nov 22 18:33:21 2021] GET /volume/v3/53ba23377fe14ff6af63777294b5d3e2/volumes/0d61baed-c61e-4c6e-a002-4d24c8fa4c3a => generated 889 bytes in 88 msecs (HTTP/1.1 200) 7 headers in 285 bytes (2 switches on core 0)
Nov 22 18:33:21.275971 dv-cinder-818815-1-smb devstack@c-api.service[109591]: INFO cinder.volume.api [None req-05607b07-e687-4662-ae9f-204e63c82f59 tempest-GroupsTest-1710946028 tempest-GroupsTest-1710946028-project] Get all volumes completed successfully.
Nov 22 18:33:21.275971 dv-cinder-818815-1-smb devstack@c-api.service[109591]: WARNING stevedore.named [None req-05607b07-e687-4662-ae9f-204e63c82f59 tempest-GroupsTest-1710946028 tempest-GroupsTest-1710946028-project] Could not load cinder.keymgr.conf_key_mgr.ConfKeyManager
Nov 22 18:33:21.275971 dv-cinder-818815-1-smb devstack@c-api.service[109591]: WARNING castellan.key_manager [None req-05607b07-e687-4662-ae9f-204e63c82f59 tempest-GroupsTest-1710946028 tempest-GroupsTest-1710946028-project] Deprecation Warning : cinder.keymgr.conf_key_mgr.ConfKeyManager is not a stevedore based driver, trying to load it as a class: stevedore.exception.NoMatches: No 'castellan.drivers' driver found, looking for 'cinder.keymgr.conf_key_mgr.ConfKeyManager'
Nov 22 18:33:21.285184 dv-cinder-818815-1-smb devstack@c-api.service[109591]: DEBUG oslo_db.sqlalchemy.engines [None req-05607b07-e687-4662-ae9f-204e63c82f59 tempest-GroupsTest-1710946028 tempest-GroupsTest-1710946028-project] MySQL server mode set to STRICT_TRANS_TABLES,STRICT_ALL_TABLES,NO_ZERO_IN_DATE,NO_ZERO_DATE,ERROR_FOR_DIVISION_BY_ZERO,TRADITIONAL,NO_ENGINE_SUBSTITUTION {{(pid=109591) _check_effective_sql_mode /usr/local/lib/python3.8/dist-packages/oslo_db/sqlalchemy/engines.py:314}}
Nov 22 18:33:21.305005 dv-cinder-818815-1-smb devstack@c-api.service[109591]: /usr/local/lib/python3.8/dist-packages/oslo_context/context.py:105: DeprecationWarning: Policy enforcement is depending on the value of is_admin. This key is deprecated. Please update your policy file to use the standard policy values.
Nov 22 18:33:21.305005 dv-cinder-818815-1-smb devstack@c-api.service[109591]: warnings.warn('Policy enforcement is depending on the value of '
Nov 22 18:33:21.336041 dv-cinder-818815-1-smb devstack@c-api.service[109591]: WARNING stevedore.named [None req-05607b07-e687-4662-ae9f-204e63c82f59 tempest-GroupsTest-1710946028 tempest-GroupsTest-1710946028-project] Could not load cinder.keymgr.conf_key_mgr.ConfKeyManager
Nov 22 18:33:21.336708 dv-cinder-818815-1-smb devstack@c-api.service[109591]: WARNING castellan.key_manager [None req-05607b07-e687-4662-ae9f-204e63c82f59 tempest-GroupsTest-1710946028 tempest-GroupsTest-1710946028-project] Deprecation Warning : cinder.keymgr.conf_key_mgr.ConfKeyManager is not a stevedore based driver, trying to load it as a class: stevedore.exception.NoMatches: No 'castellan.drivers' driver found, looking for 'cinder.keymgr.conf_key_mgr.ConfKeyManager'
Nov 22 18:33:21.339058 dv-cinder-818815-1-smb devstack@c-api.service[109590]: WARNING keystonemiddleware.auth_token [None req-74fb72d8-c4a8-4bc1-b237-7fed5e348931 tempest-DeleteServersTestJSON-194403963 tempest-DeleteServersTestJSON-194403963-project] A valid token was submitted as a service token, but it was not a valid service token. This is incorrect but backwards compatible behaviour. This will be removed in future releases.
Nov 22 18:33:21.344381 dv-cinder-818815-1-smb devstack@c-api.service[109590]: INFO cinder.api.openstack.wsgi [req-d9864b78-985f-434f-bbc8-abfe425909bc req-3aae3012-ff94-4b6f-95a2-7009ccc05d1e tempest-AttachVolumeNegativeTest-1887559449 tempest-AttachVolumeNegativeTest-1887559449-project] GET http://10.222.0.54/volume/v3/c8609f5003504606b6317fd1f9d14136/volumes/07c5bed9-5817-4d87-a2d1-1969e226208a
Nov 22 18:33:21.344852 dv-cinder-818815-1-smb devstack@c-api.service[109590]: DEBUG cinder.api.openstack.wsgi [req-d9864b78-985f-434f-bbc8-abfe425909bc req-3aae3012-ff94-4b6f-95a2-7009ccc05d1e tempest-AttachVolumeNegativeTest-1887559449 tempest-AttachVolumeNegativeTest-1887559449-project] Empty body provided in request {{(pid=109590) get_body /opt/stack/cinder/cinder/api/openstack/wsgi.py:703}}
Nov 22 18:33:21.345021 dv-cinder-818815-1-smb devstack@c-api.service[109590]: /usr/local/lib/python3.8/dist-packages/webob/acceptparse.py:1047: DeprecationWarning: The behavior of AcceptValidHeader.best_match is currently being maintained for backward compatibility, but it will be deprecated in the future, as it does not conform to the RFC.
Nov 22 18:33:21.345021 dv-cinder-818815-1-smb devstack@c-api.service[109590]: warnings.warn(
Nov 22 18:33:21.345338 dv-cinder-818815-1-smb devstack@c-api.service[109590]: DEBUG cinder.api.openstack.wsgi [req-d9864b78-985f-434f-bbc8-abfe425909bc req-3aae3012-ff94-4b6f-95a2-7009ccc05d1e tempest-AttachVolumeNegativeTest-1887559449 tempest-AttachVolumeNegativeTest-1887559449-project] Calling method 'show' {{(pid=109590) _process_stack /opt/stack/cinder/cinder/api/openstack/wsgi.py:856}}
Nov 22 18:33:21.356986 dv-cinder-818815-1-smb devstack@c-api.service[109591]: DEBUG oslo_db.sqlalchemy.engines [None req-05607b07-e687-4662-ae9f-204e63c82f59 tempest-GroupsTest-1710946028 tempest-GroupsTest-1710946028-project] MySQL server mode set to STRICT_TRANS_TABLES,STRICT_ALL_TABLES,NO_ZERO_IN_DATE,NO_ZERO_DATE,ERROR_FOR_DIVISION_BY_ZERO,TRADITIONAL,NO_ENGINE_SUBSTITUTION {{(pid=109591) _check_effective_sql_mode /usr/local/lib/python3.8/dist-packages/oslo_db/sqlalchemy/engines.py:314}}
Nov 22 18:33:21.379942 dv-cinder-818815-1-smb devstack@c-api.service[109591]: /usr/local/lib/python3.8/dist-packages/oslo_context/context.py:105: DeprecationWarning: Policy enforcement is depending on the value of is_admin. This key is deprecated. Please update your policy file to use the standard policy values.
Nov 22 18:33:21.379942 dv-cinder-818815-1-smb devstack@c-api.service[109591]: warnings.warn('Policy enforcement is depending on the value of '
Nov 22 18:33:21.384967 dv-cinder-818815-1-smb devstack@c-api.service[109590]: /usr/local/lib/python3.8/dist-packages/oslo_context/context.py:105: DeprecationWarning: Policy enforcement is depending on the value of is_admin. This key is deprecated. Please update your policy file to use the standard policy values.
Nov 22 18:33:21.384967 dv-cinder-818815-1-smb devstack@c-api.service[109590]: warnings.warn('Policy enforcement is depending on the value of '
Nov 22 18:33:21.409953 dv-cinder-818815-1-smb devstack@c-api.service[109590]: INFO cinder.volume.api [req-d9864b78-985f-434f-bbc8-abfe425909bc req-3aae3012-ff94-4b6f-95a2-7009ccc05d1e tempest-AttachVolumeNegativeTest-1887559449 tempest-AttachVolumeNegativeTest-1887559449-project] Volume info retrieved successfully.
Nov 22 18:33:21.427364 dv-cinder-818815-1-smb devstack@c-api.service[109590]: INFO cinder.api.openstack.wsgi [req-d9864b78-985f-434f-bbc8-abfe425909bc req-3aae3012-ff94-4b6f-95a2-7009ccc05d1e tempest-AttachVolumeNegativeTest-1887559449 tempest-AttachVolumeNegativeTest-1887559449-project] http://10.222.0.54/volume/v3/c8609f5003504606b6317fd1f9d14136/volumes/07c5bed9-5817-4d87-a2d1-1969e226208a returned with HTTP 200
Nov 22 18:33:21.428130 dv-cinder-818815-1-smb devstack@c-api.service[109590]: [pid: 109590|app: 0|req: 84/164] 10.222.0.54 () {60 vars in 1578 bytes} [Mon Nov 22 18:33:21 2021] GET /volume/v3/c8609f5003504606b6317fd1f9d14136/volumes/07c5bed9-5817-4d87-a2d1-1969e226208a => generated 917 bytes in 91 msecs (HTTP/1.1 200) 7 headers in 285 bytes (2 switches on core 0)
Nov 22 18:33:21.439111 dv-cinder-818815-1-smb devstack@c-api.service[109591]: INFO cinder.api.openstack.wsgi [None req-05607b07-e687-4662-ae9f-204e63c82f59 tempest-GroupsTest-1710946028 tempest-GroupsTest-1710946028-project] http://10.222.0.54/volume/v3/4dd411aa455149d58235563218f51936/volumes/detail returned with HTTP 200
Nov 22 18:33:21.443119 dv-cinder-818815-1-smb devstack@c-api.service[109591]: [pid: 109591|app: 0|req: 81/165] 10.222.0.54 () {60 vars in 1275 bytes} [Mon Nov 22 18:33:21 2021] GET /volume/v3/4dd411aa455149d58235563218f51936/volumes/detail => generated 1960 bytes in 334 msecs (HTTP/1.1 200) 7 headers in 287 bytes (1 switches on core 0)
Nov 22 18:33:21.458148 dv-cinder-818815-1-smb devstack@c-api.service[109590]: INFO cinder.api.openstack.wsgi [None req-1c060567-fa93-4da1-8827-c7be69227cd6 tempest-GroupsTest-1710946028 tempest-GroupsTest-1710946028-project] POST http://10.222.0.54/volume/v3/4dd411aa455149d58235563218f51936/groups/0570c27e-3f50-4936-b4ca-b670820c787d/action
Nov 22 18:33:21.458621 dv-cinder-818815-1-smb devstack@c-api.service[109590]: /usr/local/lib/python3.8/dist-packages/webob/acceptparse.py:1047: DeprecationWarning: The behavior of AcceptValidHeader.best_match is currently being maintained for backward compatibility, but it will be deprecated in the future, as it does not conform to the RFC.
Nov 22 18:33:21.458621 dv-cinder-818815-1-smb devstack@c-api.service[109590]: warnings.warn(
Nov 22 18:33:21.458989 dv-cinder-818815-1-smb devstack@c-api.service[109590]: DEBUG cinder.api.openstack.wsgi [None req-1c060567-fa93-4da1-8827-c7be69227cd6 tempest-GroupsTest-1710946028 tempest-GroupsTest-1710946028-project] Action body: b'{"delete": {"delete-volumes": true}}' {{(pid=109590) get_method /opt/stack/cinder/cinder/api/openstack/wsgi.py:971}}
Nov 22 18:33:21.461851 dv-cinder-818815-1-smb devstack@c-api.service[109590]: DEBUG cinder.api.openstack.wsgi [None req-1c060567-fa93-4da1-8827-c7be69227cd6 tempest-GroupsTest-1710946028 tempest-GroupsTest-1710946028-project] Action: 'action', calling method: delete_group, body: {"delete": {"delete-volumes": true}} {{(pid=109590) _process_stack /opt/stack/cinder/cinder/api/openstack/wsgi.py:854}}
Nov 22 18:33:21.463030 dv-cinder-818815-1-smb devstack@c-api.service[109590]: DEBUG cinder.api.v3.groups [None req-1c060567-fa93-4da1-8827-c7be69227cd6 tempest-GroupsTest-1710946028 tempest-GroupsTest-1710946028-project] delete called for group 0570c27e-3f50-4936-b4ca-b670820c787d {{(pid=109590) _delete /opt/stack/cinder/cinder/api/v3/groups.py:117}}
Nov 22 18:33:21.463457 dv-cinder-818815-1-smb devstack@c-api.service[109590]: INFO cinder.api.v3.groups [None req-1c060567-fa93-4da1-8827-c7be69227cd6 tempest-GroupsTest-1710946028 tempest-GroupsTest-1710946028-project] Delete group with id: 0570c27e-3f50-4936-b4ca-b670820c787d
Nov 22 18:33:21.478834 dv-cinder-818815-1-smb devstack@c-api.service[109590]: /usr/local/lib/python3.8/dist-packages/oslo_context/context.py:105: DeprecationWarning: Policy enforcement is depending on the value of is_admin. This key is deprecated. Please update your policy file to use the standard policy values.
Nov 22 18:33:21.478834 dv-cinder-818815-1-smb devstack@c-api.service[109590]: warnings.warn('Policy enforcement is depending on the value of '
Nov 22 18:33:21.653482 dv-cinder-818815-1-smb devstack@c-api.service[109590]: INFO cinder.api.openstack.wsgi [None req-1c060567-fa93-4da1-8827-c7be69227cd6 tempest-GroupsTest-1710946028 tempest-GroupsTest-1710946028-project] http://10.222.0.54/volume/v3/4dd411aa455149d58235563218f51936/groups/0570c27e-3f50-4936-b4ca-b670820c787d/action returned with HTTP 202
Nov 22 18:33:21.655062 dv-cinder-818815-1-smb devstack@c-api.service[109590]: [pid: 109590|app: 0|req: 85/166] 10.222.0.54 () {62 vars in 1404 bytes} [Mon Nov 22 18:33:21 2021] POST /volume/v3/4dd411aa455149d58235563218f51936/groups/0570c27e-3f50-4936-b4ca-b670820c787d/action => generated 0 bytes in 202 msecs (HTTP/1.1 202) 6 headers in 234 bytes (1 switches on core 0)
Nov 22 18:33:21.667868 dv-cinder-818815-1-smb devstack@c-api.service[109591]: INFO cinder.api.openstack.wsgi [None req-3e56ae0a-77d4-46ea-99d9-7b1484014c67 tempest-GroupsTest-1710946028 tempest-GroupsTest-1710946028-project] GET http://10.222.0.54/volume/v3/4dd411aa455149d58235563218f51936/volumes/32e616ab-76f6-4b31-bb48-dc3b848a0fef
Nov 22 18:33:21.671038 dv-cinder-818815-1-smb devstack@c-api.service[109591]: DEBUG cinder.api.openstack.wsgi [None req-3e56ae0a-77d4-46ea-99d9-7b1484014c67 tempest-GroupsTest-1710946028 tempest-GroupsTest-1710946028-project] Empty body provided in request {{(pid=109591) get_body /opt/stack/cinder/cinder/api/openstack/wsgi.py:703}}
Nov 22 18:33:21.671724 dv-cinder-818815-1-smb devstack@c-api.service[109591]: /usr/local/lib/python3.8/dist-packages/webob/acceptparse.py:1047: DeprecationWarning: The behavior of AcceptValidHeader.best_match is currently being maintained for backward compatibility, but it will be deprecated in the future, as it does not conform to the RFC.
Nov 22 18:33:21.671724 dv-cinder-818815-1-smb devstack@c-api.service[109591]: warnings.warn(
Nov 22 18:33:21.674897 dv-cinder-818815-1-smb devstack@c-api.service[109591]: DEBUG cinder.api.openstack.wsgi [None req-3e56ae0a-77d4-46ea-99d9-7b1484014c67 tempest-GroupsTest-1710946028 tempest-GroupsTest-1710946028-project] Calling method 'show' {{(pid=109591) _process_stack /opt/stack/cinder/cinder/api/openstack/wsgi.py:856}}
Nov 22 18:33:21.724688 dv-cinder-818815-1-smb devstack@c-api.service[109590]: INFO cinder.api.openstack.wsgi [None req-10e44010-83c6-4b0d-878b-2cfba8dc5c1b tempest-VolumeTypesTest-990396840 tempest-VolumeTypesTest-990396840-project] GET http://10.222.0.54/volume/v3/f87d51cec9d946a9908a76618a7a4223/volumes/848bcf54-726b-4d3b-9910-11a6c0c51ab3
Nov 22 18:33:21.725382 dv-cinder-818815-1-smb devstack@c-api.service[109590]: DEBUG cinder.api.openstack.wsgi [None req-10e44010-83c6-4b0d-878b-2cfba8dc5c1b tempest-VolumeTypesTest-990396840 tempest-VolumeTypesTest-990396840-project] Empty body provided in request {{(pid=109590) get_body /opt/stack/cinder/cinder/api/openstack/wsgi.py:703}}
Nov 22 18:33:21.729419 dv-cinder-818815-1-smb devstack@c-api.service[109590]: /usr/local/lib/python3.8/dist-packages/webob/acceptparse.py:1047: DeprecationWarning: The behavior of AcceptValidHeader.best_match is currently being maintained for backward compatibility, but it will be deprecated in the future, as it does not conform to the RFC.
Nov 22 18:33:21.729419 dv-cinder-818815-1-smb devstack@c-api.service[109590]: warnings.warn(
Nov 22 18:33:21.729419 dv-cinder-818815-1-smb devstack@c-api.service[109590]: DEBUG cinder.api.openstack.wsgi [None req-10e44010-83c6-4b0d-878b-2cfba8dc5c1b tempest-VolumeTypesTest-990396840 tempest-VolumeTypesTest-990396840-project] Calling method 'show' {{(pid=109590) _process_stack /opt/stack/cinder/cinder/api/openstack/wsgi.py:856}}
Nov 22 18:33:21.739243 dv-cinder-818815-1-smb devstack@c-api.service[109591]: /usr/local/lib/python3.8/dist-packages/oslo_context/context.py:105: DeprecationWarning: Policy enforcement is depending on the value of is_admin. This key is deprecated. Please update your policy file to use the standard policy values.
Nov 22 18:33:21.739243 dv-cinder-818815-1-smb devstack@c-api.service[109591]: warnings.warn('Policy enforcement is depending on the value of '
Nov 22 18:33:21.758603 dv-cinder-818815-1-smb devstack@c-api.service[109591]: INFO cinder.volume.api [None req-3e56ae0a-77d4-46ea-99d9-7b1484014c67 tempest-GroupsTest-1710946028 tempest-GroupsTest-1710946028-project] Volume info retrieved successfully.
Nov 22 18:33:21.761393 dv-cinder-818815-1-smb devstack@c-api.service[109591]: WARNING stevedore.named [None req-3e56ae0a-77d4-46ea-99d9-7b1484014c67 tempest-GroupsTest-1710946028 tempest-GroupsTest-1710946028-project] Could not load cinder.keymgr.conf_key_mgr.ConfKeyManager
Nov 22 18:33:21.762321 dv-cinder-818815-1-smb devstack@c-api.service[109591]: WARNING castellan.key_manager [None req-3e56ae0a-77d4-46ea-99d9-7b1484014c67 tempest-GroupsTest-1710946028 tempest-GroupsTest-1710946028-project] Deprecation Warning : cinder.keymgr.conf_key_mgr.ConfKeyManager is not a stevedore based driver, trying to load it as a class: stevedore.exception.NoMatches: No 'castellan.drivers' driver found, looking for 'cinder.keymgr.conf_key_mgr.ConfKeyManager'
Nov 22 18:33:21.763310 dv-cinder-818815-1-smb devstack@c-api.service[109590]: /usr/local/lib/python3.8/dist-packages/oslo_context/context.py:105: DeprecationWarning: Policy enforcement is depending on the value of is_admin. This key is deprecated. Please update your policy file to use the standard policy values.
Nov 22 18:33:21.763310 dv-cinder-818815-1-smb devstack@c-api.service[109590]: warnings.warn('Policy enforcement is depending on the value of '
Nov 22 18:33:21.778084 dv-cinder-818815-1-smb devstack@c-api.service[109591]: DEBUG oslo_db.sqlalchemy.engines [None req-3e56ae0a-77d4-46ea-99d9-7b1484014c67 tempest-GroupsTest-1710946028 tempest-GroupsTest-1710946028-project] MySQL server mode set to STRICT_TRANS_TABLES,STRICT_ALL_TABLES,NO_ZERO_IN_DATE,NO_ZERO_DATE,ERROR_FOR_DIVISION_BY_ZERO,TRADITIONAL,NO_ENGINE_SUBSTITUTION {{(pid=109591) _check_effective_sql_mode /usr/local/lib/python3.8/dist-packages/oslo_db/sqlalchemy/engines.py:314}}
Nov 22 18:33:21.781704 dv-cinder-818815-1-smb devstack@c-api.service[109590]: INFO cinder.volume.api [None req-10e44010-83c6-4b0d-878b-2cfba8dc5c1b tempest-VolumeTypesTest-990396840 tempest-VolumeTypesTest-990396840-project] Volume info retrieved successfully.
Nov 22 18:33:21.790359 dv-cinder-818815-1-smb devstack@c-api.service[109591]: /usr/local/lib/python3.8/dist-packages/oslo_context/context.py:105: DeprecationWarning: Policy enforcement is depending on the value of is_admin. This key is deprecated. Please update your policy file to use the standard policy values.
Nov 22 18:33:21.790359 dv-cinder-818815-1-smb devstack@c-api.service[109591]: warnings.warn('Policy enforcement is depending on the value of '
Nov 22 18:33:21.802480 dv-cinder-818815-1-smb devstack@c-api.service[109590]: INFO cinder.api.openstack.wsgi [None req-10e44010-83c6-4b0d-878b-2cfba8dc5c1b tempest-VolumeTypesTest-990396840 tempest-VolumeTypesTest-990396840-project] http://10.222.0.54/volume/v3/f87d51cec9d946a9908a76618a7a4223/volumes/848bcf54-726b-4d3b-9910-11a6c0c51ab3 returned with HTTP 200
Nov 22 18:33:21.818464 dv-cinder-818815-1-smb devstack@c-api.service[109590]: [pid: 109590|app: 0|req: 86/167] 10.222.0.54 () {58 vars in 1324 bytes} [Mon Nov 22 18:33:21 2021] GET /volume/v3/f87d51cec9d946a9908a76618a7a4223/volumes/848bcf54-726b-4d3b-9910-11a6c0c51ab3 => generated 943 bytes in 99 msecs (HTTP/1.1 200) 7 headers in 285 bytes (1 switches on core 0)
Nov 22 18:33:21.823525 dv-cinder-818815-1-smb devstack@c-api.service[109590]: INFO cinder.api.openstack.wsgi [None req-10e44010-83c6-4b0d-878b-2cfba8dc5c1b tempest-VolumeTypesTest-990396840 tempest-VolumeTypesTest-990396840-project] GET http://10.222.0.54/volume//
Nov 22 18:33:21.824840 dv-cinder-818815-1-smb devstack@c-api.service[109590]: DEBUG cinder.api.openstack.wsgi [None req-10e44010-83c6-4b0d-878b-2cfba8dc5c1b tempest-VolumeTypesTest-990396840 tempest-VolumeTypesTest-990396840-project] Empty body provided in request {{(pid=109590) get_body /opt/stack/cinder/cinder/api/openstack/wsgi.py:703}}
Nov 22 18:33:21.824840 dv-cinder-818815-1-smb devstack@c-api.service[109590]: /usr/local/lib/python3.8/dist-packages/webob/acceptparse.py:1047: DeprecationWarning: The behavior of AcceptValidHeader.best_match is currently being maintained for backward compatibility, but it will be deprecated in the future, as it does not conform to the RFC.
Nov 22 18:33:21.824840 dv-cinder-818815-1-smb devstack@c-api.service[109590]: warnings.warn(
Nov 22 18:33:21.825761 dv-cinder-818815-1-smb devstack@c-api.service[109590]: DEBUG cinder.api.openstack.wsgi [None req-10e44010-83c6-4b0d-878b-2cfba8dc5c1b tempest-VolumeTypesTest-990396840 tempest-VolumeTypesTest-990396840-project] Calling method 'all' {{(pid=109590) _process_stack /opt/stack/cinder/cinder/api/openstack/wsgi.py:856}}
Nov 22 18:33:21.827047 dv-cinder-818815-1-smb devstack@c-api.service[109590]: INFO cinder.api.openstack.wsgi [None req-10e44010-83c6-4b0d-878b-2cfba8dc5c1b tempest-VolumeTypesTest-990396840 tempest-VolumeTypesTest-990396840-project] http://10.222.0.54/volume// returned with HTTP 300
Nov 22 18:33:21.838000 dv-cinder-818815-1-smb devstack@c-api.service[109591]: INFO cinder.api.openstack.wsgi [None req-3e56ae0a-77d4-46ea-99d9-7b1484014c67 tempest-GroupsTest-1710946028 tempest-GroupsTest-1710946028-project] http://10.222.0.54/volume/v3/4dd411aa455149d58235563218f51936/volumes/32e616ab-76f6-4b31-bb48-dc3b848a0fef returned with HTTP 200
Nov 22 18:33:21.839926 dv-cinder-818815-1-smb devstack@c-api.service[109590]: [pid: 109590|app: 0|req: 87/168] 10.222.0.54 () {58 vars in 1299 bytes} [Mon Nov 22 18:33:21 2021] GET /volume/ => generated 386 bytes in 22 msecs (HTTP/1.1 300) 5 headers in 169 bytes (1 switches on core 0)
Nov 22 18:33:21.843506 dv-cinder-818815-1-smb devstack@c-api.service[109591]: [pid: 109591|app: 0|req: 82/169] 10.222.0.54 () {60 vars in 1365 bytes} [Mon Nov 22 18:33:21 2021] GET /volume/v3/4dd411aa455149d58235563218f51936/volumes/32e616ab-76f6-4b31-bb48-dc3b848a0fef => generated 982 bytes in 184 msecs (HTTP/1.1 200) 7 headers in 286 bytes (1 switches on core 0)
Nov 22 18:33:21.847309 dv-cinder-818815-1-smb devstack@c-api.service[109590]: INFO cinder.api.openstack.wsgi [None req-773389d7-e215-4fb2-a26b-9c75b9a1adde tempest-VolumeTypesTest-990396840 tempest-VolumeTypesTest-990396840-project] GET http://10.222.0.54/volume/v3/f87d51cec9d946a9908a76618a7a4223/volumes/848bcf54-726b-4d3b-9910-11a6c0c51ab3
Nov 22 18:33:21.847309 dv-cinder-818815-1-smb devstack@c-api.service[109590]: DEBUG cinder.api.openstack.wsgi [None req-773389d7-e215-4fb2-a26b-9c75b9a1adde tempest-VolumeTypesTest-990396840 tempest-VolumeTypesTest-990396840-project] Empty body provided in request {{(pid=109590) get_body /opt/stack/cinder/cinder/api/openstack/wsgi.py:703}}
