Nov 24 17:51:14.534114 dv-cinder-818579-1-iscsi neutron-server[86833]: DEBUG neutron_lib.callbacks.manager [None req-83476f70-14f2-42ba-aee4-5e58e435bf5c admin admin] Notify callbacks [] for security_group, before_create {{(pid=86833) _notify_loop /usr/local/lib/python3.8/dist-packages/neutron_lib/callbacks/manager.py:192}}
Nov 24 17:51:14.548377 dv-cinder-818579-1-iscsi neutron-server[86833]: DEBUG neutron.db.quota.driver [None req-83476f70-14f2-42ba-aee4-5e58e435bf5c admin admin] Resources subnetpool have unlimited quota limit. It is not required to calculate headroom {{(pid=86833) make_reservation /opt/stack/neutron/neutron/db/quota/driver.py:219}}
Nov 24 17:51:14.552195 dv-cinder-818579-1-iscsi neutron-server[86833]: DEBUG neutron.quota.resource [None req-83476f70-14f2-42ba-aee4-5e58e435bf5c admin admin] Usage tracker for resource:security_group_rule and tenant:dcd22b5574594dcbb5eac46e041655d5 is out of sync, need to count used quota {{(pid=86833) count_used /opt/stack/neutron/neutron/quota/resource.py:270}}
Nov 24 17:51:14.554949 dv-cinder-818579-1-iscsi neutron-server[86833]: DEBUG neutron.quota.resource [None req-83476f70-14f2-42ba-aee4-5e58e435bf5c admin admin] Quota usage for security_group_rule was recalculated. Used quota:0. {{(pid=86833) count_used /opt/stack/neutron/neutron/quota/resource.py:290}}
Nov 24 17:51:14.556432 dv-cinder-818579-1-iscsi neutron-server[86832]: DEBUG neutron_lib.callbacks.manager [req-37d833d7-e961-44ed-a594-182315f3f082 req-ce4a4982-a8f5-457d-9048-5d864167d4ee tempest-ServerRescueNegativeTestJSON-1670989141 tempest-ServerRescueNegativeTestJSON-1670989141-project] Notify callbacks ['neutron.plugins.ml2.plugin.SecurityGroupServerNotifierRpcMixin.notify_sg_on_port_change-629538', 'neutron.plugins.ml2.ovo_rpc._ObjectChangeHandler.handle_event-90852', 'neutron.api.rpc.agentnotifiers.dhcp_rpc_agent_api.DhcpAgentNotifyAPI._native_event_send_dhcp_notification-1602128', 'neutron.db.l3_dvrscheduler_db._notify_l3_agent_new_port-8754710495573', 'neutron.services.segments.plugin.NovaSegmentNotifier._notify_port_created_or_deleted-2438471'] for port, after_create {{(pid=86832) _notify_loop /usr/local/lib/python3.8/dist-packages/neutron_lib/callbacks/manager.py:192}}
Nov 24 17:51:14.561426 dv-cinder-818579-1-iscsi neutron-server[86833]: DEBUG neutron.db.quota.driver [None req-83476f70-14f2-42ba-aee4-5e58e435bf5c admin admin] Attempting to reserve 4 items for resource security_group_rule. Total usage: 0; quota limit: 100; headroom:100 {{(pid=86833) make_reservation /opt/stack/neutron/neutron/db/quota/driver.py:246}}
Nov 24 17:51:14.632189 dv-cinder-818579-1-iscsi neutron-server[86832]: DEBUG neutron.api.rpc.handlers.resources_rpc [None req-1191815d-a0f2-4f62-82fa-2c3a9214c402 admin admin] Pushing event updated for resources: {'SecurityGroup': ['ID=cabd48bb-f0bf-4586-99d5-f46a503c853b,revision_number=1']} {{(pid=86832) push /opt/stack/neutron/neutron/api/rpc/handlers/resources_rpc.py:237}}
Nov 24 17:51:14.642508 dv-cinder-818579-1-iscsi neutron-server[86832]: INFO neutron.wsgi [req-ca08cd17-f82c-4b13-87a1-21f528230b14 req-c300abfa-06e1-414a-8624-5334d230fa9f tempest-AttachVolumeTestJSON-853213452 tempest-AttachVolumeTestJSON-853213452-project] 10.222.0.64 "GET /v2.0/ports?tenant_id=4275b2353e804c9e9365d6f9ff69fb04&fields=id HTTP/1.1" status: 200 len: 348 time: 0.2514956
Nov 24 17:51:14.643351 dv-cinder-818579-1-iscsi neutron-server[86832]: DEBUG oslo_concurrency.lockutils [None req-1191815d-a0f2-4f62-82fa-2c3a9214c402 admin admin] Lock "event-dispatch" released by "neutron.plugins.ml2.ovo_rpc._ObjectChangeHandler.dispatch_events" :: held 0.124s {{(pid=86832) inner /usr/local/lib/python3.8/dist-packages/oslo_concurrency/lockutils.py:367}}
Nov 24 17:51:14.648299 dv-cinder-818579-1-iscsi neutron-server[86832]: DEBUG oslo_concurrency.lockutils [None req-6e5fe965-d61d-4105-8c8f-df0b48b262fb tempest-DeleteServersTestJSON-1187974225 tempest-DeleteServersTestJSON-1187974225-project] Lock "event-dispatch" acquired by "neutron.plugins.ml2.ovo_rpc._ObjectChangeHandler.dispatch_events" :: waited 0.044s {{(pid=86832) inner /usr/local/lib/python3.8/dist-packages/oslo_concurrency/lockutils.py:355}}
Nov 24 17:51:14.680202 dv-cinder-818579-1-iscsi neutron-server[86832]: INFO neutron.wsgi [None req-1191815d-a0f2-4f62-82fa-2c3a9214c402 admin admin] 10.222.0.64 "GET /v2.0/security-groups?tenant_id=c82dcaee9341473ea75047de505791fe&name=default HTTP/1.1" status: 200 len: 2979 time: 0.7586229
Nov 24 17:51:14.685642 dv-cinder-818579-1-iscsi neutron-server[86833]: DEBUG neutron.wsgi [-] (86833) accepted ('10.222.0.64', 39246) {{(pid=86833) server /usr/local/lib/python3.8/dist-packages/eventlet/wsgi.py:992}}
Nov 24 17:51:14.690999 dv-cinder-818579-1-iscsi neutron-server[86832]: DEBUG neutron.scheduler.dhcp_agent_scheduler [req-37d833d7-e961-44ed-a594-182315f3f082 req-ce4a4982-a8f5-457d-9048-5d864167d4ee tempest-ServerRescueNegativeTestJSON-1670989141 tempest-ServerRescueNegativeTestJSON-1670989141-project] Network 3d4cf1eb-a293-4cce-91dc-18c1bb4973c4 is already hosted by enough agents. {{(pid=86832) _get_dhcp_agents_hosting_network /opt/stack/neutron/neutron/scheduler/dhcp_agent_scheduler.py:275}}
Nov 24 17:51:14.719396 dv-cinder-818579-1-iscsi neutron-server[86832]: DEBUG neutron.scheduler.base_scheduler [req-37d833d7-e961-44ed-a594-182315f3f082 req-ce4a4982-a8f5-457d-9048-5d864167d4ee tempest-ServerRescueNegativeTestJSON-1670989141 tempest-ServerRescueNegativeTestJSON-1670989141-project] Resources bound (agent type, host, resource id): {{(pid=86832) schedule /opt/stack/neutron/neutron/scheduler/base_scheduler.py:57}}
Nov 24 17:51:14.732791 dv-cinder-818579-1-iscsi neutron-server[86832]: DEBUG neutron.db.l3_dvrscheduler_db [req-37d833d7-e961-44ed-a594-182315f3f082 req-ce4a4982-a8f5-457d-9048-5d864167d4ee tempest-ServerRescueNegativeTestJSON-1670989141 tempest-ServerRescueNegativeTestJSON-1670989141-project] Received port after_create {{(pid=86832) _notify_l3_agent_new_port /opt/stack/neutron/neutron/db/l3_dvrscheduler_db.py:537}}
Nov 24 17:51:14.738017 dv-cinder-818579-1-iscsi neutron-server[86833]: DEBUG neutron.pecan_wsgi.hooks.policy_enforcement [req-f4ce739b-1ead-4f7f-a8f6-fd99ab411fef req-584a799a-f222-4336-9232-a219e162b8ba tempest-DeleteServersTestJSON-1187974225 tempest-DeleteServersTestJSON-1187974225-project] Attributes excluded by policy engine: ['standard_attr_id', 'binding:profile', 'binding:host_id', 'binding:vif_type', 'binding:vif_details'] {{(pid=86833) _exclude_attributes_by_policy /opt/stack/neutron/neutron/pecan_wsgi/hooks/policy_enforcement.py:255}}
Nov 24 17:51:14.739528 dv-cinder-818579-1-iscsi neutron-server[86833]: INFO neutron.wsgi [req-f4ce739b-1ead-4f7f-a8f6-fd99ab411fef req-584a799a-f222-4336-9232-a219e162b8ba tempest-DeleteServersTestJSON-1187974225 tempest-DeleteServersTestJSON-1187974225-project] 10.222.0.64 "GET /v2.0/ports?device_id=afc68395-e919-48bd-a6c4-cbd0819044b7 HTTP/1.1" status: 200 len: 944 time: 0.1658981
Nov 24 17:51:14.772460 dv-cinder-818579-1-iscsi neutron-server[86832]: DEBUG neutron.db.db_base_plugin_common [req-d39d2f1d-b916-42b3-a369-59a3d8cd20be req-2027f061-df39-407a-9b9a-bb39066c1790 tempest-ServerRescueNegativeTestJSON-1670989141 tempest-ServerRescueNegativeTestJSON-1670989141-project] Allocated IP 172.20.0.3 (3d4cf1eb-a293-4cce-91dc-18c1bb4973c4/4b89041f-7585-4d23-907c-bd60cffed951/8b9bafad-9e4a-4de0-a61c-31c30b5ff84b) {{(pid=86832) _store_ip_allocation /opt/stack/neutron/neutron/db/db_base_plugin_common.py:131}}
Nov 24 17:51:14.793109 dv-cinder-818579-1-iscsi neutron-server[86833]: DEBUG neutron_lib.callbacks.manager [None req-83476f70-14f2-42ba-aee4-5e58e435bf5c admin admin] Notify callbacks [] for security_group, precommit_create {{(pid=86833) _notify_loop /usr/local/lib/python3.8/dist-packages/neutron_lib/callbacks/manager.py:192}}
Nov 24 17:51:14.800156 dv-cinder-818579-1-iscsi neutron-server[86833]: DEBUG neutron_lib.callbacks.manager [None req-83476f70-14f2-42ba-aee4-5e58e435bf5c admin admin] Notify callbacks ['neutron.plugins.ml2.ovo_rpc._ObjectChangeHandler.handle_event-522282'] for security_group, after_create {{(pid=86833) _notify_loop /usr/local/lib/python3.8/dist-packages/neutron_lib/callbacks/manager.py:192}}
Nov 24 17:51:14.899205 dv-cinder-818579-1-iscsi neutron-server[86833]: DEBUG oslo_concurrency.lockutils [None req-67be2dfd-bc43-49d7-8bd6-4a1dc1626a57 admin admin] Lock "event-dispatch" acquired by "neutron.plugins.ml2.ovo_rpc._ObjectChangeHandler.dispatch_events" :: waited 0.000s {{(pid=86833) inner /usr/local/lib/python3.8/dist-packages/oslo_concurrency/lockutils.py:355}}
Nov 24 17:51:14.921704 dv-cinder-818579-1-iscsi neutron-server[86832]: DEBUG neutron.api.rpc.handlers.resources_rpc [None req-ce4a4982-a8f5-457d-9048-5d864167d4ee tempest-ServerRescueNegativeTestJSON-1670989141 tempest-ServerRescueNegativeTestJSON-1670989141-project] Pushing event updated for resources: {'Port': ['ID=2e08c6e2-2e40-4ef4-8a5d-a5d93d31c67d,revision_number=1']} {{(pid=86832) push /opt/stack/neutron/neutron/api/rpc/handlers/resources_rpc.py:237}}
Nov 24 17:51:14.933980 dv-cinder-818579-1-iscsi neutron-server[86833]: INFO neutron.wsgi [req-f4ce739b-1ead-4f7f-a8f6-fd99ab411fef req-ea7a5adb-6418-4c9e-a760-f67f40ea525a tempest-DeleteServersTestJSON-1187974225 tempest-DeleteServersTestJSON-1187974225-project] 10.222.0.64 "GET /v2.0/security-groups?id=4cb09e31-5309-4335-8ee9-618a95ad71fe&fields=id&fields=name HTTP/1.1" status: 200 len: 286 time: 0.1797438
Nov 24 17:51:14.934484 dv-cinder-818579-1-iscsi neutron-server[86832]: DEBUG oslo_concurrency.lockutils [None req-ce4a4982-a8f5-457d-9048-5d864167d4ee tempest-ServerRescueNegativeTestJSON-1670989141 tempest-ServerRescueNegativeTestJSON-1670989141-project] Lock "event-dispatch" released by "neutron.plugins.ml2.ovo_rpc._ObjectChangeHandler.dispatch_events" :: held 0.286s {{(pid=86832) inner /usr/local/lib/python3.8/dist-packages/oslo_concurrency/lockutils.py:367}}
Nov 24 17:51:14.942450 dv-cinder-818579-1-iscsi neutron-server[86833]: DEBUG neutron_lib.callbacks.manager [None req-b2fc7e77-d528-4d8f-a439-7322402bb981 admin admin] Notify callbacks [] for security_group, before_delete {{(pid=86833) _notify_loop /usr/local/lib/python3.8/dist-packages/neutron_lib/callbacks/manager.py:192}}
Nov 24 17:51:14.942962 dv-cinder-818579-1-iscsi neutron-server[86832]: DEBUG neutron.pecan_wsgi.hooks.policy_enforcement [req-37d833d7-e961-44ed-a594-182315f3f082 req-ce4a4982-a8f5-457d-9048-5d864167d4ee tempest-ServerRescueNegativeTestJSON-1670989141 tempest-ServerRescueNegativeTestJSON-1670989141-project] Attributes excluded by policy engine: ['standard_attr_id', 'binding:profile', 'binding:host_id', 'binding:vif_type', 'binding:vif_details', 'network'] {{(pid=86832) _exclude_attributes_by_policy /opt/stack/neutron/neutron/pecan_wsgi/hooks/policy_enforcement.py:255}}
Nov 24 17:51:14.943592 dv-cinder-818579-1-iscsi neutron-server[86832]: DEBUG neutron_lib.callbacks.manager [req-37d833d7-e961-44ed-a594-182315f3f082 req-ce4a4982-a8f5-457d-9048-5d864167d4ee tempest-ServerRescueNegativeTestJSON-1670989141 tempest-ServerRescueNegativeTestJSON-1670989141-project] Notify callbacks ['neutron.notifiers.nova.Notifier._send_nova_notification-105623', 'neutron.api.rpc.agentnotifiers.dhcp_rpc_agent_api.DhcpAgentNotifyAPI._send_dhcp_notification-1602174'] for port, before_response {{(pid=86832) _notify_loop /usr/local/lib/python3.8/dist-packages/neutron_lib/callbacks/manager.py:192}}
Nov 24 17:51:14.983115 dv-cinder-818579-1-iscsi neutron-server[86833]: INFO neutron.wsgi [None req-83476f70-14f2-42ba-aee4-5e58e435bf5c admin admin] 10.222.0.64 "GET /v2.0/security-groups?tenant_id=dcd22b5574594dcbb5eac46e041655d5&name=default HTTP/1.1" status: 200 len: 2979 time: 0.4654860
Nov 24 17:51:14.988229 dv-cinder-818579-1-iscsi neutron-server[86833]: DEBUG neutron.wsgi [-] (86833) accepted ('10.222.0.64', 39260) {{(pid=86833) server /usr/local/lib/python3.8/dist-packages/eventlet/wsgi.py:992}}
Nov 24 17:51:15.014986 dv-cinder-818579-1-iscsi neutron-server[86833]: DEBUG neutron.api.rpc.handlers.resources_rpc [None req-83476f70-14f2-42ba-aee4-5e58e435bf5c admin admin] Pushing event updated for resources: {'SecurityGroup': ['ID=0e727f89-669c-4556-8a93-faf9f0f3d230,revision_number=1']} {{(pid=86833) push /opt/stack/neutron/neutron/api/rpc/handlers/resources_rpc.py:237}}
Nov 24 17:51:15.027525 dv-cinder-818579-1-iscsi neutron-server[86833]: DEBUG neutron_lib.callbacks.manager [None req-b2fc7e77-d528-4d8f-a439-7322402bb981 admin admin] Notify callbacks [] for security_group, precommit_delete {{(pid=86833) _notify_loop /usr/local/lib/python3.8/dist-packages/neutron_lib/callbacks/manager.py:192}}
Nov 24 17:51:15.037923 dv-cinder-818579-1-iscsi neutron-server[86833]: DEBUG oslo_concurrency.lockutils [None req-83476f70-14f2-42ba-aee4-5e58e435bf5c admin admin] Lock "event-dispatch" released by "neutron.plugins.ml2.ovo_rpc._ObjectChangeHandler.dispatch_events" :: held 0.139s {{(pid=86833) inner /usr/local/lib/python3.8/dist-packages/oslo_concurrency/lockutils.py:367}}
Nov 24 17:51:15.095650 dv-cinder-818579-1-iscsi neutron-server[86832]: INFO neutron.wsgi [req-37d833d7-e961-44ed-a594-182315f3f082 req-ce4a4982-a8f5-457d-9048-5d864167d4ee tempest-ServerRescueNegativeTestJSON-1670989141 tempest-ServerRescueNegativeTestJSON-1670989141-project] 10.222.0.55 "POST /v2.0/ports HTTP/1.1" status: 201 len: 934 time: 3.1949434
Nov 24 17:51:15.100941 dv-cinder-818579-1-iscsi neutron-server[86832]: INFO neutron.wsgi [req-ca08cd17-f82c-4b13-87a1-21f528230b14 req-7f4ac43d-abe3-4e22-b96b-c1825d2eccd2 service neutron] 10.222.0.64 "GET /v2.0/networks/16d04825-809e-487e-b2a8-9c8ebe5605d4?fields=segments HTTP/1.1" status: 200 len: 212 time: 0.4196501
Nov 24 17:51:15.173860 dv-cinder-818579-1-iscsi neutron-server[86833]: DEBUG neutron_lib.callbacks.manager [None req-2433db1b-8a61-440c-8492-bb6eafd937e9 admin admin] Notify callbacks [] for security_group, before_delete {{(pid=86833) _notify_loop /usr/local/lib/python3.8/dist-packages/neutron_lib/callbacks/manager.py:192}}
Nov 24 17:51:15.205318 dv-cinder-818579-1-iscsi neutron-server[86833]: DEBUG neutron_lib.callbacks.manager [None req-b2fc7e77-d528-4d8f-a439-7322402bb981 admin admin] Notify callbacks ['neutron.plugins.ml2.ovo_rpc._ObjectChangeHandler.handle_event-522282'] for security_group, after_delete {{(pid=86833) _notify_loop /usr/local/lib/python3.8/dist-packages/neutron_lib/callbacks/manager.py:192}}
Nov 24 17:51:15.216770 dv-cinder-818579-1-iscsi neutron-server[86833]: DEBUG neutron_lib.callbacks.manager [None req-2433db1b-8a61-440c-8492-bb6eafd937e9 admin admin] Notify callbacks [] for security_group, precommit_delete {{(pid=86833) _notify_loop /usr/local/lib/python3.8/dist-packages/neutron_lib/callbacks/manager.py:192}}
Nov 24 17:51:15.223735 dv-cinder-818579-1-iscsi neutron-server[86833]: DEBUG oslo_concurrency.lockutils [-] Lock "event-dispatch" acquired by "neutron.plugins.ml2.ovo_rpc._ObjectChangeHandler.dispatch_events" :: waited 0.000s {{(pid=86833) inner /usr/local/lib/python3.8/dist-packages/oslo_concurrency/lockutils.py:355}}
Nov 24 17:51:15.245722 dv-cinder-818579-1-iscsi neutron-server[86833]: DEBUG neutron.pecan_wsgi.hooks.policy_enforcement [req-2f83ad97-91fc-4989-a2ca-2ae4576f8d98 req-a3f7c755-b241-462c-afca-993e3bb0b157 tempest-AttachVolumeNegativeTest-254599285 tempest-AttachVolumeNegativeTest-254599285-project] Attributes excluded by policy engine: ['standard_attr_id', 'binding:profile', 'binding:host_id', 'binding:vif_type', 'binding:vif_details'] {{(pid=86833) _exclude_attributes_by_policy /opt/stack/neutron/neutron/pecan_wsgi/hooks/policy_enforcement.py:255}}
Nov 24 17:51:15.247161 dv-cinder-818579-1-iscsi neutron-server[86833]: INFO neutron.wsgi [req-2f83ad97-91fc-4989-a2ca-2ae4576f8d98 req-a3f7c755-b241-462c-afca-993e3bb0b157 tempest-AttachVolumeNegativeTest-254599285 tempest-AttachVolumeNegativeTest-254599285-project] 10.222.0.64 "GET /v2.0/ports?device_id=93283903-e620-4b25-9d9b-dd8df929bc16 HTTP/1.1" status: 200 len: 944 time: 0.1858103
Nov 24 17:51:15.250059 dv-cinder-818579-1-iscsi neutron-server[86833]: DEBUG neutron.api.rpc.handlers.resources_rpc [None req-b2fc7e77-d528-4d8f-a439-7322402bb981 admin admin] Pushing event deleted for resources: {'SecurityGroup': ['ID=cabd48bb-f0bf-4586-99d5-f46a503c853b,revision_number=None']} {{(pid=86833) push /opt/stack/neutron/neutron/api/rpc/handlers/resources_rpc.py:237}}
Nov 24 17:51:15.265212 dv-cinder-818579-1-iscsi neutron-server[86833]: DEBUG oslo_concurrency.lockutils [None req-b2fc7e77-d528-4d8f-a439-7322402bb981 admin admin] Lock "event-dispatch" released by "neutron.plugins.ml2.ovo_rpc._ObjectChangeHandler.dispatch_events" :: held 0.041s {{(pid=86833) inner /usr/local/lib/python3.8/dist-packages/oslo_concurrency/lockutils.py:367}}
Nov 24 17:51:15.283958 dv-cinder-818579-1-iscsi neutron-server[86832]: DEBUG neutron_lib.callbacks.manager [req-d39d2f1d-b916-42b3-a369-59a3d8cd20be req-2027f061-df39-407a-9b9a-bb39066c1790 tempest-ServerRescueNegativeTestJSON-1670989141 tempest-ServerRescueNegativeTestJSON-1670989141-project] Notify callbacks [] for port, precommit_create {{(pid=86832) _notify_loop /usr/local/lib/python3.8/dist-packages/neutron_lib/callbacks/manager.py:192}}
Nov 24 17:51:15.296589 dv-cinder-818579-1-iscsi neutron-server[86833]: DEBUG neutron_lib.callbacks.manager [None req-b2fc7e77-d528-4d8f-a439-7322402bb981 admin admin] Notify callbacks [] for security_group, before_response {{(pid=86833) _notify_loop /usr/local/lib/python3.8/dist-packages/neutron_lib/callbacks/manager.py:192}}
Nov 24 17:51:15.297653 dv-cinder-818579-1-iscsi neutron-server[86833]: INFO neutron.wsgi [None req-b2fc7e77-d528-4d8f-a439-7322402bb981 admin admin] 10.222.0.64 "DELETE /v2.0/security-groups/cabd48bb-f0bf-4586-99d5-f46a503c853b HTTP/1.1" status: 204 len: 168 time: 0.6053250
Nov 24 17:51:15.329389 dv-cinder-818579-1-iscsi neutron-server[86833]: INFO neutron.wsgi [req-2f83ad97-91fc-4989-a2ca-2ae4576f8d98 req-55db61f1-ddd5-4f64-a458-271345192b2b tempest-AttachVolumeNegativeTest-254599285 tempest-AttachVolumeNegativeTest-254599285-project] 10.222.0.64 "GET /v2.0/security-groups?id=70e6381a-0967-4bc1-af35-9e1aec302113&fields=id&fields=name HTTP/1.1" status: 200 len: 286 time: 0.0698619
Nov 24 17:51:15.336297 dv-cinder-818579-1-iscsi neutron-server[86832]: INFO neutron.wsgi [req-ca08cd17-f82c-4b13-87a1-21f528230b14 req-56dd6298-f7b9-4e7a-ab9d-541b37b379ac service neutron] 10.222.0.64 "GET /v2.0/networks/16d04825-809e-487e-b2a8-9c8ebe5605d4?fields=provider%3Aphysical_network&fields=provider%3Anetwork_type HTTP/1.1" status: 200 len: 281 time: 0.2276778
Nov 24 17:51:15.351460 dv-cinder-818579-1-iscsi neutron-server[86833]: DEBUG neutron_lib.callbacks.manager [None req-2433db1b-8a61-440c-8492-bb6eafd937e9 admin admin] Notify callbacks ['neutron.plugins.ml2.ovo_rpc._ObjectChangeHandler.handle_event-522282'] for security_group, after_delete {{(pid=86833) _notify_loop /usr/local/lib/python3.8/dist-packages/neutron_lib/callbacks/manager.py:192}}
Nov 24 17:51:15.358289 dv-cinder-818579-1-iscsi neutron-server[86833]: DEBUG oslo_concurrency.lockutils [-] Lock "event-dispatch" acquired by "neutron.plugins.ml2.ovo_rpc._ObjectChangeHandler.dispatch_events" :: waited 0.000s {{(pid=86833) inner /usr/local/lib/python3.8/dist-packages/oslo_concurrency/lockutils.py:355}}
Nov 24 17:51:15.376407 dv-cinder-818579-1-iscsi neutron-server[86833]: DEBUG neutron.api.rpc.handlers.resources_rpc [None req-2433db1b-8a61-440c-8492-bb6eafd937e9 admin admin] Pushing event deleted for resources: {'SecurityGroup': ['ID=0e727f89-669c-4556-8a93-faf9f0f3d230,revision_number=None']} {{(pid=86833) push /opt/stack/neutron/neutron/api/rpc/handlers/resources_rpc.py:237}}
Nov 24 17:51:15.381643 dv-cinder-818579-1-iscsi neutron-server[86832]: DEBUG neutron_lib.callbacks.manager [req-d39d2f1d-b916-42b3-a369-59a3d8cd20be req-2027f061-df39-407a-9b9a-bb39066c1790 tempest-ServerRescueNegativeTestJSON-1670989141 tempest-ServerRescueNegativeTestJSON-1670989141-project] Notify callbacks ['neutron.plugins.ml2.plugin.SecurityGroupServerNotifierRpcMixin.notify_sg_on_port_change-629538', 'neutron.plugins.ml2.ovo_rpc._ObjectChangeHandler.handle_event-90852', 'neutron.api.rpc.agentnotifiers.dhcp_rpc_agent_api.DhcpAgentNotifyAPI._native_event_send_dhcp_notification-1602128', 'neutron.db.l3_dvrscheduler_db._notify_l3_agent_new_port-8754710495573', 'neutron.services.segments.plugin.NovaSegmentNotifier._notify_port_created_or_deleted-2438471'] for port, after_create {{(pid=86832) _notify_loop /usr/local/lib/python3.8/dist-packages/neutron_lib/callbacks/manager.py:192}}
Nov 24 17:51:15.389650 dv-cinder-818579-1-iscsi neutron-server[86832]: DEBUG oslo_concurrency.lockutils [-] Lock "event-dispatch" acquired by "neutron.plugins.ml2.ovo_rpc._ObjectChangeHandler.dispatch_events" :: waited 0.000s {{(pid=86832) inner /usr/local/lib/python3.8/dist-packages/oslo_concurrency/lockutils.py:355}}
Nov 24 17:51:15.395075 dv-cinder-818579-1-iscsi neutron-server[86833]: DEBUG oslo_concurrency.lockutils [None req-2433db1b-8a61-440c-8492-bb6eafd937e9 admin admin] Lock "event-dispatch" released by "neutron.plugins.ml2.ovo_rpc._ObjectChangeHandler.dispatch_events" :: held 0.037s {{(pid=86833) inner /usr/local/lib/python3.8/dist-packages/oslo_concurrency/lockutils.py:367}}
Nov 24 17:51:15.397704 dv-cinder-818579-1-iscsi neutron-server[86833]: DEBUG neutron_lib.callbacks.manager [None req-2433db1b-8a61-440c-8492-bb6eafd937e9 admin admin] Notify callbacks [] for security_group, before_response {{(pid=86833) _notify_loop /usr/local/lib/python3.8/dist-packages/neutron_lib/callbacks/manager.py:192}}
Nov 24 17:51:15.398856 dv-cinder-818579-1-iscsi neutron-server[86833]: INFO neutron.wsgi [None req-2433db1b-8a61-440c-8492-bb6eafd937e9 admin admin] 10.222.0.64 "DELETE /v2.0/security-groups/0e727f89-669c-4556-8a93-faf9f0f3d230 HTTP/1.1" status: 204 len: 168 time: 0.4096467
Nov 24 17:51:15.532384 dv-cinder-818579-1-iscsi neutron-server[86832]: DEBUG neutron.scheduler.dhcp_agent_scheduler [req-d39d2f1d-b916-42b3-a369-59a3d8cd20be req-2027f061-df39-407a-9b9a-bb39066c1790 tempest-ServerRescueNegativeTestJSON-1670989141 tempest-ServerRescueNegativeTestJSON-1670989141-project] Network 3d4cf1eb-a293-4cce-91dc-18c1bb4973c4 is already hosted by enough agents. {{(pid=86832) _get_dhcp_agents_hosting_network /opt/stack/neutron/neutron/scheduler/dhcp_agent_scheduler.py:275}}
Nov 24 17:51:15.535407 dv-cinder-818579-1-iscsi neutron-server[86832]: DEBUG neutron.scheduler.base_scheduler [req-d39d2f1d-b916-42b3-a369-59a3d8cd20be req-2027f061-df39-407a-9b9a-bb39066c1790 tempest-ServerRescueNegativeTestJSON-1670989141 tempest-ServerRescueNegativeTestJSON-1670989141-project] Resources bound (agent type, host, resource id): {{(pid=86832) schedule /opt/stack/neutron/neutron/scheduler/base_scheduler.py:57}}
Nov 24 17:51:15.540161 dv-cinder-818579-1-iscsi neutron-server[86832]: DEBUG neutron.db.l3_dvrscheduler_db [req-d39d2f1d-b916-42b3-a369-59a3d8cd20be req-2027f061-df39-407a-9b9a-bb39066c1790 tempest-ServerRescueNegativeTestJSON-1670989141 tempest-ServerRescueNegativeTestJSON-1670989141-project] Received port after_create {{(pid=86832) _notify_l3_agent_new_port /opt/stack/neutron/neutron/db/l3_dvrscheduler_db.py:537}}
Nov 24 17:51:15.663543 dv-cinder-818579-1-iscsi neutron-server[86833]: DEBUG neutron.pecan_wsgi.hooks.policy_enforcement [req-b875ccaf-3cd4-4594-ba88-1532f2db242b req-c7115b4b-ad35-4e14-96c1-13503cecdfd6 tempest-ServerRescueNegativeTestJSON-1670989141 tempest-ServerRescueNegativeTestJSON-1670989141-project] Attributes excluded by policy engine: ['standard_attr_id', 'binding:profile', 'binding:host_id', 'binding:vif_type', 'binding:vif_details'] {{(pid=86833) _exclude_attributes_by_policy /opt/stack/neutron/neutron/pecan_wsgi/hooks/policy_enforcement.py:255}}
Nov 24 17:51:15.665529 dv-cinder-818579-1-iscsi neutron-server[86833]: INFO neutron.wsgi [req-b875ccaf-3cd4-4594-ba88-1532f2db242b req-c7115b4b-ad35-4e14-96c1-13503cecdfd6 tempest-ServerRescueNegativeTestJSON-1670989141 tempest-ServerRescueNegativeTestJSON-1670989141-project] 10.222.0.64 "GET /v2.0/ports?device_id=91fbcf33-86b7-4b2f-9a5d-9c87da78fc27 HTTP/1.1" status: 200 len: 932 time: 0.1770892
Nov 24 17:51:15.734335 dv-cinder-818579-1-iscsi neutron-server[86833]: INFO neutron.wsgi [req-b875ccaf-3cd4-4594-ba88-1532f2db242b req-ed828aef-53a0-4e01-b908-510a049a3cec tempest-ServerRescueNegativeTestJSON-1670989141 tempest-ServerRescueNegativeTestJSON-1670989141-project] 10.222.0.64 "GET /v2.0/security-groups?id=8612b3f0-cdeb-444f-af6b-4843e459e484&fields=id&fields=name HTTP/1.1" status: 200 len: 286 time: 0.0627248
Nov 24 17:51:15.781211 dv-cinder-818579-1-iscsi neutron-server[86832]: DEBUG neutron.api.rpc.handlers.resources_rpc [None req-2027f061-df39-407a-9b9a-bb39066c1790 tempest-ServerRescueNegativeTestJSON-1670989141 tempest-ServerRescueNegativeTestJSON-1670989141-project] Pushing event updated for resources: {'Port': ['ID=8b9bafad-9e4a-4de0-a61c-31c30b5ff84b,revision_number=1']} {{(pid=86832) push /opt/stack/neutron/neutron/api/rpc/handlers/resources_rpc.py:237}}
Nov 24 17:51:15.784308 dv-cinder-818579-1-iscsi neutron-server[86832]: DEBUG oslo_concurrency.lockutils [None req-2027f061-df39-407a-9b9a-bb39066c1790 tempest-ServerRescueNegativeTestJSON-1670989141 tempest-ServerRescueNegativeTestJSON-1670989141-project] Lock "event-dispatch" released by "neutron.plugins.ml2.ovo_rpc._ObjectChangeHandler.dispatch_events" :: held 0.395s {{(pid=86832) inner /usr/local/lib/python3.8/dist-packages/oslo_concurrency/lockutils.py:367}}
Nov 24 17:51:15.796671 dv-cinder-818579-1-iscsi neutron-server[86832]: INFO neutron.wsgi [req-9f07c48b-af8b-4a02-b353-6c1676f3ac69 req-f95efb52-4525-4d2f-b091-b547200828b4 tempest-AttachVolumeTestJSON-853213452 tempest-AttachVolumeTestJSON-853213452-project] 10.222.0.64 "GET /v2.0/ports?device_id=38f00b1d-a746-4496-a338-1a6ca81f15c7 HTTP/1.1" status: 200 len: 210 time: 0.0791667
Nov 24 17:51:15.821888 dv-cinder-818579-1-iscsi neutron-server[86832]: DEBUG neutron.pecan_wsgi.hooks.policy_enforcement [req-d39d2f1d-b916-42b3-a369-59a3d8cd20be req-2027f061-df39-407a-9b9a-bb39066c1790 tempest-ServerRescueNegativeTestJSON-1670989141 tempest-ServerRescueNegativeTestJSON-1670989141-project] Attributes excluded by policy engine: ['standard_attr_id', 'binding:profile', 'binding:host_id', 'binding:vif_type', 'binding:vif_details', 'network'] {{(pid=86832) _exclude_attributes_by_policy /opt/stack/neutron/neutron/pecan_wsgi/hooks/policy_enforcement.py:255}}
Nov 24 17:51:15.821888 dv-cinder-818579-1-iscsi neutron-server[86832]: DEBUG neutron_lib.callbacks.manager [req-d39d2f1d-b916-42b3-a369-59a3d8cd20be req-2027f061-df39-407a-9b9a-bb39066c1790 tempest-ServerRescueNegativeTestJSON-1670989141 tempest-ServerRescueNegativeTestJSON-1670989141-project] Notify callbacks ['neutron.notifiers.nova.Notifier._send_nova_notification-105623', 'neutron.api.rpc.agentnotifiers.dhcp_rpc_agent_api.DhcpAgentNotifyAPI._send_dhcp_notification-1602174'] for port, before_response {{(pid=86832) _notify_loop /usr/local/lib/python3.8/dist-packages/neutron_lib/callbacks/manager.py:192}}
Nov 24 17:51:15.840195 dv-cinder-818579-1-iscsi neutron-server[86832]: INFO neutron.wsgi [req-d39d2f1d-b916-42b3-a369-59a3d8cd20be req-2027f061-df39-407a-9b9a-bb39066c1790 tempest-ServerRescueNegativeTestJSON-1670989141 tempest-ServerRescueNegativeTestJSON-1670989141-project] 10.222.0.55 "POST /v2.0/ports HTTP/1.1" status: 201 len: 933 time: 3.0844400
Nov 24 17:51:15.851306 dv-cinder-818579-1-iscsi neutron-server[86833]: DEBUG neutron.wsgi [-] (86833) accepted ('10.222.0.64', 39282) {{(pid=86833) server /usr/local/lib/python3.8/dist-packages/eventlet/wsgi.py:992}}
Nov 24 17:51:15.869012 dv-cinder-818579-1-iscsi neutron-server[86833]: DEBUG neutron_lib.callbacks.manager [None req-0152ecfc-26e9-4fae-b608-43a62cc57084 admin admin] Notify callbacks [] for security_group, before_create {{(pid=86833) _notify_loop /usr/local/lib/python3.8/dist-packages/neutron_lib/callbacks/manager.py:192}}
Nov 24 17:51:15.886033 dv-cinder-818579-1-iscsi neutron-server[86833]: DEBUG neutron.db.quota.driver [None req-0152ecfc-26e9-4fae-b608-43a62cc57084 admin admin] Resources subnetpool have unlimited quota limit. It is not required to calculate headroom {{(pid=86833) make_reservation /opt/stack/neutron/neutron/db/quota/driver.py:219}}
Nov 24 17:51:15.890105 dv-cinder-818579-1-iscsi neutron-server[86833]: DEBUG neutron.quota.resource [None req-0152ecfc-26e9-4fae-b608-43a62cc57084 admin admin] Usage tracker for resource:security_group_rule and tenant:1ceaba355b724b6cba73b38323ef10ab is out of sync, need to count used quota {{(pid=86833) count_used /opt/stack/neutron/neutron/quota/resource.py:270}}
Nov 24 17:51:15.893118 dv-cinder-818579-1-iscsi neutron-server[86833]: DEBUG neutron.quota.resource [None req-0152ecfc-26e9-4fae-b608-43a62cc57084 admin admin] Quota usage for security_group_rule was recalculated. Used quota:0. {{(pid=86833) count_used /opt/stack/neutron/neutron/quota/resource.py:290}}
Nov 24 17:51:15.899093 dv-cinder-818579-1-iscsi neutron-server[86833]: DEBUG neutron.db.quota.driver [None req-0152ecfc-26e9-4fae-b608-43a62cc57084 admin admin] Attempting to reserve 4 items for resource security_group_rule. Total usage: 0; quota limit: 100; headroom:100 {{(pid=86833) make_reservation /opt/stack/neutron/neutron/db/quota/driver.py:246}}
Nov 24 17:51:16.033748 dv-cinder-818579-1-iscsi neutron-server[86833]: DEBUG neutron_lib.callbacks.manager [None req-0152ecfc-26e9-4fae-b608-43a62cc57084 admin admin] Notify callbacks [] for security_group, precommit_create {{(pid=86833) _notify_loop /usr/local/lib/python3.8/dist-packages/neutron_lib/callbacks/manager.py:192}}
Nov 24 17:51:16.044109 dv-cinder-818579-1-iscsi neutron-server[86833]: DEBUG neutron_lib.callbacks.manager [None req-0152ecfc-26e9-4fae-b608-43a62cc57084 admin admin] Notify callbacks ['neutron.plugins.ml2.ovo_rpc._ObjectChangeHandler.handle_event-522282'] for security_group, after_create {{(pid=86833) _notify_loop /usr/local/lib/python3.8/dist-packages/neutron_lib/callbacks/manager.py:192}}
Nov 24 17:51:16.053377 dv-cinder-818579-1-iscsi neutron-server[86833]: DEBUG oslo_concurrency.lockutils [None req-382a810a-4cc2-41e6-8622-cf2b9138d73c admin admin] Lock "event-dispatch" acquired by "neutron.plugins.ml2.ovo_rpc._ObjectChangeHandler.dispatch_events" :: waited 0.000s {{(pid=86833) inner /usr/local/lib/python3.8/dist-packages/oslo_concurrency/lockutils.py:355}}
Nov 24 17:51:16.083406 dv-cinder-818579-1-iscsi neutron-server[86833]: DEBUG neutron.api.rpc.handlers.resources_rpc [None req-0152ecfc-26e9-4fae-b608-43a62cc57084 admin admin] Pushing event updated for resources: {'SecurityGroup': ['ID=169d7482-dffb-4b04-a364-cd973875f00e,revision_number=1']} {{(pid=86833) push /opt/stack/neutron/neutron/api/rpc/handlers/resources_rpc.py:237}}
Nov 24 17:51:16.088059 dv-cinder-818579-1-iscsi neutron-server[86833]: DEBUG oslo_concurrency.lockutils [None req-0152ecfc-26e9-4fae-b608-43a62cc57084 admin admin] Lock "event-dispatch" released by "neutron.plugins.ml2.ovo_rpc._ObjectChangeHandler.dispatch_events" :: held 0.035s {{(pid=86833) inner /usr/local/lib/python3.8/dist-packages/oslo_concurrency/lockutils.py:367}}
Nov 24 17:51:16.094998 dv-cinder-818579-1-iscsi neutron-server[86834]: DEBUG neutron.plugins.ml2.rpc [None req-659732b0-a2d6-4780-ab91-72651b97ff2b None None] Device fc2fceee-7815-453b-ad43-7b8219deef3e details requested by agent hyperv_hv-cinder-81857 with host hv-cinder-81857 {{(pid=86834) get_device_details /opt/stack/neutron/neutron/plugins/ml2/rpc.py:88}}
Nov 24 17:51:16.103151 dv-cinder-818579-1-iscsi neutron-server[86832]: DEBUG neutron.api.v2.base [req-d39d2f1d-b916-42b3-a369-59a3d8cd20be req-138961a2-747c-4a60-9228-7396adba2c4c service neutron] Request body: {'port': {'device_id': 'd195ce54-bd42-4deb-b7de-c80fcfcd3437', 'device_owner': 'compute:nova', 'binding:host_id': 'hv-cinder-81857'}} {{(pid=86832) prepare_request_body /opt/stack/neutron/neutron/api/v2/base.py:729}}
Nov 24 17:51:16.111761 dv-cinder-818579-1-iscsi neutron-server[86833]: INFO neutron.wsgi [None req-0152ecfc-26e9-4fae-b608-43a62cc57084 admin admin] 10.222.0.64 "GET /v2.0/security-groups?tenant_id=1ceaba355b724b6cba73b38323ef10ab&name=default HTTP/1.1" status: 200 len: 2979 time: 0.2593291
Nov 24 17:51:16.114225 dv-cinder-818579-1-iscsi neutron-server[86833]: DEBUG neutron.wsgi [-] (86833) accepted ('10.222.0.64', 39302) {{(pid=86833) server /usr/local/lib/python3.8/dist-packages/eventlet/wsgi.py:992}}
Nov 24 17:51:16.212451 dv-cinder-818579-1-iscsi neutron-server[86832]: DEBUG neutron.api.v2.base [req-37d833d7-e961-44ed-a594-182315f3f082 req-b0d0fae5-4284-47e0-af19-131633075848 service neutron] Request body: {'port': {'device_id': '91fbcf33-86b7-4b2f-9a5d-9c87da78fc27', 'device_owner': 'compute:nova', 'binding:host_id': 'hv-cinder-81857'}} {{(pid=86832) prepare_request_body /opt/stack/neutron/neutron/api/v2/base.py:729}}
Nov 24 17:51:16.319786 dv-cinder-818579-1-iscsi neutron-server[86833]: DEBUG neutron_lib.callbacks.manager [None req-9424c0a3-f2eb-42f9-ba94-5ad51281d671 admin admin] Notify callbacks [] for security_group, before_delete {{(pid=86833) _notify_loop /usr/local/lib/python3.8/dist-packages/neutron_lib/callbacks/manager.py:192}}
Nov 24 17:51:16.351044 dv-cinder-818579-1-iscsi neutron-server[86834]: DEBUG neutron.plugins.ml2.db [None req-659732b0-a2d6-4780-ab91-72651b97ff2b None None] For port fc2fceee-7815-453b-ad43-7b8219deef3e, host hv-cinder-81857, got binding levels [PortBindingLevel(driver='hyperv',host='hv-cinder-81857',level=0,port_id=fc2fceee-7815-453b-ad43-7b8219deef3e,segment=NetworkSegment(8fc2b95d-8ab9-44c5-82f6-a055d4e8125f),segment_id=8fc2b95d-8ab9-44c5-82f6-a055d4e8125f)] {{(pid=86834) get_binding_level_objs /opt/stack/neutron/neutron/plugins/ml2/db.py:75}}
Nov 24 17:51:16.372234 dv-cinder-818579-1-iscsi neutron-server[86834]: DEBUG neutron.plugins.ml2.rpc [None req-659732b0-a2d6-4780-ab91-72651b97ff2b None None] Returning: {'device': 'fc2fceee-7815-453b-ad43-7b8219deef3e', 'network_id': '4b77fbf8-e8b3-4ea6-ba54-107fd0cb3ac2', 'port_id': 'fc2fceee-7815-453b-ad43-7b8219deef3e', 'mac_address': 'fa:16:3e:9d:c6:73', 'admin_state_up': True, 'network_type': 'vlan', 'segmentation_id': 686, 'physical_network': 'physnet1', 'mtu': 1500, 'fixed_ips': [{'subnet_id': '66612674-810f-48b1-ac51-09ee842958a5', 'ip_address': '172.20.0.14'}], 'device_owner': 'compute:nova', 'allowed_address_pairs': [], 'port_security_enabled': True, 'qos_policy_id': None, 'network_qos_policy_id': None, 'profile': {}, 'propagate_uplink_status': False} {{(pid=86834) _get_device_details /opt/stack/neutron/neutron/plugins/ml2/rpc.py:168}}
Nov 24 17:51:16.378254 dv-cinder-818579-1-iscsi neutron-server[86833]: DEBUG neutron_lib.callbacks.manager [None req-9424c0a3-f2eb-42f9-ba94-5ad51281d671 admin admin] Notify callbacks [] for security_group, precommit_delete {{(pid=86833) _notify_loop /usr/local/lib/python3.8/dist-packages/neutron_lib/callbacks/manager.py:192}}
Nov 24 17:51:16.450924 dv-cinder-818579-1-iscsi neutron-server[86834]: DEBUG neutron_lib.callbacks.manager [None req-659732b0-a2d6-4780-ab91-72651b97ff2b None None] Notify callbacks ['neutron.plugins.ml2.plugin.SecurityGroupDbMixin._ensure_default_security_group_handler-629601'] for port, before_update {{(pid=86834) _notify_loop /usr/local/lib/python3.8/dist-packages/neutron_lib/callbacks/manager.py:192}}
Nov 24 17:51:16.452207 dv-cinder-818579-1-iscsi neutron-server[86833]: DEBUG neutron.pecan_wsgi.hooks.policy_enforcement [req-15b304b6-823a-4cbd-b856-68c9b3b887f1 req-add6d691-660d-45e5-acfb-25c52ec8850d tempest-DeleteServersTestJSON-1187974225 tempest-DeleteServersTestJSON-1187974225-project] Attributes excluded by policy engine: ['standard_attr_id', 'binding:profile', 'binding:host_id', 'binding:vif_type', 'binding:vif_details'] {{(pid=86833) _exclude_attributes_by_policy /opt/stack/neutron/neutron/pecan_wsgi/hooks/policy_enforcement.py:255}}
Nov 24 17:51:16.461151 dv-cinder-818579-1-iscsi neutron-server[86833]: INFO neutron.wsgi [req-15b304b6-823a-4cbd-b856-68c9b3b887f1 req-add6d691-660d-45e5-acfb-25c52ec8850d tempest-DeleteServersTestJSON-1187974225 tempest-DeleteServersTestJSON-1187974225-project] 10.222.0.64 "GET /v2.0/ports?device_id=afc68395-e919-48bd-a6c4-cbd0819044b7 HTTP/1.1" status: 200 len: 944 time: 0.3475070
Nov 24 17:51:16.473120 dv-cinder-818579-1-iscsi neutron-server[86834]: DEBUG neutron.notifiers.nova [None req-659732b0-a2d6-4780-ab91-72651b97ff2b None None] Ignoring state change previous_port_status: DOWN current_port_status: BUILD port_id fc2fceee-7815-453b-ad43-7b8219deef3e {{(pid=86834) record_port_status_changed /opt/stack/neutron/neutron/notifiers/nova.py:224}}
Nov 24 17:51:16.502413 dv-cinder-818579-1-iscsi neutron-server[86833]: DEBUG neutron_lib.callbacks.manager [None req-9424c0a3-f2eb-42f9-ba94-5ad51281d671 admin admin] Notify callbacks ['neutron.plugins.ml2.ovo_rpc._ObjectChangeHandler.handle_event-522282'] for security_group, after_delete {{(pid=86833) _notify_loop /usr/local/lib/python3.8/dist-packages/neutron_lib/callbacks/manager.py:192}}
Nov 24 17:51:16.511729 dv-cinder-818579-1-iscsi neutron-server[86834]: DEBUG neutron.plugins.ml2.db [None req-659732b0-a2d6-4780-ab91-72651b97ff2b None None] For port fc2fceee-7815-453b-ad43-7b8219deef3e, host hv-cinder-81857, got binding levels [PortBindingLevel(driver='hyperv',host='hv-cinder-81857',level=0,port_id=fc2fceee-7815-453b-ad43-7b8219deef3e,segment=NetworkSegment(8fc2b95d-8ab9-44c5-82f6-a055d4e8125f),segment_id=8fc2b95d-8ab9-44c5-82f6-a055d4e8125f)] {{(pid=86834) get_binding_level_objs /opt/stack/neutron/neutron/plugins/ml2/db.py:75}}
Nov 24 17:51:16.518449 dv-cinder-818579-1-iscsi neutron-server[86833]: DEBUG oslo_concurrency.lockutils [-] Lock "event-dispatch" acquired by "neutron.plugins.ml2.ovo_rpc._ObjectChangeHandler.dispatch_events" :: waited 0.000s {{(pid=86833) inner /usr/local/lib/python3.8/dist-packages/oslo_concurrency/lockutils.py:355}}
Nov 24 17:51:16.525297 dv-cinder-818579-1-iscsi neutron-server[86834]: DEBUG neutron_lib.callbacks.manager [None req-659732b0-a2d6-4780-ab91-72651b97ff2b None None] Notify callbacks ['neutron.plugins.ml2.plugin.SecurityGroupServerNotifierRpcMixin.notify_sg_on_port_change-629538', 'neutron.plugins.ml2.ovo_rpc._ObjectChangeHandler.handle_event-90852', 'neutron.api.rpc.agentnotifiers.dhcp_rpc_agent_api.DhcpAgentNotifyAPI._native_event_send_dhcp_notification-1602128', 'neutron.db.l3_db.L3RpcNotifierMixin._notify_gateway_port_ip_changed-8754711044154', 'neutron.db.l3_dvrscheduler_db._notify_l3_agent_port_update-8754710495591', 'neutron.db.l3_hascheduler_db._notify_l3_agent_ha_port_update-8754710495636'] for port, after_update {{(pid=86834) _notify_loop /usr/local/lib/python3.8/dist-packages/neutron_lib/callbacks/manager.py:192}}
Nov 24 17:51:16.528017 dv-cinder-818579-1-iscsi neutron-server[86834]: DEBUG oslo_concurrency.lockutils [-] Lock "event-dispatch" acquired by "neutron.plugins.ml2.ovo_rpc._ObjectChangeHandler.dispatch_events" :: waited 0.000s {{(pid=86834) inner /usr/local/lib/python3.8/dist-packages/oslo_concurrency/lockutils.py:355}}
Nov 24 17:51:16.535187 dv-cinder-818579-1-iscsi neutron-server[86832]: DEBUG neutron_lib.callbacks.manager [req-d39d2f1d-b916-42b3-a369-59a3d8cd20be req-138961a2-747c-4a60-9228-7396adba2c4c service neutron] Notify callbacks ['neutron.plugins.ml2.plugin.SecurityGroupDbMixin._ensure_default_security_group_handler-629601'] for port, before_update {{(pid=86832) _notify_loop /usr/local/lib/python3.8/dist-packages/neutron_lib/callbacks/manager.py:192}}
Nov 24 17:51:16.548223 dv-cinder-818579-1-iscsi neutron-server[86833]: DEBUG neutron.api.rpc.handlers.resources_rpc [None req-9424c0a3-f2eb-42f9-ba94-5ad51281d671 admin admin] Pushing event deleted for resources: {'SecurityGroup': ['ID=169d7482-dffb-4b04-a364-cd973875f00e,revision_number=None']} {{(pid=86833) push /opt/stack/neutron/neutron/api/rpc/handlers/resources_rpc.py:237}}
Nov 24 17:51:16.574722 dv-cinder-818579-1-iscsi neutron-server[86833]: DEBUG oslo_concurrency.lockutils [None req-9424c0a3-f2eb-42f9-ba94-5ad51281d671 admin admin] Lock "event-dispatch" released by "neutron.plugins.ml2.ovo_rpc._ObjectChangeHandler.dispatch_events" :: held 0.056s {{(pid=86833) inner /usr/local/lib/python3.8/dist-packages/oslo_concurrency/lockutils.py:367}}
Nov 24 17:51:16.595628 dv-cinder-818579-1-iscsi neutron-server[86832]: DEBUG neutron_lib.callbacks.manager [req-37d833d7-e961-44ed-a594-182315f3f082 req-b0d0fae5-4284-47e0-af19-131633075848 service neutron] Notify callbacks ['neutron.plugins.ml2.plugin.SecurityGroupDbMixin._ensure_default_security_group_handler-629601'] for port, before_update {{(pid=86832) _notify_loop /usr/local/lib/python3.8/dist-packages/neutron_lib/callbacks/manager.py:192}}
Nov 24 17:51:16.613972 dv-cinder-818579-1-iscsi neutron-server[86833]: INFO neutron.wsgi [req-15b304b6-823a-4cbd-b856-68c9b3b887f1 req-627fb04f-47c9-49e0-b2c3-6d71972d8a4b tempest-DeleteServersTestJSON-1187974225 tempest-DeleteServersTestJSON-1187974225-project] 10.222.0.64 "GET /v2.0/security-groups?id=4cb09e31-5309-4335-8ee9-618a95ad71fe&fields=id&fields=name HTTP/1.1" status: 200 len: 286 time: 0.1486452
Nov 24 17:51:16.621622 dv-cinder-818579-1-iscsi neutron-server[86833]: DEBUG neutron_lib.callbacks.manager [None req-9424c0a3-f2eb-42f9-ba94-5ad51281d671 admin admin] Notify callbacks [] for security_group, before_response {{(pid=86833) _notify_loop /usr/local/lib/python3.8/dist-packages/neutron_lib/callbacks/manager.py:192}}
Nov 24 17:51:16.625437 dv-cinder-818579-1-iscsi neutron-server[86833]: INFO neutron.wsgi [None req-9424c0a3-f2eb-42f9-ba94-5ad51281d671 admin admin] 10.222.0.64 "DELETE /v2.0/security-groups/169d7482-dffb-4b04-a364-cd973875f00e HTTP/1.1" status: 204 len: 168 time: 0.5099268
Nov 24 17:51:16.633562 dv-cinder-818579-1-iscsi neutron-server[86832]: DEBUG neutron.pecan_wsgi.hooks.policy_enforcement [req-bffd9ad5-94bc-4429-b3e9-bad8b56d0619 req-589cfbc1-ecc0-456d-95e5-a99c6b29587c service neutron] Attributes excluded by policy engine: ['standard_attr_id'] {{(pid=86832) _exclude_attributes_by_policy /opt/stack/neutron/neutron/pecan_wsgi/hooks/policy_enforcement.py:255}}
Nov 24 17:51:16.635815 dv-cinder-818579-1-iscsi neutron-server[86832]: INFO neutron.wsgi [req-bffd9ad5-94bc-4429-b3e9-bad8b56d0619 req-589cfbc1-ecc0-456d-95e5-a99c6b29587c service neutron] 10.222.0.55 "GET /v2.0/ports?tenant_id=19932e34745a434a9e17ef9a5fa6aa49&device_id=93283903-e620-4b25-9d9b-dd8df929bc16 HTTP/1.1" status: 200 len: 1097 time: 0.3907175
Nov 24 17:51:16.688313 dv-cinder-818579-1-iscsi neutron-server[86834]: DEBUG neutron.api.rpc.handlers.resources_rpc [None req-659732b0-a2d6-4780-ab91-72651b97ff2b None None] Pushing event updated for resources: {'Port': ['ID=fc2fceee-7815-453b-ad43-7b8219deef3e,revision_number=4']} {{(pid=86834) push /opt/stack/neutron/neutron/api/rpc/handlers/resources_rpc.py:237}}
Nov 24 17:51:16.700175 dv-cinder-818579-1-iscsi neutron-server[86834]: DEBUG oslo_concurrency.lockutils [None req-659732b0-a2d6-4780-ab91-72651b97ff2b None None] Lock "event-dispatch" released by "neutron.plugins.ml2.ovo_rpc._ObjectChangeHandler.dispatch_events" :: held 0.172s {{(pid=86834) inner /usr/local/lib/python3.8/dist-packages/oslo_concurrency/lockutils.py:367}}
Nov 24 17:51:16.855326 dv-cinder-818579-1-iscsi neutron-server[86834]: DEBUG neutron.plugins.ml2.db [None req-659732b0-a2d6-4780-ab91-72651b97ff2b None None] get_ports_and_sgs() called for port_ids ['fc2fceee-7815-453b-ad43-7b8219deef3e'] {{(pid=86834) get_ports_and_sgs /opt/stack/neutron/neutron/plugins/ml2/db.py:164}}
Nov 24 17:51:17.127055 dv-cinder-818579-1-iscsi neutron-server[86833]: DEBUG neutron.pecan_wsgi.hooks.policy_enforcement [req-c59e12bd-2218-44d7-90b0-1c1ef717bcf8 req-0cf44c48-1f96-45ca-8e36-7ed649600b4e tempest-ServerRescueNegativeTestJSON-1670989141 tempest-ServerRescueNegativeTestJSON-1670989141-project] Attributes excluded by policy engine: ['standard_attr_id', 'binding:profile', 'binding:host_id', 'binding:vif_type', 'binding:vif_details'] {{(pid=86833) _exclude_attributes_by_policy /opt/stack/neutron/neutron/pecan_wsgi/hooks/policy_enforcement.py:255}}
Nov 24 17:51:17.129287 dv-cinder-818579-1-iscsi neutron-server[86833]: INFO neutron.wsgi [req-c59e12bd-2218-44d7-90b0-1c1ef717bcf8 req-0cf44c48-1f96-45ca-8e36-7ed649600b4e tempest-ServerRescueNegativeTestJSON-1670989141 tempest-ServerRescueNegativeTestJSON-1670989141-project] 10.222.0.64 "GET /v2.0/ports?device_id=91fbcf33-86b7-4b2f-9a5d-9c87da78fc27 HTTP/1.1" status: 200 len: 932 time: 0.2563710
Nov 24 17:51:17.177390 dv-cinder-818579-1-iscsi neutron-server[86832]: DEBUG neutron.pecan_wsgi.hooks.policy_enforcement [req-bffd9ad5-94bc-4429-b3e9-bad8b56d0619 req-8f65661f-9531-4247-919e-7ec3ca6190b5 service neutron] Attributes excluded by policy engine: ['standard_attr_id', 'vlan_transparent'] {{(pid=86832) _exclude_attributes_by_policy /opt/stack/neutron/neutron/pecan_wsgi/hooks/policy_enforcement.py:255}}
Nov 24 17:51:17.178828 dv-cinder-818579-1-iscsi neutron-server[86832]: INFO neutron.wsgi [req-bffd9ad5-94bc-4429-b3e9-bad8b56d0619 req-8f65661f-9531-4247-919e-7ec3ca6190b5 service neutron] 10.222.0.55 "GET /v2.0/networks?id=d999ad69-34a5-4430-8f01-a48e3a42bfc5 HTTP/1.1" status: 200 len: 916 time: 0.5107694
Nov 24 17:51:17.198574 dv-cinder-818579-1-iscsi neutron-server[86832]: DEBUG neutron.pecan_wsgi.hooks.policy_enforcement [req-fc60b323-9295-48fa-a70c-42e1ae622f53 req-34bd562a-fe03-4d4f-8582-10e03134c1b4 tempest-AttachVolumeNegativeTest-254599285 tempest-AttachVolumeNegativeTest-254599285-project] Attributes excluded by policy engine: ['standard_attr_id', 'binding:profile', 'binding:host_id', 'binding:vif_type', 'binding:vif_details'] {{(pid=86832) _exclude_attributes_by_policy /opt/stack/neutron/neutron/pecan_wsgi/hooks/policy_enforcement.py:255}}
Nov 24 17:51:17.205766 dv-cinder-818579-1-iscsi neutron-server[86832]: INFO neutron.wsgi [req-fc60b323-9295-48fa-a70c-42e1ae622f53 req-34bd562a-fe03-4d4f-8582-10e03134c1b4 tempest-AttachVolumeNegativeTest-254599285 tempest-AttachVolumeNegativeTest-254599285-project] 10.222.0.64 "GET /v2.0/ports?device_id=93283903-e620-4b25-9d9b-dd8df929bc16 HTTP/1.1" status: 200 len: 944 time: 0.5022395
Nov 24 17:51:17.342555 dv-cinder-818579-1-iscsi neutron-server[86832]: INFO neutron.wsgi [req-bffd9ad5-94bc-4429-b3e9-bad8b56d0619 req-a29833fc-3b1a-4215-b6e4-33c8d9948f28 service neutron] 10.222.0.55 "GET /v2.0/floatingips?fixed_ip_address=172.20.0.13&port_id=04235aaf-5ac9-4467-b036-cb16111e1bd9 HTTP/1.1" status: 200 len: 217 time: 0.1338992
Nov 24 17:51:17.440425 dv-cinder-818579-1-iscsi neutron-server[86833]: DEBUG neutron.pecan_wsgi.hooks.policy_enforcement [req-ca08cd17-f82c-4b13-87a1-21f528230b14 req-ed1d6d2f-27f3-4883-906b-e44d4fd5de72 tempest-AttachVolumeTestJSON-853213452 tempest-AttachVolumeTestJSON-853213452-project] Attributes excluded by policy engine: ['standard_attr_id', 'vlan_transparent', 'provider:network_type', 'provider:physical_network', 'provider:segmentation_id'] {{(pid=86833) _exclude_attributes_by_policy /opt/stack/neutron/neutron/pecan_wsgi/hooks/policy_enforcement.py:255}}
Nov 24 17:51:17.441918 dv-cinder-818579-1-iscsi neutron-server[86833]: INFO neutron.wsgi [req-ca08cd17-f82c-4b13-87a1-21f528230b14 req-ed1d6d2f-27f3-4883-906b-e44d4fd5de72 tempest-AttachVolumeTestJSON-853213452 tempest-AttachVolumeTestJSON-853213452-project] 10.222.0.55 "GET /v2.0/networks?id=16d04825-809e-487e-b2a8-9c8ebe5605d4 HTTP/1.1" status: 200 len: 809 time: 0.3115256
Nov 24 17:51:17.591397 dv-cinder-818579-1-iscsi neutron-server[86833]: INFO neutron.wsgi [req-c59e12bd-2218-44d7-90b0-1c1ef717bcf8 req-c8965c0c-7b24-4988-83b7-962f0324501f tempest-ServerRescueNegativeTestJSON-1670989141 tempest-ServerRescueNegativeTestJSON-1670989141-project] 10.222.0.64 "GET /v2.0/security-groups?id=8612b3f0-cdeb-444f-af6b-4843e459e484&fields=id&fields=name HTTP/1.1" status: 200 len: 286 time: 0.1482971
Nov 24 17:51:17.617662 dv-cinder-818579-1-iscsi neutron-server[86833]: INFO neutron.wsgi [req-ca08cd17-f82c-4b13-87a1-21f528230b14 req-4c8175c1-cf7b-48f0-acb6-d24fd0dc8e87 tempest-AttachVolumeTestJSON-853213452 tempest-AttachVolumeTestJSON-853213452-project] 10.222.0.55 "GET /v2.0/security-groups?fields=id&fields=name&tenant_id=4275b2353e804c9e9365d6f9ff69fb04 HTTP/1.1" status: 200 len: 380 time: 0.0970037
Nov 24 17:51:17.635692 dv-cinder-818579-1-iscsi neutron-server[86833]: DEBUG neutron.api.v2.base [req-ca08cd17-f82c-4b13-87a1-21f528230b14 req-552c610b-ddf0-4e22-84c9-b6fffc778f94 tempest-AttachVolumeTestJSON-853213452 tempest-AttachVolumeTestJSON-853213452-project] Request body: {'port': {'device_id': '38f00b1d-a746-4496-a338-1a6ca81f15c7', 'network_id': '16d04825-809e-487e-b2a8-9c8ebe5605d4', 'admin_state_up': True, 'tenant_id': '4275b2353e804c9e9365d6f9ff69fb04', 'security_groups': ['97a66cb1-e15c-47a0-9f55-b222b2acdaac']}} {{(pid=86833) prepare_request_body /opt/stack/neutron/neutron/api/v2/base.py:729}}
Nov 24 17:51:17.704506 dv-cinder-818579-1-iscsi neutron-server[86832]: INFO neutron.wsgi [req-fc60b323-9295-48fa-a70c-42e1ae622f53 req-5ff6bdbc-155d-46de-8f02-92b8e5a917bc tempest-AttachVolumeNegativeTest-254599285 tempest-AttachVolumeNegativeTest-254599285-project] 10.222.0.64 "GET /v2.0/security-groups?id=70e6381a-0967-4bc1-af35-9e1aec302113&fields=id&fields=name HTTP/1.1" status: 200 len: 286 time: 0.4931052
Nov 24 17:51:17.779571 dv-cinder-818579-1-iscsi neutron-server[86832]: DEBUG neutron.notifiers.nova [req-d39d2f1d-b916-42b3-a369-59a3d8cd20be req-138961a2-747c-4a60-9228-7396adba2c4c service neutron] Ignoring state change previous_port_status: DOWN current_port_status: DOWN port_id 8b9bafad-9e4a-4de0-a61c-31c30b5ff84b {{(pid=86832) record_port_status_changed /opt/stack/neutron/neutron/notifiers/nova.py:224}}
