Nov 17 15:13:13.495490 dv-cinder-818233-1-smb neutron-server[101941]: DEBUG neutron.pecan_wsgi.hooks.quota_enforcement [req-c02de4eb-4e1a-4cf2-b236-06b49e57d776 req-d4850c50-7073-495c-8ec7-c04e3ca9ddbb tempest-VolumesActionsTest-946183062 tempest-VolumesActionsTest-946183062-project] Made reservation on behalf of cff4ee767df74585b0d9caa2fef229c7 for: {'port': 1} {{(pid=101941) before /opt/stack/neutron/neutron/pecan_wsgi/hooks/quota_enforcement.py:53}}
Nov 17 15:13:13.499440 dv-cinder-818233-1-smb neutron-server[101941]: DEBUG neutron_lib.callbacks.manager [req-c02de4eb-4e1a-4cf2-b236-06b49e57d776 req-d4850c50-7073-495c-8ec7-c04e3ca9ddbb tempest-VolumesActionsTest-946183062 tempest-VolumesActionsTest-946183062-project] Publish callbacks ['neutron.plugins.ml2.plugin.SecurityGroupDbMixin._ensure_default_security_group_handler-1734663'] for port, before_create {{(pid=101941) _notify_loop /usr/local/lib/python3.8/dist-packages/neutron_lib/callbacks/manager.py:175}}
Nov 17 15:13:13.511242 dv-cinder-818233-1-smb neutron-server[101941]: DEBUG neutron.pecan_wsgi.hooks.policy_enforcement [req-a19ebdb2-71ce-4788-a63a-7434db07d87f req-444ae538-543c-433c-8eba-8a654b776896 tempest-AttachVolumeShelveTestJSON-1366987261 tempest-AttachVolumeShelveTestJSON-1366987261-project] Attributes excluded by policy engine: ['standard_attr_id', 'binding:profile', 'binding:host_id', 'binding:vif_type', 'binding:vif_details'] {{(pid=101941) _exclude_attributes_by_policy /opt/stack/neutron/neutron/pecan_wsgi/hooks/policy_enforcement.py:255}}
Nov 17 15:13:13.512846 dv-cinder-818233-1-smb neutron-server[101941]: INFO neutron.wsgi [req-a19ebdb2-71ce-4788-a63a-7434db07d87f req-444ae538-543c-433c-8eba-8a654b776896 tempest-AttachVolumeShelveTestJSON-1366987261 tempest-AttachVolumeShelveTestJSON-1366987261-project] 10.222.0.60 "GET /v2.0/ports?device_id=1fffad1d-7360-4b7f-8dc9-9b8ae4e32c50 HTTP/1.1" status: 200 len: 946 time: 0.0818527
Nov 17 15:13:13.559601 dv-cinder-818233-1-smb neutron-server[101942]: DEBUG neutron_lib.callbacks.manager [None req-528374ee-023e-468e-bae3-d51fc043396e admin admin] Publish callbacks ['neutron.plugins.ml2.plugin.Ml2Plugin._handle_segment_change-1733718'] for segment, precommit_create {{(pid=101942) _notify_loop /usr/local/lib/python3.8/dist-packages/neutron_lib/callbacks/manager.py:175}}
Nov 17 15:13:13.560644 dv-cinder-818233-1-smb neutron-server[101942]: INFO neutron.db.segments_db [None req-528374ee-023e-468e-bae3-d51fc043396e admin admin] Added segment 44e0de72-4a2a-44dd-ad51-11f05e057f8d of type vlan for network 8756a95e-294e-4c9d-bc79-d2c9e4859e3e
Nov 17 15:13:13.565204 dv-cinder-818233-1-smb neutron-server[101942]: INFO neutron.wsgi [req-fe42b1a9-08e6-44db-b35d-490396785e9a req-c613bec3-24fd-435a-b536-91391da2e8ad service neutron] 10.222.0.36 "GET /v2.0/floatingips?fixed_ip_address=172.20.0.12&port_id=13e89d24-b0be-4364-84f4-602e0e1c6819 HTTP/1.1" status: 200 len: 217 time: 0.5173466
Nov 17 15:13:13.588114 dv-cinder-818233-1-smb neutron-server[101941]: INFO neutron.wsgi [req-a19ebdb2-71ce-4788-a63a-7434db07d87f req-a12a32ac-cf9e-4a60-a0ed-b5d806b6230e tempest-AttachVolumeShelveTestJSON-1366987261 tempest-AttachVolumeShelveTestJSON-1366987261-project] 10.222.0.60 "GET /v2.0/security-groups?id=2d9ae179-d6d3-4469-8176-3904c1651cfa&fields=id&fields=name HTTP/1.1" status: 200 len: 312 time: 0.0658543
Nov 17 15:13:13.674922 dv-cinder-818233-1-smb neutron-server[101942]: DEBUG neutron_lib.callbacks.manager [None req-528374ee-023e-468e-bae3-d51fc043396e admin admin] Publish callbacks ['neutron.services.auto_allocate.db._ensure_external_network_default_value_callback-8789841724941'] for network, precommit_create {{(pid=101942) _notify_loop /usr/local/lib/python3.8/dist-packages/neutron_lib/callbacks/manager.py:175}}
Nov 17 15:13:13.703715 dv-cinder-818233-1-smb neutron-server[101942]: DEBUG neutron.pecan_wsgi.hooks.policy_enforcement [req-c813d58a-d842-4de1-b904-2bc466e3b741 req-f0b5ecc4-c8d6-42fa-a7f7-11e62733151b tempest-ServerRescueNegativeTestJSON-1908574463 tempest-ServerRescueNegativeTestJSON-1908574463-project] Attributes excluded by policy engine: ['standard_attr_id', 'binding:profile', 'binding:host_id', 'binding:vif_type', 'binding:vif_details'] {{(pid=101942) _exclude_attributes_by_policy /opt/stack/neutron/neutron/pecan_wsgi/hooks/policy_enforcement.py:255}}
Nov 17 15:13:13.705370 dv-cinder-818233-1-smb neutron-server[101942]: INFO neutron.wsgi [req-c813d58a-d842-4de1-b904-2bc466e3b741 req-f0b5ecc4-c8d6-42fa-a7f7-11e62733151b tempest-ServerRescueNegativeTestJSON-1908574463 tempest-ServerRescueNegativeTestJSON-1908574463-project] 10.222.0.60 "GET /v2.0/ports?device_id=3def2f1e-7fe3-4818-aa08-d3bb5f83747d HTTP/1.1" status: 200 len: 945 time: 0.6754980
Nov 17 15:13:13.723967 dv-cinder-818233-1-smb neutron-server[101942]: DEBUG neutron.pecan_wsgi.hooks.policy_enforcement [req-fe42b1a9-08e6-44db-b35d-490396785e9a req-355b9de0-345e-46fc-86da-42d0b846ffce service neutron] Attributes excluded by policy engine: ['standard_attr_id', 'shared', 'segment_id'] {{(pid=101942) _exclude_attributes_by_policy /opt/stack/neutron/neutron/pecan_wsgi/hooks/policy_enforcement.py:255}}
Nov 17 15:13:13.725403 dv-cinder-818233-1-smb neutron-server[101942]: INFO neutron.wsgi [req-fe42b1a9-08e6-44db-b35d-490396785e9a req-355b9de0-345e-46fc-86da-42d0b846ffce service neutron] 10.222.0.36 "GET /v2.0/subnets?id=22d46450-b9bf-419a-9cbb-4144a70382cf HTTP/1.1" status: 200 len: 854 time: 0.1181099
Nov 17 15:13:13.774335 dv-cinder-818233-1-smb neutron-server[101941]: DEBUG neutron.db.db_base_plugin_common [req-c02de4eb-4e1a-4cf2-b236-06b49e57d776 req-d4850c50-7073-495c-8ec7-c04e3ca9ddbb tempest-VolumesActionsTest-946183062 tempest-VolumesActionsTest-946183062-project] Allocated IP 172.20.0.7 (a021c401-bc01-46fe-9cd6-1ff90a71d58d/0041c958-94ae-4035-a7b1-a9cdd69c5410/510e71fc-80a1-4676-96fb-e0cd44120d5f) {{(pid=101941) _store_ip_allocation /opt/stack/neutron/neutron/db/db_base_plugin_common.py:131}}
Nov 17 15:13:13.796872 dv-cinder-818233-1-smb neutron-server[101942]: DEBUG neutron_lib.callbacks.manager [None req-528374ee-023e-468e-bae3-d51fc043396e admin admin] Publish callbacks ['neutron.plugins.ml2.ovo_rpc._ObjectChangeHandler.handle_event-742937', 'neutron.api.rpc.agentnotifiers.dhcp_rpc_agent_api.DhcpAgentNotifyAPI._native_event_send_dhcp_notification-570210'] for network, after_create {{(pid=101942) _notify_loop /usr/local/lib/python3.8/dist-packages/neutron_lib/callbacks/manager.py:175}}
Nov 17 15:13:13.797916 dv-cinder-818233-1-smb neutron-server[101942]: DEBUG neutron.pecan_wsgi.hooks.policy_enforcement [None req-528374ee-023e-468e-bae3-d51fc043396e admin admin] Attributes excluded by policy engine: ['standard_attr_id', 'vlan_transparent'] {{(pid=101942) _exclude_attributes_by_policy /opt/stack/neutron/neutron/pecan_wsgi/hooks/policy_enforcement.py:255}}
Nov 17 15:13:13.798491 dv-cinder-818233-1-smb neutron-server[101942]: DEBUG neutron_lib.callbacks.manager [None req-528374ee-023e-468e-bae3-d51fc043396e admin admin] Publish callbacks ['neutron.api.rpc.agentnotifiers.dhcp_rpc_agent_api.DhcpAgentNotifyAPI._send_dhcp_notification-570192'] for network, before_response {{(pid=101942) _notify_loop /usr/local/lib/python3.8/dist-packages/neutron_lib/callbacks/manager.py:175}}
Nov 17 15:13:13.814873 dv-cinder-818233-1-smb neutron-server[101941]: DEBUG neutron.pecan_wsgi.hooks.policy_enforcement [req-ccdf1c11-7d2c-4ef4-ae53-8a49189471af req-031b8a1e-1282-4b6e-8155-444fa8400a2a tempest-TestMinimumBasicScenario-180857233 tempest-TestMinimumBasicScenario-180857233-project] Attributes excluded by policy engine: ['standard_attr_id', 'binding:profile', 'binding:host_id', 'binding:vif_type', 'binding:vif_details'] {{(pid=101941) _exclude_attributes_by_policy /opt/stack/neutron/neutron/pecan_wsgi/hooks/policy_enforcement.py:255}}
Nov 17 15:13:13.816717 dv-cinder-818233-1-smb neutron-server[101941]: INFO neutron.wsgi [req-ccdf1c11-7d2c-4ef4-ae53-8a49189471af req-031b8a1e-1282-4b6e-8155-444fa8400a2a tempest-TestMinimumBasicScenario-180857233 tempest-TestMinimumBasicScenario-180857233-project] 10.222.0.60 "GET /v2.0/ports?device_id=29fc5123-bb97-42ad-9b95-459c197201bd HTTP/1.1" status: 200 len: 944 time: 0.0925972
Nov 17 15:13:13.869292 dv-cinder-818233-1-smb neutron-server[101942]: DEBUG neutron.pecan_wsgi.hooks.policy_enforcement [req-fe42b1a9-08e6-44db-b35d-490396785e9a req-da4854d4-1d9f-418d-befa-9b833cf3dd1d service neutron] Attributes excluded by policy engine: ['standard_attr_id'] {{(pid=101942) _exclude_attributes_by_policy /opt/stack/neutron/neutron/pecan_wsgi/hooks/policy_enforcement.py:255}}
Nov 17 15:13:13.871925 dv-cinder-818233-1-smb neutron-server[101942]: INFO neutron.wsgi [req-fe42b1a9-08e6-44db-b35d-490396785e9a req-da4854d4-1d9f-418d-befa-9b833cf3dd1d service neutron] 10.222.0.36 "GET /v2.0/ports?network_id=8210b61b-6824-4c91-a907-98b951a7804e&device_owner=network%3Adhcp HTTP/1.1" status: 200 len: 1173 time: 0.1340013
Nov 17 15:13:13.879873 dv-cinder-818233-1-smb neutron-server[101942]: INFO neutron.wsgi [None req-528374ee-023e-468e-bae3-d51fc043396e admin admin] 10.222.0.60 "POST /v2.0/networks HTTP/1.1" status: 201 len: 886 time: 1.3430123
Nov 17 15:13:13.888203 dv-cinder-818233-1-smb neutron-server[101941]: DEBUG neutron.wsgi [-] (101941) accepted ('10.222.0.60', 43518) {{(pid=101941) server /usr/local/lib/python3.8/dist-packages/eventlet/wsgi.py:982}}
Nov 17 15:13:13.900178 dv-cinder-818233-1-smb neutron-server[101941]: DEBUG neutron.api.v2.base [None req-648bb018-d8ac-419b-abd2-214aff344189 admin admin] Request body: {'subnet': {'network_id': '8756a95e-294e-4c9d-bc79-d2c9e4859e3e', 'cidr': '172.20.0.0/28', 'name': 'tempest-VolumesSnapshotTestJSON-502359226-subnet', 'tenant_id': 'de589ea3758b45f89c03ea72e7eb4a76', 'enable_dhcp': False, 'ip_version': 4}} {{(pid=101941) prepare_request_body /opt/stack/neutron/neutron/api/v2/base.py:729}}
Nov 17 15:13:13.917833 dv-cinder-818233-1-smb neutron-server[101942]: INFO neutron.wsgi [req-c813d58a-d842-4de1-b904-2bc466e3b741 req-4f61f531-a28a-405f-ab84-a704cab52405 tempest-ServerRescueNegativeTestJSON-1908574463 tempest-ServerRescueNegativeTestJSON-1908574463-project] 10.222.0.60 "GET /v2.0/security-groups?id=097fee34-4ae2-4cfa-9786-b336209500d3&fields=id&fields=name HTTP/1.1" status: 200 len: 286 time: 0.1961122
Nov 17 15:13:13.952694 dv-cinder-818233-1-smb neutron-server[101942]: DEBUG neutron.api.rpc.handlers.resources_rpc [None req-528374ee-023e-468e-bae3-d51fc043396e admin admin] Pushing event updated for resources: {'Network': ['ID=8756a95e-294e-4c9d-bc79-d2c9e4859e3e,revision_number=1']} {{(pid=101942) push /opt/stack/neutron/neutron/api/rpc/handlers/resources_rpc.py:237}}
Nov 17 15:13:13.964976 dv-cinder-818233-1-smb neutron-server[101943]: DEBUG neutron.plugins.ml2.rpc [None req-a6f73b14-a674-4fda-af67-7b24db2e9705 None None] Network 8756a95e-294e-4c9d-bc79-d2c9e4859e3e details requested by agent ovs-agent-dv-cinder-818233-1-smb with host dv-cinder-818233-1-smb {{(pid=101943) get_network_details /opt/stack/neutron/neutron/plugins/ml2/rpc.py:248}}
Nov 17 15:13:14.016925 dv-cinder-818233-1-smb neutron-server[101941]: INFO neutron.wsgi [req-ccdf1c11-7d2c-4ef4-ae53-8a49189471af req-16df7de0-9372-49c1-941a-6044a42d5228 tempest-TestMinimumBasicScenario-180857233 tempest-TestMinimumBasicScenario-180857233-project] 10.222.0.60 "GET /v2.0/security-groups?id=15c12a01-6efa-409d-9a4d-fdbefb7a7f8f&fields=id&fields=name HTTP/1.1" status: 200 len: 286 time: 0.1798649
Nov 17 15:13:14.032620 dv-cinder-818233-1-smb neutron-server[101941]: DEBUG neutron.pecan_wsgi.hooks.quota_enforcement [None req-648bb018-d8ac-419b-abd2-214aff344189 admin admin] Made reservation on behalf of de589ea3758b45f89c03ea72e7eb4a76 for: {'subnet': 1} {{(pid=101941) before /opt/stack/neutron/neutron/pecan_wsgi/hooks/quota_enforcement.py:53}}
Nov 17 15:13:14.039352 dv-cinder-818233-1-smb neutron-server[101941]: DEBUG neutron_lib.callbacks.manager [None req-648bb018-d8ac-419b-abd2-214aff344189 admin admin] Publish callbacks ['neutron.services.segments.plugin.SegmentHostRoutes.host_routes_before_create-25352010'] for subnet, before_create {{(pid=101941) _notify_loop /usr/local/lib/python3.8/dist-packages/neutron_lib/callbacks/manager.py:175}}
Nov 17 15:13:14.066111 dv-cinder-818233-1-smb neutron-server[101942]: INFO neutron.wsgi [req-fe42b1a9-08e6-44db-b35d-490396785e9a req-b26d4de8-3bb0-418e-9f3b-032432114709 service neutron] 10.222.0.36 "GET /v2.0/networks/8210b61b-6824-4c91-a907-98b951a7804e?fields=segments HTTP/1.1" status: 200 len: 212 time: 0.1836669
Nov 17 15:13:14.127368 dv-cinder-818233-1-smb neutron-server[101941]: DEBUG neutron_lib.callbacks.manager [req-c02de4eb-4e1a-4cf2-b236-06b49e57d776 req-d4850c50-7073-495c-8ec7-c04e3ca9ddbb tempest-VolumesActionsTest-946183062 tempest-VolumesActionsTest-946183062-project] Publish callbacks [] for port, precommit_create {{(pid=101941) _notify_loop /usr/local/lib/python3.8/dist-packages/neutron_lib/callbacks/manager.py:175}}
Nov 17 15:13:14.162747 dv-cinder-818233-1-smb neutron-server[101942]: DEBUG neutron.pecan_wsgi.hooks.policy_enforcement [req-545bb934-5cb3-4ead-aa9f-7aa7c2376ef6 req-6882febf-df1b-434c-8f5a-91a3f0f7e895 service neutron] Attributes excluded by policy engine: ['standard_attr_id'] {{(pid=101942) _exclude_attributes_by_policy /opt/stack/neutron/neutron/pecan_wsgi/hooks/policy_enforcement.py:255}}
Nov 17 15:13:14.164333 dv-cinder-818233-1-smb neutron-server[101942]: INFO neutron.wsgi [req-545bb934-5cb3-4ead-aa9f-7aa7c2376ef6 req-6882febf-df1b-434c-8f5a-91a3f0f7e895 service neutron] 10.222.0.36 "GET /v2.0/ports?device_id=3def2f1e-7fe3-4818-aa08-d3bb5f83747d HTTP/1.1" status: 200 len: 1098 time: 0.1138799
Nov 17 15:13:14.202886 dv-cinder-818233-1-smb neutron-server[101942]: INFO neutron.wsgi [req-fe42b1a9-08e6-44db-b35d-490396785e9a req-9eba5e9c-7502-445e-96a4-b9f458f359e7 service neutron] 10.222.0.36 "GET /v2.0/networks/8210b61b-6824-4c91-a907-98b951a7804e?fields=provider%3Aphysical_network&fields=provider%3Anetwork_type HTTP/1.1" status: 200 len: 281 time: 0.1223328
Nov 17 15:13:14.215125 dv-cinder-818233-1-smb neutron-server[101941]: DEBUG neutron_lib.callbacks.manager [req-c02de4eb-4e1a-4cf2-b236-06b49e57d776 req-d4850c50-7073-495c-8ec7-c04e3ca9ddbb tempest-VolumesActionsTest-946183062 tempest-VolumesActionsTest-946183062-project] Publish callbacks ['neutron.plugins.ml2.plugin.SecurityGroupServerNotifierRpcMixin._notify_sg_on_port_change-1734724', 'neutron.plugins.ml2.ovo_rpc._ObjectChangeHandler.handle_event-127862', 'neutron.api.rpc.agentnotifiers.dhcp_rpc_agent_api.DhcpAgentNotifyAPI._native_event_send_dhcp_notification-570210', 'neutron.db.l3_dvrscheduler_db._notify_l3_agent_new_port-8789841771942', 'neutron.services.segments.plugin.NovaSegmentNotifier._notify_port_created_or_deleted-27247030'] for port, after_create {{(pid=101941) _notify_loop /usr/local/lib/python3.8/dist-packages/neutron_lib/callbacks/manager.py:175}}
Nov 17 15:13:14.217098 dv-cinder-818233-1-smb neutron-server[101943]: DEBUG neutron_lib.callbacks.manager [None req-3a67a070-3c2a-41fb-a82f-815ca3db9720 None None] Publish callbacks ['neutron.services.segments.db._update_segment_host_mapping_for_agent-8789842256689', 'neutron.plugins.ml2.plugin.Ml2Plugin._retry_binding_revived_agents-1728352'] for agent, after_update {{(pid=101943) _notify_loop /usr/local/lib/python3.8/dist-packages/neutron_lib/callbacks/manager.py:175}}
Nov 17 15:13:14.231783 dv-cinder-818233-1-smb neutron-server[101942]: INFO neutron.wsgi [req-545bb934-5cb3-4ead-aa9f-7aa7c2376ef6 req-4832e88a-edff-46c1-8908-1bd34ea0cd04 service neutron] 10.222.0.36 "GET /v2.0/security-groups?id=097fee34-4ae2-4cfa-9786-b336209500d3&fields=id&fields=name HTTP/1.1" status: 200 len: 286 time: 0.0498996
Nov 17 15:13:14.282643 dv-cinder-818233-1-smb neutron-server[101941]: DEBUG neutron.scheduler.dhcp_agent_scheduler [req-c02de4eb-4e1a-4cf2-b236-06b49e57d776 req-d4850c50-7073-495c-8ec7-c04e3ca9ddbb tempest-VolumesActionsTest-946183062 tempest-VolumesActionsTest-946183062-project] Network a021c401-bc01-46fe-9cd6-1ff90a71d58d is already hosted by enough agents. {{(pid=101941) _get_dhcp_agents_hosting_network /opt/stack/neutron/neutron/scheduler/dhcp_agent_scheduler.py:275}}
Nov 17 15:13:14.289024 dv-cinder-818233-1-smb neutron-server[101941]: DEBUG neutron.scheduler.base_scheduler [req-c02de4eb-4e1a-4cf2-b236-06b49e57d776 req-d4850c50-7073-495c-8ec7-c04e3ca9ddbb tempest-VolumesActionsTest-946183062 tempest-VolumesActionsTest-946183062-project] Resources bound (agent type, host, resource id): {{(pid=101941) schedule /opt/stack/neutron/neutron/scheduler/base_scheduler.py:57}}
Nov 17 15:13:14.295137 dv-cinder-818233-1-smb neutron-server[101941]: DEBUG neutron.db.l3_dvrscheduler_db [req-c02de4eb-4e1a-4cf2-b236-06b49e57d776 req-d4850c50-7073-495c-8ec7-c04e3ca9ddbb tempest-VolumesActionsTest-946183062 tempest-VolumesActionsTest-946183062-project] Received port after_create {{(pid=101941) _notify_l3_agent_new_port /opt/stack/neutron/neutron/db/l3_dvrscheduler_db.py:535}}
Nov 17 15:13:14.318595 dv-cinder-818233-1-smb neutron-server[101941]: DEBUG neutron.api.rpc.handlers.resources_rpc [None req-d4850c50-7073-495c-8ec7-c04e3ca9ddbb tempest-VolumesActionsTest-946183062 tempest-VolumesActionsTest-946183062-project] Pushing event updated for resources: {'Port': ['ID=510e71fc-80a1-4676-96fb-e0cd44120d5f,revision_number=1']} {{(pid=101941) push /opt/stack/neutron/neutron/api/rpc/handlers/resources_rpc.py:237}}
Nov 17 15:13:14.372819 dv-cinder-818233-1-smb neutron-server[101941]: DEBUG neutron_lib.callbacks.manager [None req-648bb018-d8ac-419b-abd2-214aff344189 admin admin] Publish callbacks ['neutron.plugins.ml2.ovo_rpc._ObjectChang