Nov 17 15:11:29.620392 dv-cinder-818233-1-smb devstack@n-api.service[116227]: DEBUG nova.virt.hardware [None req-505477e9-4ceb-436d-8dfa-02facfdfcc81 tempest-DeleteServersTestJSON-164847599 tempest-DeleteServersTestJSON-164847599-project] Flavor pref 0:0:0 {{(pid=116227) get_cpu_topology_constraints /opt/stack/nova/nova/virt/hardware.py:383}}
Nov 17 15:11:29.620892 dv-cinder-818233-1-smb devstack@n-api.service[116227]: DEBUG nova.virt.hardware [None req-505477e9-4ceb-436d-8dfa-02facfdfcc81 tempest-DeleteServersTestJSON-164847599 tempest-DeleteServersTestJSON-164847599-project] Image pref 0:0:0 {{(pid=116227) get_cpu_topology_constraints /opt/stack/nova/nova/virt/hardware.py:387}}
Nov 17 15:11:29.621642 dv-cinder-818233-1-smb devstack@n-api.service[116226]: DEBUG nova.api.openstack.wsgi [None req-4fce5f5f-9ef8-4981-8304-2240916aad28 tempest-VolumesSnapshotsTestJSON-1015875426 tempest-VolumesSnapshotsTestJSON-1015875426-project] Calling method '.version_select at 0x7ff967208d30>' {{(pid=116226) _process_stack /opt/stack/nova/nova/api/openstack/wsgi.py:513}}
Nov 17 15:11:29.622643 dv-cinder-818233-1-smb devstack@n-api.service[116227]: DEBUG nova.virt.hardware [None req-505477e9-4ceb-436d-8dfa-02facfdfcc81 tempest-DeleteServersTestJSON-164847599 tempest-DeleteServersTestJSON-164847599-project] Chose sockets=0, cores=0, threads=0; limits were sockets=65536, cores=65536, threads=65536 {{(pid=116227) get_cpu_topology_constraints /opt/stack/nova/nova/virt/hardware.py:425}}
Nov 17 15:11:29.706565 dv-cinder-818233-1-smb devstack@n-api.service[116227]: DEBUG oslo_concurrency.lockutils [None req-505477e9-4ceb-436d-8dfa-02facfdfcc81 tempest-DeleteServersTestJSON-164847599 tempest-DeleteServersTestJSON-164847599-project] Lock "00000000-0000-0000-0000-000000000000" acquired by "nova.context.set_target_cell..get_or_set_cached_cell_and_set_connections" :: waited 0.000s {{(pid=116227) inner /usr/local/lib/python3.8/dist-packages/oslo_concurrency/lockutils.py:386}}
Nov 17 15:11:29.707136 dv-cinder-818233-1-smb devstack@n-api.service[116227]: DEBUG oslo_concurrency.lockutils [None req-505477e9-4ceb-436d-8dfa-02facfdfcc81 tempest-DeleteServersTestJSON-164847599 tempest-DeleteServersTestJSON-164847599-project] Lock "00000000-0000-0000-0000-000000000000" "released" by "nova.context.set_target_cell..get_or_set_cached_cell_and_set_connections" :: held 0.009s {{(pid=116227) inner /usr/local/lib/python3.8/dist-packages/oslo_concurrency/lockutils.py:400}}
Nov 17 15:11:29.707979 dv-cinder-818233-1-smb devstack@n-api.service[116227]: DEBUG oslo_concurrency.lockutils [None req-505477e9-4ceb-436d-8dfa-02facfdfcc81 tempest-DeleteServersTestJSON-164847599 tempest-DeleteServersTestJSON-164847599-project] Lock "9bfa9482-937e-49ea-90eb-23760e6362c2" acquired by "nova.context.set_target_cell..get_or_set_cached_cell_and_set_connections" :: waited 0.000s {{(pid=116227) inner /usr/local/lib/python3.8/dist-packages/oslo_concurrency/lockutils.py:386}}
Nov 17 15:11:29.708405 dv-cinder-818233-1-smb devstack@n-api.service[116227]: DEBUG oslo_concurrency.lockutils [None req-505477e9-4ceb-436d-8dfa-02facfdfcc81 tempest-DeleteServersTestJSON-164847599 tempest-DeleteServersTestJSON-164847599-project] Lock "9bfa9482-937e-49ea-90eb-23760e6362c2" "released" by "nova.context.set_target_cell..get_or_set_cached_cell_and_set_connections" :: held 0.000s {{(pid=116227) inner /usr/local/lib/python3.8/dist-packages/oslo_concurrency/lockutils.py:400}}
Nov 17 15:11:29.810542 dv-cinder-818233-1-smb devstack@n-api.service[116226]: INFO nova.api.openstack.wsgi [None req-4fce5f5f-9ef8-4981-8304-2240916aad28 tempest-VolumesSnapshotsTestJSON-1015875426 tempest-VolumesSnapshotsTestJSON-1015875426-project] HTTP exception thrown: Snapshot 11bb697a-06b1-42e9-bbcf-3112e95976eb could not be found.
Nov 17 15:11:29.811151 dv-cinder-818233-1-smb devstack@n-api.service[116226]: DEBUG nova.api.openstack.wsgi [None req-4fce5f5f-9ef8-4981-8304-2240916aad28 tempest-VolumesSnapshotsTestJSON-1015875426 tempest-VolumesSnapshotsTestJSON-1015875426-project] Returning 404 to user: Snapshot 11bb697a-06b1-42e9-bbcf-3112e95976eb could not be found. {{(pid=116226) __call__ /opt/stack/nova/nova/api/openstack/wsgi.py:936}}
Nov 17 15:11:29.812197 dv-cinder-818233-1-smb devstack@n-api.service[116226]: INFO nova.api.openstack.requestlog [None req-4fce5f5f-9ef8-4981-8304-2240916aad28 tempest-VolumesSnapshotsTestJSON-1015875426 tempest-VolumesSnapshotsTestJSON-1015875426-project] 10.222.0.60 "GET /compute/v2.1/os-snapshots/11bb697a-06b1-42e9-bbcf-3112e95976eb" status: 404 len: 111 microversion: 2.1 time: 0.201176
Nov 17 15:11:29.812784 dv-cinder-818233-1-smb devstack@n-api.service[116226]: [pid: 116226|app: 0|req: 11/11] 10.222.0.60 () {58 vars in 1250 bytes} [Wed Nov 17 15:11:29 2021] GET /compute/v2.1/os-snapshots/11bb697a-06b1-42e9-bbcf-3112e95976eb => generated 111 bytes in 203 msecs (HTTP/1.1 404) 9 headers in 379 bytes (2 switches on core 0)
Nov 17 15:11:29.821475 dv-cinder-818233-1-smb devstack@n-api.service[116226]: DEBUG nova.api.openstack.wsgi [None req-cc859a65-b951-4346-b604-935e9689ae61 tempest-VolumesSnapshotsTestJSON-1015875426 tempest-VolumesSnapshotsTestJSON-1015875426-project] Calling method '.version_select at 0x7ff967208040>' {{(pid=116226) _process_stack /opt/stack/nova/nova/api/openstack/wsgi.py:513}}
Nov 17 15:11:29.829269 dv-cinder-818233-1-smb devstack@n-api.service[116227]: DEBUG nova.quota [None req-505477e9-4ceb-436d-8dfa-02facfdfcc81 tempest-DeleteServersTestJSON-164847599 tempest-DeleteServersTestJSON-164847599-project] Getting quotas for project 6787a8cef0ba4a30ad6b76aebae6e817. Resources: {'instances', 'ram', 'cores'} {{(pid=116227) _get_quotas /opt/stack/nova/nova/quota.py:387}}
Nov 17 15:11:29.844599 dv-cinder-818233-1-smb devstack@n-api.service[116227]: DEBUG nova.quota [None req-505477e9-4ceb-436d-8dfa-02facfdfcc81 tempest-DeleteServersTestJSON-164847599 tempest-DeleteServersTestJSON-164847599-project] Getting quotas for user a1cc5c746d7345d5b89b445cf924ff25 and project 6787a8cef0ba4a30ad6b76aebae6e817. Resources: {'instances', 'ram', 'cores'} {{(pid=116227) _get_quotas /opt/stack/nova/nova/quota.py:377}}
Nov 17 15:11:29.888585 dv-cinder-818233-1-smb devstack@n-api.service[116227]: DEBUG nova.compute.api [None req-505477e9-4ceb-436d-8dfa-02facfdfcc81 tempest-DeleteServersTestJSON-164847599 tempest-DeleteServersTestJSON-164847599-project] Going to run 1 instances... {{(pid=116227) _provision_instances /opt/stack/nova/nova/compute/api.py:1350}}
Nov 17 15:11:29.893642 dv-cinder-818233-1-smb devstack@n-api.service[116227]: DEBUG nova.compute.api [None req-505477e9-4ceb-436d-8dfa-02facfdfcc81 tempest-DeleteServersTestJSON-164847599 tempest-DeleteServersTestJSON-164847599-project] [instance: 47b9dff9-e89b-4b11-99ea-9f8ddb71395a] block_device_mapping [BlockDeviceMapping(attachment_id=,boot_index=0,connection_info=None,created_at=,delete_on_termination=True,deleted=,deleted_at=,destination_type='local',device_name=None,device_type='disk',disk_bus=None,guest_format=None,id=,image_id='1e36475b-e5df-43d4-8dac-3089ed6aa072',instance=,instance_uuid=,no_device=False,snapshot_id=None,source_type='image',tag=None,updated_at=,uuid=,volume_id=None,volume_size=None,volume_type=None)] {{(pid=116227) _bdm_validate_set_size_and_instance /opt/stack/nova/nova/compute/api.py:1757}}
Nov 17 15:11:30.043315 dv-cinder-818233-1-smb devstack@n-api.service[116226]: INFO nova.api.openstack.requestlog [None req-cc859a65-b951-4346-b604-935e9689ae61 tempest-VolumesSnapshotsTestJSON-1015875426 tempest-VolumesSnapshotsTestJSON-1015875426-project] 10.222.0.60 "DELETE /compute/v2.1/os-volumes/809d3346-631b-46df-884d-bfc07f34e299" status: 202 len: 0 microversion: 2.1 time: 0.225604
Nov 17 15:11:30.047935 dv-cinder-818233-1-smb devstack@n-api.service[116226]: [pid: 116226|app: 0|req: 12/12] 10.222.0.60 () {58 vars in 1247 bytes} [Wed Nov 17 15:11:29 2021] DELETE /compute/v2.1/os-volumes/809d3346-631b-46df-884d-bfc07f34e299 => generated 0 bytes in 231 msecs (HTTP/1.1 202) 9 headers in 361 bytes (1 switches on core 0)
Nov 17 15:11:30.052660 dv-cinder-818233-1-smb devstack@n-api.service[116226]: DEBUG nova.api.openstack.wsgi [None req-f7ec1e88-de9b-48fb-9973-30676d96a8c0 tempest-VolumesSnapshotsTestJSON-1015875426 tempest-VolumesSnapshotsTestJSON-1015875426-project] Calling method '.version_select at 0x7ff967208700>' {{(pid=116226) _process_stack /opt/stack/nova/nova/api/openstack/wsgi.py:513}}
Nov 17 15:11:30.227224 dv-cinder-818233-1-smb devstack@n-api.service[116226]: INFO nova.api.openstack.requestlog [None req-f7ec1e88-de9b-48fb-9973-30676d96a8c0 tempest-VolumesSnapshotsTestJSON-1015875426 tempest-VolumesSnapshotsTestJSON-1015875426-project] 10.222.0.60 "GET /compute/v2.1/os-volumes/809d3346-631b-46df-884d-bfc07f34e299" status: 200 len: 344 microversion: 2.1 time: 0.178166
Nov 17 15:11:30.233961 dv-cinder-818233-1-smb devstack@n-api.service[116226]: [pid: 116226|app: 0|req: 13/13] 10.222.0.60 () {58 vars in 1244 bytes} [Wed Nov 17 15:11:30 2021] GET /compute/v2.1/os-volumes/809d3346-631b-46df-884d-bfc07f34e299 => generated 344 bytes in 185 msecs (HTTP/1.1 200) 9 headers in 357 bytes (1 switches on core 0)
Nov 17 15:11:30.241467 dv-cinder-818233-1-smb devstack@n-api.service[116227]: INFO nova.api.openstack.requestlog [None req-505477e9-4ceb-436d-8dfa-02facfdfcc81 tempest-DeleteServersTestJSON-164847599 tempest-DeleteServersTestJSON-164847599-project] 10.222.0.60 "POST /compute/v2.1/servers" status: 202 len: 380 microversion: 2.1 time: 3.620617
Nov 17 15:11:30.244417 dv-cinder-818233-1-smb devstack@n-api.service[116227]: [pid: 116227|app: 0|req: 1/14] 10.222.0.60 () {60 vars in 1146 bytes} [Wed Nov 17 15:11:26 2021] POST /compute/v2.1/servers => generated 380 bytes in 3625 msecs (HTTP/1.1 202) 10 headers in 451 bytes (2 switches on core 0)
Nov 17 15:11:30.255974 dv-cinder-818233-1-smb devstack@n-api.service[116226]: DEBUG nova.api.openstack.wsgi [None req-2b1457eb-4bb3-484d-aca7-e920ecf6193d tempest-DeleteServersTestJSON-164847599 tempest-DeleteServersTestJSON-164847599-project] Calling method '>' {{(pid=116226) _process_stack /opt/stack/nova/nova/api/openstack/wsgi.py:513}}
Nov 17 15:11:30.256742 dv-cinder-818233-1-smb devstack@n-api.service[116226]: DEBUG nova.compute.api [None req-2b1457eb-4bb3-484d-aca7-e920ecf6193d tempest-DeleteServersTestJSON-164847599 tempest-DeleteServersTestJSON-164847599-project] [instance: 47b9dff9-e89b-4b11-99ea-9f8ddb71395a] Fetching instance by UUID {{(pid=116226) get /opt/stack/nova/nova/compute/api.py:2865}}
Nov 17 15:11:30.508173 dv-cinder-818233-1-smb devstack@n-api.service[116227]: DEBUG nova.api.openstack.wsgi [None req-1c0c8114-e9da-4e5a-a2ff-a48f4f0db1b9 tempest-VolumesTestJSON-1653273175 tempest-VolumesTestJSON-1653273175-project] Calling method '.version_select at 0x7ff967191670>' {{(pid=116227) _process_stack /opt/stack/nova/nova/api/openstack/wsgi.py:513}}
Nov 17 15:11:30.593265 dv-cinder-818233-1-smb devstack@n-api.service[116226]: DEBUG nova.policy [None req-2b1457eb-4bb3-484d-aca7-e920ecf6193d tempest-DeleteServersTestJSON-164847599 tempest-DeleteServersTestJSON-164847599-project] Policy check for os_compute_api:os-extended-server-attributes failed with credentials {'is_admin': False, 'user_id': 'a1cc5c746d7345d5b89b445cf924ff25', 'user_domain_id': 'default', 'system_scope': None, 'domain_id': None, 'project_id': '6787a8cef0ba4a30ad6b76aebae6e817', 'project_domain_id': 'default', 'roles': ['reader', 'member'], 'is_admin_project': True, 'service_user_id': None, 'service_user_domain_id': None, 'service_project_id': None, 'service_project_domain_id': None, 'service_roles': []} {{(pid=116226) authorize /opt/stack/nova/nova/policy.py:199}}
Nov 17 15:11:30.642565 dv-cinder-818233-1-smb devstack@n-api.service[116226]: INFO nova.api.openstack.requestlog [None req-2b1457eb-4bb3-484d-aca7-e920ecf6193d tempest-DeleteServersTestJSON-164847599 tempest-DeleteServersTestJSON-164847599-project] 10.222.0.60 "GET /compute/v2.1/servers/47b9dff9-e89b-4b11-99ea-9f8ddb71395a" status: 200 len: 1214 microversion: 2.1 time: 0.389812
Nov 17 15:11:30.645210 dv-cinder-818233-1-smb devstack@n-api.service[116226]: [pid: 116226|app: 0|req: 14/15] 10.222.0.60 () {58 vars in 1235 bytes} [Wed Nov 17 15:11:30 2021] GET /compute/v2.1/servers/47b9dff9-e89b-4b11-99ea-9f8ddb71395a => generated 1214 bytes in 395 msecs (HTTP/1.1 200) 9 headers in 358 bytes (1 switches on core 0)
Nov 17 15:11:30.721857 dv-cinder-818233-1-smb devstack@n-api.service[116227]: INFO nova.api.openstack.requestlog [None req-1c0c8114-e9da-4e5a-a2ff-a48f4f0db1b9 tempest-VolumesTestJSON-1653273175 tempest-VolumesTestJSON-1653273175-project] 10.222.0.60 "GET /compute/v2.1/os-volumes/379bb803-2831-423d-bc41-d7a0f40d6cd2" status: 200 len: 351 microversion: 2.1 time: 0.217792
Nov 17 15:11:30.722946 dv-cinder-818233-1-smb devstack@n-api.service[116227]: [pid: 116227|app: 0|req: 2/16] 10.222.0.60 () {58 vars in 1244 bytes} [Wed Nov 17 15:11:30 2021] GET /compute/v2.1/os-volumes/379bb803-2831-423d-bc41-d7a0f40d6cd2 => generated 351 bytes in 220 msecs (HTTP/1.1 200) 9 headers in 357 bytes (1 switches on core 0)
Nov 17 15:11:30.736164 dv-cinder-818233-1-smb devstack@n-api.service[116226]: DEBUG nova.api.openstack.wsgi [None req-9b46ea78-54e2-4033-9643-9559755e6175 tempest-VolumesTestJSON-1653273175 tempest-VolumesTestJSON-1653273175-project] Calling method '.version_select at 0x7ff967208e50>' {{(pid=116226) _process_stack /opt/stack/nova/nova/api/openstack/wsgi.py:513}}
Nov 17 15:11:31.006103 dv-cinder-818233-1-smb devstack@n-api.service[116226]: INFO nova.api.openstack.requestlog [None req-9b46ea78-54e2-4033-9643-9559755e6175 tempest-VolumesTestJSON-1653273175 tempest-VolumesTestJSON-1653273175-project] 10.222.0.60 "GET /compute/v2.1/os-volumes" status: 200 len: 1035 microversion: 2.1 time: 0.275059
Nov 17 15:11:31.006746 dv-cinder-818233-1-smb devstack@n-api.service[116226]: [pid: 116226|app: 0|req: 15/17] 10.222.0.60 () {58 vars in 1133 bytes} [Wed Nov 17 15:11:30 2021] GET /compute/v2.1/os-volumes => generated 1035 bytes in 277 msecs (HTTP/1.1 200) 9 headers in 358 bytes (1 switches on core 0)
Nov 17 15:11:31.022683 dv-cinder-818233-1-smb devstack@n-api.service[116227]: DEBUG nova.api.openstack.wsgi [None req-7b16797a-cce9-4efe-b012-cb1fd6bcc085 tempest-VolumesTestJSON-1653273175 tempest-VolumesTestJSON-1653273175-project] Calling method '.version_select at 0x7ff967191ca0>' {{(pid=116227) _process_stack /opt/stack/nova/nova/api/openstack/wsgi.py:513}}
Nov 17 15:11:31.190684 dv-cinder-818233-1-smb devstack@n-api.service[116227]: INFO nova.api.openstack.requestlog [None req-7b16797a-cce9-4efe-b012-cb1fd6bcc085 tempest-VolumesTestJSON-1653273175 tempest-VolumesTestJSON-1653273175-project] 10.222.0.60 "GET /compute/v2.1/os-volumes?limit=2" status: 200 len: 695 microversion: 2.1 time: 0.173398
Nov 17 15:11:31.197019 dv-cinder-818233-1-smb devstack@n-api.service[116227]: [pid: 116227|app: 0|req: 3/18] 10.222.0.60 () {58 vars in 1148 bytes} [Wed Nov 17 15:11:31 2021] GET /compute/v2.1/os-volumes?limit=2 => generated 695 bytes in 181 msecs (HTTP/1.1 200) 9 headers in 357 bytes (1 switches on core 0)
Nov 17 15:11:31.211609 dv-cinder-818233-1-smb devstack@n-api.service[116226]: DEBUG nova.api.openstack.wsgi [None req-24ab7c0d-bfed-4263-bace-af92328e7b13 tempest-VolumesTestJSON-1653273175 tempest-VolumesTestJSON-1653273175-project] Calling method '.version_select at 0x7ff9671cddc0>' {{(pid=116226) _process_stack /opt/stack/nova/nova/api/openstack/wsgi.py:513}}
Nov 17 15:11:31.246882 dv-cinder-818233-1-smb devstack@n-api.service[116227]: DEBUG nova.api.openstack.wsgi [None req-f0ca9510-f812-4aa5-8e74-f13f9d216a10 tempest-VolumesSnapshotsTestJSON-1015875426 tempest-VolumesSnapshotsTestJSON-1015875426-project] Calling method '.version_select at 0x7ff966114040>' {{(pid=116227) _process_stack /opt/stack/nova/nova/api/openstack/wsgi.py:513}}
Nov 17 15:11:31.314058 dv-cinder-818233-1-smb devstack@n-api.service[116227]: INFO nova.api.openstack.wsgi [None req-f0ca9510-f812-4aa5-8e74-f13f9d216a10 tempest-VolumesSnapshotsTestJSON-1015875426 tempest-VolumesSnapshotsTestJSON-1015875426-project] HTTP exception thrown: Volume 809d3346-631b-46df-884d-bfc07f34e299 could not be found.
Nov 17 15:11:31.315419 dv-cinder-818233-1-smb devstack@n-api.service[116227]: DEBUG nova.api.openstack.wsgi [None req-f0ca9510-f812-4aa5-8e74-f13f9d216a10 tempest-VolumesSnapshotsTestJSON-1015875426 tempest-VolumesSnapshotsTestJSON-1015875426-project] Returning 404 to user: Volume 809d3346-631b-46df-884d-bfc07f34e299 could not be found. {{(pid=116227) __call__ /opt/stack/nova/nova/api/openstack/wsgi.py:936}}
Nov 17 15:11:31.318362 dv-cinder-818233-1-smb devstack@n-api.service[116227]: INFO nova.api.openstack.requestlog [None req-f0ca9510-f812-4aa5-8e74-f13f9d216a10 tempest-VolumesSnapshotsTestJSON-1015875426 tempest-VolumesSnapshotsTestJSON-1015875426-project] 10.222.0.60 "GET /compute/v2.1/os-volumes/809d3346-631b-46df-884d-bfc07f34e299" status: 404 len: 109 microversion: 2.1 time: 0.081797
Nov 17 15:11:31.329501 dv-cinder-818233-1-smb devstack@n-api.service[116227]: [pid: 116227|app: 0|req: 4/19] 10.222.0.60 () {58 vars in 1244 bytes} [Wed Nov 17 15:11:31 2021] GET /compute/v2.1/os-volumes/809d3346-631b-46df-884d-bfc07f34e299 => generated 109 bytes in 94 msecs (HTTP/1.1 404) 9 headers in 379 bytes (1 switches on core 0)
Nov 17 15:11:31.349843 dv-cinder-818233-1-smb devstack@n-api.service[116227]: DEBUG nova.api.openstack.wsgi [None req-7e23c0ae-9751-40d6-85b8-2abc6c0fa991 tempest-VolumesSnapshotsTestJSON-1015875426 tempest-VolumesSnapshotsTestJSON-1015875426-project] Calling method '.version_select at 0x7ff96610ca60>' {{(pid=116227) _process_stack /opt/stack/nova/nova/api/openstack/wsgi.py:513}}
Nov 17 15:11:31.418847 dv-cinder-818233-1-smb devstack@n-api.service[116227]: INFO nova.api.openstack.wsgi [None req-7e23c0ae-9751-40d6-85b8-2abc6c0fa991 tempest-VolumesSnapshotsTestJSON-1015875426 tempest-VolumesSnapshotsTestJSON-1015875426-project] HTTP exception thrown: Volume 809d3346-631b-46df-884d-bfc07f34e299 could not be found.
Nov 17 15:11:31.420037 dv-cinder-818233-1-smb devstack@n-api.service[116227]: DEBUG nova.api.openstack.wsgi [None req-7e23c0ae-9751-40d6-85b8-2abc6c0fa991 tempest-VolumesSnapshotsTestJSON-1015875426 tempest-VolumesSnapshotsTestJSON-1015875426-project] Returning 404 to user: Volume 809d3346-631b-46df-884d-bfc07f34e299 could not be found. {{(pid=116227) __call__ /opt/stack/nova/nova/api/openstack/wsgi.py:936}}
Nov 17 15:11:31.422935 dv-cinder-818233-1-smb devstack@n-api.service[116227]: INFO nova.api.openstack.requestlog [None req-7e23c0ae-9751-40d6-85b8-2abc6c0fa991 tempest-VolumesSnapshotsTestJSON-1015875426 tempest-VolumesSnapshotsTestJSON-1015875426-project] 10.222.0.60 "DELETE /compute/v2.1/os-volumes/809d3346-631b-46df-884d-bfc07f34e299" status: 404 len: 109 microversion: 2.1 time: 0.091988
Nov 17 15:11:31.427716 dv-cinder-818233-1-smb devstack@n-api.service[116227]: [pid: 116227|app: 0|req: 5/20] 10.222.0.60 () {58 vars in 1247 bytes} [Wed Nov 17 15:11:31 2021] DELETE /compute/v2.1/os-volumes/809d3346-631b-46df-884d-bfc07f34e299 => generated 109 bytes in 97 msecs (HTTP/1.1 404) 9 headers in 379 bytes (1 switches on core 0)
Nov 17 15:11:31.434141 dv-cinder-818233-1-smb devstack@n-api.service[116227]: DEBUG nova.api.openstack.wsgi [None req-2575e839-7be5-4e6b-9f3e-b81be46daa8a tempest-VolumesSnapshotsTestJSON-1015875426 tempest-VolumesSnapshotsTestJSON-1015875426-project] Calling method '.version_select at 0x7ff96610ce50>' {{(pid=116227) _process_stack /opt/stack/nova/nova/api/openstack/wsgi.py:513}}
Nov 17 15:11:31.470209 dv-cinder-818233-1-smb devstack@n-api.service[116227]: INFO nova.api.openstack.wsgi [None req-2575e839-7be5-4e6b-9f3e-b81be46daa8a tempest-VolumesSnapshotsTestJSON-1015875426 tempest-VolumesSnapshotsTestJSON-1015875426-project] HTTP exception thrown: Volume 809d3346-631b-46df-884d-bfc07f34e299 could not be found.
Nov 17 15:11:31.471551 dv-cinder-818233-1-smb devstack@n-api.service[116227]: DEBUG nova.api.openstack.wsgi [None req-2575e839-7be5-4e6b-9f3e-b81be46daa8a tempest-VolumesSnapshotsTestJSON-1015875426 tempest-VolumesSnapshotsTestJSON-1015875426-project] Returning 404 to user: Volume 809d3346-631b-46df-884d-bfc07f34e299 could not be found. {{(pid=116227) __call__ /opt/stack/nova/nova/api/openstack/wsgi.py:936}}
Nov 17 15:11:31.472845 dv-cinder-818233-1-smb devstack@n-api.service[116227]: INFO nova.api.openstack.requestlog [None req-2575e839-7be5-4e6b-9f3e-b81be46daa8a tempest-VolumesSnapshotsTestJSON-1015875426 tempest-VolumesSnapshotsTestJSON-1015875426-project] 10.222.0.60 "GET /compute/v2.1/os-volumes/809d3346-631b-46df-884d-bfc07f34e299" status: 404 len: 109 microversion: 2.1 time: 0.043532
Nov 17 15:11:31.473741 dv-cinder-818233-1-smb devstack@n-api.service[116227]: [pid: 116227|app: 0|req: 6/21] 10.222.0.60 () {58 vars in 1244 bytes} [Wed Nov 17 15:11:31 2021] GET /compute/v2.1/os-volumes/809d3346-631b-46df-884d-bfc07f34e299 => generated 109 bytes in 45 msecs (HTTP/1.1 404) 9 headers in 379 bytes (1 switches on core 0)
Nov 17 15:11:31.503922 dv-cinder-818233-1-smb devstack@n-api.service[116226]: INFO nova.api.openstack.requestlog [None req-24ab7c0d-bfed-4263-bace-af92328e7b13 tempest-VolumesTestJSON-1653273175 tempest-VolumesTestJSON-1653273175-project] 10.222.0.60 "GET /compute/v2.1/os-volumes" status: 200 len: 1035 microversion: 2.1 time: 0.297510
Nov 17 15:11:31.511697 dv-cinder-818233-1-smb devstack@n-api.service[116226]: [pid: 116226|app: 0|req: 16/22] 10.222.0.60 () {58 vars in 1133 bytes} [Wed Nov 17 15:11:31 2021] GET /compute/v2.1/os-volumes => generated 1035 bytes in 306 msecs (HTTP/1.1 200) 9 headers in 358 bytes (1 switches on core 0)
Nov 17 15:11:31.516795 dv-cinder-818233-1-smb devstack@n-api.service[116227]: DEBUG nova.api.openstack.wsgi [None req-9ceb37bf-fd7d-43e6-91a7-7db0cbcfdb4f tempest-VolumesTestJSON-1653273175 tempest-VolumesTestJSON-1653273175-project] Calling method '.version_select at 0x7ff9661144c0>' {{(pid=116227) _process_stack /opt/stack/nova/nova/api/openstack/wsgi.py:513}}
Nov 17 15:11:31.661446 dv-cinder-818233-1-smb devstack@n-api.service[116226]: DEBUG nova.api.openstack.wsgi [None req-0fc6c4cc-571d-49ac-924c-cbd0f0d2af84 tempest-DeleteServersTestJSON-164847599 tempest-DeleteServersTestJSON-164847599-project] Calling method '>' {{(pid=116226) _process_stack /opt/stack/nova/nova/api/openstack/wsgi.py:513}}
Nov 17 15:11:31.662097 dv-cinder-818233-1-smb devstack@n-api.service[116226]: DEBUG nova.compute.api [None req-0fc6c4cc-571d-49ac-924c-cbd0f0d2af84 tempest-DeleteServersTestJSON-164847599 tempest-DeleteServersTestJSON-164847599-project] [instance: 47b9dff9-e89b-4b11-99ea-9f8ddb71395a] Fetching instance by UUID {{(pid=116226) get /opt/stack/nova/nova/compute/api.py:2865}}
Nov 17 15:11:31.756617 dv-cinder-818233-1-smb devstack@n-api.service[116227]: INFO nova.api.openstack.requestlog [None req-9ceb37bf-fd7d-43e6-91a7-7db0cbcfdb4f tempest-VolumesTestJSON-1653273175 tempest-VolumesTestJSON-1653273175-project] 10.222.0.60 "GET /compute/v2.1/os-volumes?offset=1&limit=1" status: 200 len: 354 microversion: 2.1 time: 0.244317
Nov 17 15:11:31.757503 dv-cinder-818233-1-smb devstack@n-api.service[116227]: [pid: 116227|app: 0|req: 7/23] 10.222.0.60 () {58 vars in 1166 bytes} [Wed Nov 17 15:11:31 2021] GET /compute/v2.1/os-volumes?offset=1&limit=1 => generated 354 bytes in 246 msecs (HTTP/1.1 200) 9 headers in 357 bytes (1 switches on core 0)
Nov 17 15:11:31.770338 dv-cinder-818233-1-smb devstack@n-api.service[116227]: DEBUG nova.api.openstack.wsgi [None req-ac6ab85c-d05c-4afc-a6c3-782821d43ee3 tempest-VolumesTestJSON-1653273175 tempest-VolumesTestJSON-1653273175-project] Calling method '.version_select at 0x7ff966114e50>' {{(pid=116227) _process_stack /opt/stack/nova/nova/api/openstack/wsgi.py:513}}
Nov 17 15:11:31.822622 dv-cinder-818233-1-smb devstack@n-api.service[116226]: DEBUG nova.policy [None req-0fc6c4cc-571d-49ac-924c-cbd0f0d2af84 tempest-DeleteServersTestJSON-164847599 tempest-DeleteServersTestJSON-164847599-project] Policy check for os_compute_api:os-extended-server-attributes failed with credentials {'is_admin': False, 'user_id': 'a1cc5c746d7345d5b89b445cf924ff25', 'user_domain_id': 'default', 'system_scope': None, 'domain_id': None, 'project_id': '6787a8cef0ba4a30ad6b76aebae6e817', 'project_domain_id': 'default', 'roles': ['reader', 'member'], 'is_admin_project': True, 'service_user_id': None, 'service_user_domain_id': None, 'service_project_id': None, 'service_project_domain_id': None, 'service_roles': []} {{(pid=116226) authorize /opt/stack/nova/nova/policy.py:199}}
Nov 17 15:11:31.836444 dv-cinder-818233-1-smb devstack@n-api.service[116226]: INFO nova.api.openstack.requestlog [None req-0fc6c4cc-571d-49ac-924c-cbd0f0d2af84 tempest-DeleteServersTestJSON-164847599 tempest-DeleteServersTestJSON-164847599-project] 10.222.0.60 "GET /compute/v2.1/servers/47b9dff9-e89b-4b11-99ea-9f8ddb71395a" status: 200 len: 1214 microversion: 2.1 time: 0.178424
Nov 17 15:11:31.852516 dv-cinder-818233-1-smb devstack@n-api.service[116226]: [pid: 116226|app: 0|req: 17/24] 10.222.0.60 () {58 vars in 1235 bytes} [Wed Nov 17 15:11:31 2021] GET /compute/v2.1/servers/47b9dff9-e89b-4b11-99ea-9f8ddb71395a => generated 1214 bytes in 196 msecs (HTTP/1.1 200) 9 headers in 358 bytes (2 switches on core 0)
Nov 17 15:11:31.976787 dv-cinder-818233-1-smb devstack@n-api.service[116227]: INFO nova.api.openstack.requestlog [None req-ac6ab85c-d05c-4afc-a6c3-782821d43ee3 tempest-VolumesTestJSON-1653273175 tempest-VolumesTestJSON-1653273175-project] 10.222.0.60 "GET /compute/v2.1/os-volumes/detail?limit=2" status: 200 len: 695 microversion: 2.1 time: 0.210792
Nov 17 15:11:31.977983 dv-cinder-818233-1-smb devstack@n-api.service[116227]: [pid: 116227|app: 0|req: 8/25] 10.222.0.60 () {58 vars in 1169 bytes} [Wed Nov 17 15:11:31 2021] GET /compute/v2.1/os-volumes/detail?limit=2 => generated 695 bytes in 213 msecs (HTTP/1.1 200) 9 headers in 357 bytes (1 switches on core 0)
Nov 17 15:11:31.991016 dv-cinder-818233-1-smb devstack@n-api.service[116226]: DEBUG nova.api.openstack.wsgi [None req-099f7894-1e97-409b-b777-118f3dfbcb43 tempest-VolumesTestJSON-1653273175 tempest-VolumesTestJSON-1653273175-project] Calling method '.version_select at 0x7ff96c6c1af0>' {{(pid=116226) _process_stack /opt/stack/nova/nova/api/openstack/wsgi.py:513}}
Nov 17 15:11:32.283903 dv-cinder-818233-1-smb devstack@n-api.service[116226]: INFO nova.api.openstack.requestlog [None req-099f7894-1e97-409b-b777-118f3dfbcb43 tempest-VolumesTestJSON-1653273175 tempest-VolumesTestJSON-1653273175-project] 10.222.0.60 "GET /compute/v2.1/os-volumes/detail" status: 200 len: 1035 microversion: 2.1 time: 0.297945
Nov 17 15:11:32.285257 dv-cinder-818233-1-smb devstack@n-api.service[116226]: [pid: 116226|app: 0|req: 18/26] 10.222.0.60 () {58 vars in 1154 bytes} [Wed Nov 17 15:11:31 2021] GET /compute/v2.1/os-volumes/detail => generated 1035 bytes in 300 msecs (HTTP/1.1 200) 9 headers in 358 bytes (1 switches on core 0)
Nov 17 15:11:32.302940 dv-cinder-818233-1-smb devstack@n-api.service[116227]: DEBUG nova.api.openstack.wsgi [None req-82f8bb6c-43d4-4f31-9e34-79de1b1ee41c tempest-VolumesTestJSON-1653273175 tempest-VolumesTestJSON-1653273175-project] Calling method '.version_select at 0x7ff96610cd30>' {{(pid=116227) _process_stack /opt/stack/nova/nova/api/openstack/wsgi.py:513}}
Nov 17 15:11:32.572828 dv-cinder-818233-1-smb devstack@n-api.service[116227]: INFO nova.api.openstack.requestlog [None req-82f8bb6c-43d4-4f31-9e34-79de1b1ee41c tempest-VolumesTestJSON-1653273175 tempest-VolumesTestJSON-1653273175-project] 10.222.0.60 "GET /compute/v2.1/os-volumes/detail?offset=1&limit=1" status: 200 len: 354 microversion: 2.1 time: 0.275912
Nov 17 15:11:32.580453 dv-cinder-818233-1-smb devstack@n-api.service[116227]: [pid: 116227|app: 0|req: 9/27] 10.222.0.60 () {58 vars in 1187 bytes} [Wed Nov 17 15:11:32 2021] GET /compute/v2.1/os-volumes/detail?offset=1&limit=1 => generated 354 bytes in 282 msecs (HTTP/1.1 200) 9 headers in 357 bytes (1 switches on core 0)
Nov 17 15:11:32.586315 dv-cinder-818233-1-smb devstack@n-api.service[116226]: DEBUG nova.api.openstack.wsgi [None req-bfb57cbd-7c50-4ab4-ae95-9818d9ea6bfa tempest-VolumesTestJSON-1653273175 tempest-VolumesTestJSON-1653273175-project] Calling method '.version_select at 0x7ff9671daaf0>' {{(pid=116226) _process_stack /opt/stack/nova/nova/api/openstack/wsgi.py:513}}
Nov 17 15:11:32.689931 dv-cinder-818233-1-smb devstack@n-api.service[116226]: INFO nova.api.openstack.requestlog [None req-bfb57cbd-7c50-4ab4-ae95-9818d9ea6bfa tempest-VolumesTestJSON-1653273175 tempest-VolumesTestJSON-1653273175-project] 10.222.0.60 "GET /compute/v2.1/os-volumes/detail" status: 200 len: 1035 microversion: 2.1 time: 0.107820
Nov 17 15:11:32.697948 dv-cinder-818233-1-smb devstack@n-api.service[116226]: [pid: 116226|app: 0|req: 19/28] 10.222.0.60 () {58 vars in 1154 bytes} [Wed Nov 17 15:11:32 2021] GET /compute/v2.1/os-volumes/detail => generated 1035 bytes in 117 msecs (HTTP/1.1 200) 9 headers in 358 bytes (1 switches on core 0)
Nov 17 15:11:32.854013 dv-cinder-818233-1-smb devstack@n-api.service[116227]: DEBUG nova.api.openstack.wsgi [None req-6b67e518-2ea0-480a-b50d-31ae7661b689 tempest-DeleteServersTestJSON-164847599 tempest-DeleteServersTestJSON-164847599-project] Calling method '>' {{(pid=116227) _process_stack /opt/stack/nova/nova/api/openstack/wsgi.py:513}}
Nov 17 15:11:32.856411 dv-cinder-818233-1-smb devstack@n-api.service[116227]: DEBUG nova.compute.api [None req-6b67e518-2ea0-480a-b50d-31ae7661b689 tempest-DeleteServersTestJSON-164847599 tempest-DeleteServersTestJSON-164847599-project] [instance: 47b9dff9-e89b-4b11-99ea-9f8ddb71395a] Fetching instance by UUID {{(pid=116227) get /opt/stack/nova/nova/compute/api.py:2865}}
Nov 17 15:11:32.901260 dv-cinder-818233-1-smb devstack@n-api.service[116227]: DEBUG oslo_concurrency.lockutils [None req-6b67e518-2ea0-480a-b50d-31ae7661b689 tempest-DeleteServersTestJSON-164847599 tempest-DeleteServersTestJSON-164847599-project] Lock "9bfa9482-937e-49ea-90eb-23760e6362c2" acquired by "nova.context.set_target_cell..get_or_set_cached_cell_and_set_connections" :: waited 0.000s {{(pid=116227) inner /usr/local/lib/python3.8/dist-packages/oslo_concurrency/lockutils.py:386}}
Nov 17 15:11:32.901966 dv-cinder-818233-1-smb devstack@n-api.service[116227]: DEBUG oslo_concurrency.lockutils [None req-6b67e518-2ea0-480a-b50d-31ae7661b689 tempest-DeleteServersTestJSON-164847599 tempest-DeleteServersTestJSON-164847599-project] Lock "9bfa9482-937e-49ea-90eb-23760e6362c2" "released" by "nova.context.set_target_cell..get_or_set_cached_cell_and_set_connections" :: held 0.001s {{(pid=116227) inner /usr/local/lib/python3.8/dist-packages/oslo_concurrency/lockutils.py:400}}
Nov 17 15:11:32.902866 dv-cinder-818233-1-smb devstack@n-api.service[116227]: DEBUG oslo_concurrency.lockutils [None req-6b67e518-2ea0-480a-b50d-31ae7661b689 tempest-DeleteServersTestJSON-164847599 tempest-DeleteServersTestJSON-164847599-project] Lock "9bfa9482-937e-49ea-90eb-23760e6362c2" acquired by "nova.context.set_target_cell..get_or_set_cached_cell_and_set_connections" :: waited 0.000s {{(pid=116227) inner /usr/local/lib/python3.8/dist-packages/oslo_concurrency/lockutils.py:386}}
Nov 17 15:11:32.903590 dv-cinder-818233-1-smb devstack@n-api.service[116227]: DEBUG oslo_concurrency.lockutils [None req-6b67e518-2ea0-480a-b50d-31ae7661b689 tempest-DeleteServersTestJSON-164847599 tempest-DeleteServersTestJSON-164847599-project] Lock "9bfa9482-937e-49ea-90eb-23760e6362c2" "released" by "nova.context.set_target_cell..get_or_set_cached_cell_and_set_connections" :: held 0.001s {{(pid=116227) inner /usr/local/lib/python3.8/dist-packages/oslo_concurrency/lockutils.py:400}}
Nov 17 15:11:33.272714 dv-cinder-818233-1-smb devstack@n-api.service[116227]: DEBUG nova.policy [None req-6b67e518-2ea0-480a-b50d-31ae7661b689 tempest-DeleteServersTestJSON-164847599 tempest-DeleteServersTestJSON-164847599-project] Policy check for os_compute_api:os-extended-server-attributes failed with credentials {'is_admin': False, 'user_id': 'a1cc5c746d7345d5b89b445cf924ff25', 'user_domain_id': 'default', 'system_scope': None, 'domain_id': None, 'project_id': '6787a8cef0ba4a30ad6b76aebae6e817', 'project_domain_id': 'default', 'roles': ['reader', 'member'], 'is_admin_project': True, 'service_user_id': None, 'service_user_domain_id': None, 'service_project_id': None, 'service_project_domain_id': None, 'service_roles': []} {{(pid=116227) authorize /opt/stack/nova/nova/policy.py:199}}
Nov 17 15:11:33.307974 dv-cinder-818233-1-smb devstack@n-api.service[116227]: INFO nova.api.openstack.requestlog [None req-6b67e518-2ea0-480a-b50d-31ae7661b689 tempest-DeleteServersTestJSON-164847599 tempest-DeleteServersTestJSON-164847599-project] 10.222.0.60 "GET /compute/v2.1/servers/47b9dff9-e89b-4b11-99ea-9f8ddb71395a" status: 200 len: 1218 microversion: 2.1 time: 0.442344
Nov 17 15:11:33.310532 dv-cinder-818233-1-smb devstack@n-api.service[116227]: [pid: 116227|app: 0|req: 10/29] 10.222.0.60 () {58 vars in 1235 bytes} [Wed Nov 17 15:11:32 2021] GET /compute/v2.1/servers/47b9dff9-e89b-4b11-99ea-9f8ddb71395a => generated 1218 bytes in 461 msecs (HTTP/1.1 200) 9 headers in 358 bytes (1 switches on core 0)
Nov 17 15:11:34.329793 dv-cinder-818233-1-smb devstack@n-api.service[116226]: DEBUG nova.api.openstack.wsgi [None req-58f4067c-2b43-4e6e-b63d-afb5f1368018 tempest-DeleteServersTestJSON-164847599 tempest-DeleteServersTestJSON-164847599-project] Calling method '>' {{(pid=116226) _process_stack /opt/stack/nova/nova/api/openstack/wsgi.py:513}}
Nov 17 15:11:34.330603 dv-cinder-818233-1-smb devstack@n-api.service[116226]: DEBUG nova.compute.api [None req-58f4067c-2b43-4e6e-b63d-afb5f1368018 tempest-DeleteServersTestJSON-164847599 tempest-DeleteServersTestJSON-164847599-project] [instance: 47b9dff9-e89b-4b11-99ea-9f8ddb71395a] Fetching instance by UUID {{(pid=116226) get /opt/stack/nova/nova/compute/api.py:2865}}
Nov 17 15:11:34.359405 dv-cinder-818233-1-smb devstack@n-api.service[116226]: DEBUG oslo_concurrency.lockutils [None req-58f4067c-2b43-4e6e-b63d-afb5f1368018 tempest-DeleteServersTestJSON-164847599 tempest-DeleteServersTestJSON-164847599-project] Lock "9bfa9482-937e-49ea-90eb-23760e6362c2" acquired by "nova.context.set_target_cell..get_or_set_cached_cell_and_set_connections" :: waited 0.000s {{(pid=116226) inner /usr/local/lib/python3.8/dist-packages/oslo_concurrency/lockutils.py:386}}
Nov 17 15:11:34.363131 dv-cinder-818233-1-smb devstack@n-api.service[116226]: DEBUG oslo_concurrency.lockutils [None req-58f4067c-2b43-4e6e-b63d-afb5f1368018 tempest-DeleteServersTestJSON-164847599 tempest-DeleteServersTestJSON-164847599-project] Lock "9bfa9482-937e-49ea-90eb-23760e6362c2" "released" by "nova.context.set_target_cell..get_or_set_cached_cell_and_set_connections" :: held 0.008s {{(pid=116226) inner /usr/local/lib/python3.8/dist-packages/oslo_concurrency/lockutils.py:400}}
Nov 17 15:11:34.370264 dv-cinder-818233-1-smb devstack@n-api.service[116226]: DEBUG oslo_concurrency.lockutils [None req-58f4067c-2b43-4e6e-b63d-afb5f1368018 tempest-DeleteServersTestJSON-164847599 tempest-DeleteServersTestJSON-164847599-project] Lock "9bfa9482-937e-49ea-90eb-23760e6362c2" acquired by "nova.context.set_target_cell..get_or_set_cached_cell_and_set_connections" :: waited 0.000s {{(pid=116226) inner /usr/local/lib/python3.8/dist-packages/oslo_concurrency/lockutils.py:386}}
Nov 17 15:11:34.372749 dv-cinder-818233-1-smb devstack@n-api.service[116226]: DEBUG oslo_concurrency.lockutils [None req-58f4067c-2b43-4e6e-b63d-afb5f1368018 tempest-DeleteServersTestJSON-164847599 tempest-DeleteServersTestJSON-164847599-project] Lock "9bfa9482-937e-49ea-90eb-23760e6362c2" "released" by "nova.context.set_target_cell..get_or_set_cached_cell_and_set_connections" :: held 0.003s {{(pid=116226) inner /usr/local/lib/python3.8/dist-packages/oslo_concurrency/lockutils.py:400}}
Nov 17 15:11:34.858835 dv-cinder-818233-1-smb devstack@n-api.service[116226]: DEBUG nova.policy [None req-58f4067c-2b43-4e6e-b63d-afb5f1368018 tempest-DeleteServersTestJSON-164847599 tempest-DeleteServersTestJSON-164847599-project] Policy check for os_compute_api:os-extended-server-attributes failed with credentials {'is_admin': False, 'user_id': 'a1cc5c746d7345d5b89b445cf924ff25', 'user_domain_id': 'default', 'system_scope': None, 'domain_id': None, 'project_id': '6787a8cef0ba4a30ad6b76aebae6e817', 'project_domain_id': 'default', 'roles': ['reader', 'member'], 'is_admin_project': True, 'service_user_id': None, 'service_user_domain_id': None, 'service_project_id': None, 'service_project_domain_id': None, 'service_roles': []} {{(pid=116226) authorize /opt/stack/nova/nova/policy.py:199}}
Nov 17 15:11:34.888349 dv-cinder-818233-1-smb devstack@n-api.service[116226]: INFO nova.api.openstack.requestlog [None req-58f4067c-2b43-4e6e-b63d-afb5f1368018 tempest-DeleteServersTestJSON-164847599 tempest-DeleteServersTestJSON-164847599-project] 10.222.0.60 "GET /compute/v2.1/servers/47b9dff9-e89b-4b11-99ea-9f8ddb71395a" status: 200 len: 1272 microversion: 2.1 time: 0.559352
Nov 17 15:11:34.889652 dv-cinder-818233-1-smb devstack@n-api.service[116226]: [pid: 116226|app: 0|req: 20/30] 10.222.0.60 () {58 vars in 1235 bytes} [Wed Nov 17 15:11:34 2021] GET /compute/v2.1/servers/47b9dff9-e89b-4b11-99ea-9f8ddb71395a => generated 1272 bytes in 567 msecs (HTTP/1.1 200) 9 headers in 358 bytes (1 switches on core 0)
Nov 17 15:11:35.596802 dv-cinder-818233-1-smb devstack@n-api.service[116227]: DEBUG nova.api.openstack.wsgi [None req-28c96a1d-4e32-4df8-9610-9046e01ea862 tempest-ServerRescueNegativeTestJSON-1908574463 tempest-ServerRescueNegativeTestJSON-1908574463-project] Action: 'create', calling method: >, body: {"server": {"name": "tempest-ServerRescueNegativeTestJSON-server-879480147", "imageRef": "1e36475b-e5df-43d4-8dac-3089ed6aa072", "flavorRef": "452", "adminPass": "***", "networks": [{"uuid": "ad7c86bf-1d3c-4e92-84f7-30f1e6c53cf2"}]}} {{(pid=116227) _process_stack /opt/stack/nova/nova/api/openstack/wsgi.py:511}}
Nov 17 15:11:35.771890 dv-cinder-818233-1-smb devstack@n-api.service[116227]: DEBUG nova.network.neutron [None req-28c96a1d-4e32-4df8-9610-9046e01ea862 tempest-ServerRescueNegativeTestJSON-1908574463 tempest-ServerRescueNegativeTestJSON-1908574463-project] validate_networks() for [('ad7c86bf-1d3c-4e92-84f7-30f1e6c53cf2', None, None, None, None, None)] {{(pid=116227) validate_networks /opt/stack/nova/nova/network/neutron.py:2482}}
Nov 17 15:11:35.909089 dv-cinder-818233-1-smb devstack@n-api.service[116226]: DEBUG nova.api.openstack.wsgi [None req-6d65c290-322f-48ce-b5e5-5dbe33da6cc7 tempest-DeleteServersTestJSON-164847599 tempest-DeleteServersTestJSON-164847599-project] Calling method '>' {{(pid=116226) _process_stack /opt/stack/nova/nova/api/openstack/wsgi.py:513}}
Nov 17 15:11:35.909951 dv-cinder-818233-1-smb devstack@n-api.service[116226]: DEBUG nova.compute.api [None req-6d65c290-322f-48ce-b5e5-5dbe33da6cc7 tempest-DeleteServersTestJSON-164847599 tempest-DeleteServersTestJSON-164847599-project] [instance: 47b9dff9-e89b-4b11-99ea-9f8ddb71395a] Fetching instance by UUID {{(pid=116226) get /opt/stack/nova/nova/compute/api.py:2865}}
Nov 17 15:11:35.922607 dv-cinder-818233-1-smb devstack@n-api.service[116226]: DEBUG oslo_concurrency.lockutils [None req-6d65c290-322f-48ce-b5e5-5dbe33da6cc7 tempest-DeleteServersTestJSON-164847599 tempest-DeleteServersTestJSON-164847599-project] Lock "9bfa9482-937e-49ea-90eb-23760e6362c2" acquired by "nova.context.set_target_cell..get_or_set_cached_cell_and_set_connections" :: waited 0.000s {{(pid=116226) inner /usr/local/lib/python3.8/dist-packages/oslo_concurrency/lockutils.py:386}}
Nov 17 15:11:35.923910 dv-cinder-818233-1-smb devstack@n-api.service[116226]: DEBUG oslo_concurrency.lockutils [None req-6d65c290-322f-48ce-b5e5-5dbe33da6cc7 tempest-DeleteServersTestJSON-164847599 tempest-DeleteServersTestJSON-164847599-project] Lock "9bfa9482-937e-49ea-90eb-23760e6362c2" "released" by "nova.context.set_target_cell..get_or_set_cached_cell_and_set_connections" :: held 0.001s {{(pid=116226) inner /usr/local/lib/python3.8/dist-packages/oslo_concurrency/lockutils.py:400}}
Nov 17 15:11:35.930135 dv-cinder-818233-1-smb devstack@n-api.service[116226]: DEBUG oslo_concurrency.lockutils [None req-6d65c290-322f-48ce-b5e5-5dbe33da6cc7 tempest-DeleteServersTestJSON-164847599 tempest-DeleteServersTestJSON-164847599-project] Lock "9bfa9482-937e-49ea-90eb-23760e6362c2" acquired by "nova.context.set_target_cell..get_or_set_cached_cell_and_set_connections" :: waited 0.000s {{(pid=116226) inner /usr/local/lib/python3.8/dist-packages/oslo_concurrency/lockutils.py:386}}
Nov 17 15:11:35.931140 dv-cinder-818233-1-smb devstack@n-api.service[116226]: DEBUG oslo_concurrency.lockutils [None req-6d65c290-322f-48ce-b5e5-5dbe33da6cc7 tempest-DeleteServersTestJSON-164847599 tempest-DeleteServersTestJSON-164847599-project] Lock "9bfa9482-937e-49ea-90eb-23760e6362c2" "released" by "nova.context.set_target_cell..get_or_set_cached_cell_and_set_connections" :: held 0.006s {{(pid=116226) inner /usr/local/lib/python3.8/dist-packages/oslo_concurrency/lockutils.py:400}}
Nov 17 15:11:36.079585 dv-cinder-818233-1-smb devstack@n-api.service[116226]: DEBUG nova.policy [None req-6d65c290-322f-48ce-b5e5-5dbe33da6cc7 tempest-DeleteServersTestJSON-164847599 tempest-DeleteServersTestJSON-164847599-project] Policy check for os_compute_api:os-extended-server-attributes failed with credentials {'is_admin': False, 'user_id': 'a1cc5c746d7345d5b89b445cf924ff25', 'user_domain_id': 'default', 'system_scope': None, 'domain_id': None, 'project_id': '6787a8cef0ba4a30ad6b76aebae6e817', 'project_domain_id': 'default', 'roles': ['reader', 'member'], 'is_admin_project': True, 'service_user_id': None, 'service_user_domain_id': None, 'service_project_id': None, 'service_project_domain_id': None, 'service_roles': []} {{(pid=116226) authorize /opt/stack/nova/nova/policy.py:199}}
Nov 17 15:11:36.094687 dv-cinder-818233-1-smb devstack@n-api.service[116226]: INFO nova.api.openstack.requestlog [None req-6d65c290-322f-48ce-b5e5-5dbe33da6cc7 tempest-DeleteServersTestJSON-164847599 tempest-DeleteServersTestJSON-164847599-project] 10.222.0.60 "GET /compute/v2.1/servers/47b9dff9-e89b-4b11-99ea-9f8ddb71395a" status: 200 len: 1272 microversion: 2.1 time: 0.188940
Nov 17 15:11:36.097031 dv-cinder-818233-1-smb devstack@n-api.service[116226]: [pid: 116226|app: 0|req: 21/31] 10.222.0.60 () {58 vars in 1235 bytes} [Wed Nov 17 15:11:35 2021] GET /compute/v2.1/servers/47b9dff9-e89b-4b11-99ea-9f8ddb71395a => generated 1272 bytes in 195 msecs (HTTP/1.1 200) 9 headers in 358 bytes (2 switches on core 0)
Nov 17 15:11:37.122978 dv-cinder-818233-1-smb devstack@n-api.service[116226]: DEBUG nova.api.openstack.wsgi [None req-e2da083a-80df-443d-b877-959568574574 tempest-DeleteServersTestJSON-164847599 tempest-DeleteServersTestJSON-164847599-project] Calling method '>' {{(pid=116226) _process_stack /opt/stack/nova/nova/api/openstack/wsgi.py:513}}
Nov 17 15:11:37.125391 dv-cinder-818233-1-smb devstack@n-api.service[116226]: DEBUG nova.compute.api [None req-e2da083a-80df-443d-b877-959568574574 tempest-DeleteServersTestJSON-164847599 tempest-DeleteServersTestJSON-164847599-project] [instance: 47b9dff9-e89b-4b11-99ea-9f8ddb71395a] Fetching instance by UUID {{(pid=116226) get /opt/stack/nova/nova/compute/api.py:2865}}
Nov 17 15:11:37.147596 dv-cinder-818233-1-smb devstack@n-api.service[116226]: DEBUG oslo_concurrency.lockutils [None req-e2da083a-80df-443d-b877-959568574574 tempest-DeleteServersTestJSON-164847599 tempest-DeleteServersTestJSON-164847599-project] Lock "9bfa9482-937e-49ea-90eb-23760e6362c2" acquired by "nova.context.set_target_cell..get_or_set_cached_cell_and_set_connections" :: waited 0.000s {{(pid=116226) inner /usr/local/lib/python3.8/dist-packages/oslo_concurrency/lockutils.py:386}}
Nov 17 15:11:37.148483 dv-cinder-818233-1-smb devstack@n-api.service[116226]: DEBUG oslo_concurrency.lockutils [None req-e2da083a-80df-443d-b877-959568574574 tempest-DeleteServersTestJSON-164847599 tempest-DeleteServersTestJSON-164847599-project] Lock "9bfa9482-937e-49ea-90eb-23760e6362c2" "released" by "nova.context.set_target_cell..get_or_set_cached_cell_and_set_connections" :: held 0.007s {{(pid=116226) inner /usr/local/lib/python3.8/dist-packages/oslo_concurrency/lockutils.py:400}}
Nov 17 15:11:37.154415 dv-cinder-818233-1-smb devstack@n-api.service[116226]: DEBUG oslo_concurrency.lockutils [None req-e2da083a-80df-443d-b877-959568574574 tempest-DeleteServersTestJSON-164847599 tempest-DeleteServersTestJSON-164847599-project] Lock "9bfa9482-937e-49ea-90eb-23760e6362c2" acquired by "nova.context.set_target_cell..get_or_set_cached_cell_and_set_connections" :: waited 0.002s {{(pid=116226) inner /usr/local/lib/python3.8/dist-packages/oslo_concurrency/lockutils.py:386}}
Nov 17 15:11:37.159031 dv-cinder-818233-1-smb devstack@n-api.service[116226]: DEBUG oslo_concurrency.lockutils [None req-e2da083a-80df-443d-b877-959568574574 tempest-DeleteServersTestJSON-164847599 tempest-DeleteServersTestJSON-164847599-project] Lock "9bfa9482-937e-49ea-90eb-23760e6362c2" "released" by "nova.context.set_target_cell..get_or_set_cached_cell_and_set_connections" :: held 0.004s {{(pid=116226) inner /usr/local/lib/python3.8/dist-packages/oslo_concurrency/lockutils.py:400}}
Nov 17 15:11:37.812182 dv-cinder-818233-1-smb devstack@n-api.service[116227]: DEBUG nova.virt.hardware [None req-28c96a1d-4e32-4df8-9610-9046e01ea862 tempest-ServerRescueNegativeTestJSON-1908574463 tempest-ServerRescueNegativeTestJSON-1908574463-project] Flavor limits 0:0:0 {{(pid=116227) get_cpu_topology_constraints /opt/stack/nova/nova/virt/hardware.py:343}}
Nov 17 15:11:37.812724 dv-cinder-818233-1-smb devstack@n-api.service[116227]: DEBUG nova.virt.hardware [None req-28c96a1d-4e32-4df8-9610-9046e01ea862 tempest-ServerRescueNegativeTestJSON-1908574463 tempest-ServerRescueNegativeTestJSON-1908574463-project] Image limits 0:0:0 {{(pid=116227) get_cpu_topology_constraints /opt/stack/nova/nova/virt/hardware.py:347}}
Nov 17 15:11:37.813074 dv-cinder-818233-1-smb devstack@n-api.service[116227]: DEBUG nova.virt.hardware [None req-28c96a1d-4e32-4df8-9610-9046e01ea862 tempest-ServerRescueNegativeTestJSON-1908574463 tempest-ServerRescueNegativeTestJSON-1908574463-project] Flavor pref 0:0:0 {{(pid=116227) get_cpu_topology_constraints /opt/stack/nova/nova/virt/hardware.py:383}}
Nov 17 15:11:37.813486 dv-cinder-818233-1-smb devstack@n-api.service[116227]: DEBUG nova.virt.hardware [None req-28c96a1d-4e32-4df8-9610-9046e01ea862 tempest-ServerRescueNegativeTestJSON-1908574463 tempest-ServerRescueNegativeTestJSON-1908574463-project] Image pref 0:0:0 {{(pid=116227) get_cpu_topology_constraints /opt/stack/nova/nova/virt/hardware.py:387}}
Nov 17 15:11:37.815784 dv-cinder-818233-1-smb devstack@n-api.service[116227]: DEBUG nova.virt.hardware [None req-28c96a1d-4e32-4df8-9610-9046e01ea862 tempest-ServerRescueNegativeTestJSON-1908574463 tempest-ServerRescueNegativeTestJSON-1908574463-project] Chose sockets=0, cores=0, threads=0; limits were sockets=65536, cores=65536, threads=65536 {{(pid=116227) get_cpu_topology_constraints /opt/stack/nova/nova/virt/hardware.py:425}}
Nov 17 15:11:37.858191 dv-cinder-818233-1-smb devstack@n-api.service[116227]: DEBUG oslo_concurrency.lockutils [None req-28c96a1d-4e32-4df8-9610-9046e01ea862 tempest-ServerRescueNegativeTestJSON-1908574463 tempest-ServerRescueNegativeTestJSON-1908574463-project] Lock "00000000-0000-0000-0000-000000000000" acquired by "nova.context.set_target_cell..get_or_set_cached_cell_and_set_connections" :: waited 0.000s {{(pid=116227) inner /usr/local/lib/python3.8/dist-packages/oslo_concurrency/lockutils.py:386}}
Nov 17 15:11:37.873575 dv-cinder-818233-1-smb devstack@n-api.service[116227]: DEBUG oslo_concurrency.lockutils [None req-28c96a1d-4e32-4df8-9610-9046e01ea862 tempest-ServerRescueNegativeTestJSON-1908574463 tempest-ServerRescueNegativeTestJSON-1908574463-project] Lock "00000000-0000-0000-0000-000000000000" "released" by "nova.context.set_target_cell..get_or_set_cached_cell_and_set_connections" :: held 0.012s {{(pid=116227) inner /usr/local/lib/python3.8/dist-packages/oslo_concurrency/lockutils.py:400}}
Nov 17 15:11:37.878010 dv-cinder-818233-1-smb devstack@n-api.service[116227]: DEBUG oslo_concurrency.lockutils [None req-28c96a1d-4e32-4df8-9610-9046e01ea862 tempest-ServerRescueNegativeTestJSON-1908574463 tempest-ServerRescueNegativeTestJSON-1908574463-project] Lock "9bfa9482-937e-49ea-90eb-23760e6362c2" acquired by "nova.context.set_target_cell..get_or_set_cached_cell_and_set_connections" :: waited 0.000s {{(pid=116227) inner /usr/local/lib/python3.8/dist-packages/oslo_concurrency/lockutils.py:386}}
Nov 17 15:11:37.881121 dv-cinder-818233-1-smb devstack@n-api.service[116227]: DEBUG oslo_concurrency.lockutils [None req-28c96a1d-4e32-4df8-9610-9046e01ea862 tempest-ServerRescueNegativeTestJSON-1908574463 tempest-ServerRescueNegativeTestJSON-1908574463-project] Lock "9bfa9482-937e-49ea-90eb-23760e6362c2" "released" by "nova.context.set_target_cell..get_or_set_cached_cell_and_set_connections" :: held 0.005s {{(pid=116227) inner /usr/local/lib/python3.8/dist-packages/oslo_concurrency/lockutils.py:400}}
