Nov 16 16:04:41.398035 dv-cinder-818098-2-smb neutron-server[101849]: DEBUG neutron_lib.callbacks.manager [None req-58625177-ef7e-4353-8c48-5efce06ad673 admin admin] Publish callbacks [] for security_group, precommit_delete {{(pid=101849) _notify_loop /usr/local/lib/python3.8/dist-packages/neutron_lib/callbacks/manager.py:175}}
Nov 16 16:04:41.464349 dv-cinder-818098-2-smb neutron-server[101849]: DEBUG neutron_lib.callbacks.manager [None req-58625177-ef7e-4353-8c48-5efce06ad673 admin admin] Publish callbacks ['neutron.plugins.ml2.ovo_rpc._ObjectChangeHandler.handle_event-558919'] for security_group, after_delete {{(pid=101849) _notify_loop /usr/local/lib/python3.8/dist-packages/neutron_lib/callbacks/manager.py:175}}
Nov 16 16:04:41.467139 dv-cinder-818098-2-smb neutron-server[101849]: DEBUG neutron_lib.callbacks.manager [None req-58625177-ef7e-4353-8c48-5efce06ad673 admin admin] Publish callbacks [] for security_group, before_response {{(pid=101849) _notify_loop /usr/local/lib/python3.8/dist-packages/neutron_lib/callbacks/manager.py:175}}
Nov 16 16:04:41.471685 dv-cinder-818098-2-smb neutron-server[101849]: INFO neutron.wsgi [None req-58625177-ef7e-4353-8c48-5efce06ad673 admin admin] 10.222.0.53 "DELETE /v2.0/security-groups/a56f09bc-ffa6-4d33-a76f-fc97c7cde351 HTTP/1.1" status: 204 len: 168 time: 0.1748707
Nov 16 16:04:41.483577 dv-cinder-818098-2-smb neutron-server[101849]: DEBUG neutron.api.rpc.handlers.resources_rpc [None req-58625177-ef7e-4353-8c48-5efce06ad673 admin admin] Pushing event deleted for resources: {'SecurityGroup': ['ID=a56f09bc-ffa6-4d33-a76f-fc97c7cde351,revision_number=None']} {{(pid=101849) push /opt/stack/neutron/neutron/api/rpc/handlers/resources_rpc.py:237}}
Nov 16 16:04:41.508428 dv-cinder-818098-2-smb neutron-server[101848]: INFO neutron.wsgi [req-bd5d6590-5a6a-48ee-a45b-acbb236bc928 req-5dacbd93-ee94-4f4e-9a6b-5463e15ae886 service neutron] 10.222.0.53 "GET /v2.0/networks/785e2cde-136c-4473-be6a-0727cceab244?fields=segments HTTP/1.1" status: 200 len: 212 time: 0.3226366
Nov 16 16:04:41.609629 dv-cinder-818098-2-smb neutron-server[101849]: DEBUG neutron_lib.callbacks.manager [None req-dd8e0e25-82fc-44d2-a07d-4b3eb838b903 admin admin] Publish callbacks [] for security_group, before_create {{(pid=101849) _notify_loop /usr/local/lib/python3.8/dist-packages/neutron_lib/callbacks/manager.py:175}}
Nov 16 16:04:41.620814 dv-cinder-818098-2-smb neutron-server[101848]: INFO neutron.wsgi [req-bd5d6590-5a6a-48ee-a45b-acbb236bc928 req-0db5f24e-950f-4b10-9b91-7aa8371ecada service neutron] 10.222.0.53 "GET /v2.0/networks/785e2cde-136c-4473-be6a-0727cceab244?fields=provider%3Aphysical_network&fields=provider%3Anetwork_type HTTP/1.1" status: 200 len: 281 time: 0.1106613
Nov 16 16:04:41.644801 dv-cinder-818098-2-smb neutron-server[101848]: DEBUG neutron.wsgi [-] (101848) accepted ('10.222.0.53', 36918) {{(pid=101848) server /usr/local/lib/python3.8/dist-packages/eventlet/wsgi.py:982}}
Nov 16 16:04:41.660932 dv-cinder-818098-2-smb neutron-server[101848]: DEBUG neutron_lib.callbacks.manager [None req-f98be0b1-3fd6-452c-aa7f-f08b34a78bb6 admin admin] Publish callbacks [] for security_group, before_create {{(pid=101848) _notify_loop /usr/local/lib/python3.8/dist-packages/neutron_lib/callbacks/manager.py:175}}
Nov 16 16:04:41.724911 dv-cinder-818098-2-smb neutron-server[101849]: DEBUG neutron_lib.callbacks.manager [None req-dd8e0e25-82fc-44d2-a07d-4b3eb838b903 admin admin] Publish callbacks [] for security_group, precommit_create {{(pid=101849) _notify_loop /usr/local/lib/python3.8/dist-packages/neutron_lib/callbacks/manager.py:175}}
Nov 16 16:04:41.732404 dv-cinder-818098-2-smb neutron-server[101849]: DEBUG neutron_lib.callbacks.manager [None req-dd8e0e25-82fc-44d2-a07d-4b3eb838b903 admin admin] Publish callbacks ['neutron.plugins.ml2.ovo_rpc._ObjectChangeHandler.handle_event-558919'] for security_group, after_create {{(pid=101849) _notify_loop /usr/local/lib/python3.8/dist-packages/neutron_lib/callbacks/manager.py:175}}
Nov 16 16:04:41.802224 dv-cinder-818098-2-smb neutron-server[101849]: INFO neutron.wsgi [None req-dd8e0e25-82fc-44d2-a07d-4b3eb838b903 admin admin] 10.222.0.53 "GET /v2.0/security-groups?tenant_id=42378afb3ee44cea81ef6fd03a0badab&name=default HTTP/1.1" status: 200 len: 2996 time: 0.5342493
Nov 16 16:04:41.802950 dv-cinder-818098-2-smb neutron-server[101849]: DEBUG neutron.api.rpc.handlers.resources_rpc [None req-dd8e0e25-82fc-44d2-a07d-4b3eb838b903 admin admin] Pushing event updated for resources: {'SecurityGroup': ['ID=d7a7e434-3d80-4b1e-aee0-51e9afc1f712,revision_number=1']} {{(pid=101849) push /opt/stack/neutron/neutron/api/rpc/handlers/resources_rpc.py:237}}
Nov 16 16:04:41.806999 dv-cinder-818098-2-smb neutron-server[101849]: DEBUG neutron.wsgi [-] (101849) accepted ('10.222.0.53', 36926) {{(pid=101849) server /usr/local/lib/python3.8/dist-packages/eventlet/wsgi.py:982}}
Nov 16 16:04:41.832578 dv-cinder-818098-2-smb neutron-server[101848]: INFO neutron.wsgi [req-7cf26e90-b612-440c-8ff7-613ad086d996 req-a3b7f1e1-78bf-4860-895c-2683cf180a49 tempest-AttachVolumeNegativeTest-442942069 tempest-AttachVolumeNegativeTest-442942069-project] 10.222.0.53 "GET /v2.0/ports?device_id=0eed8944-1f2d-44eb-96fd-85e5ec264f4b HTTP/1.1" status: 200 len: 210 time: 0.0420740
Nov 16 16:04:41.844003 dv-cinder-818098-2-smb neutron-server[101848]: DEBUG neutron.pecan_wsgi.hooks.policy_enforcement [req-0343123b-cab9-48c5-9b19-c102f63bb46b req-2272e669-bef1-4b73-a9b3-e4d642dd6f50 tempest-ServerRescueNegativeTestJSON-2008876292 tempest-ServerRescueNegativeTestJSON-2008876292-project] Attributes excluded by policy engine: ['standard_attr_id', 'binding:profile', 'binding:host_id', 'binding:vif_type', 'binding:vif_details'] {{(pid=101848) _exclude_attributes_by_policy /opt/stack/neutron/neutron/pecan_wsgi/hooks/policy_enforcement.py:255}}
Nov 16 16:04:41.851732 dv-cinder-818098-2-smb neutron-server[101848]: INFO neutron.wsgi [req-0343123b-cab9-48c5-9b19-c102f63bb46b req-2272e669-bef1-4b73-a9b3-e4d642dd6f50 tempest-ServerRescueNegativeTestJSON-2008876292 tempest-ServerRescueNegativeTestJSON-2008876292-project] 10.222.0.53 "GET /v2.0/ports?device_id=f3c99eb5-bd09-4e9b-9ea2-e2eeb73a59b2 HTTP/1.1" status: 200 len: 946 time: 0.1446609
Nov 16 16:04:41.866820 dv-cinder-818098-2-smb neutron-server[101849]: DEBUG neutron_lib.callbacks.manager [None req-ff007484-8dbb-4ac8-bb04-049a725cf9dc admin admin] Publish callbacks [] for security_group, before_delete {{(pid=101849) _notify_loop /usr/local/lib/python3.8/dist-packages/neutron_lib/callbacks/manager.py:175}}
Nov 16 16:04:41.897472 dv-cinder-818098-2-smb neutron-server[101849]: DEBUG neutron_lib.callbacks.manager [None req-ff007484-8dbb-4ac8-bb04-049a725cf9dc admin admin] Publish callbacks [] for security_group, precommit_delete {{(pid=101849) _notify_loop /usr/local/lib/python3.8/dist-packages/neutron_lib/callbacks/manager.py:175}}
Nov 16 16:04:41.916289 dv-cinder-818098-2-smb neutron-server[101848]: DEBUG neutron_lib.callbacks.manager [None req-f98be0b1-3fd6-452c-aa7f-f08b34a78bb6 admin admin] Publish callbacks [] for security_group, precommit_create {{(pid=101848) _notify_loop /usr/local/lib/python3.8/dist-packages/neutron_lib/callbacks/manager.py:175}}
Nov 16 16:04:41.923479 dv-cinder-818098-2-smb neutron-server[101848]: DEBUG neutron_lib.callbacks.manager [None req-f98be0b1-3fd6-452c-aa7f-f08b34a78bb6 admin admin] Publish callbacks ['neutron.plugins.ml2.ovo_rpc._ObjectChangeHandler.handle_event-558919'] for security_group, after_create {{(pid=101848) _notify_loop /usr/local/lib/python3.8/dist-packages/neutron_lib/callbacks/manager.py:175}}
Nov 16 16:04:41.978266 dv-cinder-818098-2-smb neutron-server[101848]: INFO neutron.wsgi [req-0343123b-cab9-48c5-9b19-c102f63bb46b req-dd8b80b2-8d5d-4d67-ae0f-0dcbd38b69c4 tempest-ServerRescueNegativeTestJSON-2008876292 tempest-ServerRescueNegativeTestJSON-2008876292-project] 10.222.0.53 "GET /v2.0/security-groups?id=a8766aca-eb29-4ca9-b7a2-2b4c51ca1189&fields=id&fields=name HTTP/1.1" status: 200 len: 286 time: 0.1203291
Nov 16 16:04:42.013276 dv-cinder-818098-2-smb neutron-server[101849]: DEBUG neutron_lib.callbacks.manager [None req-ff007484-8dbb-4ac8-bb04-049a725cf9dc admin admin] Publish callbacks ['neutron.plugins.ml2.ovo_rpc._ObjectChangeHandler.handle_event-558919'] for security_group, after_delete {{(pid=101849) _notify_loop /usr/local/lib/python3.8/dist-packages/neutron_lib/callbacks/manager.py:175}}
Nov 16 16:04:42.014156 dv-cinder-818098-2-smb neutron-server[101848]: INFO neutron.wsgi [None req-f98be0b1-3fd6-452c-aa7f-f08b34a78bb6 admin admin] 10.222.0.53 "GET /v2.0/security-groups?tenant_id=1f50597b9d6f43318ab946fe2cb1e0de&name=default HTTP/1.1" status: 200 len: 2996 time: 0.3678303
Nov 16 16:04:42.015256 dv-cinder-818098-2-smb neutron-server[101848]: DEBUG neutron.api.rpc.handlers.resources_rpc [None req-f98be0b1-3fd6-452c-aa7f-f08b34a78bb6 admin admin] Pushing event updated for resources: {'SecurityGroup': ['ID=3811b70a-382b-4653-a7f8-6c6d4ae73459,revision_number=1']} {{(pid=101848) push /opt/stack/neutron/neutron/api/rpc/handlers/resources_rpc.py:237}}
Nov 16 16:04:42.017480 dv-cinder-818098-2-smb neutron-server[101849]: DEBUG neutron_lib.callbacks.manager [None req-ff007484-8dbb-4ac8-bb04-049a725cf9dc admin admin] Publish callbacks [] for security_group, before_response {{(pid=101849) _notify_loop /usr/local/lib/python3.8/dist-packages/neutron_lib/callbacks/manager.py:175}}
Nov 16 16:04:42.017868 dv-cinder-818098-2-smb neutron-server[101848]: DEBUG neutron.wsgi [-] (101848) accepted ('10.222.0.53', 36938) {{(pid=101848) server /usr/local/lib/python3.8/dist-packages/eventlet/wsgi.py:982}}
Nov 16 16:04:42.018572 dv-cinder-818098-2-smb neutron-server[101849]: INFO neutron.wsgi [None req-ff007484-8dbb-4ac8-bb04-049a725cf9dc admin admin] 10.222.0.53 "DELETE /v2.0/security-groups/d7a7e434-3d80-4b1e-aee0-51e9afc1f712 HTTP/1.1" status: 204 len: 168 time: 0.2098393
Nov 16 16:04:42.037490 dv-cinder-818098-2-smb neutron-server[101849]: DEBUG neutron.api.rpc.handlers.resources_rpc [None req-ff007484-8dbb-4ac8-bb04-049a725cf9dc admin admin] Pushing event deleted for resources: {'SecurityGroup': ['ID=d7a7e434-3d80-4b1e-aee0-51e9afc1f712,revision_number=None']} {{(pid=101849) push /opt/stack/neutron/neutron/api/rpc/handlers/resources_rpc.py:237}}
Nov 16 16:04:42.083927 dv-cinder-818098-2-smb neutron-server[101848]: DEBUG neutron_lib.callbacks.manager [None req-4d38d3e2-e5a8-4ad2-bffb-ec883fd63608 admin admin] Publish callbacks [] for security_group, before_delete {{(pid=101848) _notify_loop /usr/local/lib/python3.8/dist-packages/neutron_lib/callbacks/manager.py:175}}
Nov 16 16:04:42.165121 dv-cinder-818098-2-smb neutron-server[101848]: DEBUG neutron_lib.callbacks.manager [None req-4d38d3e2-e5a8-4ad2-bffb-ec883fd63608 admin admin] Publish callbacks [] for security_group, precommit_delete {{(pid=101848) _notify_loop /usr/local/lib/python3.8/dist-packages/neutron_lib/callbacks/manager.py:175}}
Nov 16 16:04:42.263420 dv-cinder-818098-2-smb neutron-server[101848]: DEBUG neutron_lib.callbacks.manager [None req-4d38d3e2-e5a8-4ad2-bffb-ec883fd63608 admin admin] Publish callbacks ['neutron.plugins.ml2.ovo_rpc._ObjectChangeHandler.handle_event-558919'] for security_group, after_delete {{(pid=101848) _notify_loop /usr/local/lib/python3.8/dist-packages/neutron_lib/callbacks/manager.py:175}}
Nov 16 16:04:42.266559 dv-cinder-818098-2-smb neutron-server[101848]: DEBUG neutron_lib.callbacks.manager [None req-4d38d3e2-e5a8-4ad2-bffb-ec883fd63608 admin admin] Publish callbacks [] for security_group, before_response {{(pid=101848) _notify_loop /usr/local/lib/python3.8/dist-packages/neutron_lib/callbacks/manager.py:175}}
Nov 16 16:04:42.267747 dv-cinder-818098-2-smb neutron-server[101848]: INFO neutron.wsgi [None req-4d38d3e2-e5a8-4ad2-bffb-ec883fd63608 admin admin] 10.222.0.53 "DELETE /v2.0/security-groups/3811b70a-382b-4653-a7f8-6c6d4ae73459 HTTP/1.1" status: 204 len: 168 time: 0.2485750
Nov 16 16:04:42.284084 dv-cinder-818098-2-smb neutron-server[101848]: DEBUG neutron.api.rpc.handlers.resources_rpc [None req-4d38d3e2-e5a8-4ad2-bffb-ec883fd63608 admin admin] Pushing event deleted for resources: {'SecurityGroup': ['ID=3811b70a-382b-4653-a7f8-6c6d4ae73459,revision_number=None']} {{(pid=101848) push /opt/stack/neutron/neutron/api/rpc/handlers/resources_rpc.py:237}}
Nov 16 16:04:42.486502 dv-cinder-818098-2-smb neutron-server[101849]: DEBUG neutron.wsgi [-] (101849) accepted ('10.222.0.53', 36964) {{(pid=101849) server /usr/local/lib/python3.8/dist-packages/eventlet/wsgi.py:982}}
Nov 16 16:04:42.505259 dv-cinder-818098-2-smb neutron-server[101849]: DEBUG neutron_lib.callbacks.manager [None req-04db80c2-f4bc-445f-b09f-59b1239f137e admin admin] Publish callbacks [] for security_group, before_create {{(pid=101849) _notify_loop /usr/local/lib/python3.8/dist-packages/neutron_lib/callbacks/manager.py:175}}
Nov 16 16:04:42.614843 dv-cinder-818098-2-smb neutron-server[101849]: DEBUG neutron_lib.callbacks.manager [None req-04db80c2-f4bc-445f-b09f-59b1239f137e admin admin] Publish callbacks [] for security_group, precommit_create {{(pid=101849) _notify_loop /usr/local/lib/python3.8/dist-packages/neutron_lib/callbacks/manager.py:175}}
Nov 16 16:04:42.620118 dv-cinder-818098-2-smb neutron-server[101849]: DEBUG neutron_lib.callbacks.manager [None req-04db80c2-f4bc-445f-b09f-59b1239f137e admin admin] Publish callbacks ['neutron.plugins.ml2.ovo_rpc._ObjectChangeHandler.handle_event-558919'] for security_group, after_create {{(pid=101849) _notify_loop /usr/local/lib/python3.8/dist-packages/neutron_lib/callbacks/manager.py:175}}
Nov 16 16:04:42.675208 dv-cinder-818098-2-smb neutron-server[101849]: INFO neutron.wsgi [None req-04db80c2-f4bc-445f-b09f-59b1239f137e admin admin] 10.222.0.53 "GET /v2.0/security-groups?tenant_id=3b90cce5afd14dbc85b8453a999392ef&name=default HTTP/1.1" status: 200 len: 2996 time: 0.1866021
Nov 16 16:04:42.676352 dv-cinder-818098-2-smb neutron-server[101849]: DEBUG neutron.api.rpc.handlers.resources_rpc [None req-04db80c2-f4bc-445f-b09f-59b1239f137e admin admin] Pushing event updated for resources: {'SecurityGroup': ['ID=1f4acaf0-c027-453d-9412-ce90142642c9,revision_number=1']} {{(pid=101849) push /opt/stack/neutron/neutron/api/rpc/handlers/resources_rpc.py:237}}
Nov 16 16:04:42.677903 dv-cinder-818098-2-smb neutron-server[101848]: DEBUG neutron.wsgi [-] (101848) accepted ('10.222.0.53', 36972) {{(pid=101848) server /usr/local/lib/python3.8/dist-packages/eventlet/wsgi.py:982}}
Nov 16 16:04:42.739100 dv-cinder-818098-2-smb neutron-server[101848]: DEBUG neutron_lib.callbacks.manager [None req-7c9b8257-3d11-407a-ba66-56d71cf6554f admin admin] Publish callbacks [] for security_group, before_delete {{(pid=101848) _notify_loop /usr/local/lib/python3.8/dist-packages/neutron_lib/callbacks/manager.py:175}}
Nov 16 16:04:42.763446 dv-cinder-818098-2-smb neutron-server[101848]: DEBUG neutron_lib.callbacks.manager [None req-7c9b8257-3d11-407a-ba66-56d71cf6554f admin admin] Publish callbacks [] for security_group, precommit_delete {{(pid=101848) _notify_loop /usr/local/lib/python3.8/dist-packages/neutron_lib/callbacks/manager.py:175}}
Nov 16 16:04:42.820961 dv-cinder-818098-2-smb neutron-server[101848]: DEBUG neutron_lib.callbacks.manager [None req-7c9b8257-3d11-407a-ba66-56d71cf6554f admin admin] Publish callbacks ['neutron.plugins.ml2.ovo_rpc._ObjectChangeHandler.handle_event-558919'] for security_group, after_delete {{(pid=101848) _notify_loop /usr/local/lib/python3.8/dist-packages/neutron_lib/callbacks/manager.py:175}}
Nov 16 16:04:42.823908 dv-cinder-818098-2-smb neutron-server[101848]: DEBUG neutron_lib.callbacks.manager [None req-7c9b8257-3d11-407a-ba66-56d71cf6554f admin admin] Publish callbacks [] for security_group, before_response {{(pid=101848) _notify_loop /usr/local/lib/python3.8/dist-packages/neutron_lib/callbacks/manager.py:175}}
Nov 16 16:04:42.825100 dv-cinder-818098-2-smb neutron-server[101848]: INFO neutron.wsgi [None req-7c9b8257-3d11-407a-ba66-56d71cf6554f admin admin] 10.222.0.53 "DELETE /v2.0/security-groups/1f4acaf0-c027-453d-9412-ce90142642c9 HTTP/1.1" status: 204 len: 168 time: 0.1454399
Nov 16 16:04:42.833179 dv-cinder-818098-2-smb neutron-server[101848]: DEBUG neutron.api.rpc.handlers.resources_rpc [None req-7c9b8257-3d11-407a-ba66-56d71cf6554f admin admin] Pushing event deleted for resources: {'SecurityGroup': ['ID=1f4acaf0-c027-453d-9412-ce90142642c9,revision_number=None']} {{(pid=101848) push /opt/stack/neutron/neutron/api/rpc/handlers/resources_rpc.py:237}}
Nov 16 16:04:42.939508 dv-cinder-818098-2-smb neutron-server[101848]: INFO neutron.wsgi [req-a605e102-3e3d-41c6-b497-cbc2ba8bddca req-68605f9d-36a9-4827-9423-8ec9327eb55d tempest-AttachVolumeNegativeTest-442942069 tempest-AttachVolumeNegativeTest-442942069-project] 10.222.0.53 "GET /v2.0/ports?device_id=0eed8944-1f2d-44eb-96fd-85e5ec264f4b HTTP/1.1" status: 200 len: 210 time: 0.0272770
Nov 16 16:04:43.103888 dv-cinder-818098-2-smb neutron-server[101848]: DEBUG neutron.pecan_wsgi.hooks.policy_enforcement [req-0d17d747-1fc8-4f97-86fb-c917d8e103ea req-cc73e78f-0935-4c90-b2fa-a5e0895060a4 tempest-ServerRescueNegativeTestJSON-2008876292 tempest-ServerRescueNegativeTestJSON-2008876292-project] Attributes excluded by policy engine: ['standard_attr_id', 'binding:profile', 'binding:host_id', 'binding:vif_type', 'binding:vif_details'] {{(pid=101848) _exclude_attributes_by_policy /opt/stack/neutron/neutron/pecan_wsgi/hooks/policy_enforcement.py:255}}
Nov 16 16:04:43.105963 dv-cinder-818098-2-smb neutron-server[101848]: INFO neutron.wsgi [req-0d17d747-1fc8-4f97-86fb-c917d8e103ea req-cc73e78f-0935-4c90-b2fa-a5e0895060a4 tempest-ServerRescueNegativeTestJSON-2008876292 tempest-ServerRescueNegativeTestJSON-2008876292-project] 10.222.0.53 "GET /v2.0/ports?device_id=f3c99eb5-bd09-4e9b-9ea2-e2eeb73a59b2 HTTP/1.1" status: 200 len: 946 time: 0.0531685
Nov 16 16:04:43.184477 dv-cinder-818098-2-smb neutron-server[101848]: INFO neutron.wsgi [req-0d17d747-1fc8-4f97-86fb-c917d8e103ea req-a883035e-117f-4e1b-9a8c-2f02fe902d6b tempest-ServerRescueNegativeTestJSON-2008876292 tempest-ServerRescueNegativeTestJSON-2008876292-project] 10.222.0.53 "GET /v2.0/security-groups?id=a8766aca-eb29-4ca9-b7a2-2b4c51ca1189&fields=id&fields=name HTTP/1.1" status: 200 len: 286 time: 0.0696373
Nov 16 16:04:43.226250 dv-cinder-818098-2-smb neutron-server[101848]: DEBUG neutron.wsgi [-] (101848) accepted ('10.222.0.53', 37006) {{(pid=101848) server /usr/local/lib/python3.8/dist-packages/eventlet/wsgi.py:982}}
Nov 16 16:04:43.251628 dv-cinder-818098-2-smb neutron-server[101848]: DEBUG neutron_lib.callbacks.manager [None req-ecec585f-544f-46f0-822b-2ce16339e9cf admin admin] Publish callbacks [] for security_group, before_create {{(pid=101848) _notify_loop /usr/local/lib/python3.8/dist-packages/neutron_lib/callbacks/manager.py:175}}
Nov 16 16:04:43.336532 dv-cinder-818098-2-smb neutron-server[101849]: DEBUG neutron.pecan_wsgi.hooks.policy_enforcement [req-bd5d6590-5a6a-48ee-a45b-acbb236bc928 req-17bf9061-e0ff-4bde-b45f-0c3c49e88cf9 tempest-AttachVolumeNegativeTest-442942069 tempest-AttachVolumeNegativeTest-442942069-project] Attributes excluded by policy engine: ['standard_attr_id', 'vlan_transparent', 'provider:network_type', 'provider:physical_network', 'provider:segmentation_id'] {{(pid=101849) _exclude_attributes_by_policy /opt/stack/neutron/neutron/pecan_wsgi/hooks/policy_enforcement.py:255}}
Nov 16 16:04:43.338948 dv-cinder-818098-2-smb neutron-server[101849]: INFO neutron.wsgi [req-bd5d6590-5a6a-48ee-a45b-acbb236bc928 req-17bf9061-e0ff-4bde-b45f-0c3c49e88cf9 tempest-AttachVolumeNegativeTest-442942069 tempest-AttachVolumeNegativeTest-442942069-project] 10.222.0.41 "GET /v2.0/networks?id=785e2cde-136c-4473-be6a-0727cceab244 HTTP/1.1" status: 200 len: 814 time: 0.1682119
Nov 16 16:04:43.366253 dv-cinder-818098-2-smb neutron-server[101849]: DEBUG neutron.api.v2.base [req-bd5d6590-5a6a-48ee-a45b-acbb236bc928 req-8e8ef29a-12b3-4de4-81d4-556b2ada43b8 tempest-AttachVolumeNegativeTest-442942069 tempest-AttachVolumeNegativeTest-442942069-project] Request body: {'port': {'device_id': '0eed8944-1f2d-44eb-96fd-85e5ec264f4b', 'network_id': '785e2cde-136c-4473-be6a-0727cceab244', 'admin_state_up': True, 'tenant_id': '9d99ce015bd4498db21c097983acd483'}} {{(pid=101849) prepare_request_body /opt/stack/neutron/neutron/api/v2/base.py:729}}
Nov 16 16:04:43.424763 dv-cinder-818098-2-smb neutron-server[101848]: DEBUG neutron_lib.callbacks.manager [None req-ecec585f-544f-46f0-822b-2ce16339e9cf admin admin] Publish callbacks [] for security_group, precommit_create {{(pid=101848) _notify_loop /usr/local/lib/python3.8/dist-packages/neutron_lib/callbacks/manager.py:175}}
Nov 16 16:04:43.433758 dv-cinder-818098-2-smb neutron-server[101848]: DEBUG neutron_lib.callbacks.manager [None req-ecec585f-544f-46f0-822b-2ce16339e9cf admin admin] Publish callbacks ['neutron.plugins.ml2.ovo_rpc._ObjectChangeHandler.handle_event-558919'] for security_group, after_create {{(pid=101848) _notify_loop /usr/local/lib/python3.8/dist-packages/neutron_lib/callbacks/manager.py:175}}
Nov 16 16:04:43.485588 dv-cinder-818098-2-smb neutron-server[101848]: INFO neutron.wsgi [None req-ecec585f-544f-46f0-822b-2ce16339e9cf admin admin] 10.222.0.53 "GET /v2.0/security-groups?tenant_id=a45b352d74ad442cb58fa543bc950644&name=default HTTP/1.1" status: 200 len: 2996 time: 0.2579596
Nov 16 16:04:43.486755 dv-cinder-818098-2-smb neutron-server[101848]: DEBUG neutron.api.rpc.handlers.resources_rpc [None req-ecec585f-544f-46f0-822b-2ce16339e9cf admin admin] Pushing event updated for resources: {'SecurityGroup': ['ID=94836718-6aaf-4cdc-901a-5de9f4ae766c,revision_number=1']} {{(pid=101848) push /opt/stack/neutron/neutron/api/rpc/handlers/resources_rpc.py:237}}
Nov 16 16:04:43.490070 dv-cinder-818098-2-smb neutron-server[101848]: DEBUG neutron.wsgi [-] (101848) accepted ('10.222.0.53', 37022) {{(pid=101848) server /usr/local/lib/python3.8/dist-packages/eventlet/wsgi.py:982}}
Nov 16 16:04:43.552368 dv-cinder-818098-2-smb neutron-server[101848]: DEBUG neutron_lib.callbacks.manager [None req-9fb9aa79-df47-4433-bd5d-6de182cd41b1 admin admin] Publish callbacks [] for security_group, before_delete {{(pid=101848) _notify_loop /usr/local/lib/python3.8/dist-packages/neutron_lib/callbacks/manager.py:175}}
Nov 16 16:04:43.573369 dv-cinder-818098-2-smb neutron-server[101849]: DEBUG neutron.pecan_wsgi.hooks.quota_enforcement [req-bd5d6590-5a6a-48ee-a45b-acbb236bc928 req-8e8ef29a-12b3-4de4-81d4-556b2ada43b8 tempest-AttachVolumeNegativeTest-442942069 tempest-AttachVolumeNegativeTest-442942069-project] Made reservation on behalf of 9d99ce015bd4498db21c097983acd483 for: {'port': 1} {{(pid=101849) before /opt/stack/neutron/neutron/pecan_wsgi/hooks/quota_enforcement.py:53}}
Nov 16 16:04:43.580858 dv-cinder-818098-2-smb neutron-server[101849]: DEBUG neutron_lib.callbacks.manager [req-bd5d6590-5a6a-48ee-a45b-acbb236bc928 req-8e8ef29a-12b3-4de4-81d4-556b2ada43b8 tempest-AttachVolumeNegativeTest-442942069 tempest-AttachVolumeNegativeTest-442942069-project] Publish callbacks ['neutron.plugins.ml2.plugin.SecurityGroupDbMixin._ensure_default_security_group_handler-16110095'] for port, before_create {{(pid=101849) _notify_loop /usr/local/lib/python3.8/dist-packages/neutron_lib/callbacks/manager.py:175}}
Nov 16 16:04:43.589844 dv-cinder-818098-2-smb neutron-server[101848]: DEBUG neutron_lib.callbacks.manager [None req-9fb9aa79-df47-4433-bd5d-6de182cd41b1 admin admin] Publish callbacks [] for security_group, precommit_delete {{(pid=101848) _notify_loop /usr/local/lib/python3.8/dist-packages/neutron_lib/callbacks/manager.py:175}}
Nov 16 16:04:43.680531 dv-cinder-818098-2-smb neutron-server[101848]: DEBUG neutron_lib.callbacks.manager [None req-9fb9aa79-df47-4433-bd5d-6de182cd41b1 admin admin] Publish callbacks ['neutron.plugins.ml2.ovo_rpc._ObjectChangeHandler.handle_event-558919'] for security_group, after_delete {{(pid=101848) _notify_loop /usr/local/lib/python3.8/dist-packages/neutron_lib/callbacks/manager.py:175}}
Nov 16 16:04:43.684029 dv-cinder-818098-2-smb neutron-server[101848]: DEBUG neutron_lib.callbacks.manager [None req-9fb9aa79-df47-4433-bd5d-6de182cd41b1 admin admin] Publish callbacks [] for security_group, before_response {{(pid=101848) _notify_loop /usr/local/lib/python3.8/dist-packages/neutron_lib/callbacks/manager.py:175}}
Nov 16 16:04:43.685446 dv-cinder-818098-2-smb neutron-server[101848]: INFO neutron.wsgi [None req-9fb9aa79-df47-4433-bd5d-6de182cd41b1 admin admin] 10.222.0.53 "DELETE /v2.0/security-groups/94836718-6aaf-4cdc-901a-5de9f4ae766c HTTP/1.1" status: 204 len: 168 time: 0.1940987
Nov 16 16:04:43.693911 dv-cinder-818098-2-smb neutron-server[101848]: DEBUG neutron.api.rpc.handlers.resources_rpc [None req-9fb9aa79-df47-4433-bd5d-6de182cd41b1 admin admin] Pushing event deleted for resources: {'SecurityGroup': ['ID=94836718-6aaf-4cdc-901a-5de9f4ae766c,revision_number=None']} {{(pid=101848) push /opt/stack/neutron/neutron/api/rpc/handlers/resources_rpc.py:237}}
Nov 16 16:04:43.803746 dv-cinder-818098-2-smb neutron-server[101849]: INFO neutron.wsgi [req-6cc0f4b1-af7a-49df-b430-cb9b8f7f666f req-fb7fbc23-b6ce-4ee1-addf-fe799fa4287c service neutron] 10.222.0.41 "GET /v2.0/ports?device_id=6aec91ef-45b5-4171-a505-01ba9230f3be&fields=binding%3Ahost_id&fields=binding%3Avif_type HTTP/1.1" status: 200 len: 275 time: 0.0849314
Nov 16 16:04:43.868193 dv-cinder-818098-2-smb neutron-server[101849]: DEBUG neutron.db.db_base_plugin_common [req-bd5d6590-5a6a-48ee-a45b-acbb236bc928 req-8e8ef29a-12b3-4de4-81d4-556b2ada43b8 tempest-AttachVolumeNegativeTest-442942069 tempest-AttachVolumeNegativeTest-442942069-project] Allocated IP 172.20.0.6 (785e2cde-136c-4473-be6a-0727cceab244/ecbf2987-06d3-45aa-b944-2e5129eff506/b4048d5e-9db4-453a-b7be-91d49593267e) {{(pid=101849) _store_ip_allocation /opt/stack/neutron/neutron/db/db_base_plugin_common.py:131}}
Nov 16 16:04:44.054032 dv-cinder-818098-2-smb neutron-server[101849]: DEBUG neutron.pecan_wsgi.hooks.policy_enforcement [req-6cc0f4b1-af7a-49df-b430-cb9b8f7f666f req-71722910-cd0d-4689-9a63-0e117e1ffc09 service neutron] Attributes excluded by policy engine: ['standard_attr_id'] {{(pid=101849) _exclude_attributes_by_policy /opt/stack/neutron/neutron/pecan_wsgi/hooks/policy_enforcement.py:255}}
Nov 16 16:04:44.056018 dv-cinder-818098-2-smb neutron-server[101849]: INFO neutron.wsgi [req-6cc0f4b1-af7a-49df-b430-cb9b8f7f666f req-71722910-cd0d-4689-9a63-0e117e1ffc09 service neutron] 10.222.0.41 "GET /v2.0/ports?tenant_id=9d99ce015bd4498db21c097983acd483&device_id=6aec91ef-45b5-4171-a505-01ba9230f3be HTTP/1.1" status: 200 len: 1098 time: 0.1617100
Nov 16 16:04:44.161011 dv-cinder-818098-2-smb neutron-server[101848]: INFO neutron.wsgi [req-fc3f8630-1518-40de-86cd-c9bdc3686870 req-08baf3f1-df69-4ade-ad47-9130cfd5f280 tempest-AttachVolumeNegativeTest-442942069 tempest-AttachVolumeNegativeTest-442942069-project] 10.222.0.53 "GET /v2.0/ports?device_id=0eed8944-1f2d-44eb-96fd-85e5ec264f4b HTTP/1.1" status: 200 len: 210 time: 0.0622697
Nov 16 16:04:44.240264 dv-cinder-818098-2-smb neutron-server[101849]: DEBUG neutron.pecan_wsgi.hooks.policy_enforcement [req-6cc0f4b1-af7a-49df-b430-cb9b8f7f666f req-aed7566f-2c56-4215-9df9-36534fe6f87d service neutron] Attributes excluded by policy engine: ['standard_attr_id', 'vlan_transparent'] {{(pid=101849) _exclude_attributes_by_policy /opt/stack/neutron/neutron/pecan_wsgi/hooks/policy_enforcement.py:255}}
Nov 16 16:04:44.243134 dv-cinder-818098-2-smb neutron-server[101849]: INFO neutron.wsgi [req-6cc0f4b1-af7a-49df-b430-cb9b8f7f666f req-aed7566f-2c56-4215-9df9-36534fe6f87d service neutron] 10.222.0.41 "GET /v2.0/networks?id=785e2cde-136c-4473-be6a-0727cceab244 HTTP/1.1" status: 200 len: 915 time: 0.1418204
Nov 16 16:04:44.305518 dv-cinder-818098-2-smb neutron-server[101849]: DEBUG neutron_lib.callbacks.manager [req-bd5d6590-5a6a-48ee-a45b-acbb236bc928 req-8e8ef29a-12b3-4de4-81d4-556b2ada43b8 tempest-AttachVolumeNegativeTest-442942069 tempest-AttachVolumeNegativeTest-442942069-project] Publish callbacks [] for port, precommit_create {{(pid=101849) _notify_loop /usr/local/lib/python3.8/dist-packages/neutron_lib/callbacks/manager.py:175}}
Nov 16 16:04:44.308402 dv-cinder-818098-2-smb neutron-server[101849]: INFO neutron.wsgi [req-6cc0f4b1-af7a-49df-b430-cb9b8f7f666f req-89e66e04-d0bb-4f0f-a977-e6eb8b0da232 service neutron] 10.222.0.41 "GET /v2.0/floatingips?fixed_ip_address=172.20.0.4&port_id=da596b40-18f0-4481-9771-ec3f4301408b HTTP/1.1" status: 200 len: 217 time: 0.0515800
Nov 16 16:04:44.364018 dv-cinder-818098-2-smb neutron-server[101848]: DEBUG neutron.pecan_wsgi.hooks.policy_enforcement [req-144d8ebe-4e4e-47b9-acfd-371518a99c2b req-85724bb5-4fea-4ed7-b199-6e81ed81b223 tempest-ServerRescueNegativeTestJSON-2008876292 tempest-ServerRescueNegativeTestJSON-2008876292-project] Attributes excluded by policy engine: ['standard_attr_id', 'binding:profile', 'binding:host_id', 'binding:vif_type', 'binding:vif_details'] {{(pid=101848) _exclude_attributes_by_policy /opt/stack/neutron/neutron/pecan_wsgi/hooks/policy_enforcement.py:255}}
Nov 16 16:04:44.372852 dv-cinder-818098-2-smb neutron-server[101848]: INFO neutron.wsgi [req-144d8ebe-4e4e-47b9-acfd-371518a99c2b req-85724bb5-4fea-4ed7-b199-6e81ed81b223 tempest-ServerRescueNegativeTestJSON-2008876292 tempest-ServerRescueNegativeTestJSON-2008876292-project] 10.222.0.53 "GET /v2.0/ports?device_id=f3c99eb5-bd09-4e9b-9ea2-e2eeb73a59b2 HTTP/1.1" status: 200 len: 946 time: 0.0785000
Nov 16 16:04:44.385158 dv-cinder-818098-2-smb neutron-server[101849]: DEBUG neutron.pecan_wsgi.hooks.policy_enforcement [req-6cc0f4b1-af7a-49df-b430-cb9b8f7f666f req-29723634-ad88-488c-8d13-437f1107a6d6 service neutron] Attributes excluded by policy engine: ['standard_attr_id', 'shared', 'segment_id'] {{(pid=101849) _exclude_attributes_by_policy /opt/stack/neutron/neutron/pecan_wsgi/hooks/policy_enforcement.py:255}}
Nov 16 16:04:44.387015 dv-cinder-818098-2-smb neutron-server[101849]: INFO neutron.wsgi [req-6cc0f4b1-af7a-49df-b430-cb9b8f7f666f req-29723634-ad88-488c-8d13-437f1107a6d6 service neutron] 10.222.0.41 "GET /v2.0/subnets?id=ecbf2987-06d3-45aa-b944-2e5129eff506 HTTP/1.1" status: 200 len: 854 time: 0.0671964
Nov 16 16:04:44.388693 dv-cinder-818098-2-smb neutron-server[101849]: DEBUG neutron_lib.callbacks.manager [req-bd5d6590-5a6a-48ee-a45b-acbb236bc928 req-8e8ef29a-12b3-4de4-81d4-556b2ada43b8 tempest-AttachVolumeNegativeTest-442942069 tempest-AttachVolumeNegativeTest-442942069-project] Publish callbacks ['neutron.plugins.ml2.plugin.SecurityGroupServerNotifierRpcMixin._notify_sg_on_port_change-16110286', 'neutron.plugins.ml2.ovo_rpc._ObjectChangeHandler.handle_event-499418', 'neutron.api.rpc.agentnotifiers.dhcp_rpc_agent_api.DhcpAgentNotifyAPI._native_event_send_dhcp_notification-529683', 'neutron.db.l3_dvrscheduler_db._notify_l3_agent_new_port-8731290369666', 'neutron.services.segments.plugin.NovaSegmentNotifier._notify_port_created_or_deleted-25194887'] for port, after_create {{(pid=101849) _notify_loop /usr/local/lib/python3.8/dist-packages/neutron_lib/callbacks/manager.py:175}}
Nov 16 16:04:44.406432 dv-cinder-818098-2-smb neutron-server[101850]: DEBUG neutron.plugins.ml2.db [None req-3810587d-60e1-4823-8918-3174a16a3682 None None] get_ports_and_sgs() called for port_ids ['da596b40-18f0-4481-9771-ec3f4301408b', 'f884ce33-707e-4c9d-b71e-52d42cbf19f9'] {{(pid=101850) get_ports_and_sgs /opt/stack/neutron/neutron/plugins/ml2/db.py:156}}
Nov 16 16:04:44.456924 dv-cinder-818098-2-smb neutron-server[101849]: INFO neutron.wsgi [req-6cc0f4b1-af7a-49df-b430-cb9b8f7f666f req-df1c00fb-03e2-4c79-8e92-5d519db37def service neutron] 10.222.0.41 "GET /v2.0/ports?network_id=785e2cde-136c-4473-be6a-0727cceab244&device_owner=network%3Adhcp HTTP/1.1" status: 200 len: 210 time: 0.0582774
Nov 16 16:04:44.473494 dv-cinder-818098-2-smb neutron-server[101848]: INFO neutron.wsgi [req-144d8ebe-4e4e-47b9-acfd-371518a99c2b req-bba00dcd-44dd-4017-bc5f-c17692c9db58 tempest-ServerRescueNegativeTestJSON-2008876292 tempest-ServerRescueNegativeTestJSON-2008876292-project] 10.222.0.53 "GET /v2.0/security-groups?id=a8766aca-eb29-4ca9-b7a2-2b4c51ca1189&fields=id&fields=name HTTP/1.1" status: 200 len: 286 time: 0.0994606
Nov 16 16:04:44.493085 dv-cinder-818098-2-smb neutron-server[101849]: DEBUG neutron.scheduler.dhcp_agent_scheduler [req-bd5d6590-5a6a-48ee-a45b-acbb236bc928 req-8e8ef29a-12b3-4de4-81d4-556b2ada43b8 tempest-AttachVolumeNegativeTest-442942069 tempest-AttachVolumeNegativeTest-442942069-project] Network 785e2cde-136c-4473-be6a-0727cceab244 is already hosted by enough agents. {{(pid=101849) _get_dhcp_agents_hosting_network /opt/stack/neutron/neutron/scheduler/dhcp_agent_scheduler.py:275}}
Nov 16 16:04:44.509097 dv-cinder-818098-2-smb neutron-server[101849]: DEBUG neutron.scheduler.base_scheduler [req-bd5d6590-5a6a-48ee-a45b-acbb236bc928 req-8e8ef29a-12b3-4de4-81d4-556b2ada43b8 tempest-AttachVolumeNegativeTest-442942069 tempest-AttachVolumeNegativeTest-442942069-project] Resources bound (agent type, host, resource id): {{(pid=101849) schedule /opt/stack/neutron/neutron/scheduler/base_scheduler.py:57}}
Nov 16 16:04:44.514312 dv-cinder-818098-2-smb neutron-server[101849]: DEBUG neutron.db.l3_dvrscheduler_db [req-bd5d6590-5a6a-48ee-a45b-acbb236bc928 req-8e8ef29a-12b3-4de4-81d4-556b2ada43b8 tempest-AttachVolumeNegativeTest-442942069 tempest-AttachVolumeNegativeTest-442942069-project] Received port after_create {{(pid=101849) _notify_l3_agent_new_port /opt/stack/neutron/neutron/db/l3_dvrscheduler_db.py:535}}
Nov 16 16:04:44.615316 dv-cinder-818098-2-smb neutron-server[101849]: DEBUG neutron.pecan_wsgi.hooks.policy_enforcement [req-bd5d6590-5a6a-48ee-a45b-acbb236bc928 req-8e8ef29a-12b3-4de4-81d4-556b2ada43b8 tempest-AttachVolumeNegativeTest-442942069 tempest-AttachVolumeNegativeTest-442942069-project] Attributes excluded by policy engine: ['standard_attr_id', 'binding:profile', 'binding:host_id', 'binding:vif_type', 'binding:vif_details', 'network'] {{(pid=101849) _exclude_attributes_by_policy /opt/stack/neutron/neutron/pecan_wsgi/hooks/policy_enforcement.py:255}}
Nov 16 16:04:44.615316 dv-cinder-818098-2-smb neutron-server[101849]: DEBUG neutron_lib.callbacks.manager [req-bd5d6590-5a6a-48ee-a45b-acbb236bc928 req-8e8ef29a-12b3-4de4-81d4-556b2ada43b8 tempest-AttachVolumeNegativeTest-442942069 tempest-AttachVolumeNegativeTest-442942069-project] Publish callbacks ['neutron.notifiers.nova.Notifier._send_nova_notification-500701', 'neutron.api.rpc.agentnotifiers.dhcp_rpc_agent_api.DhcpAgentNotifyAPI._send_dhcp_notification-529697'] for port, before_response {{(pid=101849) _notify_loop /usr/local/lib/python3.8/dist-packages/neutron_lib/callbacks/manager.py:175}}
Nov 16 16:04:44.640072 dv-cinder-818098-2-smb neutron-server[101849]: INFO neutron.wsgi [req-bd5d6590-5a6a-48ee-a45b-acbb236bc928 req-8e8ef29a-12b3-4de4-81d4-556b2ada43b8 tempest-AttachVolumeNegativeTest-442942069 tempest-AttachVolumeNegativeTest-442942069-project] 10.222.0.41 "POST /v2.0/ports HTTP/1.1" status: 201 len: 933 time: 1.2818511
Nov 16 16:04:44.640617 dv-cinder-818098-2-smb neutron-server[101849]: DEBUG neutron.api.rpc.handlers.resources_rpc [None req-8e8ef29a-12b3-4de4-81d4-556b2ada43b8 tempest-AttachVolumeNegativeTest-442942069 tempest-AttachVolumeNegativeTest-442942069-project] Pushing event updated for resources: {'Port': ['ID=b4048d5e-9db4-453a-b7be-91d49593267e,revision_number=1']} {{(pid=101849) push /opt/stack/neutron/neutron/api/rpc/handlers/resources_rpc.py:237}}
Nov 16 16:04:44.660337 dv-cinder-818098-2-smb neutron-server[101849]: DEBUG neutron.api.v2.base [req-bd5d6590-5a6a-48ee-a45b-acbb236bc928 req-2277a63e-5c82-4f09-ae3f-b69e360728e4 service neutron] Request body: {'port': {'device_id': '0eed8944-1f2d-44eb-96fd-85e5ec264f4b', 'device_owner': 'compute:nova', 'binding:host_id': 'hv-cinder-81809'}} {{(pid=101849) prepare_request_body /opt/stack/neutron/neutron/api/v2/base.py:729}}
Nov 16 16:04:44.764855 dv-cinder-818098-2-smb neutron-server[101849]: DEBUG neutron_lib.callbacks.manager [req-bd5d6590-5a6a-48ee-a45b-acbb236bc928 req-2277a63e-5c82-4f09-ae3f-b69e360728e4 service neutron] Publish callbacks ['neutron.plugins.ml2.plugin.SecurityGroupDbMixin._ensure_default_security_group_handler-16110095'] for port, before_update {{(pid=101849) _notify_loop /usr/local/lib/python3.8/dist-packages/neutron_lib/callbacks/manager.py:175}}
Nov 16 16:04:44.804741 dv-cinder-818098-2-smb neutron-server[101849]: INFO neutron.wsgi [req-6cc0f4b1-af7a-49df-b430-cb9b8f7f666f req-a5a866ad-2537-4849-9090-259bd1c71923 service neutron] 10.222.0.41 "GET /v2.0/networks/785e2cde-136c-4473-be6a-0727cceab244?fields=segments HTTP/1.1" status: 200 len: 212 time: 0.3335271
Nov 16 16:04:44.923239 dv-cinder-818098-2-smb neutron-server[101848]: DEBUG neutron.wsgi [-] (101848) accepted ('10.222.0.53', 37138) {{(pid=101848) server /usr/local/lib/python3.8/dist-packages/eventlet/wsgi.py:982}}
Nov 16 16:04:45.059196 dv-cinder-818098-2-smb neutron-server[101848]: DEBUG neutron.api.v2.base [None req-604abf78-ff81-434c-a978-3b57b257dbfe admin admin] Request body: {'network': {'name': 'tempest-VolumesSnapshotTestJSON-1111383156-network', 'tenant_id': '2a07682439c6443599153b7dbecddddc'}} {{(pid=101848) prepare_request_body /opt/stack/neutron/neutron/api/v2/base.py:729}}
Nov 16 16:04:45.104355 dv-cinder-818098-2-smb neutron-server[101849]: INFO neutron.wsgi [req-6cc0f4b1-af7a-49df-b430-cb9b8f7f666f req-a7192cf0-6285-4271-b5db-06bbf485536f service neutron] 10.222.0.41 "GET /v2.0/networks/785e2cde-136c-4473-be6a-0727cceab244?fields=provider%3Aphysical_network&fields=provider%3Anetwork_type HTTP/1.1" status: 200 len: 281 time: 0.2860472
Nov 16 16:04:45.130713 dv-cinder-818098-2-smb neutron-server[101848]: DEBUG neutron.pecan_wsgi.hooks.quota_enforcement [None req-604abf78-ff81-434c-a978-3b57b257dbfe admin admin] Made reservation on behalf of 2a07682439c6443599153b7dbecddddc for: {'network': 1} {{(pid=101848) before /opt/stack/neutron/neutron/pecan_wsgi/hooks/quota_enforcement.py:53}}
Nov 16 16:04:45.134390 dv-cinder-818098-2-smb neutron-server[101848]: DEBUG neutron_lib.callbacks.manager [None req-604abf78-ff81-434c-a978-3b57b257dbfe admin admin] Publish callbacks ['neutron.plugins.ml2.plugin.SecurityGroupDbMixin._ensure_default_security_group_handler-16110095'] for network, before_create {{(pid=101848) _notify_loop /usr/local/lib/python3.8/dist-packages/neutron_lib/callbacks/manager.py:175}}
Nov 16 16:04:45.157442 dv-cinder-818098-2-smb neutron-server[101848]: DEBUG neutron_lib.callbacks.manager [None req-604abf78-ff81-434c-a978-3b57b257dbfe admin admin] Publish callbacks [] for security_group, before_create {{(pid=101848) _notify_loop /usr/local/lib/python3.8/dist-packages/neutron_lib/callbacks/manager.py:175}}
Nov 16 16:04:45.361831 dv-cinder-818098-2-smb neutron-server[101848]: DEBUG neutron_lib.callbacks.manager [None req-604abf78-ff81-434c-a978-3b57b257dbfe admin admin] Publish callbacks [] for security_group, precommit_create {{(pid=101848) _notify_loop /usr/local/lib/python3.8/dist-packages/neutron_lib/callbacks/manager.py:175}}
Nov 16 16:04:45.371991 dv-cinder-818098-2-smb neutron-server[101848]: DEBUG neutron_lib.callbacks.manager [None req-604abf78-ff81-434c-a978-3b57b257dbfe admin admin] Publish callbacks ['neutron.plugins.ml2.ovo_rpc._ObjectChangeHandler.handle_event-558919'] for security_group, after_create {{(pid=101848) _notify_loop /usr/local/lib/python3.8/dist-packages/neutron_lib/callbacks/manager.py:175}}
Nov 16 16:04:45.422811 dv-cinder-818098-2-smb neutron-server[101848]: DEBUG neutron.plugins.ml2.drivers.helpers [None req-604abf78-ff81-434c-a978-3b57b257dbfe admin admin] vlan segment allocate from pool success with {'physical_network': 'physnet1', 'vlan_id': 644} {{(pid=101848) allocate_partially_specified_segment /opt/stack/neutron/neutron/plugins/ml2/drivers/helpers.py:153}}
Nov 16 16:04:45.445794 dv-cinder-818098-2-smb neutron-server[101848]: DEBUG neutron.pecan_wsgi.hooks.policy_enforcement [req-e0cb80a1-4792-40e7-a810-8dbb4db745e2 req-c345e761-0ec3-4364-ae0d-5cdf329ce8f0 tempest-AttachVolumeNegativeTest-442942069 tempest-AttachVolumeNegativeTest-442942069-project] Attributes excluded by policy engine: ['standard_attr_id', 'binding:profile', 'binding:host_id', 'binding:vif_type', 'binding:vif_details'] {{(pid=101848) _exclude_attributes_by_policy /opt/stack/neutron/neutron/pecan_wsgi/hooks/policy_enforcement.py:255}}
Nov 16 16:04:45.455550 dv-cinder-818098-2-smb neutron-server[101848]: INFO neutron.wsgi [req-e0cb80a1-4792-40e7-a810-8dbb4db745e2 req-c345e761-0ec3-4364-ae0d-5cdf329ce8f0 tempest-AttachVolumeNegativeTest-442942069 tempest-AttachVolumeNegativeTest-442942069-project] 10.222.0.53 "GET /v2.0/ports?device_id=0eed8944-1f2d-44eb-96fd-85e5ec264f4b HTTP/1.1" status: 200 len: 931 time: 0.1301336
Nov 16 16:04:45.501501 dv-cinder-818098-2-smb neutron-server[101848]: DEBUG neutron_lib.callbacks.manager [None req-604abf78-ff81-434c-a978-3b57b257dbfe admin admin] Publish callbacks ['neutron.plugins.ml2.plugin.Ml2Plugin._handle_segment_change-15908352'] for segment, precommit_create {{(pid=101848) _notify_loop /usr/local/lib/python3.8/dist-packages/neutron_lib/callbacks/manager.py:175}}
Nov 16 16:04:45.501991 dv-cinder-818098-2-smb neutron-server[101848]: INFO neutron.db.segments_db [None req-604abf78-ff81-434c-a978-3b57b257dbfe admin admin] Added segment 392776b9-d02b-4c3e-a282-61f8e29d650d of type vlan for network 95c02a47-fe37-45a6-8bbb-7f0c66a2a2a6
Nov 16 16:04:45.517064 dv-cinder-818098-2-smb neutron-server[101848]: DEBUG neutron.api.rpc.handlers.resources_rpc [None req-604abf78-ff81-434c-a978-3b57b257dbfe admin admin] Pushing event updated for resources: {'SecurityGroup': ['ID=7e0a1d49-cc44-4155-860f-fa028adce58b,revision_number=1']} {{(pid=101848) push /opt/stack/neutron/neutron/api/rpc/handlers/resources_rpc.py:237}}
Nov 16 16:04:45.562145 dv-cinder-818098-2-smb neutron-server[101849]: DEBUG neutron.notifiers.nova [req-bd5d6590-5a6a-48ee-a45b-acbb236bc928 req-2277a63e-5c82-4f09-ae3f-b69e360728e4 service neutron] Ignoring state change previous_port_status: DOWN current_port_status: DOWN port_id b4048d5e-9db4-453a-b7be-91d49593267e {{(pid=101849) record_port_status_changed /opt/stack/neutron/neutron/notifiers/nova.py:224}}
Nov 16 16:04:45.571726 dv-cinder-818098-2-smb neutron-server[101849]: DEBUG neutron_lib.callbacks.manager [req-bd5d6590-5a6a-48ee-a45b-acbb236bc928 req-2277a63e-5c82-4f09-ae3f-b69e360728e4 service neutron] Publish callbacks [] for port, precommit_update {{(pid=101849) _notify_loop /usr/local/lib/python3.8/dist-packages/neutron_lib/callbacks/manager.py:175}}
Nov 16 16:04:45.587423 dv-cinder-818098-2-smb neutron-server[101849]: DEBUG neutron.db.provisioning_blocks [req-bd5d6590-5a6a-48ee-a45b-acbb236bc928 req-2277a63e-5c82-4f09-ae3f-b69e360728e4 service neutron] Transition to ACTIVE for port object b4048d5e-9db4-453a-b7be-91d49593267e will not be triggered until provisioned by entity L2. {{(pid=101849) add_provisioning_component /opt/stack/neutron/neutron/db/provisioning_blocks.py:73}}
Nov 16 16:04:45.592134 dv-cinder-818098-2-smb neutron-server[101849]: DEBUG neutron_lib.callbacks.manager [req-bd5d6590-5a6a-48ee-a45b-acbb236bc928 req-2277a63e-5c82-4f09-ae3f-b69e360728e4 service neutron] Publish callbacks ['neutron.plugins.ml2.plugin.SecurityGroupServerNotifierRpcMixin._notify_sg_on_port_change-16110286', 'neutron.plugins.ml2.ovo_rpc._ObjectChangeHandler.handle_event-499418', 'neutron.api.rpc.agentnotifiers.dhcp_rpc_agent_api.DhcpAgentNotifyAPI._native_event_send_dhcp_notification-529683', 'neutron.db.l3_db.L3RpcNotifierMixin._notify_gateway_port_ip_changed-8731290918629', 'neutron.db.l3_dvrscheduler_db._notify_l3_agent_port_update-8731290369684', 'neutron.db.l3_hascheduler_db._notify_l3_agent_ha_port_update-8731290369702', 'neutron.services.segments.plugin.NovaSegmentNotifier._notify_port_updated-25194894'] for port, after_update {{(pid=101849) _notify_loop /usr/local/lib/python3.8/dist-packages/neutron_lib/callbacks/manager.py:175}}
Nov 16 16:04:45.633512 dv-cinder-818098-2-smb neutron-server[101848]: INFO neutron.wsgi [req-e0cb80a1-4792-40e7-a810-8dbb4db745e2 req-5fcefcb4-d6ab-425f-bc80-ec3ecffe7278 tempest-AttachVolumeNegativeTest-442942069 tempest-AttachVolumeNegativeTest-442942069-project] 10.222.0.53 "GET /v2.0/security-groups?id=d9ef3b54-6e3e-4d72-82a7-40850b44621a&fields=id&fields=name HTTP/1.1" status: 200 len: 286 time: 0.1770480
Nov 16 16:04:45.636264 dv-cinder-818098-2-smb neutron-server[101848]: DEBUG neutron_lib.callbacks.manager [None req-604abf78-ff81-434c-a978-3b57b257dbfe admin admin] Publish callbacks ['neutron.services.auto_allocate.db._ensure_external_network_default_value_callback-8731290344165'] for network, precommit_create {{(pid=101848) _notify_loop /usr/local/lib/python3.8/dist-packages/neutron_lib/callbacks/manager.py:175}}
Nov 16 16:04:45.682743 dv-cinder-818098-2-smb neutron-server[101848]: DEBUG neutron.pecan_wsgi.hooks.policy_enforcement [req-2f0f1c16-7396-4e0b-9111-9b83a7e0d466 req-1054f9ac-061b-43c7-8643-40bf86aa4ac2 tempest-ServerRescueNegativeTestJSON-2008876292 tempest-ServerRescueNegativeTestJSON-2008876292-project] Attributes excluded by policy engine: ['standard_attr_id', 'binding:profile', 'binding:host_id', 'binding:vif_type', 'binding:vif_details'] {{(pid=101848) _exclude_attributes_by_policy /opt/stack/neutron/neutron/pecan_wsgi/hooks/policy_enforcement.py:255}}
Nov 16 16:04:45.691200 dv-cinder-818098-2-smb neutron-server[101848]: INFO neutron.wsgi [req-2f0f1c16-7396-4e0b-9111-9b83a7e0d466 req-1054f9ac-061b-43c7-8643-40bf86aa4ac2 tempest-ServerRescueNegativeTestJSON-2008876292 tempest-ServerRescueNegativeTestJSON-2008876292-project] 10.222.0.53 "GET /v2.0/ports?device_id=f3c99eb5-bd09-4e9b-9ea2-e2eeb73a59b2 HTTP/1.1" status: 200 len: 946 time: 0.1139832
Nov 16 16:04:45.703013 dv-cinder-818098-2-smb neutron-server[101848]: DEBUG neutron_lib.callbacks.manager [None req-604abf78-ff81-434c-a978-3b57b257dbfe admin admin] Publish callbacks ['neutron.plugins.ml2.ovo_rpc._ObjectChangeHandler.handle_event-558868', 'neutron.api.rpc.agentnotifiers.dhcp_rpc_agent_api.DhcpAgentNotifyAPI._native_event_send_dhcp_notification-529683'] for network, after_create {{(pid=101848) _notify_loop /usr/local/lib/python3.8/dist-packages/neutron_lib/callbacks/manager.py:175}}
Nov 16 16:04:45.704303 dv-cinder-818098-2-smb neutron-server[101848]: DEBUG neutron.pecan_wsgi.hooks.policy_enforcement [None req-604abf78-ff81-434c-a978-3b57b257dbfe admin admin] Attributes excluded by policy engine: ['standard_attr_id', 'vlan_transparent'] {{(pid=101848) _exclude_attributes_by_policy /opt/stack/neutron/neutron/pecan_wsgi/hooks/policy_enforcement.py:255}}
Nov 16 16:04:45.705078 dv-cinder-818098-2-smb neutron-server[101848]: DEBUG neutron_lib.callbacks.manager [None req-604abf78-ff81-434c-a978-3b57b257dbfe admin admin] Publish callbacks ['neutron.api.rpc.agentnotifiers.dhcp_rpc_agent_api.DhcpAgentNotifyAPI._send_dhcp_notification-529697'] for network, before_response {{(pid=101848) _notify_loop /usr/local/lib/python3.8/dist-packages/neutron_lib/callbacks/manager.py:175}}
Nov 16 16:04:45.738761 dv-cinder-818098-2-smb neutron-server[101849]: DEBUG neutron.api.rpc.handlers.resources_rpc [None req-2277a63e-5c82-4f09-ae3f-b69e360728e4 service neutron] Pushing event updated for resources: {'Port': ['ID=b4048d5e-9db4-453a-b7be-91d49593267e,revision_number=2']} {{(pid=101849) push /opt/stack/neutron/neutron/api/rpc/handlers/resources_rpc.py:237}}
Nov 16 16:04:45.771182 dv-cinder-818098-2-smb neutron-server[101849]: DEBUG neutron.plugins.ml2.managers [req-bd5d6590-5a6a-48ee-a45b-acbb236bc928 req-2277a63e-5c82-4f09-ae3f-b69e360728e4 service neutron] Attempting to bind port b4048d5e-9db4-453a-b7be-91d49593267e on host hv-cinder-81809 for vnic_type normal with profile {{(pid=101849) bind_port /opt/stack/neutron/neutron/plugins/ml2/managers.py:795}}
Nov 16 16:04:45.771547 dv-cinder-818098-2-smb neutron-server[101849]: DEBUG neutron.plugins.ml2.managers [req-bd5d6590-5a6a-48ee-a45b-acbb236bc928 req-2277a63e-5c82-4f09-ae3f-b69e360728e4 service neutron] Attempting to bind port b4048d5e-9db4-453a-b7be-91d49593267e by drivers openvswitch,hyperv on host hv-cinder-81809 at level 0 using segments [{'id': 'bb4134c5-0770-4299-8401-17ce14375172', 'network_type': 'vlan', 'physical_network': 'physnet1', 'segmentation_id': 622, 'network_id': '785e2cde-136c-4473-be6a-0727cceab244'}] {{(pid=101849) _bind_port_level /opt/stack/neutron/neutron/plugins/ml2/managers.py:820}}
Nov 16 16:04:45.771920 dv-cinder-818098-2-smb neutron-server[101849]: DEBUG neutron.plugins.ml2.drivers.mech_agent [req-bd5d6590-5a6a-48ee-a45b-acbb236bc928 req-2277a63e-5c82-4f09-ae3f-b69e360728e4 service neutron] Attempting to bind port b4048d5e-9db4-453a-b7be-91d49593267e on network 785e2cde-136c-4473-be6a-0727cceab244 {{(pid=101849) bind_port /opt/stack/neutron/neutron/plugins/ml2/drivers/mech_agent.py:91}}
Nov 16 16:04:45.778877 dv-cinder-818098-2-smb neutron-server[101849]: DEBUG neutron.plugins.ml2.drivers.mech_agent [req-bd5d6590-5a6a-48ee-a45b-acbb236bc928 req-2277a63e-5c82-4f09-ae3f-b69e360728e4 service neutron] Port b4048d5e-9db4-453a-b7be-91d49593267e on network 785e2cde-136c-4473-be6a-0727cceab244 not bound, no agent of type Open vSwitch agent registered on host hv-cinder-81809 {{(pid=101849) bind_port /opt/stack/neutron/neutron/plugins/ml2/drivers/mech_agent.py:103}}
Nov 16 16:04:45.779288 dv-cinder-818098-2-smb neutron-server[101849]: DEBUG neutron.plugins.ml2.drivers.mech_agent [req-bd5d6590-5a6a-48ee-a45b-acbb236bc928 req-2277a63e-5c82-4f09-ae3f-b69e360728e4 service neutron] Attempting to bind port b4048d5e-9db4-453a-b7be-91d49593267e on network 785e2cde-136c-4473-be6a-0727cceab244 {{(pid=101849) bind_port /opt/stack/neutron/neutron/plugins/ml2/drivers/mech_agent.py:91}}
