Nov 16 16:04:45.790915 dv-cinder-818098-2-smb neutron-server[101849]: DEBUG neutron.plugins.ml2.drivers.mech_agent [req-bd5d6590-5a6a-48ee-a45b-acbb236bc928 req-2277a63e-5c82-4f09-ae3f-b69e360728e4 service neutron] Checking agent: {'id': '45288546-ef8c-4fa2-ae9a-6275f01a86a7', 'agent_type': 'HyperV agent', 'binary': 'neutron-hyperv-agent', 'topic': 'N/A', 'host': 'hv-cinder-81809', 'admin_state_up': True, 'created_at': datetime.datetime(2021, 11, 16, 16, 1, 48), 'started_at': datetime.datetime(2021, 11, 16, 16, 1, 48), 'heartbeat_timestamp': datetime.datetime(2021, 11, 16, 16, 4, 18), 'description': None, 'resources_synced': None, 'availability_zone': None, 'alive': True, 'configurations': {'vswitch_mappings': {'physnet1$': 'br-data'}}, 'resource_versions': {}} {{(pid=101849) bind_port /opt/stack/neutron/neutron/plugins/ml2/drivers/mech_agent.py:110}}
Nov 16 16:04:45.791142 dv-cinder-818098-2-smb neutron-server[101848]: INFO neutron.wsgi [None req-604abf78-ff81-434c-a978-3b57b257dbfe admin admin] 10.222.0.53 "POST /v2.0/networks HTTP/1.1" status: 201 len: 887 time: 0.8631456
Nov 16 16:04:45.791237 dv-cinder-818098-2-smb neutron-server[101849]: DEBUG neutron.plugins.ml2.drivers.mech_agent [req-bd5d6590-5a6a-48ee-a45b-acbb236bc928 req-2277a63e-5c82-4f09-ae3f-b69e360728e4 service neutron] Checking segment: {'id': 'bb4134c5-0770-4299-8401-17ce14375172', 'network_type': 'vlan', 'physical_network': 'physnet1', 'segmentation_id': 622, 'network_id': '785e2cde-136c-4473-be6a-0727cceab244'} for mappings: {'physnet1$': 'br-data'} with network types: ['local', 'flat', 'vlan'] {{(pid=101849) check_segment_for_agent /opt/stack/neutron/neutron/plugins/ml2/drivers/mech_agent.py:371}}
Nov 16 16:04:45.791237 dv-cinder-818098-2-smb neutron-server[101849]: DEBUG neutron.plugins.ml2.drivers.mech_agent [req-bd5d6590-5a6a-48ee-a45b-acbb236bc928 req-2277a63e-5c82-4f09-ae3f-b69e360728e4 service neutron] Bound using segment: {'id': 'bb4134c5-0770-4299-8401-17ce14375172', 'network_type': 'vlan', 'physical_network': 'physnet1', 'segmentation_id': 622, 'network_id': '785e2cde-136c-4473-be6a-0727cceab244'} {{(pid=101849) bind_port /opt/stack/neutron/neutron/plugins/ml2/drivers/mech_agent.py:120}}
Nov 16 16:04:45.791237 dv-cinder-818098-2-smb neutron-server[101849]: DEBUG neutron.plugins.ml2.managers [req-bd5d6590-5a6a-48ee-a45b-acbb236bc928 req-2277a63e-5c82-4f09-ae3f-b69e360728e4 service neutron] Bound port: b4048d5e-9db4-453a-b7be-91d49593267e, host: hv-cinder-81809, vif_type: hyperv, vif_details: {"connectivity": "legacy", "port_filter": false}, binding_levels: [{'bound_driver': 'hyperv', 'bound_segment': {'id': 'bb4134c5-0770-4299-8401-17ce14375172', 'network_type': 'vlan', 'physical_network': 'physnet1', 'segmentation_id': 622, 'network_id': '785e2cde-136c-4473-be6a-0727cceab244'}}] {{(pid=101849) _bind_port_level /opt/stack/neutron/neutron/plugins/ml2/managers.py:932}}
Nov 16 16:04:45.791237 dv-cinder-818098-2-smb neutron-server[101849]: DEBUG neutron_lib.callbacks.manager [req-bd5d6590-5a6a-48ee-a45b-acbb236bc928 req-2277a63e-5c82-4f09-ae3f-b69e360728e4 service neutron] Publish callbacks ['neutron.plugins.ml2.plugin.SecurityGroupDbMixin._ensure_default_security_group_handler-16110095'] for port, before_update {{(pid=101849) _notify_loop /usr/local/lib/python3.8/dist-packages/neutron_lib/callbacks/manager.py:175}}
Nov 16 16:04:45.793934 dv-cinder-818098-2-smb neutron-server[101849]: DEBUG neutron.wsgi [-] (101849) accepted ('10.222.0.53', 37188) {{(pid=101849) server /usr/local/lib/python3.8/dist-packages/eventlet/wsgi.py:982}}
Nov 16 16:04:45.823283 dv-cinder-818098-2-smb neutron-server[101848]: DEBUG neutron.api.rpc.handlers.resources_rpc [None req-604abf78-ff81-434c-a978-3b57b257dbfe admin admin] Pushing event updated for resources: {'Network': ['ID=95c02a47-fe37-45a6-8bbb-7f0c66a2a2a6,revision_number=1']} {{(pid=101848) push /opt/stack/neutron/neutron/api/rpc/handlers/resources_rpc.py:237}}
Nov 16 16:04:45.835773 dv-cinder-818098-2-smb neutron-server[101850]: DEBUG neutron.plugins.ml2.rpc [None req-d6127807-1dcf-4a37-a1d3-18f20dcc5b11 None None] Network 95c02a47-fe37-45a6-8bbb-7f0c66a2a2a6 details requested by agent ovs-agent-dv-cinder-818098-2-smb with host dv-cinder-818098-2-smb {{(pid=101850) get_network_details /opt/stack/neutron/neutron/plugins/ml2/rpc.py:248}}
Nov 16 16:04:45.848438 dv-cinder-818098-2-smb neutron-server[101848]: INFO neutron.wsgi [req-2f0f1c16-7396-4e0b-9111-9b83a7e0d466 req-ce60d834-1f1b-4c0b-9350-576a5e827748 tempest-ServerRescueNegativeTestJSON-2008876292 tempest-ServerRescueNegativeTestJSON-2008876292-project] 10.222.0.53 "GET /v2.0/security-groups?id=a8766aca-eb29-4ca9-b7a2-2b4c51ca1189&fields=id&fields=name HTTP/1.1" status: 200 len: 286 time: 0.1558790
Nov 16 16:04:45.849025 dv-cinder-818098-2-smb neutron-server[101849]: DEBUG neutron.api.v2.base [None req-22fa9380-83df-4ba4-87d8-db84d841f297 admin admin] Request body: {'subnet': {'network_id': '95c02a47-fe37-45a6-8bbb-7f0c66a2a2a6', 'cidr': '172.20.0.0/28', 'name': 'tempest-VolumesSnapshotTestJSON-1111383156-subnet', 'tenant_id': '2a07682439c6443599153b7dbecddddc', 'enable_dhcp': False, 'ip_version': 4}} {{(pid=101849) prepare_request_body /opt/stack/neutron/neutron/api/v2/base.py:729}}
Nov 16 16:04:45.972886 dv-cinder-818098-2-smb neutron-server[101849]: DEBUG neutron.plugins.ml2.db [req-bd5d6590-5a6a-48ee-a45b-acbb236bc928 req-2277a63e-5c82-4f09-ae3f-b69e360728e4 service neutron] For port b4048d5e-9db4-453a-b7be-91d49593267e, host hv-cinder-81809, cleared binding levels {{(pid=101849) clear_binding_levels /opt/stack/neutron/neutron/plugins/ml2/db.py:87}}
Nov 16 16:04:45.976806 dv-cinder-818098-2-smb neutron-server[101849]: DEBUG neutron.plugins.ml2.db [req-bd5d6590-5a6a-48ee-a45b-acbb236bc928 req-2277a63e-5c82-4f09-ae3f-b69e360728e4 service neutron] For port b4048d5e-9db4-453a-b7be-91d49593267e, host hv-cinder-81809, set binding levels [PortBindingLevel(driver='hyperv',host='hv-cinder-81809',level=0,port_id=b4048d5e-9db4-453a-b7be-91d49593267e,segment=NetworkSegment(bb4134c5-0770-4299-8401-17ce14375172),segment_id=bb4134c5-0770-4299-8401-17ce14375172)] {{(pid=101849) set_binding_levels /opt/stack/neutron/neutron/plugins/ml2/db.py:59}}
Nov 16 16:04:45.997886 dv-cinder-818098-2-smb neutron-server[101849]: DEBUG neutron.pecan_wsgi.hooks.quota_enforcement [None req-22fa9380-83df-4ba4-87d8-db84d841f297 admin admin] Made reservation on behalf of 2a07682439c6443599153b7dbecddddc for: {'subnet': 1} {{(pid=101849) before /opt/stack/neutron/neutron/pecan_wsgi/hooks/quota_enforcement.py:53}}
Nov 16 16:04:46.000393 dv-cinder-818098-2-smb neutron-server[101849]: DEBUG neutron_lib.callbacks.manager [None req-22fa9380-83df-4ba4-87d8-db84d841f297 admin admin] Publish callbacks ['neutron.services.segments.plugin.SegmentHostRoutes.host_routes_before_create-25309110'] for subnet, before_create {{(pid=101849) _notify_loop /usr/local/lib/python3.8/dist-packages/neutron_lib/callbacks/manager.py:175}}
Nov 16 16:04:46.003855 dv-cinder-818098-2-smb neutron-server[101849]: DEBUG neutron_lib.callbacks.manager [req-bd5d6590-5a6a-48ee-a45b-acbb236bc928 req-2277a63e-5c82-4f09-ae3f-b69e360728e4 service neutron] Publish callbacks ['neutron.plugins.ml2.plugin.SecurityGroupServerNotifierRpcMixin._notify_sg_on_port_change-16110286', 'neutron.plugins.ml2.ovo_rpc._ObjectChangeHandler.handle_event-499418', 'neutron.api.rpc.agentnotifiers.dhcp_rpc_agent_api.DhcpAgentNotifyAPI._native_event_send_dhcp_notification-529683', 'neutron.db.l3_db.L3RpcNotifierMixin._notify_gateway_port_ip_changed-8731290918629', 'neutron.db.l3_dvrscheduler_db._notify_l3_agent_port_update-8731290369684', 'neutron.db.l3_hascheduler_db._notify_l3_agent_ha_port_update-8731290369702', 'neutron.services.segments.plugin.NovaSegmentNotifier._notify_port_updated-25194894'] for port, after_update {{(pid=101849) _notify_loop /usr/local/lib/python3.8/dist-packages/neutron_lib/callbacks/manager.py:175}}
Nov 16 16:04:46.087621 dv-cinder-818098-2-smb neutron-server[101849]: DEBUG neutron.pecan_wsgi.hooks.policy_enforcement [req-bd5d6590-5a6a-48ee-a45b-acbb236bc928 req-2277a63e-5c82-4f09-ae3f-b69e360728e4 service neutron] Attributes excluded by policy engine: ['standard_attr_id'] {{(pid=101849) _exclude_attributes_by_policy /opt/stack/neutron/neutron/pecan_wsgi/hooks/policy_enforcement.py:255}}
Nov 16 16:04:46.088282 dv-cinder-818098-2-smb neutron-server[101849]: DEBUG neutron_lib.callbacks.manager [req-bd5d6590-5a6a-48ee-a45b-acbb236bc928 req-2277a63e-5c82-4f09-ae3f-b69e360728e4 service neutron] Publish callbacks ['neutron.notifiers.nova.Notifier._send_nova_notification-500701', 'neutron.api.rpc.agentnotifiers.dhcp_rpc_agent_api.DhcpAgentNotifyAPI._send_dhcp_notification-529697'] for port, before_response {{(pid=101849) _notify_loop /usr/local/lib/python3.8/dist-packages/neutron_lib/callbacks/manager.py:175}}
Nov 16 16:04:46.089842 dv-cinder-818098-2-smb neutron-server[101849]: INFO neutron.wsgi [req-bd5d6590-5a6a-48ee-a45b-acbb236bc928 req-2277a63e-5c82-4f09-ae3f-b69e360728e4 service neutron] 10.222.0.41 "PUT /v2.0/ports/b4048d5e-9db4-453a-b7be-91d49593267e HTTP/1.1" status: 200 len: 1093 time: 1.4370883
Nov 16 16:04:46.103379 dv-cinder-818098-2-smb neutron-server[101849]: DEBUG neutron.notifiers.nova [-] Sending events: [{'name': 'network-changed', 'server_uuid': '0eed8944-1f2d-44eb-96fd-85e5ec264f4b', 'tag': 'b4048d5e-9db4-453a-b7be-91d49593267e'}] {{(pid=101849) send_events /opt/stack/neutron/neutron/notifiers/nova.py:262}}
Nov 16 16:04:46.107606 dv-cinder-818098-2-smb neutron-server[101849]: DEBUG novaclient.v2.client [-] REQ: curl -g -i --cacert "/opt/stack/data/ca-bundle.pem" -X POST http://10.222.0.53/compute/v2.1/os-server-external-events -H "Accept: application/json" -H "Content-Type: application/json" -H "User-Agent: python-novaclient" -H "X-Auth-Token: {SHA256}f2770bf753ee1375f3ac7c5b5b885c6a8d7a9d68cfde75fe47b4c49cd666dea1" -H "X-OpenStack-Nova-API-Version: 2.1" -H "X-OpenStack-Request-ID: req-0635a84d-4b9e-4ab2-bb2e-99bfb02fdb16" -d '{"events": [{"name": "network-changed", "server_uuid": "0eed8944-1f2d-44eb-96fd-85e5ec264f4b", "tag": "b4048d5e-9db4-453a-b7be-91d49593267e"}]}' {{(pid=101849) _http_log_request /usr/local/lib/python3.8/dist-packages/keystoneauth1/session.py:519}}
Nov 16 16:04:46.147482 dv-cinder-818098-2-smb neutron-server[101849]: DEBUG neutron.api.rpc.handlers.resources_rpc [None req-2277a63e-5c82-4f09-ae3f-b69e360728e4 service neutron] Pushing event updated for resources: {'Port': ['ID=b4048d5e-9db4-453a-b7be-91d49593267e,revision_number=3']} {{(pid=101849) push /opt/stack/neutron/neutron/api/rpc/handlers/resources_rpc.py:237}}
Nov 16 16:04:46.154397 dv-cinder-818098-2-smb neutron-server[101849]: DEBUG novaclient.v2.client [-] RESP: [200] Connection: close Content-Length: 179 Content-Type: application/json Date: Tue, 16 Nov 2021 16:04:46 GMT OpenStack-API-Version: compute 2.1 Server: Apache/2.4.41 (Ubuntu) Vary: OpenStack-API-Version,X-OpenStack-Nova-API-Version X-OpenStack-Nova-API-Version: 2.1 x-compute-request-id: req-119947a5-7cef-47ca-95e5-d973f145cab4 x-openstack-request-id: req-119947a5-7cef-47ca-95e5-d973f145cab4 {{(pid=101849) _http_log_response /usr/local/lib/python3.8/dist-packages/keystoneauth1/session.py:550}}
Nov 16 16:04:46.154720 dv-cinder-818098-2-smb neutron-server[101849]: DEBUG novaclient.v2.client [-] RESP BODY: {"events": [{"name": "network-changed", "server_uuid": "0eed8944-1f2d-44eb-96fd-85e5ec264f4b", "tag": "b4048d5e-9db4-453a-b7be-91d49593267e", "status": "completed", "code": 200}]} {{(pid=101849) _http_log_response /usr/local/lib/python3.8/dist-packages/keystoneauth1/session.py:582}}
Nov 16 16:04:46.154977 dv-cinder-818098-2-smb neutron-server[101849]: DEBUG novaclient.v2.client [-] POST call to compute for http://10.222.0.53/compute/v2.1/os-server-external-events used request id req-119947a5-7cef-47ca-95e5-d973f145cab4 {{(pid=101849) request /usr/local/lib/python3.8/dist-packages/keystoneauth1/session.py:954}}
Nov 16 16:04:46.155476 dv-cinder-818098-2-smb neutron-server[101849]: INFO neutron.notifiers.nova [-] Nova event response: {'name': 'network-changed', 'server_uuid': '0eed8944-1f2d-44eb-96fd-85e5ec264f4b', 'tag': 'b4048d5e-9db4-453a-b7be-91d49593267e', 'status': 'completed', 'code': 200}
Nov 16 16:04:46.227934 dv-cinder-818098-2-smb neutron-server[101849]: DEBUG neutron.pecan_wsgi.hooks.policy_enforcement [req-bd5d6590-5a6a-48ee-a45b-acbb236bc928 req-73d0a1b7-32b1-4d45-b82a-310e062db419 service neutron] Attributes excluded by policy engine: ['standard_attr_id'] {{(pid=101849) _exclude_attributes_by_policy /opt/stack/neutron/neutron/pecan_wsgi/hooks/policy_enforcement.py:255}}
Nov 16 16:04:46.230293 dv-cinder-818098-2-smb neutron-server[101849]: INFO neutron.wsgi [req-bd5d6590-5a6a-48ee-a45b-acbb236bc928 req-73d0a1b7-32b1-4d45-b82a-310e062db419 service neutron] 10.222.0.41 "GET /v2.0/ports?tenant_id=9d99ce015bd4498db21c097983acd483&device_id=0eed8944-1f2d-44eb-96fd-85e5ec264f4b HTTP/1.1" status: 200 len: 1096 time: 0.0739634
Nov 16 16:04:46.305428 dv-cinder-818098-2-smb neutron-server[101849]: INFO neutron.wsgi [req-bd5d6590-5a6a-48ee-a45b-acbb236bc928 req-68abe41b-11cc-4996-aa68-8b3df8c0d2bc service neutron] 10.222.0.41 "GET /v2.0/floatingips?fixed_ip_address=172.20.0.6&port_id=b4048d5e-9db4-453a-b7be-91d49593267e HTTP/1.1" status: 200 len: 217 time: 0.0602682
Nov 16 16:04:46.357910 dv-cinder-818098-2-smb neutron-server[101849]: DEBUG neutron_lib.callbacks.manager [None req-22fa9380-83df-4ba4-87d8-db84d841f297 admin admin] Publish callbacks ['neutron.plugins.ml2.ovo_rpc._ObjectChangeHandler.handle_event-747080', 'neutron.api.rpc.agentnotifiers.dhcp_rpc_agent_api.DhcpAgentNotifyAPI._native_event_send_dhcp_notification-529683', 'neutron.services.segments.plugin.NovaSegmentNotifier._notify_subnet_created-25194811', 'neutron.services.segments.plugin.SegmentHostRoutes.host_routes_after_create-25309092'] for subnet, after_create {{(pid=101849) _notify_loop /usr/local/lib/python3.8/dist-packages/neutron_lib/callbacks/manager.py:175}}
Nov 16 16:04:46.395848 dv-cinder-818098-2-smb neutron-server[101849]: DEBUG neutron.pecan_wsgi.hooks.policy_enforcement [req-bd5d6590-5a6a-48ee-a45b-acbb236bc928 req-ea8c6b53-ea8e-40a2-b803-48ea4deeb3a7 service neutron] Attributes excluded by policy engine: ['standard_attr_id', 'shared', 'segment_id'] {{(pid=101849) _exclude_attributes_by_policy /opt/stack/neutron/neutron/pecan_wsgi/hooks/policy_enforcement.py:255}}
Nov 16 16:04:46.397397 dv-cinder-818098-2-smb neutron-server[101849]: INFO neutron.wsgi [req-bd5d6590-5a6a-48ee-a45b-acbb236bc928 req-ea8c6b53-ea8e-40a2-b803-48ea4deeb3a7 service neutron] 10.222.0.41 "GET /v2.0/subnets?id=ecbf2987-06d3-45aa-b944-2e5129eff506 HTTP/1.1" status: 200 len: 854 time: 0.0819888
Nov 16 16:04:46.453715 dv-cinder-818098-2-smb neutron-server[101849]: DEBUG neutron.api.rpc.handlers.resources_rpc [None req-22fa9380-83df-4ba4-87d8-db84d841f297 admin admin] Pushing event updated for resources: {'Subnet': ['ID=731d8796-2ab7-40f1-adfa-e9272b115da5,revision_number=0']} {{(pid=101849) push /opt/stack/neutron/neutron/api/rpc/handlers/resources_rpc.py:237}}
Nov 16 16:04:46.457654 dv-cinder-818098-2-smb neutron-server[101849]: INFO neutron.wsgi [req-bd5d6590-5a6a-48ee-a45b-acbb236bc928 req-bd5c28cc-bb67-488c-8820-679676fb5b51 service neutron] 10.222.0.41 "GET /v2.0/ports?network_id=785e2cde-136c-4473-be6a-0727cceab244&device_owner=network%3Adhcp HTTP/1.1" status: 200 len: 210 time: 0.0356436
Nov 16 16:04:46.464926 dv-cinder-818098-2-smb neutron-server[101849]: DEBUG neutron.plugins.ml2.drivers.mech_agent [None req-22fa9380-83df-4ba4-87d8-db84d841f297 admin admin] Checking segment: {'id': '392776b9-d02b-4c3e-a282-61f8e29d650d', 'network_type': 'vlan', 'physical_network': 'physnet1', 'segmentation_id': 644, 'network_id': '95c02a47-fe37-45a6-8bbb-7f0c66a2a2a6'} for mappings: {'physnet1': 'br-data'} with network types: ['local', 'flat', 'vlan'] {{(pid=101849) check_segment_for_agent /opt/stack/neutron/neutron/plugins/ml2/drivers/mech_agent.py:371}}
Nov 16 16:04:46.465300 dv-cinder-818098-2-smb neutron-server[101849]: DEBUG neutron.scheduler.dhcp_agent_scheduler [None req-22fa9380-83df-4ba4-87d8-db84d841f297 admin admin] Network hostable DHCP agents. Network: 95c02a47-fe37-45a6-8bbb-7f0c66a2a2a6, hostable agents: ['ab271508-74cd-4ba5-b144-d9c06da30458'], hosted agents: [] {{(pid=101849) _get_network_hostable_dhcp_agents /opt/stack/neutron/neutron/scheduler/dhcp_agent_scheduler.py:329}}
Nov 16 16:04:46.524652 dv-cinder-818098-2-smb neutron-server[101849]: DEBUG neutron.scheduler.dhcp_agent_scheduler [None req-22fa9380-83df-4ba4-87d8-db84d841f297 admin admin] Network 95c02a47-fe37-45a6-8bbb-7f0c66a2a2a6 is scheduled to be hosted by DHCP agent ab271508-74cd-4ba5-b144-d9c06da30458 with binding_index 1 {{(pid=101849) bind /opt/stack/neutron/neutron/scheduler/dhcp_agent_scheduler.py:227}}
Nov 16 16:04:46.538207 dv-cinder-818098-2-smb neutron-server[101849]: DEBUG neutron.scheduler.base_scheduler [None req-22fa9380-83df-4ba4-87d8-db84d841f297 admin admin] Resources bound (agent type, host, resource id): (DHCP agent, dv-cinder-818098-2-smb, 95c02a47-fe37-45a6-8bbb-7f0c66a2a2a6) {{(pid=101849) schedule /opt/stack/neutron/neutron/scheduler/base_scheduler.py:57}}
Nov 16 16:04:46.545401 dv-cinder-818098-2-smb neutron-server[101849]: DEBUG neutron.pecan_wsgi.hooks.policy_enforcement [None req-22fa9380-83df-4ba4-87d8-db84d841f297 admin admin] Attributes excluded by policy engine: ['standard_attr_id', 'shared', 'segment_id', 'network'] {{(pid=101849) _exclude_attributes_by_policy /opt/stack/neutron/neutron/pecan_wsgi/hooks/policy_enforcement.py:255}}
Nov 16 16:04:46.546001 dv-cinder-818098-2-smb neutron-server[101849]: DEBUG neutron_lib.callbacks.manager [None req-22fa9380-83df-4ba4-87d8-db84d841f297 admin admin] Publish callbacks ['neutron.api.rpc.agentnotifiers.dhcp_rpc_agent_api.DhcpAgentNotifyAPI._send_dhcp_notification-529697'] for subnet, before_response {{(pid=101849) _notify_loop /usr/local/lib/python3.8/dist-packages/neutron_lib/callbacks/manager.py:175}}
Nov 16 16:04:46.547898 dv-cinder-818098-2-smb neutron-server[101850]: DEBUG neutron.api.rpc.handlers.dhcp_rpc [None req-7b6e8589-2145-4f89-b92d-7dccb93b5afc None None] Network 95c02a47-fe37-45a6-8bbb-7f0c66a2a2a6 requested from dv-cinder-818098-2-smb {{(pid=101850) get_network_info /opt/stack/neutron/neutron/api/rpc/handlers/dhcp_rpc.py:218}}
Nov 16 16:04:46.575804 dv-cinder-818098-2-smb neutron-server[101849]: INFO neutron.wsgi [None req-22fa9380-83df-4ba4-87d8-db84d841f297 admin admin] 10.222.0.53 "POST /v2.0/subnets HTTP/1.1" status: 201 len: 851 time: 0.7802477
Nov 16 16:04:46.586655 dv-cinder-818098-2-smb neutron-server[101849]: INFO neutron.wsgi [req-bd5d6590-5a6a-48ee-a45b-acbb236bc928 req-4ac15928-6f95-436d-ad6c-0d22b2729b0b service neutron] 10.222.0.41 "GET /v2.0/networks/785e2cde-136c-4473-be6a-0727cceab244?fields=segments HTTP/1.1" status: 200 len: 212 time: 0.1149292
Nov 16 16:04:46.681027 dv-cinder-818098-2-smb neutron-server[101850]: DEBUG neutron.api.rpc.handlers.dhcp_rpc [None req-49017d1c-0eb4-47ce-ada4-851d504f6388 None None] Network 95c02a47-fe37-45a6-8bbb-7f0c66a2a2a6 requested from dv-cinder-818098-2-smb {{(pid=101850) get_network_info /opt/stack/neutron/neutron/api/rpc/handlers/dhcp_rpc.py:218}}
Nov 16 16:04:46.709813 dv-cinder-818098-2-smb neutron-server[101849]: INFO neutron.wsgi [req-bd5d6590-5a6a-48ee-a45b-acbb236bc928 req-9b981e11-dd54-4f63-a6d5-9c2e6e62a7c4 service neutron] 10.222.0.41 "GET /v2.0/networks/785e2cde-136c-4473-be6a-0727cceab244?fields=provider%3Aphysical_network&fields=provider%3Anetwork_type HTTP/1.1" status: 200 len: 281 time: 0.1127744
Nov 16 16:04:46.835846 dv-cinder-818098-2-smb neutron-server[101848]: DEBUG neutron.pecan_wsgi.hooks.policy_enforcement [req-22749d9a-a5b9-44a5-97e8-501645efdbd9 req-b4dcd28f-530c-49c5-a5d8-bb3869eb88db tempest-AttachVolumeNegativeTest-442942069 tempest-AttachVolumeNegativeTest-442942069-project] Attributes excluded by policy engine: ['standard_attr_id', 'binding:profile', 'binding:host_id', 'binding:vif_type', 'binding:vif_details'] {{(pid=101848) _exclude_attributes_by_policy /opt/stack/neutron/neutron/pecan_wsgi/hooks/policy_enforcement.py:255}}
Nov 16 16:04:46.840155 dv-cinder-818098-2-smb neutron-server[101848]: INFO neutron.wsgi [req-22749d9a-a5b9-44a5-97e8-501645efdbd9 req-b4dcd28f-530c-49c5-a5d8-bb3869eb88db tempest-AttachVolumeNegativeTest-442942069 tempest-AttachVolumeNegativeTest-442942069-project] 10.222.0.53 "GET /v2.0/ports?device_id=0eed8944-1f2d-44eb-96fd-85e5ec264f4b HTTP/1.1" status: 200 len: 943 time: 0.0682204
Nov 16 16:04:46.877535 dv-cinder-818098-2-smb neutron-server[101849]: DEBUG neutron.pecan_wsgi.hooks.policy_enforcement [req-0635a84d-4b9e-4ab2-bb2e-99bfb02fdb16 req-86b416e6-c7c5-4aa8-9246-a481b09360b5 service neutron] Attributes excluded by policy engine: ['standard_attr_id'] {{(pid=101849) _exclude_attributes_by_policy /opt/stack/neutron/neutron/pecan_wsgi/hooks/policy_enforcement.py:255}}
Nov 16 16:04:46.882582 dv-cinder-818098-2-smb neutron-server[101849]: INFO neutron.wsgi [req-0635a84d-4b9e-4ab2-bb2e-99bfb02fdb16 req-86b416e6-c7c5-4aa8-9246-a481b09360b5 service neutron] 10.222.0.41 "GET /v2.0/ports?tenant_id=9d99ce015bd4498db21c097983acd483&device_id=0eed8944-1f2d-44eb-96fd-85e5ec264f4b HTTP/1.1" status: 200 len: 1096 time: 0.0948386
Nov 16 16:04:46.969955 dv-cinder-818098-2-smb neutron-server[101848]: INFO neutron.wsgi [req-22749d9a-a5b9-44a5-97e8-501645efdbd9 req-642dda86-981c-4437-a585-b7b4928207d9 tempest-AttachVolumeNegativeTest-442942069 tempest-AttachVolumeNegativeTest-442942069-project] 10.222.0.53 "GET /v2.0/security-groups?id=d9ef3b54-6e3e-4d72-82a7-40850b44621a&fields=id&fields=name HTTP/1.1" status: 200 len: 286 time: 0.1245198
Nov 16 16:04:47.006873 dv-cinder-818098-2-smb neutron-server[101848]: DEBUG neutron.pecan_wsgi.hooks.policy_enforcement [req-363702a4-592b-4b8a-97af-b7e9d2adf217 req-7655e19d-f9c4-4376-b7fa-41222511c374 tempest-ServerRescueNegativeTestJSON-2008876292 tempest-ServerRescueNegativeTestJSON-2008876292-project] Attributes excluded by policy engine: ['standard_attr_id', 'binding:profile', 'binding:host_id', 'binding:vif_type', 'binding:vif_details'] {{(pid=101848) _exclude_attributes_by_policy /opt/stack/neutron/neutron/pecan_wsgi/hooks/policy_enforcement.py:255}}
Nov 16 16:04:47.008906 dv-cinder-818098-2-smb neutron-server[101848]: INFO neutron.wsgi [req-363702a4-592b-4b8a-97af-b7e9d2adf217 req-7655e19d-f9c4-4376-b7fa-41222511c374 tempest-ServerRescueNegativeTestJSON-2008876292 tempest-ServerRescueNegativeTestJSON-2008876292-project] 10.222.0.53 "GET /v2.0/ports?device_id=f3c99eb5-bd09-4e9b-9ea2-e2eeb73a59b2 HTTP/1.1" status: 200 len: 946 time: 0.0726280
Nov 16 16:04:47.014560 dv-cinder-818098-2-smb neutron-server[101849]: DEBUG neutron.pecan_wsgi.hooks.policy_enforcement [req-0635a84d-4b9e-4ab2-bb2e-99bfb02fdb16 req-755ae608-8206-419a-abc9-5c0d629de51a service neutron] Attributes excluded by policy engine: ['standard_attr_id', 'vlan_transparent'] {{(pid=101849) _exclude_attributes_by_policy /opt/stack/neutron/neutron/pecan_wsgi/hooks/policy_enforcement.py:255}}
Nov 16 16:04:47.016066 dv-cinder-818098-2-smb neutron-server[101849]: INFO neutron.wsgi [req-0635a84d-4b9e-4ab2-bb2e-99bfb02fdb16 req-755ae608-8206-419a-abc9-5c0d629de51a service neutron] 10.222.0.41 "GET /v2.0/networks?id=785e2cde-136c-4473-be6a-0727cceab244 HTTP/1.1" status: 200 len: 915 time: 0.1263070
Nov 16 16:04:47.079535 dv-cinder-818098-2-smb neutron-server[101848]: INFO neutron.wsgi [req-363702a4-592b-4b8a-97af-b7e9d2adf217 req-b43936df-10b2-4f38-a9e8-4177fa40fbd8 tempest-ServerRescueNegativeTestJSON-2008876292 tempest-ServerRescueNegativeTestJSON-2008876292-project] 10.222.0.53 "GET /v2.0/security-groups?id=a8766aca-eb29-4ca9-b7a2-2b4c51ca1189&fields=id&fields=name HTTP/1.1" status: 200 len: 286 time: 0.0627313
Nov 16 16:04:47.109314 dv-cinder-818098-2-smb neutron-server[101849]: INFO neutron.wsgi [req-0635a84d-4b9e-4ab2-bb2e-99bfb02fdb16 req-af48de00-b257-4523-9bb1-89f96fc5b923 service neutron] 10.222.0.41 "GET /v2.0/floatingips?fixed_ip_address=172.20.0.6&port_id=b4048d5e-9db4-453a-b7be-91d49593267e HTTP/1.1" status: 200 len: 217 time: 0.0857770
Nov 16 16:04:47.170019 dv-cinder-818098-2-smb neutron-server[101849]: DEBUG neutron.pecan_wsgi.hooks.policy_enforcement [req-0635a84d-4b9e-4ab2-bb2e-99bfb02fdb16 req-26673861-9084-491d-b6cc-708cb0f5ba71 service neutron] Attributes excluded by policy engine: ['standard_attr_id', 'shared', 'segment_id'] {{(pid=101849) _exclude_attributes_by_policy /opt/stack/neutron/neutron/pecan_wsgi/hooks/policy_enforcement.py:255}}
Nov 16 16:04:47.171464 dv-cinder-818098-2-smb neutron-server[101849]: INFO neutron.wsgi [req-0635a84d-4b9e-4ab2-bb2e-99bfb02fdb16 req-26673861-9084-491d-b6cc-708cb0f5ba71 service neutron] 10.222.0.41 "GET /v2.0/subnets?id=ecbf2987-06d3-45aa-b944-2e5129eff506 HTTP/1.1" status: 200 len: 854 time: 0.0541999
Nov 16 16:04:47.210499 dv-cinder-818098-2-smb neutron-server[101849]: INFO neutron.wsgi [req-0635a84d-4b9e-4ab2-bb2e-99bfb02fdb16 req-d460649b-12fa-4b86-9480-5f98e83b3df8 service neutron] 10.222.0.41 "GET /v2.0/ports?network_id=785e2cde-136c-4473-be6a-0727cceab244&device_owner=network%3Adhcp HTTP/1.1" status: 200 len: 210 time: 0.0255840
Nov 16 16:04:47.351525 dv-cinder-818098-2-smb neutron-server[101849]: INFO neutron.wsgi [req-0635a84d-4b9e-4ab2-bb2e-99bfb02fdb16 req-03b8e640-2710-4d0a-bd88-e541a4f79a6f service neutron] 10.222.0.41 "GET /v2.0/networks/785e2cde-136c-4473-be6a-0727cceab244?fields=segments HTTP/1.1" status: 200 len: 212 time: 0.1281548
Nov 16 16:04:47.470375 dv-cinder-818098-2-smb neutron-server[101849]: INFO neutron.wsgi [req-0635a84d-4b9e-4ab2-bb2e-99bfb02fdb16 req-8f11d713-c6c8-4e6d-a68e-226acf1aaa64 service neutron] 10.222.0.41 "GET /v2.0/networks/785e2cde-136c-4473-be6a-0727cceab244?fields=provider%3Aphysical_network&fields=provider%3Anetwork_type HTTP/1.1" status: 200 len: 281 time: 0.1092498
Nov 16 16:04:47.533599 dv-cinder-818098-2-smb neutron-server[101848]: DEBUG neutron.wsgi [-] (101848) accepted ('10.222.0.53', 37272) {{(pid=101848) server /usr/local/lib/python3.8/dist-packages/eventlet/wsgi.py:982}}
Nov 16 16:04:47.639052 dv-cinder-818098-2-smb neutron-server[101848]: DEBUG neutron_lib.callbacks.manager [None req-b0256cd8-c8d1-4050-8fc7-65fbbca3de6a admin admin] Publish callbacks [] for security_group, before_create {{(pid=101848) _notify_loop /usr/local/lib/python3.8/dist-packages/neutron_lib/callbacks/manager.py:175}}
Nov 16 16:04:47.713836 dv-cinder-818098-2-smb neutron-server[101848]: DEBUG neutron_lib.callbacks.manager [None req-b0256cd8-c8d1-4050-8fc7-65fbbca3de6a admin admin] Publish callbacks [] for security_group, precommit_create {{(pid=101848) _notify_loop /usr/local/lib/python3.8/dist-packages/neutron_lib/callbacks/manager.py:175}}
Nov 16 16:04:47.718262 dv-cinder-818098-2-smb neutron-server[101848]: DEBUG neutron_lib.callbacks.manager [None req-b0256cd8-c8d1-4050-8fc7-65fbbca3de6a admin admin] Publish callbacks ['neutron.plugins.ml2.ovo_rpc._ObjectChangeHandler.handle_event-558919'] for security_group, after_create {{(pid=101848) _notify_loop /usr/local/lib/python3.8/dist-packages/neutron_lib/callbacks/manager.py:175}}
Nov 16 16:04:47.762466 dv-cinder-818098-2-smb neutron-server[101848]: INFO neutron.wsgi [None req-b0256cd8-c8d1-4050-8fc7-65fbbca3de6a admin admin] 10.222.0.53 "GET /v2.0/security-groups?tenant_id=6a6ec67273174c5590b7e1162d276b82&name=default HTTP/1.1" status: 200 len: 2996 time: 0.2276766
Nov 16 16:04:47.765142 dv-cinder-818098-2-smb neutron-server[101848]: DEBUG neutron.wsgi [-] (101848) accepted ('10.222.0.53', 37278) {{(pid=101848) server /usr/local/lib/python3.8/dist-packages/eventlet/wsgi.py:982}}
Nov 16 16:04:47.768466 dv-cinder-818098-2-smb neutron-server[101850]: DEBUG neutron_lib.callbacks.manager [None req-3810587d-60e1-4823-8918-3174a16a3682 None None] Publish callbacks ['neutron.services.segments.db._update_segment_host_mapping_for_agent-8731290905326', 'neutron.plugins.ml2.plugin.Ml2Plugin._retry_binding_revived_agents-15903366'] for agent, after_update {{(pid=101850) _notify_loop /usr/local/lib/python3.8/dist-packages/neutron_lib/callbacks/manager.py:175}}
Nov 16 16:04:47.771736 dv-cinder-818098-2-smb neutron-server[101848]: DEBUG neutron.api.rpc.handlers.resources_rpc [None req-b0256cd8-c8d1-4050-8fc7-65fbbca3de6a admin admin] Pushing event updated for resources: {'SecurityGroup': ['ID=f5c4870e-5f6d-4921-b090-ebb518b8f94d,revision_number=1']} {{(pid=101848) push /opt/stack/neutron/neutron/api/rpc/handlers/resources_rpc.py:237}}
Nov 16 16:04:47.818593 dv-cinder-818098-2-smb neutron-server[101848]: DEBUG neutron_lib.callbacks.manager [None req-069d5b5c-38f5-4795-b50e-c3f580f99ae4 admin admin] Publish callbacks [] for security_group, before_delete {{(pid=101848) _notify_loop /usr/local/lib/python3.8/dist-packages/neutron_lib/callbacks/manager.py:175}}
Nov 16 16:04:47.841708 dv-cinder-818098-2-smb neutron-server[101848]: DEBUG neutron_lib.callbacks.manager [None req-069d5b5c-38f5-4795-b50e-c3f580f99ae4 admin admin] Publish callbacks [] for security_group, precommit_delete {{(pid=101848) _notify_loop /usr/local/lib/python3.8/dist-packages/neutron_lib/callbacks/manager.py:175}}
Nov 16 16:04:47.893274 dv-cinder-818098-2-smb neutron-server[101848]: DEBUG neutron_lib.callbacks.manager [None req-069d5b5c-38f5-4795-b50e-c3f580f99ae4 admin admin] Publish callbacks ['neutron.plugins.ml2.ovo_rpc._ObjectChangeHandler.handle_event-558919'] for security_group, after_delete {{(pid=101848) _notify_loop /usr/local/lib/python3.8/dist-packages/neutron_lib/callbacks/manager.py:175}}
Nov 16 16:04:47.895828 dv-cinder-818098-2-smb neutron-server[101848]: DEBUG neutron_lib.callbacks.manager [None req-069d5b5c-38f5-4795-b50e-c3f580f99ae4 admin admin] Publish callbacks [] for security_group, before_response {{(pid=101848) _notify_loop /usr/local/lib/python3.8/dist-packages/neutron_lib/callbacks/manager.py:175}}
Nov 16 16:04:47.896990 dv-cinder-818098-2-smb neutron-server[101848]: INFO neutron.wsgi [None req-069d5b5c-38f5-4795-b50e-c3f580f99ae4 admin admin] 10.222.0.53 "DELETE /v2.0/security-groups/f5c4870e-5f6d-4921-b090-ebb518b8f94d HTTP/1.1" status: 204 len: 168 time: 0.1308534
Nov 16 16:04:47.904852 dv-cinder-818098-2-smb neutron-server[101848]: DEBUG neutron.api.rpc.handlers.resources_rpc [None req-069d5b5c-38f5-4795-b50e-c3f580f99ae4 admin admin] Pushing event deleted for resources: {'SecurityGroup': ['ID=f5c4870e-5f6d-4921-b090-ebb518b8f94d,revision_number=None']} {{(pid=101848) push /opt/stack/neutron/neutron/api/rpc/handlers/resources_rpc.py:237}}
Nov 16 16:04:48.101654 dv-cinder-818098-2-smb neutron-server[101848]: DEBUG neutron.pecan_wsgi.hooks.policy_enforcement [req-4f4dd220-820f-46d8-abbd-fb7221dcf0f8 req-85be75b8-48f8-4ce5-893a-9a11b65a44c3 tempest-AttachVolumeNegativeTest-442942069 tempest-AttachVolumeNegativeTest-442942069-project] Attributes excluded by policy engine: ['standard_attr_id', 'binding:profile', 'binding:host_id', 'binding:vif_type', 'binding:vif_details'] {{(pid=101848) _exclude_attributes_by_policy /opt/stack/neutron/neutron/pecan_wsgi/hooks/policy_enforcement.py:255}}
Nov 16 16:04:48.103217 dv-cinder-818098-2-smb neutron-server[101848]: INFO neutron.wsgi [req-4f4dd220-820f-46d8-abbd-fb7221dcf0f8 req-85be75b8-48f8-4ce5-893a-9a11b65a44c3 tempest-AttachVolumeNegativeTest-442942069 tempest-AttachVolumeNegativeTest-442942069-project] 10.222.0.53 "GET /v2.0/ports?device_id=0eed8944-1f2d-44eb-96fd-85e5ec264f4b HTTP/1.1" status: 200 len: 943 time: 0.0523152
Nov 16 16:04:48.154668 dv-cinder-818098-2-smb neutron-server[101848]: INFO neutron.wsgi [req-4f4dd220-820f-46d8-abbd-fb7221dcf0f8 req-72ee8983-8bf4-41b7-a9e7-9c40429073d9 tempest-AttachVolumeNegativeTest-442942069 tempest-AttachVolumeNegativeTest-442942069-project] 10.222.0.53 "GET /v2.0/security-groups?id=d9ef3b54-6e3e-4d72-82a7-40850b44621a&fields=id&fields=name HTTP/1.1" status: 200 len: 286 time: 0.0444486
Nov 16 16:04:48.173439 dv-cinder-818098-2-smb neutron-server[101849]: DEBUG neutron.wsgi [-] (101849) accepted ('10.222.0.53', 37292) {{(pid=101849) server /usr/local/lib/python3.8/dist-packages/eventlet/wsgi.py:982}}
Nov 16 16:04:48.188274 dv-cinder-818098-2-smb neutron-server[101849]: DEBUG neutron_lib.callbacks.manager [None req-dbd2b4a5-b019-40e4-93c4-3d62d27c517b admin admin] Publish callbacks [] for security_group, before_create {{(pid=101849) _notify_loop /usr/local/lib/python3.8/dist-packages/neutron_lib/callbacks/manager.py:175}}
Nov 16 16:04:48.236664 dv-cinder-818098-2-smb neutron-server[101848]: DEBUG neutron.pecan_wsgi.hooks.policy_enforcement [req-ea8f4157-a481-41f6-9065-75c7b9cfa639 req-c48742b5-6a71-4561-882d-dca187185f9c tempest-ServerRescueNegativeTestJSON-2008876292 tempest-ServerRescueNegativeTestJSON-2008876292-project] Attributes excluded by policy engine: ['standard_attr_id', 'binding:profile', 'binding:host_id', 'binding:vif_type', 'binding:vif_details'] {{(pid=101848) _exclude_attributes_by_policy /opt/stack/neutron/neutron/pecan_wsgi/hooks/policy_enforcement.py:255}}
Nov 16 16:04:48.238265 dv-cinder-818098-2-smb neutron-server[101848]: INFO neutron.wsgi [req-ea8f4157-a481-41f6-9065-75c7b9cfa639 req-c48742b5-6a71-4561-882d-dca187185f9c tempest-ServerRescueNegativeTestJSON-2008876292 tempest-ServerRescueNegativeTestJSON-2008876292-project] 10.222.0.53 "GET /v2.0/ports?device_id=f3c99eb5-bd09-4e9b-9ea2-e2eeb73a59b2 HTTP/1.1" status: 200 len: 946 time: 0.0792418
Nov 16 16:04:48.278428 dv-cinder-818098-2-smb neutron-server[101849]: DEBUG neutron_lib.callbacks.manager [None req-dbd2b4a5-b019-40e4-93c4-3d62d27c517b admin admin] Publish callbacks [] for security_group, precommit_create {{(pid=101849) _notify_loop /usr/local/lib/python3.8/dist-packages/neutron_lib/callbacks/manager.py:175}}
Nov 16 16:04:48.282381 dv-cinder-818098-2-smb neutron-server[101849]: DEBUG neutron_lib.callbacks.manager [None req-dbd2b4a5-b019-40e4-93c4-3d62d27c517b admin admin] Publish callbacks ['neutron.plugins.ml2.ovo_rpc._ObjectChangeHandler.handle_event-558919'] for security_group, after_create {{(pid=101849) _notify_loop /usr/local/lib/python3.8/dist-packages/neutron_lib/callbacks/manager.py:175}}
Nov 16 16:04:48.286998 dv-cinder-818098-2-smb neutron-server[101848]: INFO neutron.wsgi [req-ea8f4157-a481-41f6-9065-75c7b9cfa639 req-c40c5679-8649-4048-8789-e5bf91871d3a tempest-ServerRescueNegativeTestJSON-2008876292 tempest-ServerRescueNegativeTestJSON-2008876292-project] 10.222.0.53 "GET /v2.0/security-groups?id=a8766aca-eb29-4ca9-b7a2-2b4c51ca1189&fields=id&fields=name HTTP/1.1" status: 200 len: 286 time: 0.0426719
Nov 16 16:04:48.321706 dv-cinder-818098-2-smb neutron-server[101849]: INFO neutron.wsgi [None req-dbd2b4a5-b019-40e4-93c4-3d62d27c517b admin admin] 10.222.0.53 "GET /v2.0/security-groups?tenant_id=f633101389ec4060a96b366566c77df1&name=default HTTP/1.1" status: 200 len: 2996 time: 0.1471860
Nov 16 16:04:48.323352 dv-cinder-818098-2-smb neutron-server[101849]: DEBUG neutron.api.rpc.handlers.resources_rpc [None req-dbd2b4a5-b019-40e4-93c4-3d62d27c517b admin admin] Pushing event updated for resources: {'SecurityGroup': ['ID=02166a25-0eec-4301-a2e1-d0c14575943e,revision_number=1']} {{(pid=101849) push /opt/stack/neutron/neutron/api/rpc/handlers/resources_rpc.py:237}}
Nov 16 16:04:48.325053 dv-cinder-818098-2-smb neutron-server[101848]: DEBUG neutron.wsgi [-] (101848) accepted ('10.222.0.53', 37296) {{(pid=101848) server /usr/local/lib/python3.8/dist-packages/eventlet/wsgi.py:982}}
Nov 16 16:04:48.375390 dv-cinder-818098-2-smb neutron-server[101848]: DEBUG neutron_lib.callbacks.manager [None req-3f1776d8-e822-40b4-97ed-4cceb3381583 admin admin] Publish callbacks [] for security_group, before_delete {{(pid=101848) _notify_loop /usr/local/lib/python3.8/dist-packages/neutron_lib/callbacks/manager.py:175}}
Nov 16 16:04:48.399807 dv-cinder-818098-2-smb neutron-server[101848]: DEBUG neutron_lib.callbacks.manager [None req-3f1776d8-e822-40b4-97ed-4cceb3381583 admin admin] Publish callbacks [] for security_group, precommit_delete {{(pid=101848) _notify_loop /usr/local/lib/python3.8/dist-packages/neutron_lib/callbacks/manager.py:175}}
Nov 16 16:04:48.446573 dv-cinder-818098-2-smb neutron-server[101848]: DEBUG neutron_lib.callbacks.manager [None req-3f1776d8-e822-40b4-97ed-4cceb3381583 admin admin] Publish callbacks ['neutron.plugins.ml2.ovo_rpc._ObjectChangeHandler.handle_event-558919'] for security_group, after_delete {{(pid=101848) _notify_loop /usr/local/lib/python3.8/dist-packages/neutron_lib/callbacks/manager.py:175}}
Nov 16 16:04:48.449935 dv-cinder-818098-2-smb neutron-server[101848]: DEBUG neutron_lib.callbacks.manager [None req-3f1776d8-e822-40b4-97ed-4cceb3381583 admin admin] Publish callbacks [] for security_group, before_response {{(pid=101848) _notify_loop /usr/local/lib/python3.8/dist-packages/neutron_lib/callbacks/manager.py:175}}
Nov 16 16:04:48.451078 dv-cinder-818098-2-smb neutron-server[101848]: INFO neutron.wsgi [None req-3f1776d8-e822-40b4-97ed-4cceb3381583 admin admin] 10.222.0.53 "DELETE /v2.0/security-groups/02166a25-0eec-4301-a2e1-d0c14575943e HTTP/1.1" status: 204 len: 168 time: 0.1249311
Nov 16 16:04:48.461151 dv-cinder-818098-2-smb neutron-server[101848]: DEBUG neutron.api.rpc.handlers.resources_rpc [None req-3f1776d8-e822-40b4-97ed-4cceb3381583 admin admin] Pushing event deleted for resources: {'SecurityGroup': ['ID=02166a25-0eec-4301-a2e1-d0c14575943e,revision_number=None']} {{(pid=101848) push /opt/stack/neutron/neutron/api/rpc/handlers/resources_rpc.py:237}}
Nov 16 16:04:48.644424 dv-cinder-818098-2-smb neutron-server[101848]: DEBUG neutron.pecan_wsgi.hooks.policy_enforcement [req-aadd02cf-9103-4903-aad8-a1ec669ec983 req-6c326fa9-f8e7-40f1-8a5f-9ba78854725d tempest-VolumesSnapshotTestJSON-1916066433 tempest-VolumesSnapshotTestJSON-1916066433-project] Attributes excluded by policy engine: ['standard_attr_id', 'vlan_transparent', 'provider:network_type', 'provider:physical_network', 'provider:segmentation_id'] {{(pid=101848) _exclude_attributes_by_policy /opt/stack/neutron/neutron/pecan_wsgi/hooks/policy_enforcement.py:255}}
Nov 16 16:04:48.646165 dv-cinder-818098-2-smb neutron-server[101848]: INFO neutron.wsgi [req-aadd02cf-9103-4903-aad8-a1ec669ec983 req-6c326fa9-f8e7-40f1-8a5f-9ba78854725d tempest-VolumesSnapshotTestJSON-1916066433 tempest-VolumesSnapshotTestJSON-1916066433-project] 10.222.0.53 "GET /v2.0/networks?id=95c02a47-fe37-45a6-8bbb-7f0c66a2a2a6 HTTP/1.1" status: 200 len: 814 time: 0.1257355
Nov 16 16:04:48.669812 dv-cinder-818098-2-smb neutron-server[101848]: INFO neutron.wsgi [req-aadd02cf-9103-4903-aad8-a1ec669ec983 req-c0124162-8416-4f3c-9259-d132108a1ee4 tempest-VolumesSnapshotTestJSON-1916066433 tempest-VolumesSnapshotTestJSON-1916066433-project] 10.222.0.53 "GET /v2.0/quotas/2a07682439c6443599153b7dbecddddc HTTP/1.1" status: 200 len: 375 time: 0.0173087
Nov 16 16:04:48.707778 dv-cinder-818098-2-smb neutron-server[101848]: INFO neutron.wsgi [req-aadd02cf-9103-4903-aad8-a1ec669ec983 req-ec9abe00-7ea4-4c6f-baab-417f46ec6f02 tempest-VolumesSnapshotTestJSON-1916066433 tempest-VolumesSnapshotTestJSON-1916066433-project] 10.222.0.53 "GET /v2.0/ports?tenant_id=2a07682439c6443599153b7dbecddddc&fields=id HTTP/1.1" status: 200 len: 210 time: 0.0315442
Nov 16 16:04:48.805786 dv-cinder-818098-2-smb neutron-server[101848]: INFO neutron.wsgi [req-aadd02cf-9103-4903-aad8-a1ec669ec983 req-ecdf9f1b-2e9c-45ad-85ff-2c68ea8e8994 service neutron] 10.222.0.53 "GET /v2.0/networks/95c02a47-fe37-45a6-8bbb-7f0c66a2a2a6?fields=segments HTTP/1.1" status: 200 len: 212 time: 0.0899625
Nov 16 16:04:48.920546 dv-cinder-818098-2-smb neutron-server[101848]: INFO neutron.wsgi [req-aadd02cf-9103-4903-aad8-a1ec669ec983 req-cac8531a-d2a1-4fc3-8909-35e738e9b10d service neutron] 10.222.0.53 "GET /v2.0/networks/95c02a47-fe37-45a6-8bbb-7f0c66a2a2a6?fields=provider%3Aphysical_network&fields=provider%3Anetwork_type HTTP/1.1" status: 200 len: 281 time: 0.1073971
Nov 16 16:04:48.969572 dv-cinder-818098-2-smb neutron-server[101848]: DEBUG neutron.wsgi [-] (101848) accepted ('10.222.0.53', 37336) {{(pid=101848) server /usr/local/lib/python3.8/dist-packages/eventlet/wsgi.py:982}}
Nov 16 16:04:49.111422 dv-cinder-818098-2-smb neutron-server[101848]: INFO neutron.wsgi [req-ed1fd7af-8f0e-498d-b543-b83a7e5305d3 req-526b8eeb-425b-4040-aaf7-eaf92e0c99aa tempest-VolumesSnapshotTestJSON-1916066433 tempest-VolumesSnapshotTestJSON-1916066433-project] 10.222.0.53 "GET /v2.0/ports?device_id=37a088ed-5011-461f-8e42-5a913f293733 HTTP/1.1" status: 200 len: 210 time: 0.0396595
Nov 16 16:04:49.131384 dv-cinder-818098-2-smb neutron-server[101848]: DEBUG neutron_lib.callbacks.manager [None req-8bb2d48f-5b06-4858-bee7-a2b261eb0dac admin admin] Publish callbacks [] for security_group, before_create {{(pid=101848) _notify_loop /usr/local/lib/python3.8/dist-packages/neutron_lib/callbacks/manager.py:175}}
Nov 16 16:04:49.229000 dv-cinder-818098-2-smb neutron-server[101848]: DEBUG neutron_lib.callbacks.manager [None req-8bb2d48f-5b06-4858-bee7-a2b261eb0dac admin admin] Publish callbacks [] for security_group, precommit_create {{(pid=101848) _notify_loop /usr/local/lib/python3.8/dist-packages/neutron_lib/callbacks/manager.py:175}}
Nov 16 16:04:49.235692 dv-cinder-818098-2-smb neutron-server[101848]: DEBUG neutron_lib.callbacks.manager [None req-8bb2d48f-5b06-4858-bee7-a2b261eb0dac admin admin] Publish callbacks ['neutron.plugins.ml2.ovo_rpc._ObjectChangeHandler.handle_event-558919'] for security_group, after_create {{(pid=101848) _notify_loop /usr/local/lib/python3.8/dist-packages/neutron_lib/callbacks/manager.py:175}}
Nov 16 16:04:49.319680 dv-cinder-818098-2-smb neutron-server[101848]: INFO neutron.wsgi [None req-8bb2d48f-5b06-4858-bee7-a2b261eb0dac admin admin] 10.222.0.53 "GET /v2.0/security-groups?tenant_id=c17a77cd25b94f888e24d7b54af56257&name=default HTTP/1.1" status: 200 len: 2996 time: 0.3491955
Nov 16 16:04:49.322383 dv-cinder-818098-2-smb neutron-server[101849]: DEBUG neutron.wsgi [-] (101849) accepted ('10.222.0.53', 37364) {{(pid=101849) server /usr/local/lib/python3.8/dist-packages/eventlet/wsgi.py:982}}
Nov 16 16:04:49.333369 dv-cinder-818098-2-smb neutron-server[101848]: DEBUG neutron.api.rpc.handlers.resources_rpc [None req-8bb2d48f-5b06-4858-bee7-a2b261eb0dac admin admin] Pushing event updated for resources: {'SecurityGroup': ['ID=19ed0cf2-bf95-4b28-a2c5-68ec41ed9634,revision_number=1']} {{(pid=101848) push /opt/stack/neutron/neutron/api/rpc/handlers/resources_rpc.py:237}}
Nov 16 16:04:49.346455 dv-cinder-818098-2-smb neutron-server[101848]: DEBUG neutron.pecan_wsgi.hooks.policy_enforcement [req-cfa0cc3f-baf1-4092-8c11-c1571bb0b2aa req-5fe3bd8f-ae04-408a-ba94-44f2cbb9a0d6 tempest-AttachVolumeNegativeTest-442942069 tempest-AttachVolumeNegativeTest-442942069-project] Attributes excluded by policy engine: ['standard_attr_id', 'binding:profile', 'binding:host_id', 'binding:vif_type', 'binding:vif_details'] {{(pid=101848) _exclude_attributes_by_policy /opt/stack/neutron/neutron/pecan_wsgi/hooks/policy_enforcement.py:255}}
Nov 16 16:04:49.348882 dv-cinder-818098-2-smb neutron-server[101848]: INFO neutron.wsgi [req-cfa0cc3f-baf1-4092-8c11-c1571bb0b2aa req-5fe3bd8f-ae04-408a-ba94-44f2cbb9a0d6 tempest-AttachVolumeNegativeTest-442942069 tempest-AttachVolumeNegativeTest-442942069-project] 10.222.0.53 "GET /v2.0/ports?device_id=0eed8944-1f2d-44eb-96fd-85e5ec264f4b HTTP/1.1" status: 200 len: 943 time: 0.1083887
Nov 16 16:04:49.396299 dv-cinder-818098-2-smb neutron-server[101849]: DEBUG neutron_lib.callbacks.manager [None req-65455ca7-55a7-4bd8-8350-a1a1e8db1635 admin admin] Publish callbacks [] for security_group, before_delete {{(pid=101849) _notify_loop /usr/local/lib/python3.8/dist-packages/neutron_lib/callbacks/manager.py:175}}
Nov 16 16:04:49.425580 dv-cinder-818098-2-smb neutron-server[101849]: DEBUG neutron_lib.callbacks.manager [None req-65455ca7-55a7-4bd8-8350-a1a1e8db1635 admin admin] Publish callbacks [] for security_group, precommit_delete {{(pid=101849) _notify_loop /usr/local/lib/python3.8/dist-packages/neutron_lib/callbacks/manager.py:175}}
Nov 16 16:04:49.430813 dv-cinder-818098-2-smb neutron-server[101848]: INFO neutron.wsgi [req-cfa0cc3f-baf1-4092-8c11-c1571bb0b2aa req-894d3c14-9558-40d2-9258-76a5ad967740 tempest-AttachVolumeNegativeTest-442942069 tempest-AttachVolumeNegativeTest-442942069-project] 10.222.0.53 "GET /v2.0/security-groups?id=d9ef3b54-6e3e-4d72-82a7-40850b44621a&fields=id&fields=name HTTP/1.1" status: 200 len: 286 time: 0.0747805
Nov 16 16:04:49.521410 dv-cinder-818098-2-smb neutron-server[101849]: DEBUG neutron_lib.callbacks.manager [None req-65455ca7-55a7-4bd8-8350-a1a1e8db1635 admin admin] Publish callbacks ['neutron.plugins.ml2.ovo_rpc._ObjectChangeHandler.handle_event-558919'] for security_group, after_delete {{(pid=101849) _notify_loop /usr/local/lib/python3.8/dist-packages/neutron_lib/callbacks/manager.py:175}}
Nov 16 16:04:49.524573 dv-cinder-818098-2-smb neutron-server[101849]: DEBUG neutron_lib.callbacks.manager [None req-65455ca7-55a7-4bd8-8350-a1a1e8db1635 admin admin] Publish callbacks [] for security_group, before_response {{(pid=101849) _notify_loop /usr/local/lib/python3.8/dist-packages/neutron_lib/callbacks/manager.py:175}}
Nov 16 16:04:49.525942 dv-cinder-818098-2-smb neutron-server[101849]: INFO neutron.wsgi [None req-65455ca7-55a7-4bd8-8350-a1a1e8db1635 admin admin] 10.222.0.53 "DELETE /v2.0/security-groups/19ed0cf2-bf95-4b28-a2c5-68ec41ed9634 HTTP/1.1" status: 204 len: 168 time: 0.2018342
Nov 16 16:04:49.535702 dv-cinder-818098-2-smb neutron-server[101849]: DEBUG neutron.api.rpc.handlers.resources_rpc [None req-65455ca7-55a7-4bd8-8350-a1a1e8db1635 admin admin] Pushing event deleted for resources: {'SecurityGroup': ['ID=19ed0cf2-bf95-4b28-a2c5-68ec41ed9634,revision_number=None']} {{(pid=101849) push /opt/stack/neutron/neutron/api/rpc/handlers/resources_rpc.py:237}}
Nov 16 16:04:49.598600 dv-cinder-818098-2-smb neutron-server[101848]: DEBUG neutron.pecan_wsgi.hooks.policy_enforcement [req-9625c2ea-b3bd-4488-97c0-d38cbeb50c86 req-0936916b-60da-4a46-a459-14bda06ba386 tempest-ServerRescueNegativeTestJSON-2008876292 tempest-ServerRescueNegativeTestJSON-2008876292-project] Attributes excluded by policy engine: ['standard_attr_id', 'binding:profile', 'binding:host_id', 'binding:vif_type', 'binding:vif_details'] {{(pid=101848) _exclude_attributes_by_policy /opt/stack/neutron/neutron/pecan_wsgi/hooks/policy_enforcement.py:255}}
Nov 16 16:04:49.600551 dv-cinder-818098-2-smb neutron-server[101848]: INFO neutron.wsgi [req-9625c2ea-b3bd-4488-97c0-d38cbeb50c86 req-0936916b-60da-4a46-a459-14bda06ba386 tempest-ServerRescueNegativeTestJSON-2008876292 tempest-ServerRescueNegativeTestJSON-2008876292-project] 10.222.0.53 "GET /v2.0/ports?device_id=f3c99eb5-bd09-4e9b-9ea2-e2eeb73a59b2 HTTP/1.1" status: 200 len: 946 time: 0.0951829
Nov 16 16:04:49.669057 dv-cinder-818098-2-smb neutron-server[101848]: INFO neutron.wsgi [req-9625c2ea-b3bd-4488-97c0-d38cbeb50c86 req-10f7ba0f-6000-48ac-b2cf-487422611e16 tempest-ServerRescueNegativeTestJSON-2008876292 tempest-ServerRescueNegativeTestJSON-2008876292-project] 10.222.0.53 "GET /v2.0/security-groups?id=a8766aca-eb29-4ca9-b7a2-2b4c51ca1189&fields=id&fields=name HTTP/1.1" status: 200 len: 286 time: 0.0595090
Nov 16 16:04:49.914301 dv-cinder-818098-2-smb neutron-server[101849]: DEBUG neutron.wsgi [-] (101849) accepted ('10.222.0.53', 37382) {{(pid=101849) server /usr/local/lib/python3.8/dist-packages/eventlet/wsgi.py:982}}
Nov 16 16:04:49.930985 dv-cinder-818098-2-smb neutron-server[101849]: DEBUG neutron_lib.callbacks.manager [None req-2bbbbd4a-a0e6-4bd3-b7a2-8d7f03e4fad4 admin admin] Publish callbacks [] for security_group, before_create {{(pid=101849) _notify_loop /usr/local/lib/python3.8/dist-packages/neutron_lib/callbacks/manager.py:175}}
Nov 16 16:04:50.015444 dv-cinder-818098-2-smb neutron-server[101849]: DEBUG neutron_lib.callbacks.manager [None req-2bbbbd4a-a0e6-4bd3-b7a2-8d7f03e4fad4 admin admin] Publish callbacks [] for security_group, precommit_create {{(pid=101849) _notify_loop /usr/local/lib/python3.8/dist-packages/neutron_lib/callbacks/manager.py:175}}
Nov 16 16:04:50.024635 dv-cinder-818098-2-smb neutron-server[101849]: DEBUG neutron_lib.callbacks.manager [None req-2bbbbd4a-a0e6-4bd3-b7a2-8d7f03e4fad4 admin admin] Publish callbacks ['neutron.plugins.ml2.ovo_rpc._ObjectChangeHandler.handle_event-558919'] for security_group, after_create {{(pid=101849) _notify_loop /usr/local/lib/python3.8/dist-packages/neutron_lib/callbacks/manager.py:175}}
Nov 16 16:04:50.068097 dv-cinder-818098-2-smb neutron-server[101849]: INFO neutron.wsgi [None req-2bbbbd4a-a0e6-4bd3-b7a2-8d7f03e4fad4 admin admin] 10.222.0.53 "GET /v2.0/security-groups?tenant_id=491536d9a7f44b40992aa2ebe81cdf54&name=default HTTP/1.1" status: 200 len: 2996 time: 0.1503222
Nov 16 16:04:50.068097 dv-cinder-818098-2-smb neutron-server[101849]: DEBUG neutron.api.rpc.handlers.resources_rpc [None req-2bbbbd4a-a0e6-4bd3-b7a2-8d7f03e4fad4 admin admin] Pushing event updated for resources: {'SecurityGroup': ['ID=4f96130d-8d92-4c14-bffd-b53e67bc6d58,revision_number=1']} {{(pid=101849) push /opt/stack/neutron/neutron/api/rpc/handlers/resources_rpc.py:237}}
Nov 16 16:04:50.068481 dv-cinder-818098-2-smb neutron-server[101848]: DEBUG neutron.wsgi [-] (101848) accepted ('10.222.0.53', 37388) {{(pid=101848) server /usr/local/lib/python3.8/dist-packages/eventlet/wsgi.py:982}}
Nov 16 16:04:50.130738 dv-cinder-818098-2-smb neutron-server[101848]: DEBUG neutron_lib.callbacks.manager [None req-0b8a16f8-782a-449d-b6ba-968e3b678fe6 admin admin] Publish callbacks [] for security_group, before_delete {{(pid=101848) _notify_loop /usr/local/lib/python3.8/dist-packages/neutron_lib/callbacks/manager.py:175}}
