Dec 15 03:22:00.811433 dv-cinder-818037-9-smb devstack@placement-api.service[103751]: DEBUG placement.objects.allocation_candidate [req-d5b26af4-a744-4160-9cc9-652b60c459f5 req-6c2ba053-12a7-49ef-9bce-d76fb3e4c218 service placement] RequestGroup(use_same_provider=False, resources={DISK_GB:1, MEMORY_MB:1024, VCPU:1}, traits=[], aggregates=[]) (suffix '') returned 1 matches {{(pid=103751) _get_by_requests /opt/stack/placement/placement/objects/allocation_candidate.py:145}}
Dec 15 03:22:00.817336 dv-cinder-818037-9-smb devstack@placement-api.service[103751]: DEBUG placement.objects.allocation_candidate [req-d5b26af4-a744-4160-9cc9-652b60c459f5 req-6c2ba053-12a7-49ef-9bce-d76fb3e4c218 service placement] Merging candidates yields 1 allocation requests and 1 provider summaries {{(pid=103751) _merge_candidates /opt/stack/placement/placement/objects/allocation_candidate.py:783}}
Dec 15 03:22:00.817336 dv-cinder-818037-9-smb devstack@placement-api.service[103751]: INFO placement.requestlog [req-d5b26af4-a744-4160-9cc9-652b60c459f5 req-6c2ba053-12a7-49ef-9bce-d76fb3e4c218 service placement] 10.222.0.45 "GET /placement/allocation_candidates?limit=1000&resources=DISK_GB%3A1%2CMEMORY_MB%3A1024%2CVCPU%3A1&root_required=%21COMPUTE_STATUS_DISABLED" status: 200 len: 767 microversion: 1.36
Dec 15 03:22:00.817336 dv-cinder-818037-9-smb devstack@placement-api.service[103751]: [pid: 103751|app: 0|req: 9/19] 10.222.0.45 () {60 vars in 1506 bytes} [Wed Dec 15 03:22:00 2021] GET /placement/allocation_candidates?limit=1000&resources=DISK_GB%3A1%2CMEMORY_MB%3A1024%2CVCPU%3A1&root_required=%21COMPUTE_STATUS_DISABLED => generated 767 bytes in 159 msecs (HTTP/1.1 200) 8 headers in 296 bytes (1 switches on core 0)
Dec 15 03:22:00.874578 dv-cinder-818037-9-smb devstack@placement-api.service[103752]: DEBUG placement.requestlog [req-d5b26af4-a744-4160-9cc9-652b60c459f5 req-2aef6716-7737-40b4-9a5a-21eebca64e78 None None] Starting request: 10.222.0.45 "GET /placement/allocations/bda925ec-3151-465b-8893-45699159bf39" {{(pid=103752) __call__ /opt/stack/placement/placement/requestlog.py:55}}
Dec 15 03:22:00.938307 dv-cinder-818037-9-smb devstack@placement-api.service[103752]: INFO placement.requestlog [req-d5b26af4-a744-4160-9cc9-652b60c459f5 req-2aef6716-7737-40b4-9a5a-21eebca64e78 service placement] 10.222.0.45 "GET /placement/allocations/bda925ec-3151-465b-8893-45699159bf39" status: 200 len: 19 microversion: 1.28
Dec 15 03:22:00.939096 dv-cinder-818037-9-smb devstack@placement-api.service[103752]: [pid: 103752|app: 0|req: 11/20] 10.222.0.45 () {60 vars in 1380 bytes} [Wed Dec 15 03:22:00 2021] GET /placement/allocations/bda925ec-3151-465b-8893-45699159bf39 => generated 19 bytes in 65 msecs (HTTP/1.1 200) 8 headers in 295 bytes (1 switches on core 0)
Dec 15 03:22:00.947946 dv-cinder-818037-9-smb devstack@placement-api.service[103751]: DEBUG placement.requestlog [req-d5b26af4-a744-4160-9cc9-652b60c459f5 req-01bbf05b-2ba3-4c97-a114-71c3a33de29e None None] Starting request: 10.222.0.45 "PUT /placement/allocations/bda925ec-3151-465b-8893-45699159bf39" {{(pid=103751) __call__ /opt/stack/placement/placement/requestlog.py:55}}
Dec 15 03:22:01.023946 dv-cinder-818037-9-smb devstack@placement-api.service[103752]: DEBUG placement.requestlog [req-cf4dbeee-066e-4c18-b6fe-aa52bde4a84e req-61049994-ef5b-4085-9bac-2dbc445bce25 None None] Starting request: 10.222.0.45 "GET /placement/allocations/ff4b2130-40b3-41c4-a7d9-d4b0f2519472" {{(pid=103752) __call__ /opt/stack/placement/placement/requestlog.py:55}}
Dec 15 03:22:01.038040 dv-cinder-818037-9-smb devstack@placement-api.service[103752]: INFO placement.requestlog [req-cf4dbeee-066e-4c18-b6fe-aa52bde4a84e req-61049994-ef5b-4085-9bac-2dbc445bce25 service placement] 10.222.0.45 "GET /placement/allocations/ff4b2130-40b3-41c4-a7d9-d4b0f2519472" status: 200 len: 19 microversion: 1.28
Dec 15 03:22:01.038408 dv-cinder-818037-9-smb devstack@placement-api.service[103752]: [pid: 103752|app: 0|req: 12/21] 10.222.0.45 () {60 vars in 1380 bytes} [Wed Dec 15 03:22:01 2021] GET /placement/allocations/ff4b2130-40b3-41c4-a7d9-d4b0f2519472 => generated 19 bytes in 15 msecs (HTTP/1.1 200) 8 headers in 295 bytes (2 switches on core 0)
Dec 15 03:22:01.046713 dv-cinder-818037-9-smb devstack@placement-api.service[103752]: DEBUG placement.requestlog [req-cf4dbeee-066e-4c18-b6fe-aa52bde4a84e req-4f8650c8-d5e4-46e0-99c9-354ff6c5fb99 None None] Starting request: 10.222.0.45 "PUT /placement/allocations/ff4b2130-40b3-41c4-a7d9-d4b0f2519472" {{(pid=103752) __call__ /opt/stack/placement/placement/requestlog.py:55}}
Dec 15 03:22:01.539530 dv-cinder-818037-9-smb devstack@placement-api.service[103751]: DEBUG placement.handlers.allocation [req-d5b26af4-a744-4160-9cc9-652b60c459f5 req-01bbf05b-2ba3-4c97-a114-71c3a33de29e service placement] Successfully wrote allocations [, , ] {{(pid=103751) _update_consumers_and_create_allocations /opt/stack/placement/placement/handlers/allocation.py:462}}
Dec 15 03:22:01.680702 dv-cinder-818037-9-smb devstack@placement-api.service[103751]: INFO placement.requestlog [req-d5b26af4-a744-4160-9cc9-652b60c459f5 req-01bbf05b-2ba3-4c97-a114-71c3a33de29e service placement] 10.222.0.45 "PUT /placement/allocations/bda925ec-3151-465b-8893-45699159bf39" status: 204 len: 0 microversion: 1.36
Dec 15 03:22:01.681841 dv-cinder-818037-9-smb devstack@placement-api.service[103751]: [pid: 103751|app: 0|req: 10/22] 10.222.0.45 () {64 vars in 1433 bytes} [Wed Dec 15 03:22:00 2021] PUT /placement/allocations/bda925ec-3151-465b-8893-45699159bf39 => generated 0 bytes in 734 msecs (HTTP/1.1 204) 5 headers in 199 bytes (1 switches on core 0)
Dec 15 03:22:01.768321 dv-cinder-818037-9-smb devstack@placement-api.service[103752]: DEBUG placement.objects.allocation [req-cf4dbeee-066e-4c18-b6fe-aa52bde4a84e req-4f8650c8-d5e4-46e0-99c9-354ff6c5fb99 service placement] Retrying allocations write on resource provider generation conflict {{(pid=103752) replace_all /opt/stack/placement/placement/objects/allocation.py:507}}
Dec 15 03:22:01.839164 dv-cinder-818037-9-smb devstack@placement-api.service[103752]: DEBUG placement.handlers.allocation [req-cf4dbeee-066e-4c18-b6fe-aa52bde4a84e req-4f8650c8-d5e4-46e0-99c9-354ff6c5fb99 service placement] Successfully wrote allocations [, , ] {{(pid=103752) _update_consumers_and_create_allocations /opt/stack/placement/placement/handlers/allocation.py:462}}
Dec 15 03:22:01.975918 dv-cinder-818037-9-smb devstack@placement-api.service[103752]: INFO placement.requestlog [req-cf4dbeee-066e-4c18-b6fe-aa52bde4a84e req-4f8650c8-d5e4-46e0-99c9-354ff6c5fb99 service placement] 10.222.0.45 "PUT /placement/allocations/ff4b2130-40b3-41c4-a7d9-d4b0f2519472" status: 204 len: 0 microversion: 1.36
Dec 15 03:22:01.976658 dv-cinder-818037-9-smb devstack@placement-api.service[103752]: [pid: 103752|app: 0|req: 13/23] 10.222.0.45 () {64 vars in 1433 bytes} [Wed Dec 15 03:22:01 2021] PUT /placement/allocations/ff4b2130-40b3-41c4-a7d9-d4b0f2519472 => generated 0 bytes in 930 msecs (HTTP/1.1 204) 5 headers in 199 bytes (1 switches on core 0)
Dec 15 03:22:03.828971 dv-cinder-818037-9-smb devstack@placement-api.service[103751]: DEBUG placement.requestlog [req-ca6cb888-84f4-4e65-9edb-04b9efb59d0c req-4f6a0f0b-9e18-4ab1-9d97-49e206b5fd98 None None] Starting request: 10.222.0.45 "GET /placement/allocation_candidates?limit=1000&resources=DISK_GB%3A1%2CMEMORY_MB%3A1024%2CVCPU%3A1&root_required=%21COMPUTE_STATUS_DISABLED" {{(pid=103751) __call__ /opt/stack/placement/placement/requestlog.py:55}}
Dec 15 03:22:03.957958 dv-cinder-818037-9-smb devstack@placement-api.service[103751]: DEBUG placement.objects.research_context [req-ca6cb888-84f4-4e65-9edb-04b9efb59d0c req-4f6a0f0b-9e18-4ab1-9d97-49e206b5fd98 service placement] getting providers with 1 DISK_GB {{(pid=103751) __init__ /opt/stack/placement/placement/objects/research_context.py:126}}
Dec 15 03:22:03.979105 dv-cinder-818037-9-smb devstack@placement-api.service[103751]: DEBUG placement.objects.research_context [req-ca6cb888-84f4-4e65-9edb-04b9efb59d0c req-4f6a0f0b-9e18-4ab1-9d97-49e206b5fd98 service placement] getting providers with 1024 MEMORY_MB {{(pid=103751) __init__ /opt/stack/placement/placement/objects/research_context.py:126}}
Dec 15 03:22:03.989806 dv-cinder-818037-9-smb devstack@placement-api.service[103751]: DEBUG placement.objects.research_context [req-ca6cb888-84f4-4e65-9edb-04b9efb59d0c req-4f6a0f0b-9e18-4ab1-9d97-49e206b5fd98 service placement] getting providers with 1 VCPU {{(pid=103751) __init__ /opt/stack/placement/placement/objects/research_context.py:126}}
Dec 15 03:22:03.997124 dv-cinder-818037-9-smb devstack@placement-api.service[103751]: DEBUG placement.objects.research_context [req-ca6cb888-84f4-4e65-9edb-04b9efb59d0c req-4f6a0f0b-9e18-4ab1-9d97-49e206b5fd98 service placement] found 1 providers with available 1 DISK_GB {{(pid=103751) get_provider_ids_matching /opt/stack/placement/placement/objects/research_context.py:549}}
Dec 15 03:22:04.002965 dv-cinder-818037-9-smb devstack@placement-api.service[103751]: DEBUG placement.objects.research_context [req-ca6cb888-84f4-4e65-9edb-04b9efb59d0c req-4f6a0f0b-9e18-4ab1-9d97-49e206b5fd98 service placement] found 1 providers with available 1024 MEMORY_MB {{(pid=103751) get_provider_ids_matching /opt/stack/placement/placement/objects/research_context.py:549}}
Dec 15 03:22:04.002965 dv-cinder-818037-9-smb devstack@placement-api.service[103751]: DEBUG placement.objects.research_context [req-ca6cb888-84f4-4e65-9edb-04b9efb59d0c req-4f6a0f0b-9e18-4ab1-9d97-49e206b5fd98 service placement] found 1 providers after filtering by previous result {{(pid=103751) get_provider_ids_matching /opt/stack/placement/placement/objects/research_context.py:580}}
Dec 15 03:22:04.002965 dv-cinder-818037-9-smb devstack@placement-api.service[103751]: DEBUG placement.objects.research_context [req-ca6cb888-84f4-4e65-9edb-04b9efb59d0c req-4f6a0f0b-9e18-4ab1-9d97-49e206b5fd98 service placement] found 1 providers with available 1 VCPU {{(pid=103751) get_provider_ids_matching /opt/stack/placement/placement/objects/research_context.py:549}}
Dec 15 03:22:04.002965 dv-cinder-818037-9-smb devstack@placement-api.service[103751]: DEBUG placement.objects.research_context [req-ca6cb888-84f4-4e65-9edb-04b9efb59d0c req-4f6a0f0b-9e18-4ab1-9d97-49e206b5fd98 service placement] found 1 providers after filtering by previous result {{(pid=103751) get_provider_ids_matching /opt/stack/placement/placement/objects/research_context.py:580}}
Dec 15 03:22:04.048538 dv-cinder-818037-9-smb devstack@placement-api.service[103751]: DEBUG placement.objects.allocation_candidate [req-ca6cb888-84f4-4e65-9edb-04b9efb59d0c req-4f6a0f0b-9e18-4ab1-9d97-49e206b5fd98 service placement] RequestGroup(use_same_provider=False, resources={DISK_GB:1, MEMORY_MB:1024, VCPU:1}, traits=[], aggregates=[]) (suffix '') returned 1 matches {{(pid=103751) _get_by_requests /opt/stack/placement/placement/objects/allocation_candidate.py:145}}
Dec 15 03:22:04.050500 dv-cinder-818037-9-smb devstack@placement-api.service[103751]: DEBUG placement.objects.allocation_candidate [req-ca6cb888-84f4-4e65-9edb-04b9efb59d0c req-4f6a0f0b-9e18-4ab1-9d97-49e206b5fd98 service placement] Merging candidates yields 1 allocation requests and 1 provider summaries {{(pid=103751) _merge_candidates /opt/stack/placement/placement/objects/allocation_candidate.py:783}}
Dec 15 03:22:04.064111 dv-cinder-818037-9-smb devstack@placement-api.service[103751]: INFO placement.requestlog [req-ca6cb888-84f4-4e65-9edb-04b9efb59d0c req-4f6a0f0b-9e18-4ab1-9d97-49e206b5fd98 service placement] 10.222.0.45 "GET /placement/allocation_candidates?limit=1000&resources=DISK_GB%3A1%2CMEMORY_MB%3A1024%2CVCPU%3A1&root_required=%21COMPUTE_STATUS_DISABLED" status: 200 len: 767 microversion: 1.36
Dec 15 03:22:04.064678 dv-cinder-818037-9-smb devstack@placement-api.service[103751]: [pid: 103751|app: 0|req: 11/24] 10.222.0.45 () {60 vars in 1506 bytes} [Wed Dec 15 03:22:03 2021] GET /placement/allocation_candidates?limit=1000&resources=DISK_GB%3A1%2CMEMORY_MB%3A1024%2CVCPU%3A1&root_required=%21COMPUTE_STATUS_DISABLED => generated 767 bytes in 239 msecs (HTTP/1.1 200) 8 headers in 296 bytes (1 switches on core 0)
Dec 15 03:22:04.145467 dv-cinder-818037-9-smb devstack@placement-api.service[103752]: DEBUG placement.requestlog [req-ca6cb888-84f4-4e65-9edb-04b9efb59d0c req-9f2198c3-8877-4fa7-911d-8cda8cbedc6e None None] Starting request: 10.222.0.45 "GET /placement/allocations/cb6365b4-f8f1-4bf4-8bf7-10f19b9c7682" {{(pid=103752) __call__ /opt/stack/placement/placement/requestlog.py:55}}
Dec 15 03:22:04.181362 dv-cinder-818037-9-smb devstack@placement-api.service[103752]: INFO placement.requestlog [req-ca6cb888-84f4-4e65-9edb-04b9efb59d0c req-9f2198c3-8877-4fa7-911d-8cda8cbedc6e service placement] 10.222.0.45 "GET /placement/allocations/cb6365b4-f8f1-4bf4-8bf7-10f19b9c7682" status: 200 len: 19 microversion: 1.28
Dec 15 03:22:04.183535 dv-cinder-818037-9-smb devstack@placement-api.service[103752]: [pid: 103752|app: 0|req: 14/25] 10.222.0.45 () {60 vars in 1380 bytes} [Wed Dec 15 03:22:04 2021] GET /placement/allocations/cb6365b4-f8f1-4bf4-8bf7-10f19b9c7682 => generated 19 bytes in 40 msecs (HTTP/1.1 200) 8 headers in 295 bytes (1 switches on core 0)
Dec 15 03:22:04.197741 dv-cinder-818037-9-smb devstack@placement-api.service[103751]: DEBUG placement.requestlog [req-cf4dbeee-066e-4c18-b6fe-aa52bde4a84e req-fd2ad465-721d-492e-871d-fd71a2e25519 None None] Starting request: 10.222.0.43 "GET /placement/allocations/ff4b2130-40b3-41c4-a7d9-d4b0f2519472" {{(pid=103751) __call__ /opt/stack/placement/placement/requestlog.py:55}}
Dec 15 03:22:04.236402 dv-cinder-818037-9-smb devstack@placement-api.service[103752]: DEBUG placement.requestlog [req-ca6cb888-84f4-4e65-9edb-04b9efb59d0c req-23f2ba24-c031-4251-a0b6-2c17b124bf88 None None] Starting request: 10.222.0.45 "PUT /placement/allocations/cb6365b4-f8f1-4bf4-8bf7-10f19b9c7682" {{(pid=103752) __call__ /opt/stack/placement/placement/requestlog.py:55}}
Dec 15 03:22:04.273101 dv-cinder-818037-9-smb devstack@placement-api.service[103751]: INFO placement.requestlog [req-cf4dbeee-066e-4c18-b6fe-aa52bde4a84e req-fd2ad465-721d-492e-871d-fd71a2e25519 service placement] 10.222.0.43 "GET /placement/allocations/ff4b2130-40b3-41c4-a7d9-d4b0f2519472" status: 200 len: 258 microversion: 1.28
Dec 15 03:22:04.273503 dv-cinder-818037-9-smb devstack@placement-api.service[103751]: [pid: 103751|app: 0|req: 12/26] 10.222.0.43 () {60 vars in 1377 bytes} [Wed Dec 15 03:22:04 2021] GET /placement/allocations/ff4b2130-40b3-41c4-a7d9-d4b0f2519472 => generated 258 bytes in 77 msecs (HTTP/1.1 200) 8 headers in 296 bytes (1 switches on core 0)
Dec 15 03:22:04.463592 dv-cinder-818037-9-smb devstack@placement-api.service[103751]: DEBUG placement.requestlog [req-d5b26af4-a744-4160-9cc9-652b60c459f5 req-24ba8e38-18fd-4c8f-8162-56c9b54edad2 None None] Starting request: 10.222.0.43 "GET /placement/allocations/bda925ec-3151-465b-8893-45699159bf39" {{(pid=103751) __call__ /opt/stack/placement/placement/requestlog.py:55}}
Dec 15 03:22:04.502648 dv-cinder-818037-9-smb devstack@placement-api.service[103752]: DEBUG placement.handlers.allocation [req-ca6cb888-84f4-4e65-9edb-04b9efb59d0c req-23f2ba24-c031-4251-a0b6-2c17b124bf88 service placement] Successfully wrote allocations [, , ] {{(pid=103752) _update_consumers_and_create_allocations /opt/stack/placement/placement/handlers/allocation.py:462}}
Dec 15 03:22:04.508520 dv-cinder-818037-9-smb devstack@placement-api.service[103751]: INFO placement.requestlog [req-d5b26af4-a744-4160-9cc9-652b60c459f5 req-24ba8e38-18fd-4c8f-8162-56c9b54edad2 service placement] 10.222.0.43 "GET /placement/allocations/bda925ec-3151-465b-8893-45699159bf39" status: 200 len: 258 microversion: 1.28
Dec 15 03:22:04.523109 dv-cinder-818037-9-smb devstack@placement-api.service[103751]: [pid: 103751|app: 0|req: 13/27] 10.222.0.43 () {60 vars in 1377 bytes} [Wed Dec 15 03:22:04 2021] GET /placement/allocations/bda925ec-3151-465b-8893-45699159bf39 => generated 258 bytes in 60 msecs (HTTP/1.1 200) 8 headers in 296 bytes (2 switches on core 0)
Dec 15 03:22:04.575878 dv-cinder-818037-9-smb devstack@placement-api.service[103752]: INFO placement.requestlog [req-ca6cb888-84f4-4e65-9edb-04b9efb59d0c req-23f2ba24-c031-4251-a0b6-2c17b124bf88 service placement] 10.222.0.45 "PUT /placement/allocations/cb6365b4-f8f1-4bf4-8bf7-10f19b9c7682" status: 204 len: 0 microversion: 1.36
Dec 15 03:22:04.578646 dv-cinder-818037-9-smb devstack@placement-api.service[103752]: [pid: 103752|app: 0|req: 15/28] 10.222.0.45 () {64 vars in 1433 bytes} [Wed Dec 15 03:22:04 2021] PUT /placement/allocations/cb6365b4-f8f1-4bf4-8bf7-10f19b9c7682 => generated 0 bytes in 341 msecs (HTTP/1.1 204) 5 headers in 199 bytes (1 switches on core 0)
Dec 15 03:22:05.925220 dv-cinder-818037-9-smb devstack@placement-api.service[103751]: DEBUG placement.requestlog [req-ca6cb888-84f4-4e65-9edb-04b9efb59d0c req-ae11d18a-7d49-4fcf-b80d-a49f16181891 None None] Starting request: 10.222.0.43 "GET /placement/allocations/cb6365b4-f8f1-4bf4-8bf7-10f19b9c7682" {{(pid=103751) __call__ /opt/stack/placement/placement/requestlog.py:55}}
Dec 15 03:22:05.964226 dv-cinder-818037-9-smb devstack@placement-api.service[103751]: INFO placement.requestlog [req-ca6cb888-84f4-4e65-9edb-04b9efb59d0c req-ae11d18a-7d49-4fcf-b80d-a49f16181891 service placement] 10.222.0.43 "GET /placement/allocations/cb6365b4-f8f1-4bf4-8bf7-10f19b9c7682" status: 200 len: 258 microversion: 1.28
Dec 15 03:22:05.967651 dv-cinder-818037-9-smb devstack@placement-api.service[103751]: [pid: 103751|app: 0|req: 14/29] 10.222.0.43 () {60 vars in 1377 bytes} [Wed Dec 15 03:22:05 2021] GET /placement/allocations/cb6365b4-f8f1-4bf4-8bf7-10f19b9c7682 => generated 258 bytes in 42 msecs (HTTP/1.1 200) 8 headers in 296 bytes (1 switches on core 0)
Dec 15 03:22:32.686466 dv-cinder-818037-9-smb devstack@placement-api.service[103752]: DEBUG placement.requestlog [req-67e8266b-33cb-496a-be30-cf17734cc8d7 req-f9176119-ab01-4c25-949c-e4b0efc0be41 None None] Starting request: 10.222.0.43 "DELETE /placement/allocations/a2be65c7-a92a-4280-8e5a-1fe14fb015e4" {{(pid=103752) __call__ /opt/stack/placement/placement/requestlog.py:55}}
Dec 15 03:22:32.978380 dv-cinder-818037-9-smb devstack@placement-api.service[103752]: DEBUG placement.handlers.allocation [req-67e8266b-33cb-496a-be30-cf17734cc8d7 req-f9176119-ab01-4c25-949c-e4b0efc0be41 service placement] Successfully deleted allocations [, , ] {{(pid=103752) delete_allocations /opt/stack/placement/placement/handlers/allocation.py:627}}
Dec 15 03:22:32.979309 dv-cinder-818037-9-smb devstack@placement-api.service[103752]: INFO placement.requestlog [req-67e8266b-33cb-496a-be30-cf17734cc8d7 req-f9176119-ab01-4c25-949c-e4b0efc0be41 service placement] 10.222.0.43 "DELETE /placement/allocations/a2be65c7-a92a-4280-8e5a-1fe14fb015e4" status: 204 len: 0 microversion: 1.0
Dec 15 03:22:32.980291 dv-cinder-818037-9-smb devstack@placement-api.service[103752]: [pid: 103752|app: 0|req: 16/30] 10.222.0.43 () {60 vars in 1355 bytes} [Wed Dec 15 03:22:32 2021] DELETE /placement/allocations/a2be65c7-a92a-4280-8e5a-1fe14fb015e4 => generated 0 bytes in 294 msecs (HTTP/1.1 204) 5 headers in 198 bytes (1 switches on core 0)
Dec 15 03:22:40.885623 dv-cinder-818037-9-smb devstack@placement-api.service[103751]: DEBUG placement.requestlog [req-9e15598f-ce12-47c2-9456-9922e0005474 req-a3f38fe8-897c-4915-bb19-2f19f63654cb None None] Starting request: 10.222.0.45 "GET /placement/allocation_candidates?limit=1000&resources=DISK_GB%3A1%2CMEMORY_MB%3A1024%2CVCPU%3A1&root_required=%21COMPUTE_STATUS_DISABLED" {{(pid=103751) __call__ /opt/stack/placement/placement/requestlog.py:55}}
Dec 15 03:22:40.914904 dv-cinder-818037-9-smb devstack@placement-api.service[103751]: DEBUG placement.objects.research_context [req-9e15598f-ce12-47c2-9456-9922e0005474 req-a3f38fe8-897c-4915-bb19-2f19f63654cb service placement] getting providers with 1 DISK_GB {{(pid=103751) __init__ /opt/stack/placement/placement/objects/research_context.py:126}}
Dec 15 03:22:40.920734 dv-cinder-818037-9-smb devstack@placement-api.service[103751]: DEBUG placement.objects.research_context [req-9e15598f-ce12-47c2-9456-9922e0005474 req-a3f38fe8-897c-4915-bb19-2f19f63654cb service placement] getting providers with 1024 MEMORY_MB {{(pid=103751) __init__ /opt/stack/placement/placement/objects/research_context.py:126}}
Dec 15 03:22:40.926545 dv-cinder-818037-9-smb devstack@placement-api.service[103751]: DEBUG placement.objects.research_context [req-9e15598f-ce12-47c2-9456-9922e0005474 req-a3f38fe8-897c-4915-bb19-2f19f63654cb service placement] getting providers with 1 VCPU {{(pid=103751) __init__ /opt/stack/placement/placement/objects/research_context.py:126}}
Dec 15 03:22:40.932184 dv-cinder-818037-9-smb devstack@placement-api.service[103751]: DEBUG placement.objects.research_context [req-9e15598f-ce12-47c2-9456-9922e0005474 req-a3f38fe8-897c-4915-bb19-2f19f63654cb service placement] found 1 providers with available 1 DISK_GB {{(pid=103751) get_provider_ids_matching /opt/stack/placement/placement/objects/research_context.py:549}}
Dec 15 03:22:40.932457 dv-cinder-818037-9-smb devstack@placement-api.service[103751]: DEBUG placement.objects.research_context [req-9e15598f-ce12-47c2-9456-9922e0005474 req-a3f38fe8-897c-4915-bb19-2f19f63654cb service placement] found 1 providers with available 1024 MEMORY_MB {{(pid=103751) get_provider_ids_matching /opt/stack/placement/placement/objects/research_context.py:549}}
Dec 15 03:22:40.932725 dv-cinder-818037-9-smb devstack@placement-api.service[103751]: DEBUG placement.objects.research_context [req-9e15598f-ce12-47c2-9456-9922e0005474 req-a3f38fe8-897c-4915-bb19-2f19f63654cb service placement] found 1 providers after filtering by previous result {{(pid=103751) get_provider_ids_matching /opt/stack/placement/placement/objects/research_context.py:580}}
Dec 15 03:22:40.932978 dv-cinder-818037-9-smb devstack@placement-api.service[103751]: DEBUG placement.objects.research_context [req-9e15598f-ce12-47c2-9456-9922e0005474 req-a3f38fe8-897c-4915-bb19-2f19f63654cb service placement] found 1 providers with available 1 VCPU {{(pid=103751) get_provider_ids_matching /opt/stack/placement/placement/objects/research_context.py:549}}
Dec 15 03:22:40.933236 dv-cinder-818037-9-smb devstack@placement-api.service[103751]: DEBUG placement.objects.research_context [req-9e15598f-ce12-47c2-9456-9922e0005474 req-a3f38fe8-897c-4915-bb19-2f19f63654cb service placement] found 1 providers after filtering by previous result {{(pid=103751) get_provider_ids_matching /opt/stack/placement/placement/objects/research_context.py:580}}
Dec 15 03:22:40.943244 dv-cinder-818037-9-smb devstack@placement-api.service[103751]: DEBUG placement.objects.allocation_candidate [req-9e15598f-ce12-47c2-9456-9922e0005474 req-a3f38fe8-897c-4915-bb19-2f19f63654cb service placement] RequestGroup(use_same_provider=False, resources={DISK_GB:1, MEMORY_MB:1024, VCPU:1}, traits=[], aggregates=[]) (suffix '') returned 1 matches {{(pid=103751) _get_by_requests /opt/stack/placement/placement/objects/allocation_candidate.py:145}}
Dec 15 03:22:40.952908 dv-cinder-818037-9-smb devstack@placement-api.service[103751]: DEBUG placement.objects.allocation_candidate [req-9e15598f-ce12-47c2-9456-9922e0005474 req-a3f38fe8-897c-4915-bb19-2f19f63654cb service placement] Merging candidates yields 1 allocation requests and 1 provider summaries {{(pid=103751) _merge_candidates /opt/stack/placement/placement/objects/allocation_candidate.py:783}}
Dec 15 03:22:40.952908 dv-cinder-818037-9-smb devstack@placement-api.service[103751]: INFO placement.requestlog [req-9e15598f-ce12-47c2-9456-9922e0005474 req-a3f38fe8-897c-4915-bb19-2f19f63654cb service placement] 10.222.0.45 "GET /placement/allocation_candidates?limit=1000&resources=DISK_GB%3A1%2CMEMORY_MB%3A1024%2CVCPU%3A1&root_required=%21COMPUTE_STATUS_DISABLED" status: 200 len: 767 microversion: 1.36
Dec 15 03:22:40.952908 dv-cinder-818037-9-smb devstack@placement-api.service[103751]: [pid: 103751|app: 0|req: 15/31] 10.222.0.45 () {60 vars in 1506 bytes} [Wed Dec 15 03:22:40 2021] GET /placement/allocation_candidates?limit=1000&resources=DISK_GB%3A1%2CMEMORY_MB%3A1024%2CVCPU%3A1&root_required=%21COMPUTE_STATUS_DISABLED => generated 767 bytes in 60 msecs (HTTP/1.1 200) 8 headers in 296 bytes (1 switches on core 0)
Dec 15 03:22:40.980512 dv-cinder-818037-9-smb devstack@placement-api.service[103752]: DEBUG placement.requestlog [req-9e15598f-ce12-47c2-9456-9922e0005474 req-c4be31bc-f084-4c70-9fcd-ff9896cf7cc3 None None] Starting request: 10.222.0.45 "GET /placement/allocations/4316fa06-97fb-4dbb-b5f7-5b012b99317a" {{(pid=103752) __call__ /opt/stack/placement/placement/requestlog.py:55}}
Dec 15 03:22:40.991869 dv-cinder-818037-9-smb devstack@placement-api.service[103752]: INFO placement.requestlog [req-9e15598f-ce12-47c2-9456-9922e0005474 req-c4be31bc-f084-4c70-9fcd-ff9896cf7cc3 service placement] 10.222.0.45 "GET /placement/allocations/4316fa06-97fb-4dbb-b5f7-5b012b99317a" status: 200 len: 19 microversion: 1.28
Dec 15 03:22:40.992223 dv-cinder-818037-9-smb devstack@placement-api.service[103752]: [pid: 103752|app: 0|req: 17/32] 10.222.0.45 () {60 vars in 1380 bytes} [Wed Dec 15 03:22:40 2021] GET /placement/allocations/4316fa06-97fb-4dbb-b5f7-5b012b99317a => generated 19 bytes in 12 msecs (HTTP/1.1 200) 8 headers in 295 bytes (1 switches on core 0)
Dec 15 03:22:40.998246 dv-cinder-818037-9-smb devstack@placement-api.service[103751]: DEBUG placement.requestlog [req-9e15598f-ce12-47c2-9456-9922e0005474 req-999d2585-1845-49bd-a04e-b567b9aa0990 None None] Starting request: 10.222.0.45 "PUT /placement/allocations/4316fa06-97fb-4dbb-b5f7-5b012b99317a" {{(pid=103751) __call__ /opt/stack/placement/placement/requestlog.py:55}}
Dec 15 03:22:41.322016 dv-cinder-818037-9-smb devstack@placement-api.service[103751]: DEBUG placement.handlers.allocation [req-9e15598f-ce12-47c2-9456-9922e0005474 req-999d2585-1845-49bd-a04e-b567b9aa0990 service placement] Successfully wrote allocations [, , ] {{(pid=103751) _update_consumers_and_create_allocations /opt/stack/placement/placement/handlers/allocation.py:462}}
Dec 15 03:22:41.405608 dv-cinder-818037-9-smb devstack@placement-api.service[103751]: INFO placement.requestlog [req-9e15598f-ce12-47c2-9456-9922e0005474 req-999d2585-1845-49bd-a04e-b567b9aa0990 service placement] 10.222.0.45 "PUT /placement/allocations/4316fa06-97fb-4dbb-b5f7-5b012b99317a" status: 204 len: 0 microversion: 1.36
Dec 15 03:22:41.409177 dv-cinder-818037-9-smb devstack@placement-api.service[103751]: [pid: 103751|app: 0|req: 16/33] 10.222.0.45 () {64 vars in 1433 bytes} [Wed Dec 15 03:22:40 2021] PUT /placement/allocations/4316fa06-97fb-4dbb-b5f7-5b012b99317a => generated 0 bytes in 409 msecs (HTTP/1.1 204) 5 headers in 199 bytes (1 switches on core 0)
Dec 15 03:22:42.701800 dv-cinder-818037-9-smb devstack@placement-api.service[103752]: DEBUG placement.requestlog [req-9e15598f-ce12-47c2-9456-9922e0005474 req-04dff510-d3f3-4fbb-b287-6ff3fff794c3 None None] Starting request: 10.222.0.43 "GET /placement/allocations/4316fa06-97fb-4dbb-b5f7-5b012b99317a" {{(pid=103752) __call__ /opt/stack/placement/placement/requestlog.py:55}}
Dec 15 03:22:42.718383 dv-cinder-818037-9-smb devstack@placement-api.service[103752]: INFO placement.requestlog [req-9e15598f-ce12-47c2-9456-9922e0005474 req-04dff510-d3f3-4fbb-b287-6ff3fff794c3 service placement] 10.222.0.43 "GET /placement/allocations/4316fa06-97fb-4dbb-b5f7-5b012b99317a" status: 200 len: 258 microversion: 1.28
Dec 15 03:22:42.718798 dv-cinder-818037-9-smb devstack@placement-api.service[103752]: [pid: 103752|app: 0|req: 18/34] 10.222.0.43 () {60 vars in 1377 bytes} [Wed Dec 15 03:22:42 2021] GET /placement/allocations/4316fa06-97fb-4dbb-b5f7-5b012b99317a => generated 258 bytes in 17 msecs (HTTP/1.1 200) 8 headers in 296 bytes (1 switches on core 0)
Dec 15 03:22:44.389156 dv-cinder-818037-9-smb devstack@placement-api.service[103751]: DEBUG placement.requestlog [req-36a0e680-a35b-4b63-8045-f17dcc87aa05 req-91041387-5ac2-41ab-87c8-d9d013afb98e None None] Starting request: 10.222.0.45 "GET /placement/allocation_candidates?limit=1000&resources=DISK_GB%3A1%2CMEMORY_MB%3A1024%2CVCPU%3A1&root_required=%21COMPUTE_STATUS_DISABLED" {{(pid=103751) __call__ /opt/stack/placement/placement/requestlog.py:55}}
Dec 15 03:22:44.458142 dv-cinder-818037-9-smb devstack@placement-api.service[103751]: DEBUG placement.objects.research_context [req-36a0e680-a35b-4b63-8045-f17dcc87aa05 req-91041387-5ac2-41ab-87c8-d9d013afb98e service placement] getting providers with 1 DISK_GB {{(pid=103751) __init__ /opt/stack/placement/placement/objects/research_context.py:126}}
Dec 15 03:22:44.469702 dv-cinder-818037-9-smb devstack@placement-api.service[103751]: DEBUG placement.objects.research_context [req-36a0e680-a35b-4b63-8045-f17dcc87aa05 req-91041387-5ac2-41ab-87c8-d9d013afb98e service placement] getting providers with 1024 MEMORY_MB {{(pid=103751) __init__ /opt/stack/placement/placement/objects/research_context.py:126}}
Dec 15 03:22:44.482630 dv-cinder-818037-9-smb devstack@placement-api.service[103751]: DEBUG placement.objects.research_context [req-36a0e680-a35b-4b63-8045-f17dcc87aa05 req-91041387-5ac2-41ab-87c8-d9d013afb98e service placement] getting providers with 1 VCPU {{(pid=103751) __init__ /opt/stack/placement/placement/objects/research_context.py:126}}
Dec 15 03:22:44.490857 dv-cinder-818037-9-smb devstack@placement-api.service[103751]: DEBUG placement.objects.research_context [req-36a0e680-a35b-4b63-8045-f17dcc87aa05 req-91041387-5ac2-41ab-87c8-d9d013afb98e service placement] found 1 providers with available 1 DISK_GB {{(pid=103751) get_provider_ids_matching /opt/stack/placement/placement/objects/research_context.py:549}}
Dec 15 03:22:44.492597 dv-cinder-818037-9-smb devstack@placement-api.service[103751]: DEBUG placement.objects.research_context [req-36a0e680-a35b-4b63-8045-f17dcc87aa05 req-91041387-5ac2-41ab-87c8-d9d013afb98e service placement] found 1 providers with available 1024 MEMORY_MB {{(pid=103751) get_provider_ids_matching /opt/stack/placement/placement/objects/research_context.py:549}}
Dec 15 03:22:44.493051 dv-cinder-818037-9-smb devstack@placement-api.service[103751]: DEBUG placement.objects.research_context [req-36a0e680-a35b-4b63-8045-f17dcc87aa05 req-91041387-5ac2-41ab-87c8-d9d013afb98e service placement] found 1 providers after filtering by previous result {{(pid=103751) get_provider_ids_matching /opt/stack/placement/placement/objects/research_context.py:580}}
Dec 15 03:22:44.493895 dv-cinder-818037-9-smb devstack@placement-api.service[103751]: DEBUG placement.objects.research_context [req-36a0e680-a35b-4b63-8045-f17dcc87aa05 req-91041387-5ac2-41ab-87c8-d9d013afb98e service placement] found 1 providers with available 1 VCPU {{(pid=103751) get_provider_ids_matching /opt/stack/placement/placement/objects/research_context.py:549}}
Dec 15 03:22:44.494323 dv-cinder-818037-9-smb devstack@placement-api.service[103751]: DEBUG placement.objects.research_context [req-36a0e680-a35b-4b63-8045-f17dcc87aa05 req-91041387-5ac2-41ab-87c8-d9d013afb98e service placement] found 1 providers after filtering by previous result {{(pid=103751) get_provider_ids_matching /opt/stack/placement/placement/objects/research_context.py:580}}
Dec 15 03:22:44.528770 dv-cinder-818037-9-smb devstack@placement-api.service[103751]: DEBUG placement.objects.allocation_candidate [req-36a0e680-a35b-4b63-8045-f17dcc87aa05 req-91041387-5ac2-41ab-87c8-d9d013afb98e service placement] RequestGroup(use_same_provider=False, resources={DISK_GB:1, MEMORY_MB:1024, VCPU:1}, traits=[], aggregates=[]) (suffix '') returned 1 matches {{(pid=103751) _get_by_requests /opt/stack/placement/placement/objects/allocation_candidate.py:145}}
Dec 15 03:22:44.528770 dv-cinder-818037-9-smb devstack@placement-api.service[103751]: DEBUG placement.objects.allocation_candidate [req-36a0e680-a35b-4b63-8045-f17dcc87aa05 req-91041387-5ac2-41ab-87c8-d9d013afb98e service placement] Merging candidates yields 1 allocation requests and 1 provider summaries {{(pid=103751) _merge_candidates /opt/stack/placement/placement/objects/allocation_candidate.py:783}}
Dec 15 03:22:44.530742 dv-cinder-818037-9-smb devstack@placement-api.service[103751]: INFO placement.requestlog [req-36a0e680-a35b-4b63-8045-f17dcc87aa05 req-91041387-5ac2-41ab-87c8-d9d013afb98e service placement] 10.222.0.45 "GET /placement/allocation_candidates?limit=1000&resources=DISK_GB%3A1%2CMEMORY_MB%3A1024%2CVCPU%3A1&root_required=%21COMPUTE_STATUS_DISABLED" status: 200 len: 767 microversion: 1.36
Dec 15 03:22:44.532851 dv-cinder-818037-9-smb devstack@placement-api.service[103751]: [pid: 103751|app: 0|req: 17/35] 10.222.0.45 () {60 vars in 1506 bytes} [Wed Dec 15 03:22:44 2021] GET /placement/allocation_candidates?limit=1000&resources=DISK_GB%3A1%2CMEMORY_MB%3A1024%2CVCPU%3A1&root_required=%21COMPUTE_STATUS_DISABLED => generated 767 bytes in 144 msecs (HTTP/1.1 200) 8 headers in 296 bytes (1 switches on core 0)
Dec 15 03:22:44.595259 dv-cinder-818037-9-smb devstack@placement-api.service[103752]: DEBUG placement.requestlog [req-36a0e680-a35b-4b63-8045-f17dcc87aa05 req-b9b2dc61-21ff-4d55-8d18-ce237292e64e None None] Starting request: 10.222.0.45 "GET /placement/allocations/c7b19ac5-728d-4ddf-b947-cfd53422c0c2" {{(pid=103752) __call__ /opt/stack/placement/placement/requestlog.py:55}}
Dec 15 03:22:44.616105 dv-cinder-818037-9-smb devstack@placement-api.service[103752]: INFO placement.requestlog [req-36a0e680-a35b-4b63-8045-f17dcc87aa05 req-b9b2dc61-21ff-4d55-8d18-ce237292e64e service placement] 10.222.0.45 "GET /placement/allocations/c7b19ac5-728d-4ddf-b947-cfd53422c0c2" status: 200 len: 19 microversion: 1.28
Dec 15 03:22:44.629812 dv-cinder-818037-9-smb devstack@placement-api.service[103752]: [pid: 103752|app: 0|req: 19/36] 10.222.0.45 () {60 vars in 1380 bytes} [Wed Dec 15 03:22:44 2021] GET /placement/allocations/c7b19ac5-728d-4ddf-b947-cfd53422c0c2 => generated 19 bytes in 23 msecs (HTTP/1.1 200) 8 headers in 295 bytes (1 switches on core 0)
Dec 15 03:22:44.634779 dv-cinder-818037-9-smb devstack@placement-api.service[103751]: DEBUG placement.requestlog [req-36a0e680-a35b-4b63-8045-f17dcc87aa05 req-2e8f3e58-e02b-4fbd-ad0b-dc118d87c644 None None] Starting request: 10.222.0.45 "PUT /placement/allocations/c7b19ac5-728d-4ddf-b947-cfd53422c0c2" {{(pid=103751) __call__ /opt/stack/placement/placement/requestlog.py:55}}
Dec 15 03:22:44.860377 dv-cinder-818037-9-smb devstack@placement-api.service[103751]: DEBUG placement.handlers.allocation [req-36a0e680-a35b-4b63-8045-f17dcc87aa05 req-2e8f3e58-e02b-4fbd-ad0b-dc118d87c644 service placement] Successfully wrote allocations [, , ] {{(pid=103751) _update_consumers_and_create_allocations /opt/stack/placement/placement/handlers/allocation.py:462}}
Dec 15 03:22:44.944235 dv-cinder-818037-9-smb devstack@placement-api.service[103751]: INFO placement.requestlog [req-36a0e680-a35b-4b63-8045-f17dcc87aa05 req-2e8f3e58-e02b-4fbd-ad0b-dc118d87c644 service placement] 10.222.0.45 "PUT /placement/allocations/c7b19ac5-728d-4ddf-b947-cfd53422c0c2" status: 204 len: 0 microversion: 1.36
Dec 15 03:22:44.944902 dv-cinder-818037-9-smb devstack@placement-api.service[103751]: [pid: 103751|app: 0|req: 18/37] 10.222.0.45 () {64 vars in 1433 bytes} [Wed Dec 15 03:22:44 2021] PUT /placement/allocations/c7b19ac5-728d-4ddf-b947-cfd53422c0c2 => generated 0 bytes in 321 msecs (HTTP/1.1 204) 5 headers in 199 bytes (1 switches on core 0)
Dec 15 03:22:45.930348 dv-cinder-818037-9-smb devstack@placement-api.service[103752]: DEBUG placement.requestlog [req-36a0e680-a35b-4b63-8045-f17dcc87aa05 req-761d9ce2-a954-4cb3-8d6b-b53f09c5233a None None] Starting request: 10.222.0.43 "GET /placement/allocations/c7b19ac5-728d-4ddf-b947-cfd53422c0c2" {{(pid=103752) __call__ /opt/stack/placement/placement/requestlog.py:55}}
Dec 15 03:22:45.957656 dv-cinder-818037-9-smb devstack@placement-api.service[103752]: INFO placement.requestlog [req-36a0e680-a35b-4b63-8045-f17dcc87aa05 req-761d9ce2-a954-4cb3-8d6b-b53f09c5233a service placement] 10.222.0.43 "GET /placement/allocations/c7b19ac5-728d-4ddf-b947-cfd53422c0c2" status: 200 len: 258 microversion: 1.28
Dec 15 03:22:45.958405 dv-cinder-818037-9-smb devstack@placement-api.service[103752]: [pid: 103752|app: 0|req: 20/38] 10.222.0.43 () {60 vars in 1377 bytes} [Wed Dec 15 03:22:45 2021] GET /placement/allocations/c7b19ac5-728d-4ddf-b947-cfd53422c0c2 => generated 258 bytes in 28 msecs (HTTP/1.1 200) 8 headers in 296 bytes (1 switches on core 0)
Dec 15 03:22:46.791093 dv-cinder-818037-9-smb devstack@placement-api.service[103751]: DEBUG placement.requestlog [req-cc2cdb7c-3c63-4538-a62c-1b00ff9bcb47 req-4bb4fc85-0bc8-472d-af3b-782b7a38914f None None] Starting request: 10.222.0.43 "GET /placement/resource_providers/56618d81-eaab-4d51-9c08-c5de2e0efe45/allocations" {{(pid=103751) __call__ /opt/stack/placement/placement/requestlog.py:55}}
Dec 15 03:22:46.821602 dv-cinder-818037-9-smb devstack@placement-api.service[103751]: INFO placement.requestlog [req-cc2cdb7c-3c63-4538-a62c-1b00ff9bcb47 req-4bb4fc85-0bc8-472d-af3b-782b7a38914f service placement] 10.222.0.43 "GET /placement/resource_providers/56618d81-eaab-4d51-9c08-c5de2e0efe45/allocations" status: 200 len: 557 microversion: 1.0
Dec 15 03:22:46.825059 dv-cinder-818037-9-smb devstack@placement-api.service[103751]: [pid: 103751|app: 0|req: 19/39] 10.222.0.43 () {58 vars in 1390 bytes} [Wed Dec 15 03:22:46 2021] GET /placement/resource_providers/56618d81-eaab-4d51-9c08-c5de2e0efe45/allocations => generated 557 bytes in 31 msecs (HTTP/1.1 200) 6 headers in 224 bytes (1 switches on core 0)
Dec 15 03:22:56.983738 dv-cinder-818037-9-smb devstack@placement-api.service[103752]: DEBUG placement.requestlog [req-e8b47fff-567a-4cd0-8def-a848ca6af8ee req-f3c4db18-1421-462b-a9a9-08be0332b3c8 None None] Starting request: 10.222.0.45 "GET /placement/allocation_candidates?limit=1000&resources=DISK_GB%3A1%2CMEMORY_MB%3A1024%2CVCPU%3A1&root_required=%21COMPUTE_STATUS_DISABLED" {{(pid=103752) __call__ /opt/stack/placement/placement/requestlog.py:55}}
Dec 15 03:22:57.019531 dv-cinder-818037-9-smb devstack@placement-api.service[103752]: DEBUG placement.objects.research_context [req-e8b47fff-567a-4cd0-8def-a848ca6af8ee req-f3c4db18-1421-462b-a9a9-08be0332b3c8 service placement] getting providers with 1 DISK_GB {{(pid=103752) __init__ /opt/stack/placement/placement/objects/research_context.py:126}}
Dec 15 03:22:57.025373 dv-cinder-818037-9-smb devstack@placement-api.service[103752]: DEBUG placement.objects.research_context [req-e8b47fff-567a-4cd0-8def-a848ca6af8ee req-f3c4db18-1421-462b-a9a9-08be0332b3c8 service placement] getting providers with 1024 MEMORY_MB {{(pid=103752) __init__ /opt/stack/placement/placement/objects/research_context.py:126}}
Dec 15 03:22:57.030640 dv-cinder-818037-9-smb devstack@placement-api.service[103752]: DEBUG placement.objects.research_context [req-e8b47fff-567a-4cd0-8def-a848ca6af8ee req-f3c4db18-1421-462b-a9a9-08be0332b3c8 service placement] getting providers with 1 VCPU {{(pid=103752) __init__ /opt/stack/placement/placement/objects/research_context.py:126}}
Dec 15 03:22:57.037036 dv-cinder-818037-9-smb devstack@placement-api.service[103752]: DEBUG placement.objects.research_context [req-e8b47fff-567a-4cd0-8def-a848ca6af8ee req-f3c4db18-1421-462b-a9a9-08be0332b3c8 service placement] found 1 providers with available 1 DISK_GB {{(pid=103752) get_provider_ids_matching /opt/stack/placement/placement/objects/research_context.py:549}}
Dec 15 03:22:57.037316 dv-cinder-818037-9-smb devstack@placement-api.service[103752]: DEBUG placement.objects.research_context [req-e8b47fff-567a-4cd0-8def-a848ca6af8ee req-f3c4db18-1421-462b-a9a9-08be0332b3c8 service placement] found 1 providers with available 1024 MEMORY_MB {{(pid=103752) get_provider_ids_matching /opt/stack/placement/placement/objects/research_context.py:549}}
Dec 15 03:22:57.037589 dv-cinder-818037-9-smb devstack@placement-api.service[103752]: DEBUG placement.objects.research_context [req-e8b47fff-567a-4cd0-8def-a848ca6af8ee req-f3c4db18-1421-462b-a9a9-08be0332b3c8 service placement] found 1 providers after filtering by previous result {{(pid=103752) get_provider_ids_matching /opt/stack/placement/placement/objects/research_context.py:580}}
Dec 15 03:22:57.037861 dv-cinder-818037-9-smb devstack@placement-api.service[103752]: DEBUG placement.objects.research_context [req-e8b47fff-567a-4cd0-8def-a848ca6af8ee req-f3c4db18-1421-462b-a9a9-08be0332b3c8 service placement] found 1 providers with available 1 VCPU {{(pid=103752) get_provider_ids_matching /opt/stack/placement/placement/objects/research_context.py:549}}
Dec 15 03:22:57.038110 dv-cinder-818037-9-smb devstack@placement-api.service[103752]: DEBUG placement.objects.research_context [req-e8b47fff-567a-4cd0-8def-a848ca6af8ee req-f3c4db18-1421-462b-a9a9-08be0332b3c8 service placement] found 1 providers after filtering by previous result {{(pid=103752) get_provider_ids_matching /opt/stack/placement/placement/objects/research_context.py:580}}
Dec 15 03:22:57.048276 dv-cinder-818037-9-smb devstack@placement-api.service[103752]: DEBUG placement.objects.allocation_candidate [req-e8b47fff-567a-4cd0-8def-a848ca6af8ee req-f3c4db18-1421-462b-a9a9-08be0332b3c8 service placement] RequestGroup(use_same_provider=False, resources={DISK_GB:1, MEMORY_MB:1024, VCPU:1}, traits=[], aggregates=[]) (suffix '') returned 1 matches {{(pid=103752) _get_by_requests /opt/stack/placement/placement/objects/allocation_candidate.py:145}}
Dec 15 03:22:57.048614 dv-cinder-818037-9-smb devstack@placement-api.service[103752]: DEBUG placement.objects.allocation_candidate [req-e8b47fff-567a-4cd0-8def-a848ca6af8ee req-f3c4db18-1421-462b-a9a9-08be0332b3c8 service placement] Merging candidates yields 1 allocation requests and 1 provider summaries {{(pid=103752) _merge_candidates /opt/stack/placement/placement/objects/allocation_candidate.py:783}}
Dec 15 03:22:57.050768 dv-cinder-818037-9-smb devstack@placement-api.service[103752]: INFO placement.requestlog [req-e8b47fff-567a-4cd0-8def-a848ca6af8ee req-f3c4db18-1421-462b-a9a9-08be0332b3c8 service placement] 10.222.0.45 "GET /placement/allocation_candidates?limit=1000&resources=DISK_GB%3A1%2CMEMORY_MB%3A1024%2CVCPU%3A1&root_required=%21COMPUTE_STATUS_DISABLED" status: 200 len: 767 microversion: 1.36
Dec 15 03:22:57.051155 dv-cinder-818037-9-smb devstack@placement-api.service[103752]: [pid: 103752|app: 0|req: 21/40] 10.222.0.45 () {60 vars in 1506 bytes} [Wed Dec 15 03:22:56 2021] GET /placement/allocation_candidates?limit=1000&resources=DISK_GB%3A1%2CMEMORY_MB%3A1024%2CVCPU%3A1&root_required=%21COMPUTE_STATUS_DISABLED => generated 767 bytes in 68 msecs (HTTP/1.1 200) 8 headers in 296 bytes (1 switches on core 0)
Dec 15 03:22:57.085765 dv-cinder-818037-9-smb devstack@placement-api.service[103751]: DEBUG placement.requestlog [req-e8b47fff-567a-4cd0-8def-a848ca6af8ee req-3b38a075-407c-4e6f-a1ce-362adff69046 None None] Starting request: 10.222.0.45 "GET /placement/allocations/8549366f-655d-4232-8e74-a140c4821a9d" {{(pid=103751) __call__ /opt/stack/placement/placement/requestlog.py:55}}
Dec 15 03:22:57.095953 dv-cinder-818037-9-smb devstack@placement-api.service[103751]: INFO placement.requestlog [req-e8b47fff-567a-4cd0-8def-a848ca6af8ee req-3b38a075-407c-4e6f-a1ce-362adff69046 service placement] 10.222.0.45 "GET /placement/allocations/8549366f-655d-4232-8e74-a140c4821a9d" status: 200 len: 19 microversion: 1.28
Dec 15 03:22:57.096817 dv-cinder-818037-9-smb devstack@placement-api.service[103751]: [pid: 103751|app: 0|req: 20/41] 10.222.0.45 () {60 vars in 1380 bytes} [Wed Dec 15 03:22:57 2021] GET /placement/allocations/8549366f-655d-4232-8e74-a140c4821a9d => generated 19 bytes in 11 msecs (HTTP/1.1 200) 8 headers in 295 bytes (1 switches on core 0)
Dec 15 03:22:57.103208 dv-cinder-818037-9-smb devstack@placement-api.service[103752]: DEBUG placement.requestlog [req-e8b47fff-567a-4cd0-8def-a848ca6af8ee req-8ecd9c7b-201c-488e-a1b9-87c950e65bc9 None None] Starting request: 10.222.0.45 "PUT /placement/allocations/8549366f-655d-4232-8e74-a140c4821a9d" {{(pid=103752) __call__ /opt/stack/placement/placement/requestlog.py:55}}
Dec 15 03:22:57.446458 dv-cinder-818037-9-smb devstack@placement-api.service[103752]: DEBUG placement.handlers.allocation [req-e8b47fff-567a-4cd0-8def-a848ca6af8ee req-8ecd9c7b-201c-488e-a1b9-87c950e65bc9 service placement] Successfully wrote allocations [, , ] {{(pid=103752) _update_consumers_and_create_allocations /opt/stack/placement/placement/handlers/allocation.py:462}}
Dec 15 03:22:57.562311 dv-cinder-818037-9-smb devstack@placement-api.service[103752]: INFO placement.requestlog [req-e8b47fff-567a-4cd0-8def-a848ca6af8ee req-8ecd9c7b-201c-488e-a1b9-87c950e65bc9 service placement] 10.222.0.45 "PUT /placement/allocations/8549366f-655d-4232-8e74-a140c4821a9d" status: 204 len: 0 microversion: 1.36
Dec 15 03:22:57.562311 dv-cinder-818037-9-smb devstack@placement-api.service[103752]: [pid: 103752|app: 0|req: 22/42] 10.222.0.45 () {64 vars in 1433 bytes} [Wed Dec 15 03:22:57 2021] PUT /placement/allocations/8549366f-655d-4232-8e74-a140c4821a9d => generated 0 bytes in 457 msecs (HTTP/1.1 204) 5 headers in 199 bytes (2 switches on core 0)
Dec 15 03:22:58.648576 dv-cinder-818037-9-smb devstack@placement-api.service[103751]: DEBUG placement.requestlog [req-e8b47fff-567a-4cd0-8def-a848ca6af8ee req-3d19e607-39de-4d8b-bb00-04a5687700f3 None None] Starting request: 10.222.0.43 "GET /placement/allocations/8549366f-655d-4232-8e74-a140c4821a9d" {{(pid=103751) __call__ /opt/stack/placement/placement/requestlog.py:55}}
Dec 15 03:22:58.665408 dv-cinder-818037-9-smb devstack@placement-api.service[103751]: INFO placement.requestlog [req-e8b47fff-567a-4cd0-8def-a848ca6af8ee req-3d19e607-39de-4d8b-bb00-04a5687700f3 service placement] 10.222.0.43 "GET /placement/allocations/8549366f-655d-4232-8e74-a140c4821a9d" status: 200 len: 258 microversion: 1.28
Dec 15 03:22:58.666474 dv-cinder-818037-9-smb devstack@placement-api.service[103751]: [pid: 103751|app: 0|req: 21/43] 10.222.0.43 () {60 vars in 1377 bytes} [Wed Dec 15 03:22:58 2021] GET /placement/allocations/8549366f-655d-4232-8e74-a140c4821a9d => generated 258 bytes in 18 msecs (HTTP/1.1 200) 8 headers in 296 bytes (1 switches on core 0)
Dec 15 03:23:05.341931 dv-cinder-818037-9-smb devstack@placement-api.service[103752]: DEBUG placement.requestlog [req-d703b176-7ef2-4fb4-aced-894c26f8da00 req-d1ea73b4-f756-4c71-a988-095c9bd67057 None None] Starting request: 10.222.0.43 "DELETE /placement/allocations/4316fa06-97fb-4dbb-b5f7-5b012b99317a" {{(pid=103752) __call__ /opt/stack/placement/placement/requestlog.py:55}}
Dec 15 03:23:05.530908 dv-cinder-818037-9-smb devstack@placement-api.service[103752]: DEBUG placement.handlers.allocation [req-d703b176-7ef2-4fb4-aced-894c26f8da00 req-d1ea73b4-f756-4c71-a988-095c9bd67057 service placement] Successfully deleted allocations [, , ] {{(pid=103752) delete_allocations /opt/stack/placement/placement/handlers/allocation.py:627}}
Dec 15 03:23:05.531944 dv-cinder-818037-9-smb devstack@placement-api.service[103752]: INFO placement.requestlog [req-d703b176-7ef2-4fb4-aced-894c26f8da00 req-d1ea73b4-f756-4c71-a988-095c9bd67057 service placement] 10.222.0.43 "DELETE /placement/allocations/4316fa06-97fb-4dbb-b5f7-5b012b99317a" status: 204 len: 0 microversion: 1.0
Dec 15 03:23:05.535695 dv-cinder-818037-9-smb devstack@placement-api.service[103752]: [pid: 103752|app: 0|req: 23/44] 10.222.0.43 () {60 vars in 1355 bytes} [Wed Dec 15 03:23:05 2021] DELETE /placement/allocations/4316fa06-97fb-4dbb-b5f7-5b012b99317a => generated 0 bytes in 191 msecs (HTTP/1.1 204) 5 headers in 198 bytes (2 switches on core 0)
Dec 15 03:23:06.988612 dv-cinder-818037-9-smb devstack@placement-api.service[103751]: DEBUG placement.requestlog [req-aa56c873-32a2-4d8b-8b93-8650ebc4f533 req-479e26db-2a52-4e35-ad44-49899d2f5c93 None None] Starting request: 10.222.0.45 "GET /placement/allocation_candidates?limit=1000&resources=DISK_GB%3A1%2CMEMORY_MB%3A1024%2CVCPU%3A1&root_required=%21COMPUTE_STATUS_DISABLED" {{(pid=103751) __call__ /opt/stack/placement/placement/requestlog.py:55}}
Dec 15 03:23:07.048317 dv-cinder-818037-9-smb devstack@placement-api.service[103751]: DEBUG placement.objects.research_context [req-aa56c873-32a2-4d8b-8b93-8650ebc4f533 req-479e26db-2a52-4e35-ad44-49899d2f5c93 service placement] getting providers with 1 DISK_GB {{(pid=103751) __init__ /opt/stack/placement/placement/objects/research_context.py:126}}
Dec 15 03:23:07.070111 dv-cinder-818037-9-smb devstack@placement-api.service[103751]: DEBUG placement.objects.research_context [req-aa56c873-32a2-4d8b-8b93-8650ebc4f533 req-479e26db-2a52-4e35-ad44-49899d2f5c93 service placement] getting providers with 1024 MEMORY_MB {{(pid=103751) __init__ /opt/stack/placement/placement/objects/research_context.py:126}}
Dec 15 03:23:07.076447 dv-cinder-818037-9-smb devstack@placement-api.service[103751]: DEBUG placement.objects.research_context [req-aa56c873-32a2-4d8b-8b93-8650ebc4f533 req-479e26db-2a52-4e35-ad44-49899d2f5c93 service placement] getting providers with 1 VCPU {{(pid=103751) __init__ /opt/stack/placement/placement/objects/research_context.py:126}}
Dec 15 03:23:07.082819 dv-cinder-818037-9-smb devstack@placement-api.service[103751]: DEBUG placement.objects.research_context [req-aa56c873-32a2-4d8b-8b93-8650ebc4f533 req-479e26db-2a52-4e35-ad44-49899d2f5c93 service placement] found 1 providers with available 1 DISK_GB {{(pid=103751) get_provider_ids_matching /opt/stack/placement/placement/objects/research_context.py:549}}
