Nov 20 03:25:29.926479 dv-cinder-818037-5-smb neutron-server[102586]: DEBUG neutron_lib.callbacks.manager [None req-60882dd3-7b28-4539-bca9-0e53af92866e None None] Publish callbacks ['neutron.plugins.ml2.plugin.SecurityGroupDbMixin._ensure_default_security_group_handler-570642'] for port, before_update {{(pid=102586) _notify_loop /usr/local/lib/python3.8/dist-packages/neutron_lib/callbacks/manager.py:175}}
Nov 20 03:25:29.938155 dv-cinder-818037-5-smb neutron-server[102586]: DEBUG neutron.notifiers.nova [None req-60882dd3-7b28-4539-bca9-0e53af92866e None None] Ignoring state change previous_port_status: DOWN current_port_status: BUILD port_id 795e1e55-b3d4-47be-9769-7b9d844f6f50 {{(pid=102586) record_port_status_changed /opt/stack/neutron/neutron/notifiers/nova.py:224}}
Nov 20 03:25:29.959681 dv-cinder-818037-5-smb neutron-server[102586]: DEBUG neutron.plugins.ml2.db [None req-60882dd3-7b28-4539-bca9-0e53af92866e None None] For port 795e1e55-b3d4-47be-9769-7b9d844f6f50, host hv-cinder-81803, got binding levels [PortBindingLevel(driver='hyperv',host='hv-cinder-81803',level=0,port_id=795e1e55-b3d4-47be-9769-7b9d844f6f50,segment=NetworkSegment(af4e26be-81b7-4654-b91f-5fc36e4a5389),segment_id=af4e26be-81b7-4654-b91f-5fc36e4a5389)] {{(pid=102586) get_binding_level_objs /opt/stack/neutron/neutron/plugins/ml2/db.py:74}}
Nov 20 03:25:29.965269 dv-cinder-818037-5-smb neutron-server[102586]: DEBUG neutron_lib.callbacks.manager [None req-60882dd3-7b28-4539-bca9-0e53af92866e None None] Publish callbacks ['neutron.plugins.ml2.plugin.SecurityGroupServerNotifierRpcMixin._notify_sg_on_port_change-571871', 'neutron.plugins.ml2.ovo_rpc._ObjectChangeHandler.handle_event-219132', 'neutron.api.rpc.agentnotifiers.dhcp_rpc_agent_api.DhcpAgentNotifyAPI._native_event_send_dhcp_notification-1612071', 'neutron.db.l3_db.L3RpcNotifierMixin._notify_gateway_port_ip_changed-8739865345729', 'neutron.db.l3_dvrscheduler_db._notify_l3_agent_port_update-8739864872120', 'neutron.db.l3_hascheduler_db._notify_l3_agent_ha_port_update-8739864872138'] for port, after_update {{(pid=102586) _notify_loop /usr/local/lib/python3.8/dist-packages/neutron_lib/callbacks/manager.py:175}}
Nov 20 03:25:30.021352 dv-cinder-818037-5-smb neutron-server[102585]: DEBUG neutron.pecan_wsgi.hooks.policy_enforcement [req-bec1d34b-ddd5-4396-8408-04a8d444b520 req-41fcdb2e-7c19-4311-a97b-3d088fffdeba tempest-ServerRescueNegativeTestJSON-1598094796 tempest-ServerRescueNegativeTestJSON-1598094796-project] Attributes excluded by policy engine: ['standard_attr_id', 'binding:profile', 'binding:host_id', 'binding:vif_type', 'binding:vif_details'] {{(pid=102585) _exclude_attributes_by_policy /opt/stack/neutron/neutron/pecan_wsgi/hooks/policy_enforcement.py:255}}
Nov 20 03:25:30.030832 dv-cinder-818037-5-smb neutron-server[102586]: DEBUG neutron.api.rpc.handlers.resources_rpc [None req-60882dd3-7b28-4539-bca9-0e53af92866e None None] Pushing event updated for resources: {'Port': ['ID=795e1e55-b3d4-47be-9769-7b9d844f6f50,revision_number=4']} {{(pid=102586) push /opt/stack/neutron/neutron/api/rpc/handlers/resources_rpc.py:237}}
Nov 20 03:25:30.031059 dv-cinder-818037-5-smb neutron-server[102585]: INFO neutron.wsgi [req-bec1d34b-ddd5-4396-8408-04a8d444b520 req-41fcdb2e-7c19-4311-a97b-3d088fffdeba tempest-ServerRescueNegativeTestJSON-1598094796 tempest-ServerRescueNegativeTestJSON-1598094796-project] 10.222.0.53 "GET /v2.0/ports?device_id=46ca3a5a-c044-47dd-85ce-965d153b29bf HTTP/1.1" status: 200 len: 945 time: 0.0656922
Nov 20 03:25:30.086676 dv-cinder-818037-5-smb neutron-server[102585]: INFO neutron.wsgi [req-bec1d34b-ddd5-4396-8408-04a8d444b520 req-135a9ed4-bf0f-468a-973f-ac318194b70f tempest-ServerRescueNegativeTestJSON-1598094796 tempest-ServerRescueNegativeTestJSON-1598094796-project] 10.222.0.53 "GET /v2.0/security-groups?id=3ead2926-4dd8-45fe-b797-38098adf7ed9&fields=id&fields=name HTTP/1.1" status: 200 len: 286 time: 0.0543308
Nov 20 03:25:30.151574 dv-cinder-818037-5-smb neutron-server[102585]: DEBUG neutron.pecan_wsgi.hooks.policy_enforcement [req-f55de19a-7449-4608-bc73-4c875850e95a req-724180aa-b1b8-4855-90ad-12cd32bd1f5b tempest-AttachVolumeNegativeTest-487609827 tempest-AttachVolumeNegativeTest-487609827-project] Attributes excluded by policy engine: ['standard_attr_id', 'binding:profile', 'binding:host_id', 'binding:vif_type', 'binding:vif_details'] {{(pid=102585) _exclude_attributes_by_policy /opt/stack/neutron/neutron/pecan_wsgi/hooks/policy_enforcement.py:255}}
Nov 20 03:25:30.153314 dv-cinder-818037-5-smb neutron-server[102585]: INFO neutron.wsgi [req-f55de19a-7449-4608-bc73-4c875850e95a req-724180aa-b1b8-4855-90ad-12cd32bd1f5b tempest-AttachVolumeNegativeTest-487609827 tempest-AttachVolumeNegativeTest-487609827-project] 10.222.0.53 "GET /v2.0/ports?device_id=c3973832-bdc5-4ec4-b3d2-e7e23b341a2b HTTP/1.1" status: 200 len: 945 time: 0.0597680
Nov 20 03:25:30.204532 dv-cinder-818037-5-smb neutron-server[102585]: INFO neutron.wsgi [req-f55de19a-7449-4608-bc73-4c875850e95a req-21090f0b-4b8b-48ae-aa53-08baed4c7c76 tempest-AttachVolumeNegativeTest-487609827 tempest-AttachVolumeNegativeTest-487609827-project] 10.222.0.53 "GET /v2.0/security-groups?id=52dee502-0545-4e04-83df-e98fac1fda9e&fields=id&fields=name HTTP/1.1" status: 200 len: 286 time: 0.0442741
Nov 20 03:25:30.394156 dv-cinder-818037-5-smb neutron-server[102586]: DEBUG neutron.plugins.ml2.db [None req-60882dd3-7b28-4539-bca9-0e53af92866e None None] get_ports_and_sgs() called for port_ids ['795e1e55-b3d4-47be-9769-7b9d844f6f50'] {{(pid=102586) get_ports_and_sgs /opt/stack/neutron/neutron/plugins/ml2/db.py:156}}
Nov 20 03:25:30.686862 dv-cinder-818037-5-smb neutron-server[102584]: DEBUG neutron.wsgi [-] (102584) accepted ('10.222.0.53', 47824) {{(pid=102584) server /usr/local/lib/python3.8/dist-packages/eventlet/wsgi.py:1004}}
Nov 20 03:25:30.930427 dv-cinder-818037-5-smb neutron-server[102584]: DEBUG neutron.api.v2.base [None req-ace35ad0-28a6-4dee-ab08-d996d26539eb admin admin] Request body: {'network': {'name': 'tempest-TestShelveInstance-1704870017-network', 'tenant_id': 'ca89a4ccce8848e5b7362faa2a81a228'}} {{(pid=102584) prepare_request_body /opt/stack/neutron/neutron/api/v2/base.py:729}}
Nov 20 03:25:30.954567 dv-cinder-818037-5-smb neutron-server[102584]: DEBUG neutron.pecan_wsgi.hooks.quota_enforcement [None req-ace35ad0-28a6-4dee-ab08-d996d26539eb admin admin] Made reservation on behalf of ca89a4ccce8848e5b7362faa2a81a228 for: {'network': 1} {{(pid=102584) before /opt/stack/neutron/neutron/pecan_wsgi/hooks/quota_enforcement.py:53}}
Nov 20 03:25:30.957142 dv-cinder-818037-5-smb neutron-server[102584]: DEBUG neutron_lib.callbacks.manager [None req-ace35ad0-28a6-4dee-ab08-d996d26539eb admin admin] Publish callbacks ['neutron.plugins.ml2.plugin.SecurityGroupDbMixin._ensure_default_security_group_handler-570642'] for network, before_create {{(pid=102584) _notify_loop /usr/local/lib/python3.8/dist-packages/neutron_lib/callbacks/manager.py:175}}
Nov 20 03:25:30.965919 dv-cinder-818037-5-smb neutron-server[102584]: DEBUG neutron_lib.callbacks.manager [None req-ace35ad0-28a6-4dee-ab08-d996d26539eb admin admin] Publish callbacks [] for security_group, before_create {{(pid=102584) _notify_loop /usr/local/lib/python3.8/dist-packages/neutron_lib/callbacks/manager.py:175}}
Nov 20 03:25:31.025266 dv-cinder-818037-5-smb neutron-server[102585]: DEBUG neutron.wsgi [-] (102585) accepted ('10.222.0.53', 47838) {{(pid=102585) server /usr/local/lib/python3.8/dist-packages/eventlet/wsgi.py:1004}}
Nov 20 03:25:31.054909 dv-cinder-818037-5-smb neutron-server[102584]: DEBUG neutron_lib.callbacks.manager [None req-ace35ad0-28a6-4dee-ab08-d996d26539eb admin admin] Publish callbacks [] for security_group, precommit_create {{(pid=102584) _notify_loop /usr/local/lib/python3.8/dist-packages/neutron_lib/callbacks/manager.py:175}}
Nov 20 03:25:31.059951 dv-cinder-818037-5-smb neutron-server[102584]: DEBUG neutron_lib.callbacks.manager [None req-ace35ad0-28a6-4dee-ab08-d996d26539eb admin admin] Publish callbacks ['neutron.plugins.ml2.ovo_rpc._ObjectChangeHandler.handle_event-1724837'] for security_group, after_create {{(pid=102584) _notify_loop /usr/local/lib/python3.8/dist-packages/neutron_lib/callbacks/manager.py:175}}
Nov 20 03:25:31.098082 dv-cinder-818037-5-smb neutron-server[102584]: DEBUG neutron.plugins.ml2.drivers.helpers [None req-ace35ad0-28a6-4dee-ab08-d996d26539eb admin admin] vlan segment allocate from pool success with {'physical_network': 'physnet1', 'vlan_id': 601} {{(pid=102584) allocate_partially_specified_segment /opt/stack/neutron/neutron/plugins/ml2/drivers/helpers.py:153}}
Nov 20 03:25:31.111283 dv-cinder-818037-5-smb neutron-server[102584]: DEBUG neutron.api.rpc.handlers.resources_rpc [None req-ace35ad0-28a6-4dee-ab08-d996d26539eb admin admin] Pushing event updated for resources: {'SecurityGroup': ['ID=8464c77e-4198-47a8-a49f-ace0be86d7ca,revision_number=1']} {{(pid=102584) push /opt/stack/neutron/neutron/api/rpc/handlers/resources_rpc.py:237}}
Nov 20 03:25:31.125377 dv-cinder-818037-5-smb neutron-server[102584]: DEBUG neutron_lib.callbacks.manager [None req-ace35ad0-28a6-4dee-ab08-d996d26539eb admin admin] Publish callbacks ['neutron.plugins.ml2.plugin.Ml2Plugin._handle_segment_change-608011'] for segment, precommit_create {{(pid=102584) _notify_loop /usr/local/lib/python3.8/dist-packages/neutron_lib/callbacks/manager.py:175}}
Nov 20 03:25:31.126204 dv-cinder-818037-5-smb neutron-server[102584]: INFO neutron.db.segments_db [None req-ace35ad0-28a6-4dee-ab08-d996d26539eb admin admin] Added segment 278ece7a-00c3-4bdd-97e6-e0eac496cb31 of type vlan for network 71feca70-fe64-44a9-8988-eaa4d27ea30b
Nov 20 03:25:31.186445 dv-cinder-818037-5-smb neutron-server[102584]: DEBUG neutron_lib.callbacks.manager [None req-ace35ad0-28a6-4dee-ab08-d996d26539eb admin admin] Publish callbacks ['neutron.services.auto_allocate.db._ensure_external_network_default_value_callback-8739864894724'] for network, precommit_create {{(pid=102584) _notify_loop /usr/local/lib/python3.8/dist-packages/neutron_lib/callbacks/manager.py:175}}
Nov 20 03:25:31.218524 dv-cinder-818037-5-smb neutron-server[102584]: DEBUG neutron_lib.callbacks.manager [None req-ace35ad0-28a6-4dee-ab08-d996d26539eb admin admin] Publish callbacks ['neutron.plugins.ml2.ovo_rpc._ObjectChangeHandler.handle_event-1724914', 'neutron.api.rpc.agentnotifiers.dhcp_rpc_agent_api.DhcpAgentNotifyAPI._native_event_send_dhcp_notification-1612071'] for network, after_create {{(pid=102584) _notify_loop /usr/local/lib/python3.8/dist-packages/neutron_lib/callbacks/manager.py:175}}
Nov 20 03:25:31.219901 dv-cinder-818037-5-smb neutron-server[102584]: DEBUG neutron.pecan_wsgi.hooks.policy_enforcement [None req-ace35ad0-28a6-4dee-ab08-d996d26539eb admin admin] Attributes excluded by policy engine: ['standard_attr_id', 'vlan_transparent'] {{(pid=102584) _exclude_attributes_by_policy /opt/stack/neutron/neutron/pecan_wsgi/hooks/policy_enforcement.py:255}}
Nov 20 03:25:31.220589 dv-cinder-818037-5-smb neutron-server[102584]: DEBUG neutron_lib.callbacks.manager [None req-ace35ad0-28a6-4dee-ab08-d996d26539eb admin admin] Publish callbacks ['neutron.api.rpc.agentnotifiers.dhcp_rpc_agent_api.DhcpAgentNotifyAPI._send_dhcp_notification-1612049'] for network, before_response {{(pid=102584) _notify_loop /usr/local/lib/python3.8/dist-packages/neutron_lib/callbacks/manager.py:175}}
Nov 20 03:25:31.265006 dv-cinder-818037-5-smb neutron-server[102585]: DEBUG neutron.pecan_wsgi.hooks.policy_enforcement [req-dc7734bb-ebdd-4b57-b3dc-167e5e04ae8b req-5ef9ffe1-9603-4f3c-806e-66eb8c0378e2 tempest-ServerRescueNegativeTestJSON-1598094796 tempest-ServerRescueNegativeTestJSON-1598094796-project] Attributes excluded by policy engine: ['standard_attr_id', 'binding:profile', 'binding:host_id', 'binding:vif_type', 'binding:vif_details'] {{(pid=102585) _exclude_attributes_by_policy /opt/stack/neutron/neutron/pecan_wsgi/hooks/policy_enforcement.py:255}}
Nov 20 03:25:31.278317 dv-cinder-818037-5-smb neutron-server[102585]: INFO neutron.wsgi [req-dc7734bb-ebdd-4b57-b3dc-167e5e04ae8b req-5ef9ffe1-9603-4f3c-806e-66eb8c0378e2 tempest-ServerRescueNegativeTestJSON-1598094796 tempest-ServerRescueNegativeTestJSON-1598094796-project] 10.222.0.53 "GET /v2.0/ports?device_id=46ca3a5a-c044-47dd-85ce-965d153b29bf HTTP/1.1" status: 200 len: 945 time: 0.0841153
Nov 20 03:25:31.290547 dv-cinder-818037-5-smb neutron-server[102584]: DEBUG neutron.api.rpc.handlers.resources_rpc [None req-ace35ad0-28a6-4dee-ab08-d996d26539eb admin admin] Pushing event updated for resources: {'Network': ['ID=71feca70-fe64-44a9-8988-eaa4d27ea30b,revision_number=1']} {{(pid=102584) push /opt/stack/neutron/neutron/api/rpc/handlers/resources_rpc.py:237}}
Nov 20 03:25:31.302645 dv-cinder-818037-5-smb neutron-server[102586]: DEBUG neutron.plugins.ml2.rpc [None req-8504b8b8-db9b-4b6e-a327-7ce354126b2e None None] Network 71feca70-fe64-44a9-8988-eaa4d27ea30b details requested by agent ovs-agent-dv-cinder-818037-5-smb with host dv-cinder-818037-5-smb {{(pid=102586) get_network_details /opt/stack/neutron/neutron/plugins/ml2/rpc.py:248}}
Nov 20 03:25:31.332639 dv-cinder-818037-5-smb neutron-server[102584]: INFO neutron.wsgi [None req-ace35ad0-28a6-4dee-ab08-d996d26539eb admin admin] 10.222.0.53 "POST /v2.0/networks HTTP/1.1" status: 201 len: 882 time: 0.6446323
Nov 20 03:25:31.336202 dv-cinder-818037-5-smb neutron-server[102585]: DEBUG neutron.wsgi [-] (102585) accepted ('10.222.0.53', 47856) {{(pid=102585) server /usr/local/lib/python3.8/dist-packages/eventlet/wsgi.py:1004}}
Nov 20 03:25:31.337014 dv-cinder-818037-5-smb neutron-server[102585]: DEBUG neutron_lib.callbacks.manager [None req-3f4f9fef-2e0b-419b-b0c6-a39dc0168740 admin admin] Publish callbacks [] for security_group, before_create {{(pid=102585) _notify_loop /usr/local/lib/python3.8/dist-packages/neutron_lib/callbacks/manager.py:175}}
Nov 20 03:25:31.359422 dv-cinder-818037-5-smb neutron-server[102585]: DEBUG neutron.api.v2.base [None req-99d4098a-8767-4569-853f-3735ba084e38 admin admin] Request body: {'subnet': {'network_id': '71feca70-fe64-44a9-8988-eaa4d27ea30b', 'cidr': '172.20.0.0/28', 'name': 'tempest-TestShelveInstance-1704870017-subnet', 'tenant_id': 'ca89a4ccce8848e5b7362faa2a81a228', 'ip_version': 4}} {{(pid=102585) prepare_request_body /opt/stack/neutron/neutron/api/v2/base.py:729}}
Nov 20 03:25:31.389595 dv-cinder-818037-5-smb neutron-server[102585]: DEBUG neutron.pecan_wsgi.hooks.quota_enforcement [None req-99d4098a-8767-4569-853f-3735ba084e38 admin admin] Made reservation on behalf of ca89a4ccce8848e5b7362faa2a81a228 for: {'subnet': 1} {{(pid=102585) before /opt/stack/neutron/neutron/pecan_wsgi/hooks/quota_enforcement.py:53}}
Nov 20 03:25:31.391942 dv-cinder-818037-5-smb neutron-server[102585]: DEBUG neutron_lib.callbacks.manager [None req-99d4098a-8767-4569-853f-3735ba084e38 admin admin] Publish callbacks [] for subnet, before_create {{(pid=102585) _notify_loop /usr/local/lib/python3.8/dist-packages/neutron_lib/callbacks/manager.py:175}}
Nov 20 03:25:31.449108 dv-cinder-818037-5-smb neutron-server[102585]: INFO neutron.wsgi [req-dc7734bb-ebdd-4b57-b3dc-167e5e04ae8b req-e4bba069-ff97-47c5-b088-904d04de38bd tempest-ServerRescueNegativeTestJSON-1598094796 tempest-ServerRescueNegativeTestJSON-1598094796-project] 10.222.0.53 "GET /v2.0/security-groups?id=3ead2926-4dd8-45fe-b797-38098adf7ed9&fields=id&fields=name HTTP/1.1" status: 200 len: 286 time: 0.1551821
Nov 20 03:25:31.560801 dv-cinder-818037-5-smb neutron-server[102585]: DEBUG neutron.pecan_wsgi.hooks.policy_enforcement [req-9e759dfb-340a-444b-97c2-4f5e7ef9d371 req-8272d536-15f9-468e-b3e5-6bd1e432a65c tempest-AttachVolumeNegativeTest-487609827 tempest-AttachVolumeNegativeTest-487609827-project] Attributes excluded by policy engine: ['standard_attr_id', 'binding:profile', 'binding:host_id', 'binding:vif_type', 'binding:vif_details'] {{(pid=102585) _exclude_attributes_by_policy /opt/stack/neutron/neutron/pecan_wsgi/hooks/policy_enforcement.py:255}}
Nov 20 03:25:31.562324 dv-cinder-818037-5-smb neutron-server[102585]: INFO neutron.wsgi [req-9e759dfb-340a-444b-97c2-4f5e7ef9d371 req-8272d536-15f9-468e-b3e5-6bd1e432a65c tempest-AttachVolumeNegativeTest-487609827 tempest-AttachVolumeNegativeTest-487609827-project] 10.222.0.53 "GET /v2.0/ports?device_id=c3973832-bdc5-4ec4-b3d2-e7e23b341a2b HTTP/1.1" status: 200 len: 945 time: 0.0905385
Nov 20 03:25:31.654936 dv-cinder-818037-5-smb neutron-server[102585]: DEBUG neutron_lib.callbacks.manager [None req-3f4f9fef-2e0b-419b-b0c6-a39dc0168740 admin admin] Publish callbacks [] for security_group, precommit_create {{(pid=102585) _notify_loop /usr/local/lib/python3.8/dist-packages/neutron_lib/callbacks/manager.py:175}}
Nov 20 03:25:31.668555 dv-cinder-818037-5-smb neutron-server[102585]: DEBUG neutron_lib.callbacks.manager [None req-3f4f9fef-2e0b-419b-b0c6-a39dc0168740 admin admin] Publish callbacks ['neutron.plugins.ml2.ovo_rpc._ObjectChangeHandler.handle_event-1724837'] for security_group, after_create {{(pid=102585) _notify_loop /usr/local/lib/python3.8/dist-packages/neutron_lib/callbacks/manager.py:175}}
Nov 20 03:25:31.690352 dv-cinder-818037-5-smb neutron-server[102585]: INFO neutron.wsgi [req-9e759dfb-340a-444b-97c2-4f5e7ef9d371 req-dc7c355f-e62d-497f-98e4-e5e1b19fc0d7 tempest-AttachVolumeNegativeTest-487609827 tempest-AttachVolumeNegativeTest-487609827-project] 10.222.0.53 "GET /v2.0/security-groups?id=52dee502-0545-4e04-83df-e98fac1fda9e&fields=id&fields=name HTTP/1.1" status: 200 len: 286 time: 0.1116958
Nov 20 03:25:31.742300 dv-cinder-818037-5-smb neutron-server[102586]: DEBUG neutron.plugins.ml2.rpc [None req-60882dd3-7b28-4539-bca9-0e53af92866e None None] Device 795e1e55-b3d4-47be-9769-7b9d844f6f50 up at agent hyperv_hv-cinder-81803 {{(pid=102586) update_device_up /opt/stack/neutron/neutron/plugins/ml2/rpc.py:296}}
Nov 20 03:25:31.782000 dv-cinder-818037-5-smb neutron-server[102585]: INFO neutron.wsgi [None req-3f4f9fef-2e0b-419b-b0c6-a39dc0168740 admin admin] 10.222.0.53 "GET /v2.0/security-groups?tenant_id=bf50a3a48d794a0896989aa96d29945f&name=default HTTP/1.1" status: 200 len: 2996 time: 0.7476327
Nov 20 03:25:31.782000 dv-cinder-818037-5-smb neutron-server[102585]: DEBUG neutron.wsgi [-] (102585) accepted ('10.222.0.53', 47878) {{(pid=102585) server /usr/local/lib/python3.8/dist-packages/eventlet/wsgi.py:1004}}
Nov 20 03:25:31.794704 dv-cinder-818037-5-smb neutron-server[102585]: DEBUG neutron.api.rpc.handlers.resources_rpc [None req-3f4f9fef-2e0b-419b-b0c6-a39dc0168740 admin admin] Pushing event updated for resources: {'SecurityGroup': ['ID=9fecc3dd-f800-4ddc-a1d8-ff0d62c896a3,revision_number=1']} {{(pid=102585) push /opt/stack/neutron/neutron/api/rpc/handlers/resources_rpc.py:237}}
Nov 20 03:25:31.801367 dv-cinder-818037-5-smb neutron-server[102586]: DEBUG neutron.db.provisioning_blocks [None req-60882dd3-7b28-4539-bca9-0e53af92866e None None] Provisioning for port 795e1e55-b3d4-47be-9769-7b9d844f6f50 completed by entity L2. {{(pid=102586) provisioning_complete /opt/stack/neutron/neutron/db/provisioning_blocks.py:133}}
Nov 20 03:25:31.806810 dv-cinder-818037-5-smb neutron-server[102585]: DEBUG neutron_lib.callbacks.manager [None req-99d4098a-8767-4569-853f-3735ba084e38 admin admin] Publish callbacks ['neutron.plugins.ml2.ovo_rpc._ObjectChangeHandler.handle_event-1718209', 'neutron.api.rpc.agentnotifiers.dhcp_rpc_agent_api.DhcpAgentNotifyAPI._native_event_send_dhcp_notification-1612071'] for subnet, after_create {{(pid=102585) _notify_loop /usr/local/lib/python3.8/dist-packages/neutron_lib/callbacks/manager.py:175}}
Nov 20 03:25:31.813786 dv-cinder-818037-5-smb neutron-server[102586]: DEBUG neutron.db.provisioning_blocks [None req-60882dd3-7b28-4539-bca9-0e53af92866e None None] Provisioning complete for port 795e1e55-b3d4-47be-9769-7b9d844f6f50 triggered by entity L2. {{(pid=102586) provisioning_complete /opt/stack/neutron/neutron/db/provisioning_blocks.py:139}}
Nov 20 03:25:31.815223 dv-cinder-818037-5-smb neutron-server[102586]: DEBUG neutron_lib.callbacks.manager [None req-60882dd3-7b28-4539-bca9-0e53af92866e None None] Publish callbacks ['neutron.plugins.ml2.plugin.Ml2Plugin._port_provisioned-708718'] for port, provisioning_complete {{(pid=102586) _notify_loop /usr/local/lib/python3.8/dist-packages/neutron_lib/callbacks/manager.py:175}}
Nov 20 03:25:31.888922 dv-cinder-818037-5-smb neutron-server[102585]: DEBUG neutron.api.rpc.handlers.resources_rpc [None req-99d4098a-8767-4569-853f-3735ba084e38 admin admin] Pushing event updated for resources: {'Subnet': ['ID=184c4578-c118-4a1f-a8a9-a2fc5e30ee6e,revision_number=0']} {{(pid=102585) push /opt/stack/neutron/neutron/api/rpc/handlers/resources_rpc.py:237}}
Nov 20 03:25:31.904006 dv-cinder-818037-5-smb neutron-server[102585]: DEBUG neutron_lib.callbacks.manager [None req-d84c16e3-c15b-44cb-8a53-4380952e9bff admin admin] Publish callbacks [] for security_group, before_delete {{(pid=102585) _notify_loop /usr/local/lib/python3.8/dist-packages/neutron_lib/callbacks/manager.py:175}}
Nov 20 03:25:31.918583 dv-cinder-818037-5-smb neutron-server[102585]: DEBUG neutron.plugins.ml2.drivers.mech_agent [None req-99d4098a-8767-4569-853f-3735ba084e38 admin admin] Checking segment: {'id': '278ece7a-00c3-4bdd-97e6-e0eac496cb31', 'network_type': 'vlan', 'physical_network': 'physnet1', 'segmentation_id': 601, 'network_id': '71feca70-fe64-44a9-8988-eaa4d27ea30b'} for mappings: {'physnet1': 'br-data'} with network types: ['local', 'flat', 'vlan'] {{(pid=102585) check_segment_for_agent /opt/stack/neutron/neutron/plugins/ml2/drivers/mech_agent.py:371}}
Nov 20 03:25:31.918939 dv-cinder-818037-5-smb neutron-server[102585]: DEBUG neutron.scheduler.dhcp_agent_scheduler [None req-99d4098a-8767-4569-853f-3735ba084e38 admin admin] Network hostable DHCP agents. Network: 71feca70-fe64-44a9-8988-eaa4d27ea30b, hostable agents: ['8ec8f89c-06a6-48d5-9a9f-b5ffefe6ac5d'], hosted agents: [] {{(pid=102585) _get_network_hostable_dhcp_agents /opt/stack/neutron/neutron/scheduler/dhcp_agent_scheduler.py:329}}
Nov 20 03:25:31.920088 dv-cinder-818037-5-smb neutron-server[102586]: DEBUG neutron_lib.callbacks.manager [None req-60882dd3-7b28-4539-bca9-0e53af92866e None None] Publish callbacks ['neutron.plugins.ml2.plugin.SecurityGroupDbMixin._ensure_default_security_group_handler-570642'] for port, before_update {{(pid=102586) _notify_loop /usr/local/lib/python3.8/dist-packages/neutron_lib/callbacks/manager.py:175}}
Nov 20 03:25:31.935083 dv-cinder-818037-5-smb neutron-server[102585]: DEBUG neutron_lib.callbacks.manager [None req-d84c16e3-c15b-44cb-8a53-4380952e9bff admin admin] Publish callbacks [] for security_group, precommit_delete {{(pid=102585) _notify_loop /usr/local/lib/python3.8/dist-packages/neutron_lib/callbacks/manager.py:175}}
Nov 20 03:25:31.950592 dv-cinder-818037-5-smb neutron-server[102586]: DEBUG neutron.notifiers.nova [-] Sending events: [{'server_uuid': 'c3973832-bdc5-4ec4-b3d2-e7e23b341a2b', 'name': 'network-vif-plugged', 'status': 'completed', 'tag': '795e1e55-b3d4-47be-9769-7b9d844f6f50'}] {{(pid=102586) send_events /opt/stack/neutron/neutron/notifiers/nova.py:262}}
Nov 20 03:25:31.955414 dv-cinder-818037-5-smb neutron-server[102586]: DEBUG novaclient.v2.client [-] REQ: curl -g -i --cacert "/opt/stack/data/ca-bundle.pem" -X POST http://10.222.0.53/compute/v2.1/os-server-external-events -H "Accept: application/json" -H "Content-Type: application/json" -H "User-Agent: python-novaclient" -H "X-Auth-Token: {SHA256}77024623c7626ec39e26012c0e95270ca28468693b363479d543305eb6cc5e6a" -H "X-OpenStack-Nova-API-Version: 2.1" -H "X-OpenStack-Request-ID: req-884dde6d-13b8-4f53-8e68-355023d818b6" -d '{"events": [{"server_uuid": "c3973832-bdc5-4ec4-b3d2-e7e23b341a2b", "name": "network-vif-plugged", "status": "completed", "tag": "795e1e55-b3d4-47be-9769-7b9d844f6f50"}]}' {{(pid=102586) _http_log_request /usr/local/lib/python3.8/dist-packages/keystoneauth1/session.py:519}}
Nov 20 03:25:31.975840 dv-cinder-818037-5-smb neutron-server[102585]: DEBUG neutron.scheduler.dhcp_agent_scheduler [None req-99d4098a-8767-4569-853f-3735ba084e38 admin admin] Network 71feca70-fe64-44a9-8988-eaa4d27ea30b is scheduled to be hosted by DHCP agent 8ec8f89c-06a6-48d5-9a9f-b5ffefe6ac5d with binding_index 1 {{(pid=102585) bind /opt/stack/neutron/neutron/scheduler/dhcp_agent_scheduler.py:227}}
Nov 20 03:25:31.986965 dv-cinder-818037-5-smb neutron-server[102585]: DEBUG neutron.scheduler.base_scheduler [None req-99d4098a-8767-4569-853f-3735ba084e38 admin admin] Resources bound (agent type, host, resource id): (DHCP agent, dv-cinder-818037-5-smb, 71feca70-fe64-44a9-8988-eaa4d27ea30b) {{(pid=102585) schedule /opt/stack/neutron/neutron/scheduler/base_scheduler.py:57}}
Nov 20 03:25:31.991755 dv-cinder-818037-5-smb neutron-server[102585]: DEBUG neutron.pecan_wsgi.hooks.policy_enforcement [None req-99d4098a-8767-4569-853f-3735ba084e38 admin admin] Attributes excluded by policy engine: ['standard_attr_id', 'shared', 'network'] {{(pid=102585) _exclude_attributes_by_policy /opt/stack/neutron/neutron/pecan_wsgi/hooks/policy_enforcement.py:255}}
Nov 20 03:25:31.992639 dv-cinder-818037-5-smb neutron-server[102585]: DEBUG neutron_lib.callbacks.manager [None req-99d4098a-8767-4569-853f-3735ba084e38 admin admin] Publish callbacks ['neutron.api.rpc.agentnotifiers.dhcp_rpc_agent_api.DhcpAgentNotifyAPI._send_dhcp_notification-1612049'] for subnet, before_response {{(pid=102585) _notify_loop /usr/local/lib/python3.8/dist-packages/neutron_lib/callbacks/manager.py:175}}
Nov 20 03:25:32.011256 dv-cinder-818037-5-smb neutron-server[102585]: DEBUG neutron_lib.callbacks.manager [None req-d84c16e3-c15b-44cb-8a53-4380952e9bff admin admin] Publish callbacks ['neutron.plugins.ml2.ovo_rpc._ObjectChangeHandler.handle_event-1724837'] for security_group, after_delete {{(pid=102585) _notify_loop /usr/local/lib/python3.8/dist-packages/neutron_lib/callbacks/manager.py:175}}
Nov 20 03:25:32.019277 dv-cinder-818037-5-smb neutron-server[102586]: DEBUG neutron.api.rpc.handlers.dhcp_rpc [None req-cd7fda73-1572-4574-bb3e-d12c9697f4d5 None None] Network 71feca70-fe64-44a9-8988-eaa4d27ea30b requested from dv-cinder-818037-5-smb {{(pid=102586) get_network_info /opt/stack/neutron/neutron/api/rpc/handlers/dhcp_rpc.py:218}}
Nov 20 03:25:32.019501 dv-cinder-818037-5-smb neutron-server[102585]: DEBUG neutron_lib.callbacks.manager [None req-d84c16e3-c15b-44cb-8a53-4380952e9bff admin admin] Publish callbacks [] for security_group, before_response {{(pid=102585) _notify_loop /usr/local/lib/python3.8/dist-packages/neutron_lib/callbacks/manager.py:175}}
Nov 20 03:25:32.020741 dv-cinder-818037-5-smb neutron-server[102585]: INFO neutron.wsgi [None req-d84c16e3-c15b-44cb-8a53-4380952e9bff admin admin] 10.222.0.53 "DELETE /v2.0/security-groups/9fecc3dd-f800-4ddc-a1d8-ff0d62c896a3 HTTP/1.1" status: 204 len: 168 time: 0.2411129
Nov 20 03:25:32.032142 dv-cinder-818037-5-smb neutron-server[102585]: INFO neutron.wsgi [None req-99d4098a-8767-4569-853f-3735ba084e38 admin admin] 10.222.0.53 "POST /v2.0/subnets HTTP/1.1" status: 201 len: 845 time: 0.6771543
Nov 20 03:25:32.032636 dv-cinder-818037-5-smb neutron-server[102584]: DEBUG neutron.wsgi [-] (102584) accepted ('10.222.0.53', 47890) {{(pid=102584) server /usr/local/lib/python3.8/dist-packages/eventlet/wsgi.py:1004}}
Nov 20 03:25:32.034913 dv-cinder-818037-5-smb neutron-server[102585]: DEBUG neutron.api.rpc.handlers.resources_rpc [None req-d84c16e3-c15b-44cb-8a53-4380952e9bff admin admin] Pushing event deleted for resources: {'SecurityGroup': ['ID=9fecc3dd-f800-4ddc-a1d8-ff0d62c896a3,revision_number=None']} {{(pid=102585) push /opt/stack/neutron/neutron/api/rpc/handlers/resources_rpc.py:237}}
Nov 20 03:25:32.036925 dv-cinder-818037-5-smb neutron-server[102584]: DEBUG neutron.api.v2.base [None req-86dde67d-8e19-48b5-967e-9ea392b20de4 admin admin] Request body: {'router': {'name': 'tempest-TestShelveInstance-1704870017-router', 'tenant_id': 'ca89a4ccce8848e5b7362faa2a81a228', 'external_gateway_info': {'network_id': '1d69fcd6-8932-4c8d-814f-897b225942bc'}}} {{(pid=102584) prepare_request_body /opt/stack/neutron/neutron/api/v2/base.py:729}}
Nov 20 03:25:32.045184 dv-cinder-818037-5-smb neutron-server[102585]: DEBUG neutron.api.rpc.callbacks.version_manager [None req-d84c16e3-c15b-44cb-8a53-4380952e9bff admin admin] Version for resource type AddressGroup changed None to 1.2 on consumer Open vSwitch agent@dv-cinder-818037-5-smb {{(pid=102585) _set_version /opt/stack/neutron/neutron/api/rpc/callbacks/version_manager.py:113}}
Nov 20 03:25:32.045532 dv-cinder-818037-5-smb neutron-server[102585]: DEBUG neutron.api.rpc.callbacks.version_manager [None req-d84c16e3-c15b-44cb-8a53-4380952e9bff admin admin] Version for resource type ConntrackHelper changed None to 1.0 on consumer Open vSwitch agent@dv-cinder-818037-5-smb {{(pid=102585) _set_version /opt/stack/neutron/neutron/api/rpc/callbacks/version_manager.py:113}}
Nov 20 03:25:32.046039 dv-cinder-818037-5-smb neutron-server[102585]: DEBUG neutron.api.rpc.callbacks.version_manager [None req-d84c16e3-c15b-44cb-8a53-4380952e9bff admin admin] Version for resource type Log changed None to 1.0 on consumer Open vSwitch agent@dv-cinder-818037-5-smb {{(pid=102585) _set_version /opt/stack/neutron/neutron/api/rpc/callbacks/version_manager.py:113}}
Nov 20 03:25:32.046786 dv-cinder-818037-5-smb neutron-server[102585]: DEBUG neutron.api.rpc.callbacks.version_manager [None req-d84c16e3-c15b-44cb-8a53-4380952e9bff admin admin] Version for resource type Network changed None to 1.1 on consumer Open vSwitch agent@dv-cinder-818037-5-smb {{(pid=102585) _set_version /opt/stack/neutron/neutron/api/rpc/callbacks/version_manager.py:113}}
Nov 20 03:25:32.047280 dv-cinder-818037-5-smb neutron-server[102585]: DEBUG neutron.api.rpc.callbacks.version_manager [None req-d84c16e3-c15b-44cb-8a53-4380952e9bff admin admin] Version for resource type Port changed None to 1.7 on consumer Open vSwitch agent@dv-cinder-818037-5-smb {{(pid=102585) _set_version /opt/stack/neutron/neutron/api/rpc/callbacks/version_manager.py:113}}
Nov 20 03:25:32.048221 dv-cinder-818037-5-smb neutron-server[102585]: DEBUG neutron.api.rpc.callbacks.version_manager [None req-d84c16e3-c15b-44cb-8a53-4380952e9bff admin admin] Version for resource type PortForwarding changed None to 1.2 on consumer Open vSwitch agent@dv-cinder-818037-5-smb {{(pid=102585) _set_version /opt/stack/neutron/neutron/api/rpc/callbacks/version_manager.py:113}}
Nov 20 03:25:32.048703 dv-cinder-818037-5-smb neutron-server[102585]: DEBUG neutron.api.rpc.callbacks.version_manager [None req-d84c16e3-c15b-44cb-8a53-4380952e9bff admin admin] Version for resource type QosPolicy changed None to 1.10 on consumer Open vSwitch agent@dv-cinder-818037-5-smb {{(pid=102585) _set_version /opt/stack/neutron/neutron/api/rpc/callbacks/version_manager.py:113}}
Nov 20 03:25:32.049176 dv-cinder-818037-5-smb neutron-server[102585]: DEBUG neutron.api.rpc.callbacks.version_manager [None req-d84c16e3-c15b-44cb-8a53-4380952e9bff admin admin] Version for resource type SecurityGroup changed None to 1.5 on consumer Open vSwitch agent@dv-cinder-818037-5-smb {{(pid=102585) _set_version /opt/stack/neutron/neutron/api/rpc/callbacks/version_manager.py:113}}
Nov 20 03:25:32.049669 dv-cinder-818037-5-smb neutron-server[102585]: DEBUG neutron.api.rpc.callbacks.version_manager [None req-d84c16e3-c15b-44cb-8a53-4380952e9bff admin admin] Version for resource type SecurityGroupRule changed None to 1.2 on consumer Open vSwitch agent@dv-cinder-818037-5-smb {{(pid=102585) _set_version /opt/stack/neutron/neutron/api/rpc/callbacks/version_manager.py:113}}
Nov 20 03:25:32.050547 dv-cinder-818037-5-smb neutron-server[102585]: DEBUG neutron.api.rpc.callbacks.version_manager [None req-d84c16e3-c15b-44cb-8a53-4380952e9bff admin admin] Version for resource type SubPort changed None to 1.0 on consumer Open vSwitch agent@dv-cinder-818037-5-smb {{(pid=102585) _set_version /opt/stack/neutron/neutron/api/rpc/callbacks/version_manager.py:113}}
Nov 20 03:25:32.051031 dv-cinder-818037-5-smb neutron-server[102585]: DEBUG neutron.api.rpc.callbacks.version_manager [None req-d84c16e3-c15b-44cb-8a53-4380952e9bff admin admin] Version for resource type Subnet changed None to 1.1 on consumer Open vSwitch agent@dv-cinder-818037-5-smb {{(pid=102585) _set_version /opt/stack/neutron/neutron/api/rpc/callbacks/version_manager.py:113}}
Nov 20 03:25:32.051498 dv-cinder-818037-5-smb neutron-server[102585]: DEBUG neutron.api.rpc.callbacks.version_manager [None req-d84c16e3-c15b-44cb-8a53-4380952e9bff admin admin] Version for resource type Trunk changed None to 1.1 on consumer Open vSwitch agent@dv-cinder-818037-5-smb {{(pid=102585) _set_version /opt/stack/neutron/neutron/api/rpc/callbacks/version_manager.py:113}}
Nov 20 03:25:32.083188 dv-cinder-818037-5-smb neutron-server[102584]: DEBUG neutron_lib.callbacks.manager [None req-86dde67d-8e19-48b5-967e-9ea392b20de4 admin admin] Publish callbacks ['neutron.services.l3_router.l3_router_plugin.L3_HA_NAT_db_mixin._before_router_create_handler-1659417', 'neutron.services.l3_router.service_providers.driver_controller.DriverController._check_router_request-6833'] for router, before_create {{(pid=102584) _notify_loop /usr/local/lib/python3.8/dist-packages/neutron_lib/callbacks/manager.py:175}}
Nov 20 03:25:32.084713 dv-cinder-818037-5-smb neutron-server[102584]: DEBUG neutron_lib.callbacks.manager [None req-86dde67d-8e19-48b5-967e-9ea392b20de4 admin admin] Publish callbacks ['neutron.services.l3_router.l3_router_plugin.L3_HA_NAT_db_mixin._precommit_router_create-1661929', 'neutron.services.l3_router.l3_router_plugin.DVRResourceOperationHandler._set_distributed_flag-1747544', 'neutron.services.l3_router.l3_router_plugin.RouterAvailabilityZoneMixin._process_az_request-323328', 'neutron.services.l3_router.service_providers.driver_controller.DriverController._set_router_provider-4674'] for router, precommit_create {{(pid=102584) _notify_loop /usr/local/lib/python3.8/dist-packages/neutron_lib/callbacks/manager.py:175}}
Nov 20 03:25:32.147500 dv-cinder-818037-5-smb neutron-server[102586]: DEBUG novaclient.v2.client [-] RESP: [200] Connection: close Content-Length: 183 Content-Type: application/json Date: Sat, 20 Nov 2021 03:25:31 GMT OpenStack-API-Version: compute 2.1 Server: Apache/2.4.41 (Ubuntu) Vary: OpenStack-API-Version,X-OpenStack-Nova-API-Version X-OpenStack-Nova-API-Version: 2.1 x-compute-request-id: req-ecd5b281-c0a5-4487-b87a-d79955e99fc7 x-openstack-request-id: req-ecd5b281-c0a5-4487-b87a-d79955e99fc7 {{(pid=102586) _http_log_response /usr/local/lib/python3.8/dist-packages/keystoneauth1/session.py:550}}
Nov 20 03:25:32.147818 dv-cinder-818037-5-smb neutron-server[102586]: DEBUG novaclient.v2.client [-] RESP BODY: {"events": [{"server_uuid": "c3973832-bdc5-4ec4-b3d2-e7e23b341a2b", "name": "network-vif-plugged", "status": "completed", "tag": "795e1e55-b3d4-47be-9769-7b9d844f6f50", "code": 200}]} {{(pid=102586) _http_log_response /usr/local/lib/python3.8/dist-packages/keystoneauth1/session.py:582}}
Nov 20 03:25:32.148233 dv-cinder-818037-5-smb neutron-server[102586]: DEBUG novaclient.v2.client [-] POST call to compute for http://10.222.0.53/compute/v2.1/os-server-external-events used request id req-ecd5b281-c0a5-4487-b87a-d79955e99fc7 {{(pid=102586) request /usr/local/lib/python3.8/dist-packages/keystoneauth1/session.py:954}}
Nov 20 03:25:32.148921 dv-cinder-818037-5-smb neutron-server[102586]: INFO neutron.notifiers.nova [-] Nova event response: {'server_uuid': 'c3973832-bdc5-4ec4-b3d2-e7e23b341a2b', 'name': 'network-vif-plugged', 'status': 'completed', 'tag': '795e1e55-b3d4-47be-9769-7b9d844f6f50', 'code': 200}
Nov 20 03:25:32.151650 dv-cinder-818037-5-smb neutron-server[102586]: DEBUG neutron.plugins.ml2.db [None req-60882dd3-7b28-4539-bca9-0e53af92866e None None] For port 795e1e55-b3d4-47be-9769-7b9d844f6f50, host hv-cinder-81803, got binding levels [PortBindingLevel(driver='hyperv',host='hv-cinder-81803',level=0,port_id=795e1e55-b3d4-47be-9769-7b9d844f6f50,segment=NetworkSegment(af4e26be-81b7-4654-b91f-5fc36e4a5389),segment_id=af4e26be-81b7-4654-b91f-5fc36e4a5389)] {{(pid=102586) get_binding_level_objs /opt/stack/neutron/neutron/plugins/ml2/db.py:74}}
Nov 20 03:25:32.164390 dv-cinder-818037-5-smb neutron-server[102584]: DEBUG neutron_lib.callbacks.manager [None req-86dde67d-8e19-48b5-967e-9ea392b20de4 admin admin] Publish callbacks [] for router_controller, precommit_add_association {{(pid=102584) _notify_loop /usr/local/lib/python3.8/dist-packages/neutron_lib/callbacks/manager.py:175}}
Nov 20 03:25:32.189276 dv-cinder-818037-5-smb neutron-server[102586]: DEBUG neutron_lib.callbacks.manager [None req-60882dd3-7b28-4539-bca9-0e53af92866e None None] Publish callbacks ['neutron.plugins.ml2.plugin.SecurityGroupServerNotifierRpcMixin._notify_sg_on_port_change-571871', 'neutron.plugins.ml2.ovo_rpc._ObjectChangeHandler.handle_event-219132', 'neutron.api.rpc.agentnotifiers.dhcp_rpc_agent_api.DhcpAgentNotifyAPI._native_event_send_dhcp_notification-1612071', 'neutron.db.l3_db.L3RpcNotifierMixin._notify_gateway_port_ip_changed-8739865345729', 'neutron.db.l3_dvrscheduler_db._notify_l3_agent_port_update-8739864872120', 'neutron.db.l3_hascheduler_db._notify_l3_agent_ha_port_update-8739864872138'] for port, after_update {{(pid=102586) _notify_loop /usr/local/lib/python3.8/dist-packages/neutron_lib/callbacks/manager.py:175}}
Nov 20 03:25:32.324299 dv-cinder-818037-5-smb neutron-server[102586]: DEBUG neutron.api.rpc.handlers.dhcp_rpc [None req-f8ffa6bd-ed9d-481b-b2ab-60787e1c92e9 None None] Create dhcp port {'port': {'name': '', 'admin_state_up': True, 'device_id': 'dhcpdc2eb012-ab43-549e-aadf-34dfc20f528b-71feca70-fe64-44a9-8988-eaa4d27ea30b', 'network_id': '71feca70-fe64-44a9-8988-eaa4d27ea30b', 'tenant_id': 'ca89a4ccce8848e5b7362faa2a81a228', 'fixed_ips': [{'subnet_id': '184c4578-c118-4a1f-a8a9-a2fc5e30ee6e'}]}} from dv-cinder-818037-5-smb. {{(pid=102586) create_dhcp_port /opt/stack/neutron/neutron/api/rpc/handlers/dhcp_rpc.py:285}}
Nov 20 03:25:32.325176 dv-cinder-818037-5-smb neutron-server[102586]: DEBUG neutron_lib.callbacks.manager [None req-f8ffa6bd-ed9d-481b-b2ab-60787e1c92e9 None None] Publish callbacks ['neutron.plugins.ml2.plugin.SecurityGroupDbMixin._ensure_default_security_group_handler-570642'] for port, before_create {{(pid=102586) _notify_loop /usr/local/lib/python3.8/dist-packages/neutron_lib/callbacks/manager.py:175}}
Nov 20 03:25:32.328758 dv-cinder-818037-5-smb neutron-server[102586]: DEBUG neutron.api.rpc.handlers.resources_rpc [None req-60882dd3-7b28-4539-bca9-0e53af92866e None None] Pushing event updated for resources: {'Port': ['ID=795e1e55-b3d4-47be-9769-7b9d844f6f50,revision_number=5']} {{(pid=102586) push /opt/stack/neutron/neutron/api/rpc/handlers/resources_rpc.py:237}}
Nov 20 03:25:32.437146 dv-cinder-818037-5-smb neutron-server[102584]: DEBUG neutron_lib.callbacks.manager [None req-86dde67d-8e19-48b5-967e-9ea392b20de4 admin admin] Publish callbacks [] for router_gateway, precommit_update {{(pid=102584) _notify_loop /usr/local/lib/python3.8/dist-packages/neutron_lib/callbacks/manager.py:175}}
Nov 20 03:25:32.517789 dv-cinder-818037-5-smb neutron-server[102586]: DEBUG neutron.db.db_base_plugin_common [None req-f8ffa6bd-ed9d-481b-b2ab-60787e1c92e9 None None] Allocated IP 172.20.0.2 (71feca70-fe64-44a9-8988-eaa4d27ea30b/184c4578-c118-4a1f-a8a9-a2fc5e30ee6e/109a4236-298c-4775-8fce-fe4b4b8ee2c8) {{(pid=102586) _store_ip_allocation /opt/stack/neutron/neutron/db/db_base_plugin_common.py:131}}
Nov 20 03:25:32.585023 dv-cinder-818037-5-smb neutron-server[102584]: DEBUG neutron.pecan_wsgi.hooks.policy_enforcement [req-e3b71ec0-c21d-4c15-8479-ead07b482d3a req-d95a3576-f6c1-466f-8a93-82f55d619921 service neutron] Attributes excluded by policy engine: ['standard_attr_id'] {{(pid=102584) _exclude_attributes_by_policy /opt/stack/neutron/neutron/pecan_wsgi/hooks/policy_enforcement.py:255}}
Nov 20 03:25:32.586901 dv-cinder-818037-5-smb neutron-server[102584]: INFO neutron.wsgi [req-e3b71ec0-c21d-4c15-8479-ead07b482d3a req-d95a3576-f6c1-466f-8a93-82f55d619921 service neutron] 10.222.0.50 "GET /v2.0/ports?device_id=c3973832-bdc5-4ec4-b3d2-e7e23b341a2b HTTP/1.1" status: 200 len: 1099 time: 0.1447635
Nov 20 03:25:32.667137 dv-cinder-818037-5-smb neutron-server[102584]: INFO neutron.wsgi [req-e3b71ec0-c21d-4c15-8479-ead07b482d3a req-9d25168d-7a43-43c2-af5e-9817785f86f9 service neutron] 10.222.0.50 "GET /v2.0/security-groups?id=52dee502-0545-4e04-83df-e98fac1fda9e&fields=id&fields=name HTTP/1.1" status: 200 len: 286 time: 0.0672762
Nov 20 03:25:32.677121 dv-cinder-818037-5-smb neutron-server[102587]: DEBUG neutron.db.agents_db [None req-ce27be81-3b49-4e23-a4ca-1c8b14188409 None None] Agent healthcheck: found 6 active agents {{(pid=102587) agent_health_check /opt/stack/neutron/neutron/db/agents_db.py:317}}
Nov 20 03:25:32.717812 dv-cinder-818037-5-smb neutron-server[102585]: DEBUG neutron.pecan_wsgi.hooks.policy_enforcement [req-f2b7ef15-11f5-4c99-af2c-dab4a688b509 req-8d5c17e0-8c3e-40e0-bd5f-2376c02396e0 tempest-ServerRescueNegativeTestJSON-1598094796 tempest-ServerRescueNegativeTestJSON-1598094796-project] Attributes excluded by policy engine: ['standard_attr_id', 'binding:profile', 'binding:host_id', 'binding:vif_type', 'binding:vif_details'] {{(pid=102585) _exclude_attributes_by_policy /opt/stack/neutron/neutron/pecan_wsgi/hooks/policy_enforcement.py:255}}
Nov 20 03:25:32.720813 dv-cinder-818037-5-smb neutron-server[102585]: INFO neutron.wsgi [req-f2b7ef15-11f5-4c99-af2c-dab4a688b509 req-8d5c17e0-8c3e-40e0-bd5f-2376c02396e0 tempest-ServerRescueNegativeTestJSON-1598094796 tempest-ServerRescueNegativeTestJSON-1598094796-project] 10.222.0.53 "GET /v2.0/ports?device_id=46ca3a5a-c044-47dd-85ce-965d153b29bf HTTP/1.1" status: 200 len: 945 time: 0.1482806
Nov 20 03:25:32.819276 dv-cinder-818037-5-smb neutron-server[102585]: INFO neutron.wsgi [req-f2b7ef15-11f5-4c99-af2c-dab4a688b509 req-c0de755e-66f3-4c82-a7b2-1d390ec5b3db tempest-ServerRescueNegativeTestJSON-1598094796 tempest-ServerRescueNegativeTestJSON-1598094796-project] 10.222.0.53 "GET /v2.0/security-groups?id=3ead2926-4dd8-45fe-b797-38098adf7ed9&fields=id&fields=name HTTP/1.1" status: 200 len: 286 time: 0.0905256
Nov 20 03:25:32.830549 dv-cinder-818037-5-smb neutron-server[102586]: DEBUG neutron_lib.callbacks.manager [None req-f8ffa6bd-ed9d-481b-b2ab-60787e1c92e9 None None] Publish callbacks [] for port, precommit_create {{(pid=102586) _notify_loop /usr/local/lib/python3.8/dist-packages/neutron_lib/callbacks/manager.py:175}}
Nov 20 03:25:32.842118 dv-cinder-818037-5-smb neutron-server[102586]: DEBUG neutron_lib.callbacks.manager [None req-f8ffa6bd-ed9d-481b-b2ab-60787e1c92e9 None None] Publish callbacks ['neutron.plugins.ml2.plugin.SecurityGroupServerNotifierRpcMixin._notify_sg_on_port_change-571871', 'neutron.plugins.ml2.ovo_rpc._ObjectChangeHandler.handle_event-219132', 'neutron.api.rpc.agentnotifiers.dhcp_rpc_agent_api.DhcpAgentNotifyAPI._native_event_send_dhcp_notification-1612071', 'neutron.db.l3_dvrscheduler_db._notify_l3_agent_new_port-8739864872102'] for port, after_create {{(pid=102586) _notify_loop /usr/local/lib/python3.8/dist-packages/neutron_lib/callbacks/manager.py:175}}
Nov 20 03:25:32.893195 dv-cinder-818037-5-smb neutron-server[102584]: DEBUG neutron_lib.callbacks.manager [None req-86dde67d-8e19-48b5-967e-9ea392b20de4 admin admin] Publish callbacks [] for router_gateway, before_create {{(pid=102584) _notify_loop /usr/local/lib/python3.8/dist-packages/neutron_lib/callbacks/manager.py:175}}
Nov 20 03:25:32.907895 dv-cinder-818037-5-smb neutron-server[102586]: DEBUG neutron.api.rpc.handlers.resources_rpc [None req-f8ffa6bd-ed9d-481b-b2ab-60787e1c92e9 None None] Pushing event updated for resources: {'Port': ['ID=109a4236-298c-4775-8fce-fe4b4b8ee2c8,revision_number=1']} {{(pid=102586) push /opt/stack/neutron/neutron/api/rpc/handlers/resources_rpc.py:237}}
Nov 20 03:25:32.914528 dv-cinder-818037-5-smb neutron-server[102584]: DEBUG neutron_lib.callbacks.manager [None req-86dde67d-8e19-48b5-967e-9ea392b20de4 admin admin] Publish callbacks ['neutron.plugins.ml2.plugin.SecurityGroupDbMixin._ensure_default_security_group_handler-570642'] for port, before_create {{(pid=102584) _notify_loop /usr/local/lib/python3.8/dist-packages/neutron_lib/callbacks/manager.py:175}}
Nov 20 03:25:32.929608 dv-cinder-818037-5-smb neutron-server[102586]: DEBUG neutron.scheduler.dhcp_agent_scheduler [None req-f8ffa6bd-ed9d-481b-b2ab-60787e1c92e9 None None] Network 71feca70-fe64-44a9-8988-eaa4d27ea30b is already hosted by enough agents. {{(pid=102586) _get_dhcp_agents_hosting_network /opt/stack/neutron/neutron/scheduler/dhcp_agent_scheduler.py:275}}
Nov 20 03:25:32.931262 dv-cinder-818037-5-smb neutron-server[102586]: DEBUG neutron.scheduler.base_scheduler [None req-f8ffa6bd-ed9d-481b-b2ab-60787e1c92e9 None None] Resources bound (agent type, host, resource id): {{(pid=102586) schedule /opt/stack/neutron/neutron/scheduler/base_scheduler.py:57}}
Nov 20 03:25:32.935575 dv-cinder-818037-5-smb neutron-server[102586]: DEBUG neutron.db.l3_dvrscheduler_db [None req-f8ffa6bd-ed9d-481b-b2ab-60787e1c92e9 None None] Received port after_create {{(pid=102586) _notify_l3_agent_new_port /opt/stack/neutron/neutron/db/l3_dvrscheduler_db.py:535}}
Nov 20 03:25:32.978011 dv-cinder-818037-5-smb neutron-server[102584]: DEBUG neutron.wsgi [-] (102584) accepted ('10.222.0.53', 47956) {{(pid=102584) server /usr/local/lib/python3.8/dist-packages/eventlet/wsgi.py:1004}}
Nov 20 03:25:33.002893 dv-cinder-818037-5-smb neutron-server[102585]: DEBUG neutron.pecan_wsgi.hooks.policy_enforcement [req-5b717ca3-6b53-48b2-ab1b-d7ed0a569964 req-2cde5266-600b-4c04-9464-628953b21949 tempest-AttachVolumeNegativeTest-487609827 tempest-AttachVolumeNegativeTest-487609827-project] Attributes excluded by policy engine: ['standard_attr_id', 'binding:profile', 'binding:host_id', 'binding:vif_type', 'binding:vif_details'] {{(pid=102585) _exclude_attributes_by_policy /opt/stack/neutron/neutron/pecan_wsgi/hooks/policy_enforcement.py:255}}
Nov 20 03:25:33.012569 dv-cinder-818037-5-smb neutron-server[102585]: INFO neutron.wsgi [req-5b717ca3-6b53-48b2-ab1b-d7ed0a569964 req-2cde5266-600b-4c04-9464-628953b21949 tempest-AttachVolumeNegativeTest-487609827 tempest-AttachVolumeNegativeTest-487609827-project] 10.222.0.53 "GET /v2.0/ports?device_id=c3973832-bdc5-4ec4-b3d2-e7e23b341a2b HTTP/1.1" status: 200 len: 946 time: 0.1806743
Nov 20 03:25:33.019409 dv-cinder-818037-5-smb neutron-server[102586]: DEBUG neutron.plugins.ml2.managers [None req-f8ffa6bd-ed9d-481b-b2ab-60787e1c92e9 None None] Attempting to bind port 109a4236-298c-4775-8fce-fe4b4b8ee2c8 on host dv-cinder-818037-5-smb for vnic_type normal with profile {{(pid=102586) bind_port /opt/stack/neutron/neutron/plugins/ml2/managers.py:795}}
Nov 20 03:25:33.020057 dv-cinder-818037-5-smb neutron-server[102586]: DEBUG neutron.plugins.ml2.managers [None req-f8ffa6bd-ed9d-481b-b2ab-60787e1c92e9 None None] Attempting to bind port 109a4236-298c-4775-8fce-fe4b4b8ee2c8 by drivers openvswitch,hyperv on host dv-cinder-818037-5-smb at level 0 using segments [{'id': '278ece7a-00c3-4bdd-97e6-e0eac496cb31', 'network_type': 'vlan', 'physical_network': 'physnet1', 'segmentation_id': 601, 'network_id': '71feca70-fe64-44a9-8988-eaa4d27ea30b'}] {{(pid=102586) _bind_port_level /opt/stack/neutron/neutron/plugins/ml2/managers.py:820}}
Nov 20 03:25:33.020576 dv-cinder-818037-5-smb neutron-server[102586]: DEBUG neutron.plugins.ml2.drivers.mech_agent [None req-f8ffa6bd-ed9d-481b-b2ab-60787e1c92e9 None None] Attempting to bind port 109a4236-298c-4775-8fce-fe4b4b8ee2c8 on network 71feca70-fe64-44a9-8988-eaa4d27ea30b {{(pid=102586) bind_port /opt/stack/neutron/neutron/plugins/ml2/drivers/mech_agent.py:91}}
Nov 20 03:25:33.031928 dv-cinder-818037-5-smb neutron-server[102586]: DEBUG neutron.plugins.ml2.drivers.mech_agent [None req-f8ffa6bd-ed9d-481b-b2ab-60787e1c92e9 None None] Checking agent: {'id': '7889e7ba-25df-444a-a583-28b95549ff6c', 'agent_type': 'Open vSwitch agent', 'binary': 'neutron-openvswitch-agent', 'topic': 'N/A', 'host': 'dv-cinder-818037-5-smb', 'admin_state_up': True, 'created_at': datetime.datetime(2021, 11, 20, 3, 16, 52), 'started_at': datetime.datetime(2021, 11, 20, 3, 17, 22), 'heartbeat_timestamp': datetime.datetime(2021, 11, 20, 3, 25, 22), 'description': None, 'resources_synced': None, 'availability_zone': None, 'alive': True, 'configurations': {'arp_responder_enabled': False, 'baremetal_smartnic': False, 'bridge_mappings': {'physnet1': 'br-data'}, 'datapath_type': 'system', 'devices': 0, 'enable_distributed_routing': False, 'extensions': [], 'in_distributed_mode': False, 'integration_bridge': 'br-int', 'l2_population': False, 'log_agent_heartbeats': False, 'ovs_capabilities': {'datapath_types': ['netdev', 'system'], 'iface_types': ['erspan', 'geneve', 'gre', 'internal', 'ip6erspan', 'ip6gre', 'lisp', 'patch', 'stt', 'system', 'tap', 'vxlan']}, 'ovs_hybrid_plug': False, 'resource_provider_bandwidths': {}, 'resource_provider_hypervisors': {'br-data': 'dv-cinder-818037-5-smb'}, 'resource_provider_inventory_defaults': {'allocation_ratio': 1.0, 'min_unit': 1, 'step_size': 1, 'reserved': 0}, 'resource_provider_packet_processing_inventory_defaults': {'allocation_ratio': 1.0, 'min_unit': 1, 'step_size': 1, 'reserved': 0}, 'resource_provider_packet_processing_with_direction': {}, 'resource_provider_packet_processing_without_direction': {}, 'tunnel_types': [], 'tunneling_ip': None, 'vhostuser_socket_dir': '/var/run/openvswitch'}, 'resource_versions': {'AddressGroup': '1.2', 'ConntrackHelper': '1.0', 'Log': '1.0', 'Network': '1.1', 'Port': '1.7', 'PortForwarding': '1.2', 'QosPolicy': '1.10', 'SecurityGroup': '1.5', 'SecurityGroupRule': '1.2', 'SubPort': '1.0', 'Subnet': '1.1', 'Trunk': '1.1'}} {{(pid=102586) bind_port /opt/stack/neutron/neutron/plugins/ml2/drivers/mech_agent.py:110}}
