Nov 20 03:25:17.024005 dv-cinder-818037-5-iscsi devstack@c-api.service[109428]: DEBUG cinder.volume.api [None req-fc4bb811-7dda-4733-aa21-fbc7626cb6e9 tempest-VolumesListAdminTestJSON-1590315872 tempest-VolumesListAdminTestJSON-1590315872-project] Searching by: MultiDict([('no_migration_targets', True)]). {{(pid=109428) get_all /opt/stack/cinder/cinder/volume/api.py:619}}
Nov 20 03:25:17.058434 dv-cinder-818037-5-iscsi devstack@c-api.service[109427]: INFO cinder.api.openstack.wsgi [None req-7988d9d2-2454-4e1e-9ef7-18b895c970b6 tempest-AttachVolumeNegativeTest-1235889435 tempest-AttachVolumeNegativeTest-1235889435-project] GET http://10.222.0.37/volume/v3/0fdf6e7abf574b269f3c1459a9d58c26/volumes/89cbebf4-568f-41cb-a6d4-da9e07c3ad72
Nov 20 03:25:17.058875 dv-cinder-818037-5-iscsi devstack@c-api.service[109427]: DEBUG cinder.api.openstack.wsgi [None req-7988d9d2-2454-4e1e-9ef7-18b895c970b6 tempest-AttachVolumeNegativeTest-1235889435 tempest-AttachVolumeNegativeTest-1235889435-project] Empty body provided in request {{(pid=109427) get_body /opt/stack/cinder/cinder/api/openstack/wsgi.py:703}}
Nov 20 03:25:17.059041 dv-cinder-818037-5-iscsi devstack@c-api.service[109427]: /usr/local/lib/python3.8/dist-packages/webob/acceptparse.py:1047: DeprecationWarning: The behavior of AcceptValidHeader.best_match is currently being maintained for backward compatibility, but it will be deprecated in the future, as it does not conform to the RFC.
Nov 20 03:25:17.059041 dv-cinder-818037-5-iscsi devstack@c-api.service[109427]: warnings.warn(
Nov 20 03:25:17.059518 dv-cinder-818037-5-iscsi devstack@c-api.service[109427]: DEBUG cinder.api.openstack.wsgi [None req-7988d9d2-2454-4e1e-9ef7-18b895c970b6 tempest-AttachVolumeNegativeTest-1235889435 tempest-AttachVolumeNegativeTest-1235889435-project] Calling method 'show' {{(pid=109427) _process_stack /opt/stack/cinder/cinder/api/openstack/wsgi.py:856}}
Nov 20 03:25:17.069127 dv-cinder-818037-5-iscsi devstack@c-api.service[109428]: INFO cinder.volume.api [None req-fc4bb811-7dda-4733-aa21-fbc7626cb6e9 tempest-VolumesListAdminTestJSON-1590315872 tempest-VolumesListAdminTestJSON-1590315872-project] Get all volumes completed successfully.
Nov 20 03:25:17.069799 dv-cinder-818037-5-iscsi devstack@c-api.service[109428]: INFO cinder.api.openstack.wsgi [None req-fc4bb811-7dda-4733-aa21-fbc7626cb6e9 tempest-VolumesListAdminTestJSON-1590315872 tempest-VolumesListAdminTestJSON-1590315872-project] http://10.222.0.37/volume/v3/560ab0df9d944e7895713e47aeec7682/volumes returned with HTTP 200
Nov 20 03:25:17.070509 dv-cinder-818037-5-iscsi devstack@c-api.service[109428]: [pid: 109428|app: 0|req: 257/464] 10.222.0.37 () {58 vars in 1213 bytes} [Sat Nov 20 03:25:16 2021] GET /volume/v3/560ab0df9d944e7895713e47aeec7682/volumes => generated 15 bytes in 186 msecs (HTTP/1.1 200) 7 headers in 284 bytes (1 switches on core 0)
Nov 20 03:25:17.077019 dv-cinder-818037-5-iscsi devstack@c-api.service[109427]: /usr/local/lib/python3.8/dist-packages/oslo_context/context.py:105: DeprecationWarning: Policy enforcement is depending on the value of is_admin. This key is deprecated. Please update your policy file to use the standard policy values.
Nov 20 03:25:17.077019 dv-cinder-818037-5-iscsi devstack@c-api.service[109427]: warnings.warn('Policy enforcement is depending on the value of '
Nov 20 03:25:17.079493 dv-cinder-818037-5-iscsi devstack@c-api.service[109428]: INFO cinder.api.openstack.wsgi [None req-78eebe71-6d29-4fa7-a55f-70a23067683c tempest-VolumesListAdminTestJSON-1590315872 tempest-VolumesListAdminTestJSON-1590315872-project] POST http://10.222.0.37/volume/v3/560ab0df9d944e7895713e47aeec7682/volumes
Nov 20 03:25:17.080173 dv-cinder-818037-5-iscsi devstack@c-api.service[109428]: DEBUG cinder.api.openstack.wsgi [None req-78eebe71-6d29-4fa7-a55f-70a23067683c tempest-VolumesListAdminTestJSON-1590315872 tempest-VolumesListAdminTestJSON-1590315872-project] Action: 'create', calling method: create, body: {"volume": {"size": 1, "name": "tempest-VolumesListAdminTestJSON-Volume-1232668497"}} {{(pid=109428) _process_stack /opt/stack/cinder/cinder/api/openstack/wsgi.py:854}}
Nov 20 03:25:17.081091 dv-cinder-818037-5-iscsi devstack@c-api.service[109428]: DEBUG cinder.api.v3.volumes [None req-78eebe71-6d29-4fa7-a55f-70a23067683c tempest-VolumesListAdminTestJSON-1590315872 tempest-VolumesListAdminTestJSON-1590315872-project] Create volume request body: {'volume': {'size': 1, 'name': 'tempest-VolumesListAdminTestJSON-Volume-1232668497'}} {{(pid=109428) create /opt/stack/cinder/cinder/api/v3/volumes.py:298}}
Nov 20 03:25:17.081398 dv-cinder-818037-5-iscsi devstack@c-api.service[109428]: INFO cinder.api.v3.volumes [None req-78eebe71-6d29-4fa7-a55f-70a23067683c tempest-VolumesListAdminTestJSON-1590315872 tempest-VolumesListAdminTestJSON-1590315872-project] Create volume of 1 GB
Nov 20 03:25:17.083841 dv-cinder-818037-5-iscsi devstack@c-api.service[109427]: INFO cinder.volume.api [None req-7988d9d2-2454-4e1e-9ef7-18b895c970b6 tempest-AttachVolumeNegativeTest-1235889435 tempest-AttachVolumeNegativeTest-1235889435-project] Volume info retrieved successfully.
Nov 20 03:25:17.087525 dv-cinder-818037-5-iscsi devstack@c-api.service[109428]: INFO cinder.volume.api [None req-78eebe71-6d29-4fa7-a55f-70a23067683c tempest-VolumesListAdminTestJSON-1590315872 tempest-VolumesListAdminTestJSON-1590315872-project] Availability Zones retrieved successfully.
Nov 20 03:25:17.092429 dv-cinder-818037-5-iscsi devstack@c-api.service[109427]: INFO cinder.api.openstack.wsgi [None req-7988d9d2-2454-4e1e-9ef7-18b895c970b6 tempest-AttachVolumeNegativeTest-1235889435 tempest-AttachVolumeNegativeTest-1235889435-project] http://10.222.0.37/volume/v3/0fdf6e7abf574b269f3c1459a9d58c26/volumes/89cbebf4-568f-41cb-a6d4-da9e07c3ad72 returned with HTTP 200
Nov 20 03:25:17.093121 dv-cinder-818037-5-iscsi devstack@c-api.service[109427]: [pid: 109427|app: 0|req: 208/465] 10.222.0.37 () {58 vars in 1324 bytes} [Sat Nov 20 03:25:17 2021] GET /volume/v3/0fdf6e7abf574b269f3c1459a9d58c26/volumes/89cbebf4-568f-41cb-a6d4-da9e07c3ad72 => generated 917 bytes in 38 msecs (HTTP/1.1 200) 7 headers in 285 bytes (2 switches on core 0)
Nov 20 03:25:17.102948 dv-cinder-818037-5-iscsi devstack@c-api.service[109428]: DEBUG cinder.volume.api [None req-78eebe71-6d29-4fa7-a55f-70a23067683c tempest-VolumesListAdminTestJSON-1590315872 tempest-VolumesListAdminTestJSON-1590315872-project] Flow 'volume_create_api' (d1007dcd-1da0-474c-81b4-6db7810d5140) transitioned into state 'RUNNING' from state 'PENDING' {{(pid=109428) _flow_receiver /usr/local/lib/python3.8/dist-packages/taskflow/listeners/logging.py:141}}
Nov 20 03:25:17.105460 dv-cinder-818037-5-iscsi devstack@c-api.service[109428]: DEBUG cinder.volume.api [None req-78eebe71-6d29-4fa7-a55f-70a23067683c tempest-VolumesListAdminTestJSON-1590315872 tempest-VolumesListAdminTestJSON-1590315872-project] Task 'cinder.volume.flows.api.create_volume.ExtractVolumeRequestTask;volume:create' (31d2538f-7be7-4dc5-9184-a813b8713ccd) transitioned into state 'RUNNING' from state 'PENDING' {{(pid=109428) _task_receiver /usr/local/lib/python3.8/dist-packages/taskflow/listeners/logging.py:190}}
Nov 20 03:25:17.108384 dv-cinder-818037-5-iscsi devstack@c-api.service[109428]: DEBUG cinder.volume.flows.api.create_volume [None req-78eebe71-6d29-4fa7-a55f-70a23067683c tempest-VolumesListAdminTestJSON-1590315872 tempest-VolumesListAdminTestJSON-1590315872-project] Validating volume size '1' using validate_int {{(pid=109428) _extract_size /opt/stack/cinder/cinder/volume/flows/api/create_volume.py:225}}
Nov 20 03:25:17.137288 dv-cinder-818037-5-iscsi devstack@c-api.service[109428]: DEBUG cinder.volume.api [None req-78eebe71-6d29-4fa7-a55f-70a23067683c tempest-VolumesListAdminTestJSON-1590315872 tempest-VolumesListAdminTestJSON-1590315872-project] Task 'cinder.volume.flows.api.create_volume.ExtractVolumeRequestTask;volume:create' (31d2538f-7be7-4dc5-9184-a813b8713ccd) transitioned into state 'SUCCESS' from state 'RUNNING' with result '{'size': 1, 'snapshot_id': None, 'source_volid': None, 'volume_type': VolumeType(created_at=2021-11-20T03:15:13Z,deleted=False,deleted_at=None,description='Default Volume Type',extra_specs={},id=7569478c-6f69-405c-a731-0d38f0ba0131,is_public=True,name='__DEFAULT__',projects=[],qos_specs=,qos_specs_id=None,updated_at=2021-11-20T03:15:13Z), 'volume_type_id': '7569478c-6f69-405c-a731-0d38f0ba0131', 'encryption_key_id': None, 'qos_specs': None, 'consistencygroup_id': None, 'cgsnapshot_id': None, 'group_id': None, 'replication_status': 'disabled', 'refresh_az': False, 'backup_id': None, 'multiattach': False, 'availability_zones': ['nova']}' {{(pid=109428) _task_receiver /usr/local/lib/python3.8/dist-packages/taskflow/listeners/logging.py:178}}
Nov 20 03:25:17.139232 dv-cinder-818037-5-iscsi devstack@c-api.service[109428]: DEBUG cinder.volume.api [None req-78eebe71-6d29-4fa7-a55f-70a23067683c tempest-VolumesListAdminTestJSON-1590315872 tempest-VolumesListAdminTestJSON-1590315872-project] Task 'cinder.volume.flows.api.create_volume.QuotaReserveTask;volume:create' (596590de-b993-4120-976e-24c41db79a7f) transitioned into state 'RUNNING' from state 'PENDING' {{(pid=109428) _task_receiver /usr/local/lib/python3.8/dist-packages/taskflow/listeners/logging.py:190}}
Nov 20 03:25:17.213633 dv-cinder-818037-5-iscsi devstack@c-api.service[109428]: DEBUG cinder.quota [None req-78eebe71-6d29-4fa7-a55f-70a23067683c tempest-VolumesListAdminTestJSON-1590315872 tempest-VolumesListAdminTestJSON-1590315872-project] Created reservations ['cbf62a4c-c55c-485a-b5cf-0caa8dfa5012', 'a982d519-16f7-4912-8f91-a12130e60ce5', '696e3633-a9ac-43b0-bb01-2df89752c317', '5e8bfd40-adf8-4d11-9239-efc7f0d3e199'] {{(pid=109428) reserve /opt/stack/cinder/cinder/quota.py:755}}
Nov 20 03:25:17.215458 dv-cinder-818037-5-iscsi devstack@c-api.service[109428]: DEBUG cinder.volume.api [None req-78eebe71-6d29-4fa7-a55f-70a23067683c tempest-VolumesListAdminTestJSON-1590315872 tempest-VolumesListAdminTestJSON-1590315872-project] Task 'cinder.volume.flows.api.create_volume.QuotaReserveTask;volume:create' (596590de-b993-4120-976e-24c41db79a7f) transitioned into state 'SUCCESS' from state 'RUNNING' with result '{'reservations': ['cbf62a4c-c55c-485a-b5cf-0caa8dfa5012', 'a982d519-16f7-4912-8f91-a12130e60ce5', '696e3633-a9ac-43b0-bb01-2df89752c317', '5e8bfd40-adf8-4d11-9239-efc7f0d3e199']}' {{(pid=109428) _task_receiver /usr/local/lib/python3.8/dist-packages/taskflow/listeners/logging.py:178}}
Nov 20 03:25:17.217865 dv-cinder-818037-5-iscsi devstack@c-api.service[109428]: DEBUG cinder.volume.api [None req-78eebe71-6d29-4fa7-a55f-70a23067683c tempest-VolumesListAdminTestJSON-1590315872 tempest-VolumesListAdminTestJSON-1590315872-project] Task 'cinder.volume.flows.api.create_volume.EntryCreateTask;volume:create' (70d851e1-7319-42fe-8d95-fa9370aca8ba) transitioned into state 'RUNNING' from state 'PENDING' {{(pid=109428) _task_receiver /usr/local/lib/python3.8/dist-packages/taskflow/listeners/logging.py:190}}
Nov 20 03:25:17.240561 dv-cinder-818037-5-iscsi devstack@c-api.service[109428]: DEBUG cinder.volume.api [None req-78eebe71-6d29-4fa7-a55f-70a23067683c tempest-VolumesListAdminTestJSON-1590315872 tempest-VolumesListAdminTestJSON-1590315872-project] Task 'cinder.volume.flows.api.create_volume.EntryCreateTask;volume:create' (70d851e1-7319-42fe-8d95-fa9370aca8ba) transitioned into state 'SUCCESS' from state 'RUNNING' with result '{'volume_id': '20ed0af0-82b6-42ae-a27a-21fc124fbc95', 'volume_properties': VolumeProperties(attach_status='detached',availability_zone='nova',cgsnapshot_id=None,consistencygroup_id=None,display_description=None,display_name='tempest-VolumesListAdminTestJSON-Volume-1232668497',encryption_key_id=None,group_id=None,group_type_id=,metadata={},multiattach=False,project_id='560ab0df9d944e7895713e47aeec7682',qos_specs=None,replication_status=,reservations=['cbf62a4c-c55c-485a-b5cf-0caa8dfa5012','a982d519-16f7-4912-8f91-a12130e60ce5','696e3633-a9ac-43b0-bb01-2df89752c317','5e8bfd40-adf8-4d11-9239-efc7f0d3e199'],size=1,snapshot_id=None,source_replicaid=,source_volid=None,status='creating',user_id='c07abb02b6064532811862267b85f493',volume_type_id=7569478c-6f69-405c-a731-0d38f0ba0131), 'volume': Volume(_name_id=None,admin_metadata=,attach_status='detached',availability_zone='nova',bootable=False,cluster=,cluster_name=None,consistencygroup=,consistencygroup_id=None,created_at=2021-11-20T03:25:17Z,deleted=False,deleted_at=None,display_description=None,display_name='tempest-VolumesListAdminTestJSON-Volume-1232668497',ec2_id=None,encryption_key_id=None,glance_metadata=,group=,group_id=None,host=None,id=20ed0af0-82b6-42ae-a27a-21fc124fbc95,launched_at=None,metadata={},migration_status=None,multiattach=False,previous_status=None,project_id='560ab0df9d944e7895713e47aeec7682',provider_auth=None,provider_geometry=None,provider_id=None,provider_location=None,replication_driver_data=None,replication_extended_status=None,replication_status=None,scheduled_at=None,service_uuid=None,shared_targets=True,size=1,snapshot_id=None,snapshots=,source_volid=None,status='creating',terminated_at=None,updated_at=None,use_quota=True,user_id='c07abb02b6064532811862267b85f493',volume_attachment=VolumeAttachmentList,volume_type=VolumeType(7569478c-6f69-405c-a731-0d38f0ba0131),volume_type_id=7569478c-6f69-405c-a731-0d38f0ba0131)}' {{(pid=109428) _task_receiver /usr/local/lib/python3.8/dist-packages/taskflow/listeners/logging.py:178}}
Nov 20 03:25:17.242423 dv-cinder-818037-5-iscsi devstack@c-api.service[109428]: DEBUG cinder.volume.api [None req-78eebe71-6d29-4fa7-a55f-70a23067683c tempest-VolumesListAdminTestJSON-1590315872 tempest-VolumesListAdminTestJSON-1590315872-project] Task 'cinder.volume.flows.api.create_volume.QuotaCommitTask;volume:create' (f77d8cc7-68f9-4924-acd5-a245b7263ebc) transitioned into state 'RUNNING' from state 'PENDING' {{(pid=109428) _task_receiver /usr/local/lib/python3.8/dist-packages/taskflow/listeners/logging.py:190}}
Nov 20 03:25:17.265086 dv-cinder-818037-5-iscsi devstack@c-api.service[109428]: DEBUG cinder.volume.api [None req-78eebe71-6d29-4fa7-a55f-70a23067683c tempest-VolumesListAdminTestJSON-1590315872 tempest-VolumesListAdminTestJSON-1590315872-project] Task 'cinder.volume.flows.api.create_volume.QuotaCommitTask;volume:create' (f77d8cc7-68f9-4924-acd5-a245b7263ebc) transitioned into state 'SUCCESS' from state 'RUNNING' with result '{'volume_properties': VolumeProperties(attach_status='detached',availability_zone='nova',cgsnapshot_id=None,consistencygroup_id=None,display_description=None,display_name='tempest-VolumesListAdminTestJSON-Volume-1232668497',encryption_key_id=None,group_id=None,group_type_id=,metadata={},multiattach=False,project_id='560ab0df9d944e7895713e47aeec7682',qos_specs=None,replication_status=,reservations=['cbf62a4c-c55c-485a-b5cf-0caa8dfa5012','a982d519-16f7-4912-8f91-a12130e60ce5','696e3633-a9ac-43b0-bb01-2df89752c317','5e8bfd40-adf8-4d11-9239-efc7f0d3e199'],size=1,snapshot_id=None,source_replicaid=,source_volid=None,status='creating',user_id='c07abb02b6064532811862267b85f493',volume_type_id=7569478c-6f69-405c-a731-0d38f0ba0131)}' {{(pid=109428) _task_receiver /usr/local/lib/python3.8/dist-packages/taskflow/listeners/logging.py:178}}
Nov 20 03:25:17.266981 dv-cinder-818037-5-iscsi devstack@c-api.service[109428]: DEBUG cinder.volume.api [None req-78eebe71-6d29-4fa7-a55f-70a23067683c tempest-VolumesListAdminTestJSON-1590315872 tempest-VolumesListAdminTestJSON-1590315872-project] Task 'cinder.volume.flows.api.create_volume.VolumeCastTask;volume:create' (aae60a0f-5aaa-4b2c-9a3f-fe52f958c906) transitioned into state 'RUNNING' from state 'PENDING' {{(pid=109428) _task_receiver /usr/local/lib/python3.8/dist-packages/taskflow/listeners/logging.py:190}}
Nov 20 03:25:17.269826 dv-cinder-818037-5-iscsi devstack@c-api.service[109427]: INFO cinder.api.openstack.wsgi [None req-945ee53c-d04d-4848-9ab8-cdc204059b10 tempest-VolumesDeleteCascade-1113822336 tempest-VolumesDeleteCascade-1113822336-project] GET http://10.222.0.37/volume/v3/afd8ad4c616d446b855c25b1f832207f/volumes/b0209d19-63ee-436c-8dd4-946c9bdda551
Nov 20 03:25:17.270428 dv-cinder-818037-5-iscsi devstack@c-api.service[109427]: DEBUG cinder.api.openstack.wsgi [None req-945ee53c-d04d-4848-9ab8-cdc204059b10 tempest-VolumesDeleteCascade-1113822336 tempest-VolumesDeleteCascade-1113822336-project] Empty body provided in request {{(pid=109427) get_body /opt/stack/cinder/cinder/api/openstack/wsgi.py:703}}
Nov 20 03:25:17.270688 dv-cinder-818037-5-iscsi devstack@c-api.service[109427]: /usr/local/lib/python3.8/dist-packages/webob/acceptparse.py:1047: DeprecationWarning: The behavior of AcceptValidHeader.best_match is currently being maintained for backward compatibility, but it will be deprecated in the future, as it does not conform to the RFC.
Nov 20 03:25:17.270688 dv-cinder-818037-5-iscsi devstack@c-api.service[109427]: warnings.warn(
Nov 20 03:25:17.271289 dv-cinder-818037-5-iscsi devstack@c-api.service[109427]: DEBUG cinder.api.openstack.wsgi [None req-945ee53c-d04d-4848-9ab8-cdc204059b10 tempest-VolumesDeleteCascade-1113822336 tempest-VolumesDeleteCascade-1113822336-project] Calling method 'show' {{(pid=109427) _process_stack /opt/stack/cinder/cinder/api/openstack/wsgi.py:856}}
Nov 20 03:25:17.283831 dv-cinder-818037-5-iscsi devstack@c-api.service[109428]: DEBUG cinder.volume.api [None req-78eebe71-6d29-4fa7-a55f-70a23067683c tempest-VolumesListAdminTestJSON-1590315872 tempest-VolumesListAdminTestJSON-1590315872-project] Task 'cinder.volume.flows.api.create_volume.VolumeCastTask;volume:create' (aae60a0f-5aaa-4b2c-9a3f-fe52f958c906) transitioned into state 'SUCCESS' from state 'RUNNING' with result 'None' {{(pid=109428) _task_receiver /usr/local/lib/python3.8/dist-packages/taskflow/listeners/logging.py:178}}
Nov 20 03:25:17.285473 dv-cinder-818037-5-iscsi devstack@c-api.service[109427]: /usr/local/lib/python3.8/dist-packages/oslo_context/context.py:105: DeprecationWarning: Policy enforcement is depending on the value of is_admin. This key is deprecated. Please update your policy file to use the standard policy values.
Nov 20 03:25:17.285473 dv-cinder-818037-5-iscsi devstack@c-api.service[109427]: warnings.warn('Policy enforcement is depending on the value of '
Nov 20 03:25:17.286187 dv-cinder-818037-5-iscsi devstack@c-api.service[109428]: DEBUG cinder.volume.api [None req-78eebe71-6d29-4fa7-a55f-70a23067683c tempest-VolumesListAdminTestJSON-1590315872 tempest-VolumesListAdminTestJSON-1590315872-project] Flow 'volume_create_api' (d1007dcd-1da0-474c-81b4-6db7810d5140) transitioned into state 'SUCCESS' from state 'RUNNING' {{(pid=109428) _flow_receiver /usr/local/lib/python3.8/dist-packages/taskflow/listeners/logging.py:141}}
Nov 20 03:25:17.286855 dv-cinder-818037-5-iscsi devstack@c-api.service[109428]: INFO cinder.volume.api [None req-78eebe71-6d29-4fa7-a55f-70a23067683c tempest-VolumesListAdminTestJSON-1590315872 tempest-VolumesListAdminTestJSON-1590315872-project] Create volume request issued successfully.
Nov 20 03:25:17.288035 dv-cinder-818037-5-iscsi devstack@c-api.service[109428]: INFO cinder.api.openstack.wsgi [None req-78eebe71-6d29-4fa7-a55f-70a23067683c tempest-VolumesListAdminTestJSON-1590315872 tempest-VolumesListAdminTestJSON-1590315872-project] http://10.222.0.37/volume/v3/560ab0df9d944e7895713e47aeec7682/volumes returned with HTTP 202
Nov 20 03:25:17.298415 dv-cinder-818037-5-iscsi devstack@c-api.service[109428]: [pid: 109428|app: 0|req: 258/466] 10.222.0.37 () {60 vars in 1234 bytes} [Sat Nov 20 03:25:17 2021] POST /volume/v3/560ab0df9d944e7895713e47aeec7682/volumes => generated 824 bytes in 212 msecs (HTTP/1.1 202) 7 headers in 291 bytes (2 switches on core 0)
Nov 20 03:25:17.304222 dv-cinder-818037-5-iscsi devstack@c-api.service[109428]: INFO cinder.api.openstack.wsgi [None req-dbff2f77-44f6-4901-87eb-d50d64870cee tempest-VolumesListAdminTestJSON-1590315872 tempest-VolumesListAdminTestJSON-1590315872-project] GET http://10.222.0.37/volume/v3/560ab0df9d944e7895713e47aeec7682/volumes/20ed0af0-82b6-42ae-a27a-21fc124fbc95
Nov 20 03:25:17.304669 dv-cinder-818037-5-iscsi devstack@c-api.service[109428]: DEBUG cinder.api.openstack.wsgi [None req-dbff2f77-44f6-4901-87eb-d50d64870cee tempest-VolumesListAdminTestJSON-1590315872 tempest-VolumesListAdminTestJSON-1590315872-project] Empty body provided in request {{(pid=109428) get_body /opt/stack/cinder/cinder/api/openstack/wsgi.py:703}}
Nov 20 03:25:17.304879 dv-cinder-818037-5-iscsi devstack@c-api.service[109428]: /usr/local/lib/python3.8/dist-packages/webob/acceptparse.py:1047: DeprecationWarning: The behavior of AcceptValidHeader.best_match is currently being maintained for backward compatibility, but it will be deprecated in the future, as it does not conform to the RFC.
Nov 20 03:25:17.304879 dv-cinder-818037-5-iscsi devstack@c-api.service[109428]: warnings.warn(
Nov 20 03:25:17.305156 dv-cinder-818037-5-iscsi devstack@c-api.service[109428]: DEBUG cinder.api.openstack.wsgi [None req-dbff2f77-44f6-4901-87eb-d50d64870cee tempest-VolumesListAdminTestJSON-1590315872 tempest-VolumesListAdminTestJSON-1590315872-project] Calling method 'show' {{(pid=109428) _process_stack /opt/stack/cinder/cinder/api/openstack/wsgi.py:856}}
Nov 20 03:25:17.312594 dv-cinder-818037-5-iscsi devstack@c-api.service[109427]: INFO cinder.volume.api [None req-945ee53c-d04d-4848-9ab8-cdc204059b10 tempest-VolumesDeleteCascade-1113822336 tempest-VolumesDeleteCascade-1113822336-project] Volume info retrieved successfully.
Nov 20 03:25:17.318252 dv-cinder-818037-5-iscsi devstack@c-api.service[109428]: /usr/local/lib/python3.8/dist-packages/oslo_context/context.py:105: DeprecationWarning: Policy enforcement is depending on the value of is_admin. This key is deprecated. Please update your policy file to use the standard policy values.
Nov 20 03:25:17.318252 dv-cinder-818037-5-iscsi devstack@c-api.service[109428]: warnings.warn('Policy enforcement is depending on the value of '
Nov 20 03:25:17.322368 dv-cinder-818037-5-iscsi devstack@c-api.service[109427]: INFO cinder.api.openstack.wsgi [None req-945ee53c-d04d-4848-9ab8-cdc204059b10 tempest-VolumesDeleteCascade-1113822336 tempest-VolumesDeleteCascade-1113822336-project] http://10.222.0.37/volume/v3/afd8ad4c616d446b855c25b1f832207f/volumes/b0209d19-63ee-436c-8dd4-946c9bdda551 returned with HTTP 200
Nov 20 03:25:17.323179 dv-cinder-818037-5-iscsi devstack@c-api.service[109427]: [pid: 109427|app: 0|req: 209/467] 10.222.0.37 () {58 vars in 1324 bytes} [Sat Nov 20 03:25:17 2021] GET /volume/v3/afd8ad4c616d446b855c25b1f832207f/volumes/b0209d19-63ee-436c-8dd4-946c9bdda551 => generated 911 bytes in 57 msecs (HTTP/1.1 200) 7 headers in 285 bytes (2 switches on core 0)
Nov 20 03:25:17.325219 dv-cinder-818037-5-iscsi devstack@c-api.service[109428]: INFO cinder.volume.api [None req-dbff2f77-44f6-4901-87eb-d50d64870cee tempest-VolumesListAdminTestJSON-1590315872 tempest-VolumesListAdminTestJSON-1590315872-project] Volume info retrieved successfully.
Nov 20 03:25:17.334663 dv-cinder-818037-5-iscsi devstack@c-api.service[109428]: INFO cinder.api.openstack.wsgi [None req-dbff2f77-44f6-4901-87eb-d50d64870cee tempest-VolumesListAdminTestJSON-1590315872 tempest-VolumesListAdminTestJSON-1590315872-project] http://10.222.0.37/volume/v3/560ab0df9d944e7895713e47aeec7682/volumes/20ed0af0-82b6-42ae-a27a-21fc124fbc95 returned with HTTP 200
Nov 20 03:25:17.336030 dv-cinder-818037-5-iscsi devstack@c-api.service[109428]: [pid: 109428|app: 0|req: 259/468] 10.222.0.37 () {58 vars in 1324 bytes} [Sat Nov 20 03:25:17 2021] GET /volume/v3/560ab0df9d944e7895713e47aeec7682/volumes/20ed0af0-82b6-42ae-a27a-21fc124fbc95 => generated 892 bytes in 37 msecs (HTTP/1.1 200) 7 headers in 285 bytes (2 switches on core 0)
Nov 20 03:25:17.654002 dv-cinder-818037-5-iscsi devstack@c-api.service[109427]: INFO cinder.api.openstack.wsgi [None req-4ba5b68e-f0fe-445b-9b13-2cf74169f640 tempest-SnapshotsActionsTest-300955471 tempest-SnapshotsActionsTest-300955471-project] GET http://10.222.0.37/volume/v3/5c3e89ab112241789a1da8e548c788dd/snapshots/d96655d9-27cf-484b-8420-43ec63765d63
Nov 20 03:25:17.655218 dv-cinder-818037-5-iscsi devstack@c-api.service[109427]: DEBUG cinder.api.openstack.wsgi [None req-4ba5b68e-f0fe-445b-9b13-2cf74169f640 tempest-SnapshotsActionsTest-300955471 tempest-SnapshotsActionsTest-300955471-project] Empty body provided in request {{(pid=109427) get_body /opt/stack/cinder/cinder/api/openstack/wsgi.py:703}}
Nov 20 03:25:17.655392 dv-cinder-818037-5-iscsi devstack@c-api.service[109427]: /usr/local/lib/python3.8/dist-packages/webob/acceptparse.py:1047: DeprecationWarning: The behavior of AcceptValidHeader.best_match is currently being maintained for backward compatibility, but it will be deprecated in the future, as it does not conform to the RFC.
Nov 20 03:25:17.655392 dv-cinder-818037-5-iscsi devstack@c-api.service[109427]: warnings.warn(
Nov 20 03:25:17.655706 dv-cinder-818037-5-iscsi devstack@c-api.service[109427]: DEBUG cinder.api.openstack.wsgi [None req-4ba5b68e-f0fe-445b-9b13-2cf74169f640 tempest-SnapshotsActionsTest-300955471 tempest-SnapshotsActionsTest-300955471-project] Calling method 'show' {{(pid=109427) _process_stack /opt/stack/cinder/cinder/api/openstack/wsgi.py:856}}
Nov 20 03:25:17.664465 dv-cinder-818037-5-iscsi devstack@c-api.service[109427]: /usr/local/lib/python3.8/dist-packages/oslo_context/context.py:105: DeprecationWarning: Policy enforcement is depending on the value of is_admin. This key is deprecated. Please update your policy file to use the standard policy values.
Nov 20 03:25:17.664465 dv-cinder-818037-5-iscsi devstack@c-api.service[109427]: warnings.warn('Policy enforcement is depending on the value of '
Nov 20 03:25:17.665395 dv-cinder-818037-5-iscsi devstack@c-api.service[109427]: INFO cinder.volume.api [None req-4ba5b68e-f0fe-445b-9b13-2cf74169f640 tempest-SnapshotsActionsTest-300955471 tempest-SnapshotsActionsTest-300955471-project] Snapshot retrieved successfully.
Nov 20 03:25:17.667115 dv-cinder-818037-5-iscsi devstack@c-api.service[109427]: INFO cinder.api.openstack.wsgi [None req-4ba5b68e-f0fe-445b-9b13-2cf74169f640 tempest-SnapshotsActionsTest-300955471 tempest-SnapshotsActionsTest-300955471-project] http://10.222.0.37/volume/v3/5c3e89ab112241789a1da8e548c788dd/snapshots/d96655d9-27cf-484b-8420-43ec63765d63 returned with HTTP 200
Nov 20 03:25:17.667778 dv-cinder-818037-5-iscsi devstack@c-api.service[109427]: [pid: 109427|app: 0|req: 210/469] 10.222.0.37 () {58 vars in 1330 bytes} [Sat Nov 20 03:25:17 2021] GET /volume/v3/5c3e89ab112241789a1da8e548c788dd/snapshots/d96655d9-27cf-484b-8420-43ec63765d63 => generated 439 bytes in 18 msecs (HTTP/1.1 200) 7 headers in 285 bytes (1 switches on core 0)
Nov 20 03:25:18.003110 dv-cinder-818037-5-iscsi devstack@c-api.service[109428]: INFO cinder.api.openstack.wsgi [None req-e41cb920-2958-46ee-92c7-f2675a9a058a tempest-VolumesSnapshotNegativeTestJSON-617174856 tempest-VolumesSnapshotNegativeTestJSON-617174856-project] GET http://10.222.0.37/volume/v3/8550ca73b2a147bc873863d156fbb9d0/snapshots/b341fb4c-83a2-4e7a-ab85-b0e586ff9300
Nov 20 03:25:18.003546 dv-cinder-818037-5-iscsi devstack@c-api.service[109428]: DEBUG cinder.api.openstack.wsgi [None req-e41cb920-2958-46ee-92c7-f2675a9a058a tempest-VolumesSnapshotNegativeTestJSON-617174856 tempest-VolumesSnapshotNegativeTestJSON-617174856-project] Empty body provided in request {{(pid=109428) get_body /opt/stack/cinder/cinder/api/openstack/wsgi.py:703}}
Nov 20 03:25:18.003712 dv-cinder-818037-5-iscsi devstack@c-api.service[109428]: /usr/local/lib/python3.8/dist-packages/webob/acceptparse.py:1047: DeprecationWarning: The behavior of AcceptValidHeader.best_match is currently being maintained for backward compatibility, but it will be deprecated in the future, as it does not conform to the RFC.
Nov 20 03:25:18.003712 dv-cinder-818037-5-iscsi devstack@c-api.service[109428]: warnings.warn(
Nov 20 03:25:18.004053 dv-cinder-818037-5-iscsi devstack@c-api.service[109428]: DEBUG cinder.api.openstack.wsgi [None req-e41cb920-2958-46ee-92c7-f2675a9a058a tempest-VolumesSnapshotNegativeTestJSON-617174856 tempest-VolumesSnapshotNegativeTestJSON-617174856-project] Calling method 'show' {{(pid=109428) _process_stack /opt/stack/cinder/cinder/api/openstack/wsgi.py:856}}
Nov 20 03:25:18.012820 dv-cinder-818037-5-iscsi devstack@c-api.service[109428]: /usr/local/lib/python3.8/dist-packages/oslo_context/context.py:105: DeprecationWarning: Policy enforcement is depending on the value of is_admin. This key is deprecated. Please update your policy file to use the standard policy values.
Nov 20 03:25:18.012820 dv-cinder-818037-5-iscsi devstack@c-api.service[109428]: warnings.warn('Policy enforcement is depending on the value of '
Nov 20 03:25:18.014383 dv-cinder-818037-5-iscsi devstack@c-api.service[109428]: INFO cinder.volume.api [None req-e41cb920-2958-46ee-92c7-f2675a9a058a tempest-VolumesSnapshotNegativeTestJSON-617174856 tempest-VolumesSnapshotNegativeTestJSON-617174856-project] Snapshot retrieved successfully.
Nov 20 03:25:18.016117 dv-cinder-818037-5-iscsi devstack@c-api.service[109428]: INFO cinder.api.openstack.wsgi [None req-e41cb920-2958-46ee-92c7-f2675a9a058a tempest-VolumesSnapshotNegativeTestJSON-617174856 tempest-VolumesSnapshotNegativeTestJSON-617174856-project] http://10.222.0.37/volume/v3/8550ca73b2a147bc873863d156fbb9d0/snapshots/b341fb4c-83a2-4e7a-ab85-b0e586ff9300 returned with HTTP 200
Nov 20 03:25:18.016766 dv-cinder-818037-5-iscsi devstack@c-api.service[109428]: [pid: 109428|app: 0|req: 260/470] 10.222.0.37 () {58 vars in 1330 bytes} [Sat Nov 20 03:25:17 2021] GET /volume/v3/8550ca73b2a147bc873863d156fbb9d0/snapshots/b341fb4c-83a2-4e7a-ab85-b0e586ff9300 => generated 477 bytes in 18 msecs (HTTP/1.1 200) 7 headers in 285 bytes (1 switches on core 0)
Nov 20 03:25:18.026079 dv-cinder-818037-5-iscsi devstack@c-api.service[109427]: INFO cinder.api.openstack.wsgi [None req-63351fb7-9a03-425f-8b74-f96ad3cb6d1d tempest-VolumesSnapshotNegativeTestJSON-617174856 tempest-VolumesSnapshotNegativeTestJSON-617174856-project] POST http://10.222.0.37/volume/v3/8550ca73b2a147bc873863d156fbb9d0/volumes
Nov 20 03:25:18.026530 dv-cinder-818037-5-iscsi devstack@c-api.service[109427]: /usr/local/lib/python3.8/dist-packages/webob/acceptparse.py:1047: DeprecationWarning: The behavior of AcceptValidHeader.best_match is currently being maintained for backward compatibility, but it will be deprecated in the future, as it does not conform to the RFC.
Nov 20 03:25:18.026530 dv-cinder-818037-5-iscsi devstack@c-api.service[109427]: warnings.warn(
Nov 20 03:25:18.026776 dv-cinder-818037-5-iscsi devstack@c-api.service[109427]: DEBUG cinder.api.openstack.wsgi [None req-63351fb7-9a03-425f-8b74-f96ad3cb6d1d tempest-VolumesSnapshotNegativeTestJSON-617174856 tempest-VolumesSnapshotNegativeTestJSON-617174856-project] Action: 'create', calling method: create, body: {"volume": {"size": 1, "snapshot_id": "b341fb4c-83a2-4e7a-ab85-b0e586ff9300"}} {{(pid=109427) _process_stack /opt/stack/cinder/cinder/api/openstack/wsgi.py:854}}
Nov 20 03:25:18.027884 dv-cinder-818037-5-iscsi devstack@c-api.service[109427]: DEBUG cinder.api.v3.volumes [None req-63351fb7-9a03-425f-8b74-f96ad3cb6d1d tempest-VolumesSnapshotNegativeTestJSON-617174856 tempest-VolumesSnapshotNegativeTestJSON-617174856-project] Create volume request body: {'volume': {'size': 1, 'snapshot_id': 'b341fb4c-83a2-4e7a-ab85-b0e586ff9300'}} {{(pid=109427) create /opt/stack/cinder/cinder/api/v3/volumes.py:298}}
Nov 20 03:25:18.036782 dv-cinder-818037-5-iscsi devstack@c-api.service[109427]: /usr/local/lib/python3.8/dist-packages/oslo_context/context.py:105: DeprecationWarning: Policy enforcement is depending on the value of is_admin. This key is deprecated. Please update your policy file to use the standard policy values.
Nov 20 03:25:18.036782 dv-cinder-818037-5-iscsi devstack@c-api.service[109427]: warnings.warn('Policy enforcement is depending on the value of '
Nov 20 03:25:18.037712 dv-cinder-818037-5-iscsi devstack@c-api.service[109427]: INFO cinder.volume.api [None req-63351fb7-9a03-425f-8b74-f96ad3cb6d1d tempest-VolumesSnapshotNegativeTestJSON-617174856 tempest-VolumesSnapshotNegativeTestJSON-617174856-project] Snapshot retrieved successfully.
Nov 20 03:25:18.038006 dv-cinder-818037-5-iscsi devstack@c-api.service[109427]: INFO cinder.api.v3.volumes [None req-63351fb7-9a03-425f-8b74-f96ad3cb6d1d tempest-VolumesSnapshotNegativeTestJSON-617174856 tempest-VolumesSnapshotNegativeTestJSON-617174856-project] Create volume of 1 GB
Nov 20 03:25:18.043727 dv-cinder-818037-5-iscsi devstack@c-api.service[109427]: INFO cinder.volume.api [None req-63351fb7-9a03-425f-8b74-f96ad3cb6d1d tempest-VolumesSnapshotNegativeTestJSON-617174856 tempest-VolumesSnapshotNegativeTestJSON-617174856-project] Availability Zones retrieved successfully.
Nov 20 03:25:18.058526 dv-cinder-818037-5-iscsi devstack@c-api.service[109427]: DEBUG cinder.volume.api [None req-63351fb7-9a03-425f-8b74-f96ad3cb6d1d tempest-VolumesSnapshotNegativeTestJSON-617174856 tempest-VolumesSnapshotNegativeTestJSON-617174856-project] Flow 'volume_create_api' (910f9998-f2b3-4a9e-9b32-5f466e4cbaad) transitioned into state 'RUNNING' from state 'PENDING' {{(pid=109427) _flow_receiver /usr/local/lib/python3.8/dist-packages/taskflow/listeners/logging.py:141}}
Nov 20 03:25:18.061612 dv-cinder-818037-5-iscsi devstack@c-api.service[109427]: DEBUG cinder.volume.api [None req-63351fb7-9a03-425f-8b74-f96ad3cb6d1d tempest-VolumesSnapshotNegativeTestJSON-617174856 tempest-VolumesSnapshotNegativeTestJSON-617174856-project] Task 'cinder.volume.flows.api.create_volume.ExtractVolumeRequestTask;volume:create' (cb8e1fbe-ffbf-44ac-a6f2-d10097f3f229) transitioned into state 'RUNNING' from state 'PENDING' {{(pid=109427) _task_receiver /usr/local/lib/python3.8/dist-packages/taskflow/listeners/logging.py:190}}
Nov 20 03:25:18.063893 dv-cinder-818037-5-iscsi devstack@c-api.service[109427]: DEBUG cinder.volume.flows.api.create_volume [None req-63351fb7-9a03-425f-8b74-f96ad3cb6d1d tempest-VolumesSnapshotNegativeTestJSON-617174856 tempest-VolumesSnapshotNegativeTestJSON-617174856-project] Validating volume size '1' using validate_int, validate_snap_size {{(pid=109427) _extract_size /opt/stack/cinder/cinder/volume/flows/api/create_volume.py:225}}
Nov 20 03:25:18.066139 dv-cinder-818037-5-iscsi devstack@c-api.service[109427]: WARNING cinder.volume.api [None req-63351fb7-9a03-425f-8b74-f96ad3cb6d1d tempest-VolumesSnapshotNegativeTestJSON-617174856 tempest-VolumesSnapshotNegativeTestJSON-617174856-project] Task 'cinder.volume.flows.api.create_volume.ExtractVolumeRequestTask;volume:create' (cb8e1fbe-ffbf-44ac-a6f2-d10097f3f229) transitioned into state 'FAILURE' from state 'RUNNING'
Nov 20 03:25:18.066139 dv-cinder-818037-5-iscsi devstack@c-api.service[109427]: Failure: cinder.exception.InvalidInput: Invalid input received: Volume size '1'GB cannot be smaller than the snapshot size 2GB. They must be >= original snapshot size.
Nov 20 03:25:18.070227 dv-cinder-818037-5-iscsi devstack@c-api.service[109427]: DEBUG cinder.volume.api [None req-63351fb7-9a03-425f-8b74-f96ad3cb6d1d tempest-VolumesSnapshotNegativeTestJSON-617174856 tempest-VolumesSnapshotNegativeTestJSON-617174856-project] Task 'cinder.volume.flows.api.create_volume.ExtractVolumeRequestTask;volume:create' (cb8e1fbe-ffbf-44ac-a6f2-d10097f3f229) transitioned into state 'REVERTING' from state 'FAILURE' {{(pid=109427) _task_receiver /usr/local/lib/python3.8/dist-packages/taskflow/listeners/logging.py:190}}
Nov 20 03:25:18.072156 dv-cinder-818037-5-iscsi devstack@c-api.service[109427]: WARNING cinder.volume.api [None req-63351fb7-9a03-425f-8b74-f96ad3cb6d1d tempest-VolumesSnapshotNegativeTestJSON-617174856 tempest-VolumesSnapshotNegativeTestJSON-617174856-project] Task 'cinder.volume.flows.api.create_volume.ExtractVolumeRequestTask;volume:create' (cb8e1fbe-ffbf-44ac-a6f2-d10097f3f229) transitioned into state 'REVERTED' from state 'REVERTING' with result 'None'
Nov 20 03:25:18.074438 dv-cinder-818037-5-iscsi devstack@c-api.service[109427]: WARNING cinder.volume.api [None req-63351fb7-9a03-425f-8b74-f96ad3cb6d1d tempest-VolumesSnapshotNegativeTestJSON-617174856 tempest-VolumesSnapshotNegativeTestJSON-617174856-project] Flow 'volume_create_api' (910f9998-f2b3-4a9e-9b32-5f466e4cbaad) transitioned into state 'REVERTED' from state 'RUNNING'
Nov 20 03:25:18.074952 dv-cinder-818037-5-iscsi devstack@c-api.service[109427]: INFO cinder.api.openstack.wsgi [None req-63351fb7-9a03-425f-8b74-f96ad3cb6d1d tempest-VolumesSnapshotNegativeTestJSON-617174856 tempest-VolumesSnapshotNegativeTestJSON-617174856-project] http://10.222.0.37/volume/v3/8550ca73b2a147bc873863d156fbb9d0/volumes returned with HTTP 400
Nov 20 03:25:18.075844 dv-cinder-818037-5-iscsi devstack@c-api.service[109427]: [pid: 109427|app: 0|req: 211/471] 10.222.0.37 () {60 vars in 1234 bytes} [Sat Nov 20 03:25:18 2021] POST /volume/v3/8550ca73b2a147bc873863d156fbb9d0/volumes => generated 171 bytes in 53 msecs (HTTP/1.1 400) 7 headers in 294 bytes (1 switches on core 0)
Nov 20 03:25:18.084708 dv-cinder-818037-5-iscsi devstack@c-api.service[109428]: INFO cinder.api.openstack.wsgi [None req-021dfab5-d306-4a26-90e8-1f6080ad0016 tempest-VolumesSnapshotNegativeTestJSON-617174856 tempest-VolumesSnapshotNegativeTestJSON-617174856-project] DELETE http://10.222.0.37/volume/v3/8550ca73b2a147bc873863d156fbb9d0/snapshots/b341fb4c-83a2-4e7a-ab85-b0e586ff9300
Nov 20 03:25:18.085143 dv-cinder-818037-5-iscsi devstack@c-api.service[109428]: DEBUG cinder.api.openstack.wsgi [None req-021dfab5-d306-4a26-90e8-1f6080ad0016 tempest-VolumesSnapshotNegativeTestJSON-617174856 tempest-VolumesSnapshotNegativeTestJSON-617174856-project] Empty body provided in request {{(pid=109428) get_body /opt/stack/cinder/cinder/api/openstack/wsgi.py:703}}
Nov 20 03:25:18.085300 dv-cinder-818037-5-iscsi devstack@c-api.service[109428]: /usr/local/lib/python3.8/dist-packages/webob/acceptparse.py:1047: DeprecationWarning: The behavior of AcceptValidHeader.best_match is currently being maintained for backward compatibility, but it will be deprecated in the future, as it does not conform to the RFC.
Nov 20 03:25:18.085300 dv-cinder-818037-5-iscsi devstack@c-api.service[109428]: warnings.warn(
Nov 20 03:25:18.085611 dv-cinder-818037-5-iscsi devstack@c-api.service[109428]: DEBUG cinder.api.openstack.wsgi [None req-021dfab5-d306-4a26-90e8-1f6080ad0016 tempest-VolumesSnapshotNegativeTestJSON-617174856 tempest-VolumesSnapshotNegativeTestJSON-617174856-project] Calling method 'delete' {{(pid=109428) _process_stack /opt/stack/cinder/cinder/api/openstack/wsgi.py:856}}
Nov 20 03:25:18.085919 dv-cinder-818037-5-iscsi devstack@c-api.service[109428]: INFO cinder.api.v2.snapshots [None req-021dfab5-d306-4a26-90e8-1f6080ad0016 tempest-VolumesSnapshotNegativeTestJSON-617174856 tempest-VolumesSnapshotNegativeTestJSON-617174856-project] Delete snapshot with id: b341fb4c-83a2-4e7a-ab85-b0e586ff9300
Nov 20 03:25:18.094640 dv-cinder-818037-5-iscsi devstack@c-api.service[109428]: /usr/local/lib/python3.8/dist-packages/oslo_context/context.py:105: DeprecationWarning: Policy enforcement is depending on the value of is_admin. This key is deprecated. Please update your policy file to use the standard policy values.
Nov 20 03:25:18.094640 dv-cinder-818037-5-iscsi devstack@c-api.service[109428]: warnings.warn('Policy enforcement is depending on the value of '
Nov 20 03:25:18.095526 dv-cinder-818037-5-iscsi devstack@c-api.service[109428]: INFO cinder.volume.api [None req-021dfab5-d306-4a26-90e8-1f6080ad0016 tempest-VolumesSnapshotNegativeTestJSON-617174856 tempest-VolumesSnapshotNegativeTestJSON-617174856-project] Snapshot retrieved successfully.
Nov 20 03:25:18.108216 dv-cinder-818037-5-iscsi devstack@c-api.service[109427]: INFO cinder.api.openstack.wsgi [None req-ca0ed4f4-e40f-4971-a2da-370f8a331ce4 tempest-AttachVolumeNegativeTest-1235889435 tempest-AttachVolumeNegativeTest-1235889435-project] GET http://10.222.0.37/volume/v3/0fdf6e7abf574b269f3c1459a9d58c26/volumes/89cbebf4-568f-41cb-a6d4-da9e07c3ad72
Nov 20 03:25:18.108665 dv-cinder-818037-5-iscsi devstack@c-api.service[109427]: DEBUG cinder.api.openstack.wsgi [None req-ca0ed4f4-e40f-4971-a2da-370f8a331ce4 tempest-AttachVolumeNegativeTest-1235889435 tempest-AttachVolumeNegativeTest-1235889435-project] Empty body provided in request {{(pid=109427) get_body /opt/stack/cinder/cinder/api/openstack/wsgi.py:703}}
Nov 20 03:25:18.108829 dv-cinder-818037-5-iscsi devstack@c-api.service[109427]: /usr/local/lib/python3.8/dist-packages/webob/acceptparse.py:1047: DeprecationWarning: The behavior of AcceptValidHeader.best_match is currently being maintained for backward compatibility, but it will be deprecated in the future, as it does not conform to the RFC.
Nov 20 03:25:18.108829 dv-cinder-818037-5-iscsi devstack@c-api.service[109427]: warnings.warn(
Nov 20 03:25:18.109141 dv-cinder-818037-5-iscsi devstack@c-api.service[109427]: DEBUG cinder.api.openstack.wsgi [None req-ca0ed4f4-e40f-4971-a2da-370f8a331ce4 tempest-AttachVolumeNegativeTest-1235889435 tempest-AttachVolumeNegativeTest-1235889435-project] Calling method 'show' {{(pid=109427) _process_stack /opt/stack/cinder/cinder/api/openstack/wsgi.py:856}}
Nov 20 03:25:18.122779 dv-cinder-818037-5-iscsi devstack@c-api.service[109428]: INFO cinder.volume.api [None req-021dfab5-d306-4a26-90e8-1f6080ad0016 tempest-VolumesSnapshotNegativeTestJSON-617174856 tempest-VolumesSnapshotNegativeTestJSON-617174856-project] Snapshot delete request issued successfully.
Nov 20 03:25:18.123749 dv-cinder-818037-5-iscsi devstack@c-api.service[109428]: INFO cinder.api.openstack.wsgi [None req-021dfab5-d306-4a26-90e8-1f6080ad0016 tempest-VolumesSnapshotNegativeTestJSON-617174856 tempest-VolumesSnapshotNegativeTestJSON-617174856-project] http://10.222.0.37/volume/v3/8550ca73b2a147bc873863d156fbb9d0/snapshots/b341fb4c-83a2-4e7a-ab85-b0e586ff9300 returned with HTTP 202
Nov 20 03:25:18.124536 dv-cinder-818037-5-iscsi devstack@c-api.service[109428]: [pid: 109428|app: 0|req: 261/472] 10.222.0.37 () {58 vars in 1333 bytes} [Sat Nov 20 03:25:18 2021] DELETE /volume/v3/8550ca73b2a147bc873863d156fbb9d0/snapshots/b341fb4c-83a2-4e7a-ab85-b0e586ff9300 => generated 0 bytes in 44 msecs (HTTP/1.1 202) 6 headers in 233 bytes (1 switches on core 0)
Nov 20 03:25:18.129813 dv-cinder-818037-5-iscsi devstack@c-api.service[109427]: /usr/local/lib/python3.8/dist-packages/oslo_context/context.py:105: DeprecationWarning: Policy enforcement is depending on the value of is_admin. This key is deprecated. Please update your policy file to use the standard policy values.
Nov 20 03:25:18.129813 dv-cinder-818037-5-iscsi devstack@c-api.service[109427]: warnings.warn('Policy enforcement is depending on the value of '
Nov 20 03:25:18.132003 dv-cinder-818037-5-iscsi devstack@c-api.service[109428]: INFO cinder.api.openstack.wsgi [None req-5532db59-e493-48d2-be98-2bb509507af9 tempest-VolumesSnapshotNegativeTestJSON-617174856 tempest-VolumesSnapshotNegativeTestJSON-617174856-project] GET http://10.222.0.37/volume/v3/8550ca73b2a147bc873863d156fbb9d0/snapshots/b341fb4c-83a2-4e7a-ab85-b0e586ff9300
Nov 20 03:25:18.132440 dv-cinder-818037-5-iscsi devstack@c-api.service[109428]: DEBUG cinder.api.openstack.wsgi [None req-5532db59-e493-48d2-be98-2bb509507af9 tempest-VolumesSnapshotNegativeTestJSON-617174856 tempest-VolumesSnapshotNegativeTestJSON-617174856-project] Empty body provided in request {{(pid=109428) get_body /opt/stack/cinder/cinder/api/openstack/wsgi.py:703}}
Nov 20 03:25:18.132605 dv-cinder-818037-5-iscsi devstack@c-api.service[109428]: /usr/local/lib/python3.8/dist-packages/webob/acceptparse.py:1047: DeprecationWarning: The behavior of AcceptValidHeader.best_match is currently being maintained for backward compatibility, but it will be deprecated in the future, as it does not conform to the RFC.
Nov 20 03:25:18.132605 dv-cinder-818037-5-iscsi devstack@c-api.service[109428]: warnings.warn(
Nov 20 03:25:18.132917 dv-cinder-818037-5-iscsi devstack@c-api.service[109428]: DEBUG cinder.api.openstack.wsgi [None req-5532db59-e493-48d2-be98-2bb509507af9 tempest-VolumesSnapshotNegativeTestJSON-617174856 tempest-VolumesSnapshotNegativeTestJSON-617174856-project] Calling method 'show' {{(pid=109428) _process_stack /opt/stack/cinder/cinder/api/openstack/wsgi.py:856}}
Nov 20 03:25:18.136993 dv-cinder-818037-5-iscsi devstack@c-api.service[109427]: INFO cinder.volume.api [None req-ca0ed4f4-e40f-4971-a2da-370f8a331ce4 tempest-AttachVolumeNegativeTest-1235889435 tempest-AttachVolumeNegativeTest-1235889435-project] Volume info retrieved successfully.
Nov 20 03:25:18.141767 dv-cinder-818037-5-iscsi devstack@c-api.service[109428]: /usr/local/lib/python3.8/dist-packages/oslo_context/context.py:105: DeprecationWarning: Policy enforcement is depending on the value of is_admin. This key is deprecated. Please update your policy file to use the standard policy values.
Nov 20 03:25:18.141767 dv-cinder-818037-5-iscsi devstack@c-api.service[109428]: warnings.warn('Policy enforcement is depending on the value of '
Nov 20 03:25:18.142682 dv-cinder-818037-5-iscsi devstack@c-api.service[109428]: INFO cinder.volume.api [None req-5532db59-e493-48d2-be98-2bb509507af9 tempest-VolumesSnapshotNegativeTestJSON-617174856 tempest-VolumesSnapshotNegativeTestJSON-617174856-project] Snapshot retrieved successfully.
Nov 20 03:25:18.144464 dv-cinder-818037-5-iscsi devstack@c-api.service[109428]: INFO cinder.api.openstack.wsgi [None req-5532db59-e493-48d2-be98-2bb509507af9 tempest-VolumesSnapshotNegativeTestJSON-617174856 tempest-VolumesSnapshotNegativeTestJSON-617174856-project] http://10.222.0.37/volume/v3/8550ca73b2a147bc873863d156fbb9d0/snapshots/b341fb4c-83a2-4e7a-ab85-b0e586ff9300 returned with HTTP 200
Nov 20 03:25:18.145136 dv-cinder-818037-5-iscsi devstack@c-api.service[109428]: [pid: 109428|app: 0|req: 262/473] 10.222.0.37 () {58 vars in 1330 bytes} [Sat Nov 20 03:25:18 2021] GET /volume/v3/8550ca73b2a147bc873863d156fbb9d0/snapshots/b341fb4c-83a2-4e7a-ab85-b0e586ff9300 => generated 476 bytes in 17 msecs (HTTP/1.1 200) 7 headers in 285 bytes (2 switches on core 0)
Nov 20 03:25:18.145421 dv-cinder-818037-5-iscsi devstack@c-api.service[109427]: INFO cinder.api.openstack.wsgi [None req-ca0ed4f4-e40f-4971-a2da-370f8a331ce4 tempest-AttachVolumeNegativeTest-1235889435 tempest-AttachVolumeNegativeTest-1235889435-project] http://10.222.0.37/volume/v3/0fdf6e7abf574b269f3c1459a9d58c26/volumes/89cbebf4-568f-41cb-a6d4-da9e07c3ad72 returned with HTTP 200
Nov 20 03:25:18.150338 dv-cinder-818037-5-iscsi devstack@c-api.service[109427]: [pid: 109427|app: 0|req: 212/474] 10.222.0.37 () {58 vars in 1324 bytes} [Sat Nov 20 03:25:18 2021] GET /volume/v3/0fdf6e7abf574b269f3c1459a9d58c26/volumes/89cbebf4-568f-41cb-a6d4-da9e07c3ad72 => generated 917 bytes in 42 msecs (HTTP/1.1 200) 7 headers in 285 bytes (1 switches on core 0)
Nov 20 03:25:18.338901 dv-cinder-818037-5-iscsi devstack@c-api.service[109428]: INFO cinder.api.openstack.wsgi [None req-69d0b548-93f2-4c93-a4ef-8407e0eec74b tempest-VolumesDeleteCascade-1113822336 tempest-VolumesDeleteCascade-1113822336-project] GET http://10.222.0.37/volume/v3/afd8ad4c616d446b855c25b1f832207f/volumes/b0209d19-63ee-436c-8dd4-946c9bdda551
Nov 20 03:25:18.339271 dv-cinder-818037-5-iscsi devstack@c-api.service[109428]: DEBUG cinder.api.openstack.wsgi [None req-69d0b548-93f2-4c93-a4ef-8407e0eec74b tempest-VolumesDeleteCascade-1113822336 tempest-VolumesDeleteCascade-1113822336-project] Empty body provided in request {{(pid=109428) get_body /opt/stack/cinder/cinder/api/openstack/wsgi.py:703}}
Nov 20 03:25:18.339437 dv-cinder-818037-5-iscsi devstack@c-api.service[109428]: /usr/local/lib/python3.8/dist-packages/webob/acceptparse.py:1047: DeprecationWarning: The behavior of AcceptValidHeader.best_match is currently being maintained for backward compatibility, but it will be deprecated in the future, as it does not conform to the RFC.
Nov 20 03:25:18.339437 dv-cinder-818037-5-iscsi devstack@c-api.service[109428]: warnings.warn(
Nov 20 03:25:18.339748 dv-cinder-818037-5-iscsi devstack@c-api.service[109428]: DEBUG cinder.api.openstack.wsgi [None req-69d0b548-93f2-4c93-a4ef-8407e0eec74b tempest-VolumesDeleteCascade-1113822336 tempest-VolumesDeleteCascade-1113822336-project] Calling method 'show' {{(pid=109428) _process_stack /opt/stack/cinder/cinder/api/openstack/wsgi.py:856}}
Nov 20 03:25:18.353566 dv-cinder-818037-5-iscsi devstack@c-api.service[109428]: /usr/local/lib/python3.8/dist-packages/oslo_context/context.py:105: DeprecationWarning: Policy enforcement is depending on the value of is_admin. This key is deprecated. Please update your policy file to use the standard policy values.
Nov 20 03:25:18.353566 dv-cinder-818037-5-iscsi devstack@c-api.service[109428]: warnings.warn('Policy enforcement is depending on the value of '
Nov 20 03:25:18.353900 dv-cinder-818037-5-iscsi devstack@c-api.service[109427]: INFO cinder.api.openstack.wsgi [None req-c739ea18-16b5-4e8d-ae81-e61bb1cbb29e tempest-VolumesListAdminTestJSON-1590315872 tempest-VolumesListAdminTestJSON-1590315872-project] GET http://10.222.0.37/volume/v3/560ab0df9d944e7895713e47aeec7682/volumes/20ed0af0-82b6-42ae-a27a-21fc124fbc95
Nov 20 03:25:18.354342 dv-cinder-818037-5-iscsi devstack@c-api.service[109427]: DEBUG cinder.api.openstack.wsgi [None req-c739ea18-16b5-4e8d-ae81-e61bb1cbb29e tempest-VolumesListAdminTestJSON-1590315872 tempest-VolumesListAdminTestJSON-1590315872-project] Empty body provided in request {{(pid=109427) get_body /opt/stack/cinder/cinder/api/openstack/wsgi.py:703}}
