Nov 17 03:25:07.977239 dv-cinder-818037-2-smb devstack@c-api.service[108489]: [pid: 108489|app: 0|req: 14/26] 10.222.0.46 () {60 vars in 1578 bytes} [Wed Nov 17 03:25:07 2021] GET /volume/v3/4386bfc8d9624dcea6b3d2f5e87a7ca6/volumes/28860f84-a172-42ec-bb71-267516993136 => generated 924 bytes in 125 msecs (HTTP/1.1 200) 7 headers in 285 bytes (2 switches on core 0)
Nov 17 03:25:07.984212 dv-cinder-818037-2-smb devstack@c-api.service[108490]: DEBUG oslo_db.sqlalchemy.engines [None req-b379afeb-00f3-41e9-8201-ce3f12a418ea tempest-GroupSnapshotsTest-1452468371 tempest-GroupSnapshotsTest-1452468371-project] MySQL server mode set to STRICT_TRANS_TABLES,STRICT_ALL_TABLES,NO_ZERO_IN_DATE,NO_ZERO_DATE,ERROR_FOR_DIVISION_BY_ZERO,TRADITIONAL,NO_ENGINE_SUBSTITUTION {{(pid=108490) _check_effective_sql_mode /usr/local/lib/python3.8/dist-packages/oslo_db/sqlalchemy/engines.py:314}}
Nov 17 03:25:07.994161 dv-cinder-818037-2-smb devstack@c-api.service[108490]: /usr/local/lib/python3.8/dist-packages/oslo_context/context.py:105: DeprecationWarning: Policy enforcement is depending on the value of is_admin. This key is deprecated. Please update your policy file to use the standard policy values.
Nov 17 03:25:07.994161 dv-cinder-818037-2-smb devstack@c-api.service[108490]: warnings.warn('Policy enforcement is depending on the value of '
Nov 17 03:25:07.994978 dv-cinder-818037-2-smb devstack@c-api.service[108489]: INFO cinder.api.openstack.wsgi [req-eb606a3f-b0f5-41e0-8d43-ec3128249af0 req-2c26a23c-cc3b-4ffa-898f-af07257cfa18 tempest-VolumesTestJSON-1604629393 tempest-VolumesTestJSON-1604629393-project] GET http://10.222.0.46/volume/v3/99de8a4a0ce64b809e40d7991d0790f1/volumes/487b3594-7387-433b-86ff-b2b6e82d5a25
Nov 17 03:25:07.995504 dv-cinder-818037-2-smb devstack@c-api.service[108489]: DEBUG cinder.api.openstack.wsgi [req-eb606a3f-b0f5-41e0-8d43-ec3128249af0 req-2c26a23c-cc3b-4ffa-898f-af07257cfa18 tempest-VolumesTestJSON-1604629393 tempest-VolumesTestJSON-1604629393-project] Empty body provided in request {{(pid=108489) get_body /opt/stack/cinder/cinder/api/openstack/wsgi.py:703}}
Nov 17 03:25:07.995674 dv-cinder-818037-2-smb devstack@c-api.service[108489]: /usr/local/lib/python3.8/dist-packages/webob/acceptparse.py:1047: DeprecationWarning: The behavior of AcceptValidHeader.best_match is currently being maintained for backward compatibility, but it will be deprecated in the future, as it does not conform to the RFC.
Nov 17 03:25:07.995674 dv-cinder-818037-2-smb devstack@c-api.service[108489]: warnings.warn(
Nov 17 03:25:07.996253 dv-cinder-818037-2-smb devstack@c-api.service[108489]: DEBUG cinder.api.openstack.wsgi [req-eb606a3f-b0f5-41e0-8d43-ec3128249af0 req-2c26a23c-cc3b-4ffa-898f-af07257cfa18 tempest-VolumesTestJSON-1604629393 tempest-VolumesTestJSON-1604629393-project] Calling method 'show' {{(pid=108489) _process_stack /opt/stack/cinder/cinder/api/openstack/wsgi.py:856}}
Nov 17 03:25:08.008508 dv-cinder-818037-2-smb devstack@c-api.service[108490]: INFO cinder.api.openstack.wsgi [None req-b379afeb-00f3-41e9-8201-ce3f12a418ea tempest-GroupSnapshotsTest-1452468371 tempest-GroupSnapshotsTest-1452468371-project] http://10.222.0.46/volume/v3/f4ea14ab179f469cb004f736ab0ccca8/volumes returned with HTTP 202
Nov 17 03:25:08.009338 dv-cinder-818037-2-smb devstack@c-api.service[108490]: [pid: 108490|app: 0|req: 13/27] 10.222.0.46 () {62 vars in 1276 bytes} [Wed Nov 17 03:25:07 2021] POST /volume/v3/f4ea14ab179f469cb004f736ab0ccca8/volumes => generated 908 bytes in 515 msecs (HTTP/1.1 202) 7 headers in 292 bytes (1 switches on core 0)
Nov 17 03:25:08.027309 dv-cinder-818037-2-smb devstack@c-api.service[108489]: /usr/local/lib/python3.8/dist-packages/oslo_context/context.py:105: DeprecationWarning: Policy enforcement is depending on the value of is_admin. This key is deprecated. Please update your policy file to use the standard policy values.
Nov 17 03:25:08.027309 dv-cinder-818037-2-smb devstack@c-api.service[108489]: warnings.warn('Policy enforcement is depending on the value of '
Nov 17 03:25:08.027526 dv-cinder-818037-2-smb devstack@c-api.service[108490]: INFO cinder.api.openstack.wsgi [None req-47b4294c-ec39-4584-953b-a753507f58ee tempest-GroupSnapshotsTest-1452468371 tempest-GroupSnapshotsTest-1452468371-project] GET http://10.222.0.46/volume/v3/f4ea14ab179f469cb004f736ab0ccca8/volumes/2960dfbc-7d3c-41a0-aa24-a81ca0f12a98
Nov 17 03:25:08.027526 dv-cinder-818037-2-smb devstack@c-api.service[108490]: DEBUG cinder.api.openstack.wsgi [None req-47b4294c-ec39-4584-953b-a753507f58ee tempest-GroupSnapshotsTest-1452468371 tempest-GroupSnapshotsTest-1452468371-project] Empty body provided in request {{(pid=108490) get_body /opt/stack/cinder/cinder/api/openstack/wsgi.py:703}}
Nov 17 03:25:08.027816 dv-cinder-818037-2-smb devstack@c-api.service[108490]: /usr/local/lib/python3.8/dist-packages/webob/acceptparse.py:1047: DeprecationWarning: The behavior of AcceptValidHeader.best_match is currently being maintained for backward compatibility, but it will be deprecated in the future, as it does not conform to the RFC.
Nov 17 03:25:08.027816 dv-cinder-818037-2-smb devstack@c-api.service[108490]: warnings.warn(
Nov 17 03:25:08.028127 dv-cinder-818037-2-smb devstack@c-api.service[108490]: DEBUG cinder.api.openstack.wsgi [None req-47b4294c-ec39-4584-953b-a753507f58ee tempest-GroupSnapshotsTest-1452468371 tempest-GroupSnapshotsTest-1452468371-project] Calling method 'show' {{(pid=108490) _process_stack /opt/stack/cinder/cinder/api/openstack/wsgi.py:856}}
Nov 17 03:25:08.048456 dv-cinder-818037-2-smb devstack@c-api.service[108490]: /usr/local/lib/python3.8/dist-packages/oslo_context/context.py:105: DeprecationWarning: Policy enforcement is depending on the value of is_admin. This key is deprecated. Please update your policy file to use the standard policy values.
Nov 17 03:25:08.048456 dv-cinder-818037-2-smb devstack@c-api.service[108490]: warnings.warn('Policy enforcement is depending on the value of '
Nov 17 03:25:08.057703 dv-cinder-818037-2-smb devstack@c-api.service[108489]: INFO cinder.volume.api [req-eb606a3f-b0f5-41e0-8d43-ec3128249af0 req-2c26a23c-cc3b-4ffa-898f-af07257cfa18 tempest-VolumesTestJSON-1604629393 tempest-VolumesTestJSON-1604629393-project] Volume info retrieved successfully.
Nov 17 03:25:08.058488 dv-cinder-818037-2-smb devstack@c-api.service[108490]: INFO cinder.volume.api [None req-47b4294c-ec39-4584-953b-a753507f58ee tempest-GroupSnapshotsTest-1452468371 tempest-GroupSnapshotsTest-1452468371-project] Volume info retrieved successfully.
Nov 17 03:25:08.060583 dv-cinder-818037-2-smb devstack@c-api.service[108490]: WARNING stevedore.named [None req-47b4294c-ec39-4584-953b-a753507f58ee tempest-GroupSnapshotsTest-1452468371 tempest-GroupSnapshotsTest-1452468371-project] Could not load cinder.keymgr.conf_key_mgr.ConfKeyManager
Nov 17 03:25:08.061053 dv-cinder-818037-2-smb devstack@c-api.service[108490]: WARNING castellan.key_manager [None req-47b4294c-ec39-4584-953b-a753507f58ee tempest-GroupSnapshotsTest-1452468371 tempest-GroupSnapshotsTest-1452468371-project] Deprecation Warning : cinder.keymgr.conf_key_mgr.ConfKeyManager is not a stevedore based driver, trying to load it as a class: stevedore.exception.NoMatches: No 'castellan.drivers' driver found, looking for 'cinder.keymgr.conf_key_mgr.ConfKeyManager'
Nov 17 03:25:08.071400 dv-cinder-818037-2-smb devstack@c-api.service[108490]: DEBUG oslo_db.sqlalchemy.engines [None req-47b4294c-ec39-4584-953b-a753507f58ee tempest-GroupSnapshotsTest-1452468371 tempest-GroupSnapshotsTest-1452468371-project] MySQL server mode set to STRICT_TRANS_TABLES,STRICT_ALL_TABLES,NO_ZERO_IN_DATE,NO_ZERO_DATE,ERROR_FOR_DIVISION_BY_ZERO,TRADITIONAL,NO_ENGINE_SUBSTITUTION {{(pid=108490) _check_effective_sql_mode /usr/local/lib/python3.8/dist-packages/oslo_db/sqlalchemy/engines.py:314}}
Nov 17 03:25:08.082668 dv-cinder-818037-2-smb devstack@c-api.service[108490]: /usr/local/lib/python3.8/dist-packages/oslo_context/context.py:105: DeprecationWarning: Policy enforcement is depending on the value of is_admin. This key is deprecated. Please update your policy file to use the standard policy values.
Nov 17 03:25:08.082668 dv-cinder-818037-2-smb devstack@c-api.service[108490]: warnings.warn('Policy enforcement is depending on the value of '
Nov 17 03:25:08.086097 dv-cinder-818037-2-smb devstack@c-api.service[108489]: INFO cinder.api.openstack.wsgi [req-eb606a3f-b0f5-41e0-8d43-ec3128249af0 req-2c26a23c-cc3b-4ffa-898f-af07257cfa18 tempest-VolumesTestJSON-1604629393 tempest-VolumesTestJSON-1604629393-project] http://10.222.0.46/volume/v3/99de8a4a0ce64b809e40d7991d0790f1/volumes/487b3594-7387-433b-86ff-b2b6e82d5a25 returned with HTTP 200
Nov 17 03:25:08.116061 dv-cinder-818037-2-smb devstack@c-api.service[108489]: [pid: 108489|app: 0|req: 15/28] 10.222.0.46 () {60 vars in 1578 bytes} [Wed Nov 17 03:25:07 2021] GET /volume/v3/99de8a4a0ce64b809e40d7991d0790f1/volumes/487b3594-7387-433b-86ff-b2b6e82d5a25 => generated 922 bytes in 126 msecs (HTTP/1.1 200) 7 headers in 285 bytes (1 switches on core 0)
Nov 17 03:25:08.134882 dv-cinder-818037-2-smb devstack@c-api.service[108489]: INFO cinder.api.openstack.wsgi [None req-94517eb8-c16f-4189-b587-5b7a4011b2e0 tempest-VolumesTestJSON-1604629393 tempest-VolumesTestJSON-1604629393-project] POST http://10.222.0.46/volume/v3/99de8a4a0ce64b809e40d7991d0790f1/volumes
Nov 17 03:25:08.135526 dv-cinder-818037-2-smb devstack@c-api.service[108489]: /usr/local/lib/python3.8/dist-packages/webob/acceptparse.py:1047: DeprecationWarning: The behavior of AcceptValidHeader.best_match is currently being maintained for backward compatibility, but it will be deprecated in the future, as it does not conform to the RFC.
Nov 17 03:25:08.135526 dv-cinder-818037-2-smb devstack@c-api.service[108489]: warnings.warn(
Nov 17 03:25:08.136360 dv-cinder-818037-2-smb devstack@c-api.service[108489]: DEBUG cinder.api.openstack.wsgi [None req-94517eb8-c16f-4189-b587-5b7a4011b2e0 tempest-VolumesTestJSON-1604629393 tempest-VolumesTestJSON-1604629393-project] Action: 'create', calling method: create, body: {"volume": {"metadata": {"Type": "work"}, "size": 1, "display_name": "tempest-VolumesTestJSON-volume-1741052670"}} {{(pid=108489) _process_stack /opt/stack/cinder/cinder/api/openstack/wsgi.py:854}}
Nov 17 03:25:08.137597 dv-cinder-818037-2-smb devstack@c-api.service[108489]: DEBUG cinder.api.v3.volumes [None req-94517eb8-c16f-4189-b587-5b7a4011b2e0 tempest-VolumesTestJSON-1604629393 tempest-VolumesTestJSON-1604629393-project] Create volume request body: {'volume': {'metadata': {'Type': 'work'}, 'size': 1, 'display_name': 'tempest-VolumesTestJSON-volume-1741052670'}} {{(pid=108489) create /opt/stack/cinder/cinder/api/v3/volumes.py:298}}
Nov 17 03:25:08.138527 dv-cinder-818037-2-smb devstack@c-api.service[108489]: INFO cinder.api.v3.volumes [None req-94517eb8-c16f-4189-b587-5b7a4011b2e0 tempest-VolumesTestJSON-1604629393 tempest-VolumesTestJSON-1604629393-project] Create volume of 1 GB
Nov 17 03:25:08.143894 dv-cinder-818037-2-smb devstack@c-api.service[108490]: INFO cinder.api.openstack.wsgi [None req-47b4294c-ec39-4584-953b-a753507f58ee tempest-GroupSnapshotsTest-1452468371 tempest-GroupSnapshotsTest-1452468371-project] http://10.222.0.46/volume/v3/f4ea14ab179f469cb004f736ab0ccca8/volumes/2960dfbc-7d3c-41a0-aa24-a81ca0f12a98 returned with HTTP 200
Nov 17 03:25:08.156503 dv-cinder-818037-2-smb devstack@c-api.service[108490]: [pid: 108490|app: 0|req: 14/29] 10.222.0.46 () {60 vars in 1365 bytes} [Wed Nov 17 03:25:08 2021] GET /volume/v3/f4ea14ab179f469cb004f736ab0ccca8/volumes/2960dfbc-7d3c-41a0-aa24-a81ca0f12a98 => generated 976 bytes in 134 msecs (HTTP/1.1 200) 7 headers in 286 bytes (2 switches on core 0)
Nov 17 03:25:08.167991 dv-cinder-818037-2-smb devstack@c-api.service[108489]: INFO cinder.volume.api [None req-94517eb8-c16f-4189-b587-5b7a4011b2e0 tempest-VolumesTestJSON-1604629393 tempest-VolumesTestJSON-1604629393-project] Availability Zones retrieved successfully.
Nov 17 03:25:08.221933 dv-cinder-818037-2-smb devstack@c-api.service[108489]: DEBUG cinder.volume.api [None req-94517eb8-c16f-4189-b587-5b7a4011b2e0 tempest-VolumesTestJSON-1604629393 tempest-VolumesTestJSON-1604629393-project] Flow 'volume_create_api' (81ea97d0-8565-4048-b332-7dd3c9ca4169) transitioned into state 'RUNNING' from state 'PENDING' {{(pid=108489) _flow_receiver /usr/local/lib/python3.8/dist-packages/taskflow/listeners/logging.py:141}}
Nov 17 03:25:08.231830 dv-cinder-818037-2-smb devstack@c-api.service[108489]: DEBUG cinder.volume.api [None req-94517eb8-c16f-4189-b587-5b7a4011b2e0 tempest-VolumesTestJSON-1604629393 tempest-VolumesTestJSON-1604629393-project] Task 'cinder.volume.flows.api.create_volume.ExtractVolumeRequestTask;volume:create' (65ba400c-5c2e-439f-bbfc-e2af2172761a) transitioned into state 'RUNNING' from state 'PENDING' {{(pid=108489) _task_receiver /usr/local/lib/python3.8/dist-packages/taskflow/listeners/logging.py:190}}
Nov 17 03:25:08.237905 dv-cinder-818037-2-smb devstack@c-api.service[108490]: INFO cinder.api.openstack.wsgi [req-ff441b10-ebbc-4be9-a11d-7c8d0edf705f req-1d6bd9a5-b81b-4e42-a47b-05b33b8c495b tempest-VolumesGetTestJSON-438083874 tempest-VolumesGetTestJSON-438083874-project] GET http://10.222.0.46/volume/v3/4386bfc8d9624dcea6b3d2f5e87a7ca6/volumes/28860f84-a172-42ec-bb71-267516993136
Nov 17 03:25:08.237905 dv-cinder-818037-2-smb devstack@c-api.service[108490]: DEBUG cinder.api.openstack.wsgi [req-ff441b10-ebbc-4be9-a11d-7c8d0edf705f req-1d6bd9a5-b81b-4e42-a47b-05b33b8c495b tempest-VolumesGetTestJSON-438083874 tempest-VolumesGetTestJSON-438083874-project] Empty body provided in request {{(pid=108490) get_body /opt/stack/cinder/cinder/api/openstack/wsgi.py:703}}
Nov 17 03:25:08.237905 dv-cinder-818037-2-smb devstack@c-api.service[108490]: /usr/local/lib/python3.8/dist-packages/webob/acceptparse.py:1047: DeprecationWarning: The behavior of AcceptValidHeader.best_match is currently being maintained for backward compatibility, but it will be deprecated in the future, as it does not conform to the RFC.
Nov 17 03:25:08.237905 dv-cinder-818037-2-smb devstack@c-api.service[108490]: warnings.warn(
Nov 17 03:25:08.237905 dv-cinder-818037-2-smb devstack@c-api.service[108490]: DEBUG cinder.api.openstack.wsgi [req-ff441b10-ebbc-4be9-a11d-7c8d0edf705f req-1d6bd9a5-b81b-4e42-a47b-05b33b8c495b tempest-VolumesGetTestJSON-438083874 tempest-VolumesGetTestJSON-438083874-project] Calling method 'show' {{(pid=108490) _process_stack /opt/stack/cinder/cinder/api/openstack/wsgi.py:856}}
Nov 17 03:25:08.247554 dv-cinder-818037-2-smb devstack@c-api.service[108489]: DEBUG cinder.volume.flows.api.create_volume [None req-94517eb8-c16f-4189-b587-5b7a4011b2e0 tempest-VolumesTestJSON-1604629393 tempest-VolumesTestJSON-1604629393-project] Validating volume size '1' using validate_int {{(pid=108489) _extract_size /opt/stack/cinder/cinder/volume/flows/api/create_volume.py:225}}
Nov 17 03:25:08.269511 dv-cinder-818037-2-smb devstack@c-api.service[108490]: /usr/local/lib/python3.8/dist-packages/oslo_context/context.py:105: DeprecationWarning: Policy enforcement is depending on the value of is_admin. This key is deprecated. Please update your policy file to use the standard policy values.
Nov 17 03:25:08.269511 dv-cinder-818037-2-smb devstack@c-api.service[108490]: warnings.warn('Policy enforcement is depending on the value of '
Nov 17 03:25:08.287210 dv-cinder-818037-2-smb devstack@c-api.service[108490]: INFO cinder.volume.api [req-ff441b10-ebbc-4be9-a11d-7c8d0edf705f req-1d6bd9a5-b81b-4e42-a47b-05b33b8c495b tempest-VolumesGetTestJSON-438083874 tempest-VolumesGetTestJSON-438083874-project] Volume info retrieved successfully.
Nov 17 03:25:08.308135 dv-cinder-818037-2-smb devstack@c-api.service[108490]: INFO cinder.api.openstack.wsgi [req-ff441b10-ebbc-4be9-a11d-7c8d0edf705f req-1d6bd9a5-b81b-4e42-a47b-05b33b8c495b tempest-VolumesGetTestJSON-438083874 tempest-VolumesGetTestJSON-438083874-project] http://10.222.0.46/volume/v3/4386bfc8d9624dcea6b3d2f5e87a7ca6/volumes/28860f84-a172-42ec-bb71-267516993136 returned with HTTP 200
Nov 17 03:25:08.311049 dv-cinder-818037-2-smb devstack@c-api.service[108490]: [pid: 108490|app: 0|req: 15/30] 10.222.0.46 () {60 vars in 1578 bytes} [Wed Nov 17 03:25:08 2021] GET /volume/v3/4386bfc8d9624dcea6b3d2f5e87a7ca6/volumes/28860f84-a172-42ec-bb71-267516993136 => generated 924 bytes in 83 msecs (HTTP/1.1 200) 7 headers in 285 bytes (1 switches on core 0)
Nov 17 03:25:08.377907 dv-cinder-818037-2-smb devstack@c-api.service[108489]: DEBUG cinder.volume.api [None req-94517eb8-c16f-4189-b587-5b7a4011b2e0 tempest-VolumesTestJSON-1604629393 tempest-VolumesTestJSON-1604629393-project] Task 'cinder.volume.flows.api.create_volume.ExtractVolumeRequestTask;volume:create' (65ba400c-5c2e-439f-bbfc-e2af2172761a) transitioned into state 'SUCCESS' from state 'RUNNING' with result '{'size': 1, 'snapshot_id': None, 'source_volid': None, 'volume_type': VolumeType(created_at=2021-11-17T03:15:31Z,deleted=False,deleted_at=None,description='Default Volume Type',extra_specs={},id=a43ccf52-4a20-4583-bead-06d46cef65c3,is_public=True,name='__DEFAULT__',projects=[],qos_specs=,qos_specs_id=None,updated_at=2021-11-17T03:15:31Z), 'volume_type_id': 'a43ccf52-4a20-4583-bead-06d46cef65c3', 'encryption_key_id': None, 'qos_specs': None, 'consistencygroup_id': None, 'cgsnapshot_id': None, 'group_id': None, 'replication_status': 'disabled', 'refresh_az': False, 'backup_id': None, 'multiattach': False, 'availability_zones': ['nova']}' {{(pid=108489) _task_receiver /usr/local/lib/python3.8/dist-packages/taskflow/listeners/logging.py:178}}
Nov 17 03:25:08.386713 dv-cinder-818037-2-smb devstack@c-api.service[108489]: DEBUG cinder.volume.api [None req-94517eb8-c16f-4189-b587-5b7a4011b2e0 tempest-VolumesTestJSON-1604629393 tempest-VolumesTestJSON-1604629393-project] Task 'cinder.volume.flows.api.create_volume.QuotaReserveTask;volume:create' (65ba5506-f12d-4fac-8832-3c241933ab13) transitioned into state 'RUNNING' from state 'PENDING' {{(pid=108489) _task_receiver /usr/local/lib/python3.8/dist-packages/taskflow/listeners/logging.py:190}}
Nov 17 03:25:08.491744 dv-cinder-818037-2-smb devstack@c-api.service[108489]: DEBUG cinder.quota [None req-94517eb8-c16f-4189-b587-5b7a4011b2e0 tempest-VolumesTestJSON-1604629393 tempest-VolumesTestJSON-1604629393-project] Created reservations ['40439a30-4d8e-4733-9717-33fa07399df4', 'a73be1b9-aa60-4765-b0c7-5e0f19ac3fe7', 'd0643440-2a6b-4572-9c21-d2494ee4f349', '0dee637d-6c83-4492-868e-2b3db573b535'] {{(pid=108489) reserve /opt/stack/cinder/cinder/quota.py:755}}
Nov 17 03:25:08.494341 dv-cinder-818037-2-smb devstack@c-api.service[108489]: DEBUG cinder.volume.api [None req-94517eb8-c16f-4189-b587-5b7a4011b2e0 tempest-VolumesTestJSON-1604629393 tempest-VolumesTestJSON-1604629393-project] Task 'cinder.volume.flows.api.create_volume.QuotaReserveTask;volume:create' (65ba5506-f12d-4fac-8832-3c241933ab13) transitioned into state 'SUCCESS' from state 'RUNNING' with result '{'reservations': ['40439a30-4d8e-4733-9717-33fa07399df4', 'a73be1b9-aa60-4765-b0c7-5e0f19ac3fe7', 'd0643440-2a6b-4572-9c21-d2494ee4f349', '0dee637d-6c83-4492-868e-2b3db573b535']}' {{(pid=108489) _task_receiver /usr/local/lib/python3.8/dist-packages/taskflow/listeners/logging.py:178}}
Nov 17 03:25:08.497359 dv-cinder-818037-2-smb devstack@c-api.service[108489]: DEBUG cinder.volume.api [None req-94517eb8-c16f-4189-b587-5b7a4011b2e0 tempest-VolumesTestJSON-1604629393 tempest-VolumesTestJSON-1604629393-project] Task 'cinder.volume.flows.api.create_volume.EntryCreateTask;volume:create' (c7b332ac-3127-4152-907e-22a77159fab7) transitioned into state 'RUNNING' from state 'PENDING' {{(pid=108489) _task_receiver /usr/local/lib/python3.8/dist-packages/taskflow/listeners/logging.py:190}}
Nov 17 03:25:08.541168 dv-cinder-818037-2-smb devstack@c-api.service[108489]: DEBUG cinder.volume.api [None req-94517eb8-c16f-4189-b587-5b7a4011b2e0 tempest-VolumesTestJSON-1604629393 tempest-VolumesTestJSON-1604629393-project] Task 'cinder.volume.flows.api.create_volume.EntryCreateTask;volume:create' (c7b332ac-3127-4152-907e-22a77159fab7) transitioned into state 'SUCCESS' from state 'RUNNING' with result '{'volume_id': '7dff7ddd-551f-452d-9e1d-4bd6a174ba90', 'volume_properties': VolumeProperties(attach_status='detached',availability_zone='nova',cgsnapshot_id=None,consistencygroup_id=None,display_description=None,display_name='tempest-VolumesTestJSON-volume-1741052670',encryption_key_id=None,group_id=None,group_type_id=,metadata={Type='work'},multiattach=False,project_id='99de8a4a0ce64b809e40d7991d0790f1',qos_specs=None,replication_status=,reservations=['40439a30-4d8e-4733-9717-33fa07399df4','a73be1b9-aa60-4765-b0c7-5e0f19ac3fe7','d0643440-2a6b-4572-9c21-d2494ee4f349','0dee637d-6c83-4492-868e-2b3db573b535'],size=1,snapshot_id=None,source_replicaid=,source_volid=None,status='creating',user_id='267beb248e8e405ea069d73821b5737a',volume_type_id=a43ccf52-4a20-4583-bead-06d46cef65c3), 'volume': Volume(_name_id=None,admin_metadata=,attach_status='detached',availability_zone='nova',bootable=False,cluster=,cluster_name=None,consistencygroup=,consistencygroup_id=None,created_at=2021-11-17T03:25:08Z,deleted=False,deleted_at=None,display_description=None,display_name='tempest-VolumesTestJSON-volume-1741052670',ec2_id=None,encryption_key_id=None,glance_metadata=,group=,group_id=None,host=None,id=7dff7ddd-551f-452d-9e1d-4bd6a174ba90,launched_at=None,metadata={Type='work'},migration_status=None,multiattach=False,previous_status=None,project_id='99de8a4a0ce64b809e40d7991d0790f1',provider_auth=None,provider_geometry=None,provider_id=None,provider_location=None,replication_driver_data=None,replication_extended_status=None,replication_status=None,scheduled_at=None,service_uuid=None,shared_targets=True,size=1,snapshot_id=None,snapshots=,source_volid=None,status='creating',terminated_at=None,updated_at=None,use_quota=True,user_id='267beb248e8e405ea069d73821b5737a',volume_attachment=VolumeAttachmentList,volume_type=VolumeType(a43ccf52-4a20-4583-bead-06d46cef65c3),volume_type_id=a43ccf52-4a20-4583-bead-06d46cef65c3)}' {{(pid=108489) _task_receiver /usr/local/lib/python3.8/dist-packages/taskflow/listeners/logging.py:178}}
Nov 17 03:25:08.544244 dv-cinder-818037-2-smb devstack@c-api.service[108489]: DEBUG cinder.volume.api [None req-94517eb8-c16f-4189-b587-5b7a4011b2e0 tempest-VolumesTestJSON-1604629393 tempest-VolumesTestJSON-1604629393-project] Task 'cinder.volume.flows.api.create_volume.QuotaCommitTask;volume:create' (4d21e98e-9790-446f-90ce-1d09738c17f1) transitioned into state 'RUNNING' from state 'PENDING' {{(pid=108489) _task_receiver /usr/local/lib/python3.8/dist-packages/taskflow/listeners/logging.py:190}}
Nov 17 03:25:08.581167 dv-cinder-818037-2-smb devstack@c-api.service[108489]: DEBUG cinder.volume.api [None req-94517eb8-c16f-4189-b587-5b7a4011b2e0 tempest-VolumesTestJSON-1604629393 tempest-VolumesTestJSON-1604629393-project] Task 'cinder.volume.flows.api.create_volume.QuotaCommitTask;volume:create' (4d21e98e-9790-446f-90ce-1d09738c17f1) transitioned into state 'SUCCESS' from state 'RUNNING' with result '{'volume_properties': VolumeProperties(attach_status='detached',availability_zone='nova',cgsnapshot_id=None,consistencygroup_id=None,display_description=None,display_name='tempest-VolumesTestJSON-volume-1741052670',encryption_key_id=None,group_id=None,group_type_id=,metadata={Type='work'},multiattach=False,project_id='99de8a4a0ce64b809e40d7991d0790f1',qos_specs=None,replication_status=,reservations=['40439a30-4d8e-4733-9717-33fa07399df4','a73be1b9-aa60-4765-b0c7-5e0f19ac3fe7','d0643440-2a6b-4572-9c21-d2494ee4f349','0dee637d-6c83-4492-868e-2b3db573b535'],size=1,snapshot_id=None,source_replicaid=,source_volid=None,status='creating',user_id='267beb248e8e405ea069d73821b5737a',volume_type_id=a43ccf52-4a20-4583-bead-06d46cef65c3)}' {{(pid=108489) _task_receiver /usr/local/lib/python3.8/dist-packages/taskflow/listeners/logging.py:178}}
Nov 17 03:25:08.583566 dv-cinder-818037-2-smb devstack@c-api.service[108489]: DEBUG cinder.volume.api [None req-94517eb8-c16f-4189-b587-5b7a4011b2e0 tempest-VolumesTestJSON-1604629393 tempest-VolumesTestJSON-1604629393-project] Task 'cinder.volume.flows.api.create_volume.VolumeCastTask;volume:create' (bdd0c4a4-5e17-4bd8-86ff-d732aeb18de2) transitioned into state 'RUNNING' from state 'PENDING' {{(pid=108489) _task_receiver /usr/local/lib/python3.8/dist-packages/taskflow/listeners/logging.py:190}}
Nov 17 03:25:08.625679 dv-cinder-818037-2-smb devstack@c-api.service[108489]: DEBUG cinder.volume.api [None req-94517eb8-c16f-4189-b587-5b7a4011b2e0 tempest-VolumesTestJSON-1604629393 tempest-VolumesTestJSON-1604629393-project] Task 'cinder.volume.flows.api.create_volume.VolumeCastTask;volume:create' (bdd0c4a4-5e17-4bd8-86ff-d732aeb18de2) transitioned into state 'SUCCESS' from state 'RUNNING' with result 'None' {{(pid=108489) _task_receiver /usr/local/lib/python3.8/dist-packages/taskflow/listeners/logging.py:178}}
Nov 17 03:25:08.625795 dv-cinder-818037-2-smb devstack@c-api.service[108490]: INFO cinder.api.openstack.wsgi [req-869f8de1-01de-46e2-a707-966f7d852ed6 req-bb856211-8561-46c6-b86a-8a34a1980fae tempest-VolumesGetTestJSON-438083874 tempest-VolumesGetTestJSON-438083874-project] DELETE http://10.222.0.46/volume/v3/4386bfc8d9624dcea6b3d2f5e87a7ca6/volumes/28860f84-a172-42ec-bb71-267516993136
Nov 17 03:25:08.625795 dv-cinder-818037-2-smb devstack@c-api.service[108490]: DEBUG cinder.api.openstack.wsgi [req-869f8de1-01de-46e2-a707-966f7d852ed6 req-bb856211-8561-46c6-b86a-8a34a1980fae tempest-VolumesGetTestJSON-438083874 tempest-VolumesGetTestJSON-438083874-project] Empty body provided in request {{(pid=108490) get_body /opt/stack/cinder/cinder/api/openstack/wsgi.py:703}}
Nov 17 03:25:08.625972 dv-cinder-818037-2-smb devstack@c-api.service[108490]: /usr/local/lib/python3.8/dist-packages/webob/acceptparse.py:1047: DeprecationWarning: The behavior of AcceptValidHeader.best_match is currently being maintained for backward compatibility, but it will be deprecated in the future, as it does not conform to the RFC.
Nov 17 03:25:08.625972 dv-cinder-818037-2-smb devstack@c-api.service[108490]: warnings.warn(
Nov 17 03:25:08.626276 dv-cinder-818037-2-smb devstack@c-api.service[108490]: DEBUG cinder.api.openstack.wsgi [req-869f8de1-01de-46e2-a707-966f7d852ed6 req-bb856211-8561-46c6-b86a-8a34a1980fae tempest-VolumesGetTestJSON-438083874 tempest-VolumesGetTestJSON-438083874-project] Calling method 'delete' {{(pid=108490) _process_stack /opt/stack/cinder/cinder/api/openstack/wsgi.py:856}}
Nov 17 03:25:08.626582 dv-cinder-818037-2-smb devstack@c-api.service[108490]: INFO cinder.api.v3.volumes [req-869f8de1-01de-46e2-a707-966f7d852ed6 req-bb856211-8561-46c6-b86a-8a34a1980fae tempest-VolumesGetTestJSON-438083874 tempest-VolumesGetTestJSON-438083874-project] Delete volume with id: 28860f84-a172-42ec-bb71-267516993136
Nov 17 03:25:08.635076 dv-cinder-818037-2-smb devstack@c-api.service[108489]: DEBUG cinder.volume.api [None req-94517eb8-c16f-4189-b587-5b7a4011b2e0 tempest-VolumesTestJSON-1604629393 tempest-VolumesTestJSON-1604629393-project] Flow 'volume_create_api' (81ea97d0-8565-4048-b332-7dd3c9ca4169) transitioned into state 'SUCCESS' from state 'RUNNING' {{(pid=108489) _flow_receiver /usr/local/lib/python3.8/dist-packages/taskflow/listeners/logging.py:141}}
Nov 17 03:25:08.637109 dv-cinder-818037-2-smb devstack@c-api.service[108489]: INFO cinder.volume.api [None req-94517eb8-c16f-4189-b587-5b7a4011b2e0 tempest-VolumesTestJSON-1604629393 tempest-VolumesTestJSON-1604629393-project] Create volume request issued successfully.
Nov 17 03:25:08.651551 dv-cinder-818037-2-smb devstack@c-api.service[108489]: INFO cinder.api.openstack.wsgi [None req-94517eb8-c16f-4189-b587-5b7a4011b2e0 tempest-VolumesTestJSON-1604629393 tempest-VolumesTestJSON-1604629393-project] http://10.222.0.46/volume/v3/99de8a4a0ce64b809e40d7991d0790f1/volumes returned with HTTP 202
Nov 17 03:25:08.659013 dv-cinder-818037-2-smb devstack@c-api.service[108489]: [pid: 108489|app: 0|req: 16/31] 10.222.0.46 () {60 vars in 1235 bytes} [Wed Nov 17 03:25:08 2021] POST /volume/v3/99de8a4a0ce64b809e40d7991d0790f1/volumes => generated 829 bytes in 530 msecs (HTTP/1.1 202) 7 headers in 291 bytes (1 switches on core 0)
Nov 17 03:25:08.676617 dv-cinder-818037-2-smb devstack@c-api.service[108489]: INFO cinder.api.openstack.wsgi [None req-00957e59-d572-41ee-8728-96fe4e191736 tempest-VolumesTestJSON-1604629393 tempest-VolumesTestJSON-1604629393-project] GET http://10.222.0.46/volume/v3/99de8a4a0ce64b809e40d7991d0790f1/volumes/7dff7ddd-551f-452d-9e1d-4bd6a174ba90
Nov 17 03:25:08.679163 dv-cinder-818037-2-smb devstack@c-api.service[108489]: DEBUG cinder.api.openstack.wsgi [None req-00957e59-d572-41ee-8728-96fe4e191736 tempest-VolumesTestJSON-1604629393 tempest-VolumesTestJSON-1604629393-project] Empty body provided in request {{(pid=108489) get_body /opt/stack/cinder/cinder/api/openstack/wsgi.py:703}}
Nov 17 03:25:08.679362 dv-cinder-818037-2-smb devstack@c-api.service[108489]: /usr/local/lib/python3.8/dist-packages/webob/acceptparse.py:1047: DeprecationWarning: The behavior of AcceptValidHeader.best_match is currently being maintained for backward compatibility, but it will be deprecated in the future, as it does not conform to the RFC.
Nov 17 03:25:08.679362 dv-cinder-818037-2-smb devstack@c-api.service[108489]: warnings.warn(
Nov 17 03:25:08.679969 dv-cinder-818037-2-smb devstack@c-api.service[108489]: DEBUG cinder.api.openstack.wsgi [None req-00957e59-d572-41ee-8728-96fe4e191736 tempest-VolumesTestJSON-1604629393 tempest-VolumesTestJSON-1604629393-project] Calling method 'show' {{(pid=108489) _process_stack /opt/stack/cinder/cinder/api/openstack/wsgi.py:856}}
Nov 17 03:25:08.680279 dv-cinder-818037-2-smb devstack@c-api.service[108490]: /usr/local/lib/python3.8/dist-packages/oslo_context/context.py:105: DeprecationWarning: Policy enforcement is depending on the value of is_admin. This key is deprecated. Please update your policy file to use the standard policy values.
Nov 17 03:25:08.680279 dv-cinder-818037-2-smb devstack@c-api.service[108490]: warnings.warn('Policy enforcement is depending on the value of '
Nov 17 03:25:08.685301 dv-cinder-818037-2-smb devstack@c-api.service[108490]: INFO cinder.volume.api [req-869f8de1-01de-46e2-a707-966f7d852ed6 req-bb856211-8561-46c6-b86a-8a34a1980fae tempest-VolumesGetTestJSON-438083874 tempest-VolumesGetTestJSON-438083874-project] Volume info retrieved successfully.
Nov 17 03:25:08.730347 dv-cinder-818037-2-smb devstack@c-api.service[108489]: /usr/local/lib/python3.8/dist-packages/oslo_context/context.py:105: DeprecationWarning: Policy enforcement is depending on the value of is_admin. This key is deprecated. Please update your policy file to use the standard policy values.
Nov 17 03:25:08.730347 dv-cinder-818037-2-smb devstack@c-api.service[108489]: warnings.warn('Policy enforcement is depending on the value of '
Nov 17 03:25:08.770962 dv-cinder-818037-2-smb devstack@c-api.service[108489]: INFO cinder.volume.api [None req-00957e59-d572-41ee-8728-96fe4e191736 tempest-VolumesTestJSON-1604629393 tempest-VolumesTestJSON-1604629393-project] Volume info retrieved successfully.
Nov 17 03:25:08.835846 dv-cinder-818037-2-smb devstack@c-api.service[108489]: INFO cinder.api.openstack.wsgi [None req-00957e59-d572-41ee-8728-96fe4e191736 tempest-VolumesTestJSON-1604629393 tempest-VolumesTestJSON-1604629393-project] http://10.222.0.46/volume/v3/99de8a4a0ce64b809e40d7991d0790f1/volumes/7dff7ddd-551f-452d-9e1d-4bd6a174ba90 returned with HTTP 200
Nov 17 03:25:08.838744 dv-cinder-818037-2-smb devstack@c-api.service[108490]: INFO cinder.volume.api [req-869f8de1-01de-46e2-a707-966f7d852ed6 req-bb856211-8561-46c6-b86a-8a34a1980fae tempest-VolumesGetTestJSON-438083874 tempest-VolumesGetTestJSON-438083874-project] Delete volume request issued successfully.
Nov 17 03:25:08.839223 dv-cinder-818037-2-smb devstack@c-api.service[108490]: INFO cinder.api.openstack.wsgi [req-869f8de1-01de-46e2-a707-966f7d852ed6 req-bb856211-8561-46c6-b86a-8a34a1980fae tempest-VolumesGetTestJSON-438083874 tempest-VolumesGetTestJSON-438083874-project] http://10.222.0.46/volume/v3/4386bfc8d9624dcea6b3d2f5e87a7ca6/volumes/28860f84-a172-42ec-bb71-267516993136 returned with HTTP 202
Nov 17 03:25:08.849855 dv-cinder-818037-2-smb devstack@c-api.service[108489]: [pid: 108489|app: 0|req: 17/32] 10.222.0.46 () {58 vars in 1324 bytes} [Wed Nov 17 03:25:08 2021] GET /volume/v3/99de8a4a0ce64b809e40d7991d0790f1/volumes/7dff7ddd-551f-452d-9e1d-4bd6a174ba90 => generated 897 bytes in 178 msecs (HTTP/1.1 200) 7 headers in 285 bytes (2 switches on core 0)
Nov 17 03:25:08.850017 dv-cinder-818037-2-smb devstack@c-api.service[108490]: [pid: 108490|app: 0|req: 16/33] 10.222.0.46 () {62 vars in 1600 bytes} [Wed Nov 17 03:25:08 2021] DELETE /volume/v3/4386bfc8d9624dcea6b3d2f5e87a7ca6/volumes/28860f84-a172-42ec-bb71-267516993136 => generated 0 bytes in 229 msecs (HTTP/1.1 202) 6 headers in 233 bytes (1 switches on core 0)
Nov 17 03:25:08.874412 dv-cinder-818037-2-smb devstack@c-api.service[108489]: INFO cinder.api.openstack.wsgi [req-3a07a4da-def8-4552-8144-800af939c65a req-3d5dde7e-07fe-4627-92d0-eb0469a1c962 tempest-VolumesGetTestJSON-438083874 tempest-VolumesGetTestJSON-438083874-project] GET http://10.222.0.46/volume/v3/4386bfc8d9624dcea6b3d2f5e87a7ca6/volumes/28860f84-a172-42ec-bb71-267516993136
Nov 17 03:25:08.874870 dv-cinder-818037-2-smb devstack@c-api.service[108489]: DEBUG cinder.api.openstack.wsgi [req-3a07a4da-def8-4552-8144-800af939c65a req-3d5dde7e-07fe-4627-92d0-eb0469a1c962 tempest-VolumesGetTestJSON-438083874 tempest-VolumesGetTestJSON-438083874-project] Empty body provided in request {{(pid=108489) get_body /opt/stack/cinder/cinder/api/openstack/wsgi.py:703}}
Nov 17 03:25:08.875042 dv-cinder-818037-2-smb devstack@c-api.service[108489]: /usr/local/lib/python3.8/dist-packages/webob/acceptparse.py:1047: DeprecationWarning: The behavior of AcceptValidHeader.best_match is currently being maintained for backward compatibility, but it will be deprecated in the future, as it does not conform to the RFC.
Nov 17 03:25:08.875042 dv-cinder-818037-2-smb devstack@c-api.service[108489]: warnings.warn(
Nov 17 03:25:08.875391 dv-cinder-818037-2-smb devstack@c-api.service[108489]: DEBUG cinder.api.openstack.wsgi [req-3a07a4da-def8-4552-8144-800af939c65a req-3d5dde7e-07fe-4627-92d0-eb0469a1c962 tempest-VolumesGetTestJSON-438083874 tempest-VolumesGetTestJSON-438083874-project] Calling method 'show' {{(pid=108489) _process_stack /opt/stack/cinder/cinder/api/openstack/wsgi.py:856}}
Nov 17 03:25:08.919481 dv-cinder-818037-2-smb devstack@c-api.service[108489]: /usr/local/lib/python3.8/dist-packages/oslo_context/context.py:105: DeprecationWarning: Policy enforcement is depending on the value of is_admin. This key is deprecated. Please update your policy file to use the standard policy values.
Nov 17 03:25:08.919481 dv-cinder-818037-2-smb devstack@c-api.service[108489]: warnings.warn('Policy enforcement is depending on the value of '
Nov 17 03:25:08.943635 dv-cinder-818037-2-smb devstack@c-api.service[108489]: INFO cinder.volume.api [req-3a07a4da-def8-4552-8144-800af939c65a req-3d5dde7e-07fe-4627-92d0-eb0469a1c962 tempest-VolumesGetTestJSON-438083874 tempest-VolumesGetTestJSON-438083874-project] Volume info retrieved successfully.
Nov 17 03:25:08.975886 dv-cinder-818037-2-smb devstack@c-api.service[108489]: INFO cinder.api.openstack.wsgi [req-3a07a4da-def8-4552-8144-800af939c65a req-3d5dde7e-07fe-4627-92d0-eb0469a1c962 tempest-VolumesGetTestJSON-438083874 tempest-VolumesGetTestJSON-438083874-project] http://10.222.0.46/volume/v3/4386bfc8d9624dcea6b3d2f5e87a7ca6/volumes/28860f84-a172-42ec-bb71-267516993136 returned with HTTP 200
Nov 17 03:25:08.989823 dv-cinder-818037-2-smb devstack@c-api.service[108489]: [pid: 108489|app: 0|req: 18/34] 10.222.0.46 () {60 vars in 1578 bytes} [Wed Nov 17 03:25:08 2021] GET /volume/v3/4386bfc8d9624dcea6b3d2f5e87a7ca6/volumes/28860f84-a172-42ec-bb71-267516993136 => generated 923 bytes in 121 msecs (HTTP/1.1 200) 7 headers in 285 bytes (1 switches on core 0)
Nov 17 03:25:09.167748 dv-cinder-818037-2-smb devstack@c-api.service[108490]: INFO cinder.api.openstack.wsgi [None req-33a58f1d-4732-4f57-9c48-899603859135 tempest-GroupSnapshotsTest-1452468371 tempest-GroupSnapshotsTest-1452468371-project] GET http://10.222.0.46/volume/v3/f4ea14ab179f469cb004f736ab0ccca8/volumes/2960dfbc-7d3c-41a0-aa24-a81ca0f12a98
Nov 17 03:25:09.168434 dv-cinder-818037-2-smb devstack@c-api.service[108490]: DEBUG cinder.api.openstack.wsgi [None req-33a58f1d-4732-4f57-9c48-899603859135 tempest-GroupSnapshotsTest-1452468371 tempest-GroupSnapshotsTest-1452468371-project] Empty body provided in request {{(pid=108490) get_body /opt/stack/cinder/cinder/api/openstack/wsgi.py:703}}
Nov 17 03:25:09.168670 dv-cinder-818037-2-smb devstack@c-api.service[108490]: /usr/local/lib/python3.8/dist-packages/webob/acceptparse.py:1047: DeprecationWarning: The behavior of AcceptValidHeader.best_match is currently being maintained for backward compatibility, but it will be deprecated in the future, as it does not conform to the RFC.
Nov 17 03:25:09.168670 dv-cinder-818037-2-smb devstack@c-api.service[108490]: warnings.warn(
Nov 17 03:25:09.169444 dv-cinder-818037-2-smb devstack@c-api.service[108490]: DEBUG cinder.api.openstack.wsgi [None req-33a58f1d-4732-4f57-9c48-899603859135 tempest-GroupSnapshotsTest-1452468371 tempest-GroupSnapshotsTest-1452468371-project] Calling method 'show' {{(pid=108490) _process_stack /opt/stack/cinder/cinder/api/openstack/wsgi.py:856}}
Nov 17 03:25:09.214459 dv-cinder-818037-2-smb devstack@c-api.service[108490]: /usr/local/lib/python3.8/dist-packages/oslo_context/context.py:105: DeprecationWarning: Policy enforcement is depending on the value of is_admin. This key is deprecated. Please update your policy file to use the standard policy values.
Nov 17 03:25:09.214459 dv-cinder-818037-2-smb devstack@c-api.service[108490]: warnings.warn('Policy enforcement is depending on the value of '
Nov 17 03:25:09.254862 dv-cinder-818037-2-smb devstack@c-api.service[108490]: INFO cinder.volume.api [None req-33a58f1d-4732-4f57-9c48-899603859135 tempest-GroupSnapshotsTest-1452468371 tempest-GroupSnapshotsTest-1452468371-project] Volume info retrieved successfully.
Nov 17 03:25:09.258939 dv-cinder-818037-2-smb devstack@c-api.service[108490]: WARNING stevedore.named [None req-33a58f1d-4732-4f57-9c48-899603859135 tempest-GroupSnapshotsTest-1452468371 tempest-GroupSnapshotsTest-1452468371-project] Could not load cinder.keymgr.conf_key_mgr.ConfKeyManager
Nov 17 03:25:09.258939 dv-cinder-818037-2-smb devstack@c-api.service[108490]: WARNING castellan.key_manager [None req-33a58f1d-4732-4f57-9c48-899603859135 tempest-GroupSnapshotsTest-1452468371 tempest-GroupSnapshotsTest-1452468371-project] Deprecation Warning : cinder.keymgr.conf_key_mgr.ConfKeyManager is not a stevedore based driver, trying to load it as a class: stevedore.exception.NoMatches: No 'castellan.drivers' driver found, looking for 'cinder.keymgr.conf_key_mgr.ConfKeyManager'
Nov 17 03:25:09.301175 dv-cinder-818037-2-smb devstack@c-api.service[108490]: DEBUG oslo_db.sqlalchemy.engines [None req-33a58f1d-4732-4f57-9c48-899603859135 tempest-GroupSnapshotsTest-1452468371 tempest-GroupSnapshotsTest-1452468371-project] MySQL server mode set to STRICT_TRANS_TABLES,STRICT_ALL_TABLES,NO_ZERO_IN_DATE,NO_ZERO_DATE,ERROR_FOR_DIVISION_BY_ZERO,TRADITIONAL,NO_ENGINE_SUBSTITUTION {{(pid=108490) _check_effective_sql_mode /usr/local/lib/python3.8/dist-packages/oslo_db/sqlalchemy/engines.py:314}}
Nov 17 03:25:09.324428 dv-cinder-818037-2-smb devstack@c-api.service[108490]: /usr/local/lib/python3.8/dist-packages/oslo_context/context.py:105: DeprecationWarning: Policy enforcement is depending on the value of is_admin. This key is deprecated. Please update your policy file to use the standard policy values.
Nov 17 03:25:09.324428 dv-cinder-818037-2-smb devstack@c-api.service[108490]: warnings.warn('Policy enforcement is depending on the value of '
Nov 17 03:25:09.373423 dv-cinder-818037-2-smb devstack@c-api.service[108490]: INFO cinder.api.openstack.wsgi [None req-33a58f1d-4732-4f57-9c48-899603859135 tempest-GroupSnapshotsTest-1452468371 tempest-GroupSnapshotsTest-1452468371-project] http://10.222.0.46/volume/v3/f4ea14ab179f469cb004f736ab0ccca8/volumes/2960dfbc-7d3c-41a0-aa24-a81ca0f12a98 returned with HTTP 200
Nov 17 03:25:09.376815 dv-cinder-818037-2-smb devstack@c-api.service[108490]: [pid: 108490|app: 0|req: 17/35] 10.222.0.46 () {60 vars in 1365 bytes} [Wed Nov 17 03:25:09 2021] GET /volume/v3/f4ea14ab179f469cb004f736ab0ccca8/volumes/2960dfbc-7d3c-41a0-aa24-a81ca0f12a98 => generated 1001 bytes in 220 msecs (HTTP/1.1 200) 7 headers in 287 bytes (1 switches on core 0)
Nov 17 03:25:09.394282 dv-cinder-818037-2-smb devstack@c-api.service[108489]: INFO cinder.api.openstack.wsgi [None req-7529d05c-ebc5-484b-a7ad-98d8da3ca086 tempest-GroupSnapshotsTest-1452468371 tempest-GroupSnapshotsTest-1452468371-project] POST http://10.222.0.46/volume/v3/f4ea14ab179f469cb004f736ab0ccca8/group_snapshots
Nov 17 03:25:09.394716 dv-cinder-818037-2-smb devstack@c-api.service[108489]: /usr/local/lib/python3.8/dist-packages/webob/acceptparse.py:1047: DeprecationWarning: The behavior of AcceptValidHeader.best_match is currently being maintained for backward compatibility, but it will be deprecated in the future, as it does not conform to the RFC.
Nov 17 03:25:09.394716 dv-cinder-818037-2-smb devstack@c-api.service[108489]: warnings.warn(
Nov 17 03:25:09.395069 dv-cinder-818037-2-smb devstack@c-api.service[108489]: DEBUG cinder.api.openstack.wsgi [None req-7529d05c-ebc5-484b-a7ad-98d8da3ca086 tempest-GroupSnapshotsTest-1452468371 tempest-GroupSnapshotsTest-1452468371-project] Action: 'create', calling method: version_select, body: {"group_snapshot": {"group_id": "84333355-6825-4123-a7c9-4446aa84ce7a", "name": "tempest-group_snapshot-239206397"}} {{(pid=108489) _process_stack /opt/stack/cinder/cinder/api/openstack/wsgi.py:854}}
Nov 17 03:25:09.396021 dv-cinder-818037-2-smb devstack@c-api.service[108489]: DEBUG cinder.api.v3.group_snapshots [None req-7529d05c-ebc5-484b-a7ad-98d8da3ca086 tempest-GroupSnapshotsTest-1452468371 tempest-GroupSnapshotsTest-1452468371-project] Creating new group_snapshot {'group_snapshot': {'group_id': '84333355-6825-4123-a7c9-4446aa84ce7a', 'name': 'tempest-group_snapshot-239206397'}} {{(pid=108489) create /opt/stack/cinder/cinder/api/v3/group_snapshots.py:154}}
Nov 17 03:25:09.409100 dv-cinder-818037-2-smb devstack@c-api.service[108489]: /usr/local/lib/python3.8/dist-packages/oslo_context/context.py:105: DeprecationWarning: Policy enforcement is depending on the value of is_admin. This key is deprecated. Please update your policy file to use the standard policy values.
Nov 17 03:25:09.409100 dv-cinder-818037-2-smb devstack@c-api.service[108489]: warnings.warn('Policy enforcement is depending on the value of '
Nov 17 03:25:09.433506 dv-cinder-818037-2-smb devstack@c-api.service[108489]: INFO cinder.api.v3.group_snapshots [None req-7529d05c-ebc5-484b-a7ad-98d8da3ca086 tempest-GroupSnapshotsTest-1452468371 tempest-GroupSnapshotsTest-1452468371-project] Creating group_snapshot tempest-group_snapshot-239206397.
Nov 17 03:25:09.600264 dv-cinder-818037-2-smb devstack@c-api.service[108489]: /usr/local/lib/python3.8/dist-packages/oslo_context/context.py:105: DeprecationWarning: Policy enforcement is depending on the value of is_admin. This key is deprecated. Please update your policy file to use the standard policy values.
Nov 17 03:25:09.600264 dv-cinder-818037-2-smb devstack@c-api.service[108489]: warnings.warn('Policy enforcement is depending on the value of '
Nov 17 03:25:09.650428 dv-cinder-818037-2-smb devstack@c-api.service[108489]: WARNING cinder.quota [None req-7529d05c-ebc5-484b-a7ad-98d8da3ca086 tempest-GroupSnapshotsTest-1452468371 tempest-GroupSnapshotsTest-1452468371-project] Deprecated: Default quota for resource: gigabytes_tempest-GroupSnapshotsTest-volume-type-1321991175 is set by the default quota flag: quota_gigabytes_tempest-GroupSnapshotsTest-volume-type-1321991175, it is now deprecated. Please use the default quota class for default quota.
Nov 17 03:25:09.653281 dv-cinder-818037-2-smb devstack@c-api.service[108489]: WARNING cinder.quota [None req-7529d05c-ebc5-484b-a7ad-98d8da3ca086 tempest-GroupSnapshotsTest-1452468371 tempest-GroupSnapshotsTest-1452468371-project] Deprecated: Default quota for resource: snapshots_tempest-GroupSnapshotsTest-volume-type-1321991175 is set by the default quota flag: quota_snapshots_tempest-GroupSnapshotsTest-volume-type-1321991175, it is now deprecated. Please use the default quota class for default quota.
Nov 17 03:25:09.737448 dv-cinder-818037-2-smb devstack@c-api.service[108489]: DEBUG cinder.quota [None req-7529d05c-ebc5-484b-a7ad-98d8da3ca086 tempest-GroupSnapshotsTest-1452468371 tempest-GroupSnapshotsTest-1452468371-project] Created reservations ['6a7ad1fa-726f-4d1c-92f3-d95ef01c9e96', '5440b7eb-e459-4e62-aa23-9be7e8d2a576', 'e6caee7e-07f5-425b-b9ea-286325569d0e', '202bb03d-a542-460c-af88-d9f5e86ac0eb'] {{(pid=108489) reserve /opt/stack/cinder/cinder/quota.py:755}}
Nov 17 03:25:09.863928 dv-cinder-818037-2-smb devstack@c-api.service[108490]: INFO cinder.api.openstack.wsgi [None req-1bee9c1c-acdd-4c69-abe2-9a6d95ebf655 tempest-VolumesTestJSON-1604629393 tempest-VolumesTestJSON-1604629393-project] GET http://10.222.0.46/volume/v3/99de8a4a0ce64b809e40d7991d0790f1/volumes/7dff7ddd-551f-452d-9e1d-4bd6a174ba90
Nov 17 03:25:09.864432 dv-cinder-818037-2-smb devstack@c-api.service[108490]: DEBUG cinder.api.openstack.wsgi [None req-1bee9c1c-acdd-4c69-abe2-9a6d95ebf655 tempest-VolumesTestJSON-1604629393 tempest-VolumesTestJSON-1604629393-project] Empty body provided in request {{(pid=108490) get_body /opt/stack/cinder/cinder/api/openstack/wsgi.py:703}}
Nov 17 03:25:09.864527 dv-cinder-818037-2-smb devstack@c-api.service[108490]: /usr/local/lib/python3.8/dist-packages/webob/acceptparse.py:1047: DeprecationWarning: The behavior of AcceptValidHeader.best_match is currently being maintained for backward compatibility, but it will be deprecated in the future, as it does not conform to the RFC.
Nov 17 03:25:09.864527 dv-cinder-818037-2-smb devstack@c-api.service[108490]: warnings.warn(
Nov 17 03:25:09.872827 dv-cinder-818037-2-smb devstack@c-api.service[108490]: DEBUG cinder.api.openstack.wsgi [None req-1bee9c1c-acdd-4c69-abe2-9a6d95ebf655 tempest-VolumesTestJSON-1604629393 tempest-VolumesTestJSON-1604629393-project] Calling method 'show' {{(pid=108490) _process_stack /opt/stack/cinder/cinder/api/openstack/wsgi.py:856}}
Nov 17 03:25:09.930250 dv-cinder-818037-2-smb devstack@c-api.service[108490]: /usr/local/lib/python3.8/dist-packages/oslo_context/context.py:105: DeprecationWarning: Policy enforcement is depending on the value of is_admin. This key is deprecated. Please update your policy file to use the standard policy values.
Nov 17 03:25:09.930250 dv-cinder-818037-2-smb devstack@c-api.service[108490]: warnings.warn('Policy enforcement is depending on the value of '
Nov 17 03:25:09.953190 dv-cinder-818037-2-smb devstack@c-api.service[108490]: INFO cinder.volume.api [None req-1bee9c1c-acdd-4c69-abe2-9a6d95ebf655 tempest-VolumesTestJSON-1604629393 tempest-VolumesTestJSON-1604629393-project] Volume info retrieved successfully.
Nov 17 03:25:09.977613 dv-cinder-818037-2-smb devstack@c-api.service[108490]: INFO cinder.api.openstack.wsgi [None req-1bee9c1c-acdd-4c69-abe2-9a6d95ebf655 tempest-VolumesTestJSON-1604629393 tempest-VolumesTestJSON-1604629393-project] http://10.222.0.46/volume/v3/99de8a4a0ce64b809e40d7991d0790f1/volumes/7dff7ddd-551f-452d-9e1d-4bd6a174ba90 returned with HTTP 200
Nov 17 03:25:09.980780 dv-cinder-818037-2-smb devstack@c-api.service[108490]: [pid: 108490|app: 0|req: 18/36] 10.222.0.46 () {58 vars in 1324 bytes} [Wed Nov 17 03:25:09 2021] GET /volume/v3/99de8a4a0ce64b809e40d7991d0790f1/volumes/7dff7ddd-551f-452d-9e1d-4bd6a174ba90 => generated 922 bytes in 121 msecs (HTTP/1.1 200) 7 headers in 285 bytes (1 switches on core 0)
Nov 17 03:25:10.015849 dv-cinder-818037-2-smb devstack@c-api.service[108490]: INFO cinder.api.openstack.wsgi [req-a97cc261-5c03-402a-ae27-4ab3ee4a45f2 req-b67ecb00-29f8-44e5-88c9-22f40d6619e3 tempest-VolumesGetTestJSON-438083874 tempest-VolumesGetTestJSON-438083874-project] GET http://10.222.0.46/volume/v3/4386bfc8d9624dcea6b3d2f5e87a7ca6/volumes/28860f84-a172-42ec-bb71-267516993136
Nov 17 03:25:10.017635 dv-cinder-818037-2-smb devstack@c-api.service[108489]: INFO cinder.api.openstack.wsgi [None req-7529d05c-ebc5-484b-a7ad-98d8da3ca086 tempest-GroupSnapshotsTest-1452468371 tempest-GroupSnapshotsTest-1452468371-project] http://10.222.0.46/volume/v3/f4ea14ab179f469cb004f736ab0ccca8/group_snapshots returned with HTTP 202
Nov 17 03:25:10.018202 dv-cinder-818037-2-smb devstack@c-api.service[108490]: DEBUG cinder.api.openstack.wsgi [req-a97cc261-5c03-402a-ae27-4ab3ee4a45f2 req-b67ecb00-29f8-44e5-88c9-22f40d6619e3 tempest-VolumesGetTestJSON-438083874 tempest-VolumesGetTestJSON-438083874-project] Empty body provided in request {{(pid=108490) get_body /opt/stack/cinder/cinder/api/openstack/wsgi.py:703}}
Nov 17 03:25:10.018377 dv-cinder-818037-2-smb devstack@c-api.service[108490]: /usr/local/lib/python3.8/dist-packages/webob/acceptparse.py:1047: DeprecationWarning: The behavior of AcceptValidHeader.best_match is currently being maintained for backward compatibility, but it will be deprecated in the future, as it does not conform to the RFC.
Nov 17 03:25:10.018377 dv-cinder-818037-2-smb devstack@c-api.service[108490]: warnings.warn(
