Nov 17 03:25:31.802262 dv-cinder-818037-2-smb devstack@c-api.service[108489]: INFO cinder.volume.api [None req-9dbdf117-4631-43fc-b175-f4cf4fbf8e6c tempest-GroupSnapshotsTest-1452468371 tempest-GroupSnapshotsTest-1452468371-project] Snapshot retrieved successfully.
Nov 17 03:25:31.804483 dv-cinder-818037-2-smb devstack@c-api.service[108489]: INFO cinder.api.openstack.wsgi [None req-9dbdf117-4631-43fc-b175-f4cf4fbf8e6c tempest-GroupSnapshotsTest-1452468371 tempest-GroupSnapshotsTest-1452468371-project] http://10.222.0.46/volume/v3/f4ea14ab179f469cb004f736ab0ccca8/snapshots/937bfb78-c0a1-42a2-b125-f5a94d9aff72 returned with HTTP 200
Nov 17 03:25:31.805504 dv-cinder-818037-2-smb devstack@c-api.service[108489]: [pid: 108489|app: 0|req: 87/155] 10.222.0.46 () {58 vars in 1330 bytes} [Wed Nov 17 03:25:31 2021] GET /volume/v3/f4ea14ab179f469cb004f736ab0ccca8/snapshots/937bfb78-c0a1-42a2-b125-f5a94d9aff72 => generated 536 bytes in 29 msecs (HTTP/1.1 200) 7 headers in 285 bytes (1 switches on core 0)
Nov 17 03:25:31.815798 dv-cinder-818037-2-smb devstack@c-api.service[108489]: INFO cinder.api.openstack.wsgi [None req-b141a8c5-ddc9-42dd-9c8b-84fbfae176be tempest-GroupSnapshotsTest-1452468371 tempest-GroupSnapshotsTest-1452468371-project] DELETE http://10.222.0.46/volume/v3/f4ea14ab179f469cb004f736ab0ccca8/group_snapshots/e4ab3d1d-70b2-44c9-a9f3-a7d90da7e179
Nov 17 03:25:31.816343 dv-cinder-818037-2-smb devstack@c-api.service[108489]: DEBUG cinder.api.openstack.wsgi [None req-b141a8c5-ddc9-42dd-9c8b-84fbfae176be tempest-GroupSnapshotsTest-1452468371 tempest-GroupSnapshotsTest-1452468371-project] Empty body provided in request {{(pid=108489) get_body /opt/stack/cinder/cinder/api/openstack/wsgi.py:703}}
Nov 17 03:25:31.816511 dv-cinder-818037-2-smb devstack@c-api.service[108489]: /usr/local/lib/python3.8/dist-packages/webob/acceptparse.py:1047: DeprecationWarning: The behavior of AcceptValidHeader.best_match is currently being maintained for backward compatibility, but it will be deprecated in the future, as it does not conform to the RFC.
Nov 17 03:25:31.816511 dv-cinder-818037-2-smb devstack@c-api.service[108489]: warnings.warn(
Nov 17 03:25:31.816902 dv-cinder-818037-2-smb devstack@c-api.service[108489]: DEBUG cinder.api.openstack.wsgi [None req-b141a8c5-ddc9-42dd-9c8b-84fbfae176be tempest-GroupSnapshotsTest-1452468371 tempest-GroupSnapshotsTest-1452468371-project] Calling method 'version_select' {{(pid=108489) _process_stack /opt/stack/cinder/cinder/api/openstack/wsgi.py:856}}
Nov 17 03:25:31.817254 dv-cinder-818037-2-smb devstack@c-api.service[108489]: DEBUG cinder.api.v3.group_snapshots [None req-b141a8c5-ddc9-42dd-9c8b-84fbfae176be tempest-GroupSnapshotsTest-1452468371 tempest-GroupSnapshotsTest-1452468371-project] delete called for member e4ab3d1d-70b2-44c9-a9f3-a7d90da7e179 {{(pid=108489) delete /opt/stack/cinder/cinder/api/v3/group_snapshots.py:72}}
Nov 17 03:25:31.817600 dv-cinder-818037-2-smb devstack@c-api.service[108489]: INFO cinder.api.v3.group_snapshots [None req-b141a8c5-ddc9-42dd-9c8b-84fbfae176be tempest-GroupSnapshotsTest-1452468371 tempest-GroupSnapshotsTest-1452468371-project] Delete group_snapshot with id: e4ab3d1d-70b2-44c9-a9f3-a7d90da7e179
Nov 17 03:25:31.823147 dv-cinder-818037-2-smb devstack@c-api.service[108490]: INFO cinder.volume.api [None req-17ce9bd9-b3c8-4795-bc96-8263fa310679 tempest-SnapshotMetadataTestJSON-1038621052 tempest-SnapshotMetadataTestJSON-1038621052-project] Update snapshot metadata completed successfully.
Nov 17 03:25:31.823324 dv-cinder-818037-2-smb devstack@c-api.service[108489]: /usr/local/lib/python3.8/dist-packages/oslo_context/context.py:105: DeprecationWarning: Policy enforcement is depending on the value of is_admin. This key is deprecated. Please update your policy file to use the standard policy values.
Nov 17 03:25:31.823324 dv-cinder-818037-2-smb devstack@c-api.service[108489]: warnings.warn('Policy enforcement is depending on the value of '
Nov 17 03:25:31.823687 dv-cinder-818037-2-smb devstack@c-api.service[108490]: INFO cinder.api.openstack.wsgi [None req-17ce9bd9-b3c8-4795-bc96-8263fa310679 tempest-SnapshotMetadataTestJSON-1038621052 tempest-SnapshotMetadataTestJSON-1038621052-project] http://10.222.0.46/volume/v3/87bfabc9b649431db34659259f6e2ba9/snapshots/3559b2d3-edfe-47d7-9cff-7b0483767513/metadata returned with HTTP 200
Nov 17 03:25:31.828967 dv-cinder-818037-2-smb devstack@c-api.service[108490]: [pid: 108490|app: 0|req: 69/156] 10.222.0.46 () {60 vars in 1378 bytes} [Wed Nov 17 03:25:31 2021] POST /volume/v3/87bfabc9b649431db34659259f6e2ba9/snapshots/3559b2d3-edfe-47d7-9cff-7b0483767513/metadata => generated 68 bytes in 89 msecs (HTTP/1.1 200) 7 headers in 284 bytes (2 switches on core 0)
Nov 17 03:25:31.836595 dv-cinder-818037-2-smb devstack@c-api.service[108490]: INFO cinder.api.openstack.wsgi [None req-c0fb51be-6f31-44aa-94f8-be39e2563159 tempest-SnapshotMetadataTestJSON-1038621052 tempest-SnapshotMetadataTestJSON-1038621052-project] GET http://10.222.0.46/volume/v3/87bfabc9b649431db34659259f6e2ba9/snapshots/3559b2d3-edfe-47d7-9cff-7b0483767513/metadata
Nov 17 03:25:31.837036 dv-cinder-818037-2-smb devstack@c-api.service[108490]: DEBUG cinder.api.openstack.wsgi [None req-c0fb51be-6f31-44aa-94f8-be39e2563159 tempest-SnapshotMetadataTestJSON-1038621052 tempest-SnapshotMetadataTestJSON-1038621052-project] Empty body provided in request {{(pid=108490) get_body /opt/stack/cinder/cinder/api/openstack/wsgi.py:703}}
Nov 17 03:25:31.837199 dv-cinder-818037-2-smb devstack@c-api.service[108490]: /usr/local/lib/python3.8/dist-packages/webob/acceptparse.py:1047: DeprecationWarning: The behavior of AcceptValidHeader.best_match is currently being maintained for backward compatibility, but it will be deprecated in the future, as it does not conform to the RFC.
Nov 17 03:25:31.837199 dv-cinder-818037-2-smb devstack@c-api.service[108490]: warnings.warn(
Nov 17 03:25:31.837533 dv-cinder-818037-2-smb devstack@c-api.service[108490]: DEBUG cinder.api.openstack.wsgi [None req-c0fb51be-6f31-44aa-94f8-be39e2563159 tempest-SnapshotMetadataTestJSON-1038621052 tempest-SnapshotMetadataTestJSON-1038621052-project] Calling method 'index' {{(pid=108490) _process_stack /opt/stack/cinder/cinder/api/openstack/wsgi.py:856}}
Nov 17 03:25:31.850826 dv-cinder-818037-2-smb devstack@c-api.service[108490]: /usr/local/lib/python3.8/dist-packages/oslo_context/context.py:105: DeprecationWarning: Policy enforcement is depending on the value of is_admin. This key is deprecated. Please update your policy file to use the standard policy values.
Nov 17 03:25:31.850826 dv-cinder-818037-2-smb devstack@c-api.service[108490]: warnings.warn('Policy enforcement is depending on the value of '
Nov 17 03:25:31.853388 dv-cinder-818037-2-smb devstack@c-api.service[108490]: INFO cinder.volume.api [None req-c0fb51be-6f31-44aa-94f8-be39e2563159 tempest-SnapshotMetadataTestJSON-1038621052 tempest-SnapshotMetadataTestJSON-1038621052-project] Snapshot retrieved successfully.
Nov 17 03:25:31.855424 dv-cinder-818037-2-smb devstack@c-api.service[108490]: INFO cinder.volume.api [None req-c0fb51be-6f31-44aa-94f8-be39e2563159 tempest-SnapshotMetadataTestJSON-1038621052 tempest-SnapshotMetadataTestJSON-1038621052-project] Get snapshot metadata completed successfully.
Nov 17 03:25:31.856010 dv-cinder-818037-2-smb devstack@c-api.service[108490]: INFO cinder.api.openstack.wsgi [None req-c0fb51be-6f31-44aa-94f8-be39e2563159 tempest-SnapshotMetadataTestJSON-1038621052 tempest-SnapshotMetadataTestJSON-1038621052-project] http://10.222.0.46/volume/v3/87bfabc9b649431db34659259f6e2ba9/snapshots/3559b2d3-edfe-47d7-9cff-7b0483767513/metadata returned with HTTP 200
Nov 17 03:25:31.857227 dv-cinder-818037-2-smb devstack@c-api.service[108490]: [pid: 108490|app: 0|req: 70/157] 10.222.0.46 () {58 vars in 1357 bytes} [Wed Nov 17 03:25:31 2021] GET /volume/v3/87bfabc9b649431db34659259f6e2ba9/snapshots/3559b2d3-edfe-47d7-9cff-7b0483767513/metadata => generated 68 bytes in 27 msecs (HTTP/1.1 200) 7 headers in 284 bytes (2 switches on core 0)
Nov 17 03:25:31.871753 dv-cinder-818037-2-smb devstack@c-api.service[108490]: INFO cinder.api.openstack.wsgi [None req-31c046e8-8bac-40d8-b346-198c06f385c0 tempest-SnapshotMetadataTestJSON-1038621052 tempest-SnapshotMetadataTestJSON-1038621052-project] PUT http://10.222.0.46/volume/v3/87bfabc9b649431db34659259f6e2ba9/snapshots/3559b2d3-edfe-47d7-9cff-7b0483767513/metadata/key3
Nov 17 03:25:31.872694 dv-cinder-818037-2-smb devstack@c-api.service[108490]: /usr/local/lib/python3.8/dist-packages/webob/acceptparse.py:1047: DeprecationWarning: The behavior of AcceptValidHeader.best_match is currently being maintained for backward compatibility, but it will be deprecated in the future, as it does not conform to the RFC.
Nov 17 03:25:31.872694 dv-cinder-818037-2-smb devstack@c-api.service[108490]: warnings.warn(
Nov 17 03:25:31.873052 dv-cinder-818037-2-smb devstack@c-api.service[108490]: DEBUG cinder.api.openstack.wsgi [None req-31c046e8-8bac-40d8-b346-198c06f385c0 tempest-SnapshotMetadataTestJSON-1038621052 tempest-SnapshotMetadataTestJSON-1038621052-project] Action: 'update', calling method: update, body: {"meta": {"key3": "value3_update"}} {{(pid=108490) _process_stack /opt/stack/cinder/cinder/api/openstack/wsgi.py:854}}
Nov 17 03:25:31.891403 dv-cinder-818037-2-smb devstack@c-api.service[108490]: /usr/local/lib/python3.8/dist-packages/oslo_context/context.py:105: DeprecationWarning: Policy enforcement is depending on the value of is_admin. This key is deprecated. Please update your policy file to use the standard policy values.
Nov 17 03:25:31.891403 dv-cinder-818037-2-smb devstack@c-api.service[108490]: warnings.warn('Policy enforcement is depending on the value of '
Nov 17 03:25:31.892424 dv-cinder-818037-2-smb devstack@c-api.service[108490]: INFO cinder.volume.api [None req-31c046e8-8bac-40d8-b346-198c06f385c0 tempest-SnapshotMetadataTestJSON-1038621052 tempest-SnapshotMetadataTestJSON-1038621052-project] Snapshot retrieved successfully.
Nov 17 03:25:31.896377 dv-cinder-818037-2-smb devstack@c-api.service[108489]: INFO cinder.api.openstack.wsgi [None req-b141a8c5-ddc9-42dd-9c8b-84fbfae176be tempest-GroupSnapshotsTest-1452468371 tempest-GroupSnapshotsTest-1452468371-project] http://10.222.0.46/volume/v3/f4ea14ab179f469cb004f736ab0ccca8/group_snapshots/e4ab3d1d-70b2-44c9-a9f3-a7d90da7e179 returned with HTTP 202
Nov 17 03:25:31.900364 dv-cinder-818037-2-smb devstack@c-api.service[108489]: [pid: 108489|app: 0|req: 88/158] 10.222.0.46 () {60 vars in 1392 bytes} [Wed Nov 17 03:25:31 2021] DELETE /volume/v3/f4ea14ab179f469cb004f736ab0ccca8/group_snapshots/e4ab3d1d-70b2-44c9-a9f3-a7d90da7e179 => generated 0 bytes in 86 msecs (HTTP/1.1 202) 6 headers in 234 bytes (2 switches on core 0)
Nov 17 03:25:31.906007 dv-cinder-818037-2-smb devstack@c-api.service[108489]: INFO cinder.api.openstack.wsgi [None req-a4c34386-a9e1-4822-84fc-2aa30005591c tempest-GroupSnapshotsTest-1452468371 tempest-GroupSnapshotsTest-1452468371-project] GET http://10.222.0.46/volume/v3/f4ea14ab179f469cb004f736ab0ccca8/volumes/detail
Nov 17 03:25:31.906549 dv-cinder-818037-2-smb devstack@c-api.service[108489]: DEBUG cinder.api.openstack.wsgi [None req-a4c34386-a9e1-4822-84fc-2aa30005591c tempest-GroupSnapshotsTest-1452468371 tempest-GroupSnapshotsTest-1452468371-project] Empty body provided in request {{(pid=108489) get_body /opt/stack/cinder/cinder/api/openstack/wsgi.py:703}}
Nov 17 03:25:31.906732 dv-cinder-818037-2-smb devstack@c-api.service[108489]: /usr/local/lib/python3.8/dist-packages/webob/acceptparse.py:1047: DeprecationWarning: The behavior of AcceptValidHeader.best_match is currently being maintained for backward compatibility, but it will be deprecated in the future, as it does not conform to the RFC.
Nov 17 03:25:31.906732 dv-cinder-818037-2-smb devstack@c-api.service[108489]: warnings.warn(
Nov 17 03:25:31.907031 dv-cinder-818037-2-smb devstack@c-api.service[108489]: DEBUG cinder.api.openstack.wsgi [None req-a4c34386-a9e1-4822-84fc-2aa30005591c tempest-GroupSnapshotsTest-1452468371 tempest-GroupSnapshotsTest-1452468371-project] Calling method 'detail' {{(pid=108489) _process_stack /opt/stack/cinder/cinder/api/openstack/wsgi.py:856}}
Nov 17 03:25:31.907663 dv-cinder-818037-2-smb devstack@c-api.service[108489]: DEBUG cinder.api.api_utils [None req-a4c34386-a9e1-4822-84fc-2aa30005591c tempest-GroupSnapshotsTest-1452468371 tempest-GroupSnapshotsTest-1452468371-project] Removing options '' from query. {{(pid=108489) remove_invalid_filter_options /opt/stack/cinder/cinder/api/api_utils.py:73}}
Nov 17 03:25:31.908479 dv-cinder-818037-2-smb devstack@c-api.service[108489]: /usr/local/lib/python3.8/dist-packages/oslo_context/context.py:105: DeprecationWarning: Policy enforcement is depending on the value of is_admin. This key is deprecated. Please update your policy file to use the standard policy values.
Nov 17 03:25:31.908479 dv-cinder-818037-2-smb devstack@c-api.service[108489]: warnings.warn('Policy enforcement is depending on the value of '
Nov 17 03:25:31.909484 dv-cinder-818037-2-smb devstack@c-api.service[108489]: DEBUG cinder.volume.api [None req-a4c34386-a9e1-4822-84fc-2aa30005591c tempest-GroupSnapshotsTest-1452468371 tempest-GroupSnapshotsTest-1452468371-project] Searching by: MultiDict([('no_migration_targets', True)]). {{(pid=108489) get_all /opt/stack/cinder/cinder/volume/api.py:619}}
Nov 17 03:25:31.942359 dv-cinder-818037-2-smb devstack@c-api.service[108490]: INFO cinder.volume.api [None req-31c046e8-8bac-40d8-b346-198c06f385c0 tempest-SnapshotMetadataTestJSON-1038621052 tempest-SnapshotMetadataTestJSON-1038621052-project] Update snapshot metadata completed successfully.
Nov 17 03:25:31.942974 dv-cinder-818037-2-smb devstack@c-api.service[108490]: INFO cinder.api.openstack.wsgi [None req-31c046e8-8bac-40d8-b346-198c06f385c0 tempest-SnapshotMetadataTestJSON-1038621052 tempest-SnapshotMetadataTestJSON-1038621052-project] http://10.222.0.46/volume/v3/87bfabc9b649431db34659259f6e2ba9/snapshots/3559b2d3-edfe-47d7-9cff-7b0483767513/metadata/key3 returned with HTTP 200
Nov 17 03:25:31.946491 dv-cinder-818037-2-smb devstack@c-api.service[108490]: [pid: 108490|app: 0|req: 71/159] 10.222.0.46 () {60 vars in 1392 bytes} [Wed Nov 17 03:25:31 2021] PUT /volume/v3/87bfabc9b649431db34659259f6e2ba9/snapshots/3559b2d3-edfe-47d7-9cff-7b0483767513/metadata/key3 => generated 35 bytes in 84 msecs (HTTP/1.1 200) 7 headers in 284 bytes (2 switches on core 0)
Nov 17 03:25:31.955472 dv-cinder-818037-2-smb devstack@c-api.service[108490]: INFO cinder.api.openstack.wsgi [None req-5c9700e6-0563-47fc-aa3e-0468adbd2dba tempest-SnapshotMetadataTestJSON-1038621052 tempest-SnapshotMetadataTestJSON-1038621052-project] GET http://10.222.0.46/volume/v3/87bfabc9b649431db34659259f6e2ba9/snapshots/3559b2d3-edfe-47d7-9cff-7b0483767513/metadata/key3
Nov 17 03:25:31.955925 dv-cinder-818037-2-smb devstack@c-api.service[108490]: DEBUG cinder.api.openstack.wsgi [None req-5c9700e6-0563-47fc-aa3e-0468adbd2dba tempest-SnapshotMetadataTestJSON-1038621052 tempest-SnapshotMetadataTestJSON-1038621052-project] Empty body provided in request {{(pid=108490) get_body /opt/stack/cinder/cinder/api/openstack/wsgi.py:703}}
Nov 17 03:25:31.956097 dv-cinder-818037-2-smb devstack@c-api.service[108490]: /usr/local/lib/python3.8/dist-packages/webob/acceptparse.py:1047: DeprecationWarning: The behavior of AcceptValidHeader.best_match is currently being maintained for backward compatibility, but it will be deprecated in the future, as it does not conform to the RFC.
Nov 17 03:25:31.956097 dv-cinder-818037-2-smb devstack@c-api.service[108490]: warnings.warn(
Nov 17 03:25:31.956408 dv-cinder-818037-2-smb devstack@c-api.service[108490]: DEBUG cinder.api.openstack.wsgi [None req-5c9700e6-0563-47fc-aa3e-0468adbd2dba tempest-SnapshotMetadataTestJSON-1038621052 tempest-SnapshotMetadataTestJSON-1038621052-project] Calling method 'show' {{(pid=108490) _process_stack /opt/stack/cinder/cinder/api/openstack/wsgi.py:856}}
Nov 17 03:25:31.966729 dv-cinder-818037-2-smb devstack@c-api.service[108490]: /usr/local/lib/python3.8/dist-packages/oslo_context/context.py:105: DeprecationWarning: Policy enforcement is depending on the value of is_admin. This key is deprecated. Please update your policy file to use the standard policy values.
Nov 17 03:25:31.966729 dv-cinder-818037-2-smb devstack@c-api.service[108490]: warnings.warn('Policy enforcement is depending on the value of '
Nov 17 03:25:31.967853 dv-cinder-818037-2-smb devstack@c-api.service[108490]: INFO cinder.volume.api [None req-5c9700e6-0563-47fc-aa3e-0468adbd2dba tempest-SnapshotMetadataTestJSON-1038621052 tempest-SnapshotMetadataTestJSON-1038621052-project] Snapshot retrieved successfully.
Nov 17 03:25:31.969885 dv-cinder-818037-2-smb devstack@c-api.service[108490]: INFO cinder.volume.api [None req-5c9700e6-0563-47fc-aa3e-0468adbd2dba tempest-SnapshotMetadataTestJSON-1038621052 tempest-SnapshotMetadataTestJSON-1038621052-project] Get snapshot metadata completed successfully.
Nov 17 03:25:31.970410 dv-cinder-818037-2-smb devstack@c-api.service[108490]: INFO cinder.api.openstack.wsgi [None req-5c9700e6-0563-47fc-aa3e-0468adbd2dba tempest-SnapshotMetadataTestJSON-1038621052 tempest-SnapshotMetadataTestJSON-1038621052-project] http://10.222.0.46/volume/v3/87bfabc9b649431db34659259f6e2ba9/snapshots/3559b2d3-edfe-47d7-9cff-7b0483767513/metadata/key3 returned with HTTP 200
Nov 17 03:25:31.972376 dv-cinder-818037-2-smb devstack@c-api.service[108490]: [pid: 108490|app: 0|req: 72/160] 10.222.0.46 () {58 vars in 1372 bytes} [Wed Nov 17 03:25:31 2021] GET /volume/v3/87bfabc9b649431db34659259f6e2ba9/snapshots/3559b2d3-edfe-47d7-9cff-7b0483767513/metadata/key3 => generated 35 bytes in 21 msecs (HTTP/1.1 200) 7 headers in 284 bytes (2 switches on core 0)
Nov 17 03:25:31.975626 dv-cinder-818037-2-smb devstack@c-api.service[108489]: INFO cinder.volume.api [None req-a4c34386-a9e1-4822-84fc-2aa30005591c tempest-GroupSnapshotsTest-1452468371 tempest-GroupSnapshotsTest-1452468371-project] Get all volumes completed successfully.
Nov 17 03:25:31.978834 dv-cinder-818037-2-smb devstack@c-api.service[108489]: WARNING stevedore.named [None req-a4c34386-a9e1-4822-84fc-2aa30005591c tempest-GroupSnapshotsTest-1452468371 tempest-GroupSnapshotsTest-1452468371-project] Could not load cinder.keymgr.conf_key_mgr.ConfKeyManager
Nov 17 03:25:31.979428 dv-cinder-818037-2-smb devstack@c-api.service[108489]: WARNING castellan.key_manager [None req-a4c34386-a9e1-4822-84fc-2aa30005591c tempest-GroupSnapshotsTest-1452468371 tempest-GroupSnapshotsTest-1452468371-project] Deprecation Warning : cinder.keymgr.conf_key_mgr.ConfKeyManager is not a stevedore based driver, trying to load it as a class: stevedore.exception.NoMatches: No 'castellan.drivers' driver found, looking for 'cinder.keymgr.conf_key_mgr.ConfKeyManager'
Nov 17 03:25:31.980592 dv-cinder-818037-2-smb devstack@c-api.service[108490]: INFO cinder.api.openstack.wsgi [None req-e00a583e-a8d6-40b8-807a-184f74bf0473 tempest-SnapshotMetadataTestJSON-1038621052 tempest-SnapshotMetadataTestJSON-1038621052-project] GET http://10.222.0.46/volume/v3/87bfabc9b649431db34659259f6e2ba9/snapshots/3559b2d3-edfe-47d7-9cff-7b0483767513/metadata
Nov 17 03:25:31.981109 dv-cinder-818037-2-smb devstack@c-api.service[108490]: DEBUG cinder.api.openstack.wsgi [None req-e00a583e-a8d6-40b8-807a-184f74bf0473 tempest-SnapshotMetadataTestJSON-1038621052 tempest-SnapshotMetadataTestJSON-1038621052-project] Empty body provided in request {{(pid=108490) get_body /opt/stack/cinder/cinder/api/openstack/wsgi.py:703}}
Nov 17 03:25:31.981499 dv-cinder-818037-2-smb devstack@c-api.service[108490]: /usr/local/lib/python3.8/dist-packages/webob/acceptparse.py:1047: DeprecationWarning: The behavior of AcceptValidHeader.best_match is currently being maintained for backward compatibility, but it will be deprecated in the future, as it does not conform to the RFC.
Nov 17 03:25:31.981499 dv-cinder-818037-2-smb devstack@c-api.service[108490]: warnings.warn(
Nov 17 03:25:31.981787 dv-cinder-818037-2-smb devstack@c-api.service[108490]: DEBUG cinder.api.openstack.wsgi [None req-e00a583e-a8d6-40b8-807a-184f74bf0473 tempest-SnapshotMetadataTestJSON-1038621052 tempest-SnapshotMetadataTestJSON-1038621052-project] Calling method 'index' {{(pid=108490) _process_stack /opt/stack/cinder/cinder/api/openstack/wsgi.py:856}}
Nov 17 03:25:31.991391 dv-cinder-818037-2-smb devstack@c-api.service[108489]: DEBUG oslo_db.sqlalchemy.engines [None req-a4c34386-a9e1-4822-84fc-2aa30005591c tempest-GroupSnapshotsTest-1452468371 tempest-GroupSnapshotsTest-1452468371-project] MySQL server mode set to STRICT_TRANS_TABLES,STRICT_ALL_TABLES,NO_ZERO_IN_DATE,NO_ZERO_DATE,ERROR_FOR_DIVISION_BY_ZERO,TRADITIONAL,NO_ENGINE_SUBSTITUTION {{(pid=108489) _check_effective_sql_mode /usr/local/lib/python3.8/dist-packages/oslo_db/sqlalchemy/engines.py:314}}
Nov 17 03:25:31.996471 dv-cinder-818037-2-smb devstack@c-api.service[108490]: /usr/local/lib/python3.8/dist-packages/oslo_context/context.py:105: DeprecationWarning: Policy enforcement is depending on the value of is_admin. This key is deprecated. Please update your policy file to use the standard policy values.
Nov 17 03:25:31.996471 dv-cinder-818037-2-smb devstack@c-api.service[108490]: warnings.warn('Policy enforcement is depending on the value of '
Nov 17 03:25:31.997592 dv-cinder-818037-2-smb devstack@c-api.service[108490]: INFO cinder.volume.api [None req-e00a583e-a8d6-40b8-807a-184f74bf0473 tempest-SnapshotMetadataTestJSON-1038621052 tempest-SnapshotMetadataTestJSON-1038621052-project] Snapshot retrieved successfully.
Nov 17 03:25:32.000118 dv-cinder-818037-2-smb devstack@c-api.service[108490]: INFO cinder.volume.api [None req-e00a583e-a8d6-40b8-807a-184f74bf0473 tempest-SnapshotMetadataTestJSON-1038621052 tempest-SnapshotMetadataTestJSON-1038621052-project] Get snapshot metadata completed successfully.
Nov 17 03:25:32.000721 dv-cinder-818037-2-smb devstack@c-api.service[108490]: INFO cinder.api.openstack.wsgi [None req-e00a583e-a8d6-40b8-807a-184f74bf0473 tempest-SnapshotMetadataTestJSON-1038621052 tempest-SnapshotMetadataTestJSON-1038621052-project] http://10.222.0.46/volume/v3/87bfabc9b649431db34659259f6e2ba9/snapshots/3559b2d3-edfe-47d7-9cff-7b0483767513/metadata returned with HTTP 200
Nov 17 03:25:32.001546 dv-cinder-818037-2-smb devstack@c-api.service[108490]: [pid: 108490|app: 0|req: 73/161] 10.222.0.46 () {58 vars in 1357 bytes} [Wed Nov 17 03:25:31 2021] GET /volume/v3/87bfabc9b649431db34659259f6e2ba9/snapshots/3559b2d3-edfe-47d7-9cff-7b0483767513/metadata => generated 75 bytes in 25 msecs (HTTP/1.1 200) 7 headers in 284 bytes (1 switches on core 0)
Nov 17 03:25:32.002032 dv-cinder-818037-2-smb devstack@c-api.service[108489]: /usr/local/lib/python3.8/dist-packages/oslo_context/context.py:105: DeprecationWarning: Policy enforcement is depending on the value of is_admin. This key is deprecated. Please update your policy file to use the standard policy values.
Nov 17 03:25:32.002032 dv-cinder-818037-2-smb devstack@c-api.service[108489]: warnings.warn('Policy enforcement is depending on the value of '
Nov 17 03:25:32.009909 dv-cinder-818037-2-smb devstack@c-api.service[108489]: WARNING stevedore.named [None req-a4c34386-a9e1-4822-84fc-2aa30005591c tempest-GroupSnapshotsTest-1452468371 tempest-GroupSnapshotsTest-1452468371-project] Could not load cinder.keymgr.conf_key_mgr.ConfKeyManager
Nov 17 03:25:32.010487 dv-cinder-818037-2-smb devstack@c-api.service[108489]: WARNING castellan.key_manager [None req-a4c34386-a9e1-4822-84fc-2aa30005591c tempest-GroupSnapshotsTest-1452468371 tempest-GroupSnapshotsTest-1452468371-project] Deprecation Warning : cinder.keymgr.conf_key_mgr.ConfKeyManager is not a stevedore based driver, trying to load it as a class: stevedore.exception.NoMatches: No 'castellan.drivers' driver found, looking for 'cinder.keymgr.conf_key_mgr.ConfKeyManager'
Nov 17 03:25:32.011560 dv-cinder-818037-2-smb devstack@c-api.service[108490]: INFO cinder.api.openstack.wsgi [None req-27a4dc11-a313-46d3-af94-95746f9cf7ef tempest-SnapshotMetadataTestJSON-1038621052 tempest-SnapshotMetadataTestJSON-1038621052-project] PUT http://10.222.0.46/volume/v3/87bfabc9b649431db34659259f6e2ba9/snapshots/3559b2d3-edfe-47d7-9cff-7b0483767513/metadata
Nov 17 03:25:32.011945 dv-cinder-818037-2-smb devstack@c-api.service[108490]: /usr/local/lib/python3.8/dist-packages/webob/acceptparse.py:1047: DeprecationWarning: The behavior of AcceptValidHeader.best_match is currently being maintained for backward compatibility, but it will be deprecated in the future, as it does not conform to the RFC.
Nov 17 03:25:32.011945 dv-cinder-818037-2-smb devstack@c-api.service[108490]: warnings.warn(
Nov 17 03:25:32.012358 dv-cinder-818037-2-smb devstack@c-api.service[108490]: DEBUG cinder.api.openstack.wsgi [None req-27a4dc11-a313-46d3-af94-95746f9cf7ef tempest-SnapshotMetadataTestJSON-1038621052 tempest-SnapshotMetadataTestJSON-1038621052-project] Action: 'update_all', calling method: update_all, body: {"metadata": {}} {{(pid=108490) _process_stack /opt/stack/cinder/cinder/api/openstack/wsgi.py:854}}
Nov 17 03:25:32.020649 dv-cinder-818037-2-smb devstack@c-api.service[108489]: DEBUG oslo_db.sqlalchemy.engines [None req-a4c34386-a9e1-4822-84fc-2aa30005591c tempest-GroupSnapshotsTest-1452468371 tempest-GroupSnapshotsTest-1452468371-project] MySQL server mode set to STRICT_TRANS_TABLES,STRICT_ALL_TABLES,NO_ZERO_IN_DATE,NO_ZERO_DATE,ERROR_FOR_DIVISION_BY_ZERO,TRADITIONAL,NO_ENGINE_SUBSTITUTION {{(pid=108489) _check_effective_sql_mode /usr/local/lib/python3.8/dist-packages/oslo_db/sqlalchemy/engines.py:314}}
Nov 17 03:25:32.024676 dv-cinder-818037-2-smb devstack@c-api.service[108490]: /usr/local/lib/python3.8/dist-packages/oslo_context/context.py:105: DeprecationWarning: Policy enforcement is depending on the value of is_admin. This key is deprecated. Please update your policy file to use the standard policy values.
Nov 17 03:25:32.024676 dv-cinder-818037-2-smb devstack@c-api.service[108490]: warnings.warn('Policy enforcement is depending on the value of '
Nov 17 03:25:32.026284 dv-cinder-818037-2-smb devstack@c-api.service[108490]: INFO cinder.volume.api [None req-27a4dc11-a313-46d3-af94-95746f9cf7ef tempest-SnapshotMetadataTestJSON-1038621052 tempest-SnapshotMetadataTestJSON-1038621052-project] Snapshot retrieved successfully.
Nov 17 03:25:32.031600 dv-cinder-818037-2-smb devstack@c-api.service[108489]: /usr/local/lib/python3.8/dist-packages/oslo_context/context.py:105: DeprecationWarning: Policy enforcement is depending on the value of is_admin. This key is deprecated. Please update your policy file to use the standard policy values.
Nov 17 03:25:32.031600 dv-cinder-818037-2-smb devstack@c-api.service[108489]: warnings.warn('Policy enforcement is depending on the value of '
Nov 17 03:25:32.058915 dv-cinder-818037-2-smb devstack@c-api.service[108489]: INFO cinder.api.openstack.wsgi [None req-a4c34386-a9e1-4822-84fc-2aa30005591c tempest-GroupSnapshotsTest-1452468371 tempest-GroupSnapshotsTest-1452468371-project] http://10.222.0.46/volume/v3/f4ea14ab179f469cb004f736ab0ccca8/volumes/detail returned with HTTP 200
Nov 17 03:25:32.072597 dv-cinder-818037-2-smb devstack@c-api.service[108489]: [pid: 108489|app: 0|req: 89/162] 10.222.0.46 () {60 vars in 1275 bytes} [Wed Nov 17 03:25:31 2021] GET /volume/v3/f4ea14ab179f469cb004f736ab0ccca8/volumes/detail => generated 1994 bytes in 171 msecs (HTTP/1.1 200) 7 headers in 287 bytes (2 switches on core 0)
Nov 17 03:25:32.104261 dv-cinder-818037-2-smb devstack@c-api.service[108489]: INFO cinder.api.openstack.wsgi [None req-3805a90e-9847-45d1-a2ad-d5a366b467fd tempest-GroupsV314Test-121701433 tempest-GroupsV314Test-121701433-project] GET http://10.222.0.46/volume/v3/edfb898199894441b3a10a57acb8239f/groups/2d0bf118-c384-486f-b946-a4be5778b124
Nov 17 03:25:32.104722 dv-cinder-818037-2-smb devstack@c-api.service[108489]: DEBUG cinder.api.openstack.wsgi [None req-3805a90e-9847-45d1-a2ad-d5a366b467fd tempest-GroupsV314Test-121701433 tempest-GroupsV314Test-121701433-project] Empty body provided in request {{(pid=108489) get_body /opt/stack/cinder/cinder/api/openstack/wsgi.py:703}}
Nov 17 03:25:32.104899 dv-cinder-818037-2-smb devstack@c-api.service[108489]: /usr/local/lib/python3.8/dist-packages/webob/acceptparse.py:1047: DeprecationWarning: The behavior of AcceptValidHeader.best_match is currently being maintained for backward compatibility, but it will be deprecated in the future, as it does not conform to the RFC.
Nov 17 03:25:32.104899 dv-cinder-818037-2-smb devstack@c-api.service[108489]: warnings.warn(
Nov 17 03:25:32.105208 dv-cinder-818037-2-smb devstack@c-api.service[108489]: DEBUG cinder.api.openstack.wsgi [None req-3805a90e-9847-45d1-a2ad-d5a366b467fd tempest-GroupsV314Test-121701433 tempest-GroupsV314Test-121701433-project] Calling method 'version_select' {{(pid=108489) _process_stack /opt/stack/cinder/cinder/api/openstack/wsgi.py:856}}
Nov 17 03:25:32.105565 dv-cinder-818037-2-smb devstack@c-api.service[108489]: DEBUG cinder.api.v3.groups [None req-3805a90e-9847-45d1-a2ad-d5a366b467fd tempest-GroupsV314Test-121701433 tempest-GroupsV314Test-121701433-project] show called for member 2d0bf118-c384-486f-b946-a4be5778b124 {{(pid=108489) show /opt/stack/cinder/cinder/api/v3/groups.py:58}}
Nov 17 03:25:32.111295 dv-cinder-818037-2-smb devstack@c-api.service[108490]: INFO cinder.volume.api [None req-27a4dc11-a313-46d3-af94-95746f9cf7ef tempest-SnapshotMetadataTestJSON-1038621052 tempest-SnapshotMetadataTestJSON-1038621052-project] Update snapshot metadata completed successfully.
Nov 17 03:25:32.111990 dv-cinder-818037-2-smb devstack@c-api.service[108490]: INFO cinder.api.openstack.wsgi [None req-27a4dc11-a313-46d3-af94-95746f9cf7ef tempest-SnapshotMetadataTestJSON-1038621052 tempest-SnapshotMetadataTestJSON-1038621052-project] http://10.222.0.46/volume/v3/87bfabc9b649431db34659259f6e2ba9/snapshots/3559b2d3-edfe-47d7-9cff-7b0483767513/metadata returned with HTTP 200
Nov 17 03:25:32.112251 dv-cinder-818037-2-smb devstack@c-api.service[108489]: /usr/local/lib/python3.8/dist-packages/oslo_context/context.py:105: DeprecationWarning: Policy enforcement is depending on the value of is_admin. This key is deprecated. Please update your policy file to use the standard policy values.
Nov 17 03:25:32.112251 dv-cinder-818037-2-smb devstack@c-api.service[108489]: warnings.warn('Policy enforcement is depending on the value of '
Nov 17 03:25:32.117901 dv-cinder-818037-2-smb devstack@c-api.service[108490]: [pid: 108490|app: 0|req: 74/163] 10.222.0.46 () {60 vars in 1377 bytes} [Wed Nov 17 03:25:32 2021] PUT /volume/v3/87bfabc9b649431db34659259f6e2ba9/snapshots/3559b2d3-edfe-47d7-9cff-7b0483767513/metadata => generated 16 bytes in 110 msecs (HTTP/1.1 200) 7 headers in 284 bytes (1 switches on core 0)
Nov 17 03:25:32.124114 dv-cinder-818037-2-smb devstack@c-api.service[108490]: INFO cinder.api.openstack.wsgi [None req-18a85bba-38b5-4584-8d41-c4faeeebd120 tempest-GroupSnapshotsTest-1452468371 tempest-GroupSnapshotsTest-1452468371-project] GET http://10.222.0.46/volume/v3/f4ea14ab179f469cb004f736ab0ccca8/snapshots/detail
Nov 17 03:25:32.124616 dv-cinder-818037-2-smb devstack@c-api.service[108490]: DEBUG cinder.api.openstack.wsgi [None req-18a85bba-38b5-4584-8d41-c4faeeebd120 tempest-GroupSnapshotsTest-1452468371 tempest-GroupSnapshotsTest-1452468371-project] Empty body provided in request {{(pid=108490) get_body /opt/stack/cinder/cinder/api/openstack/wsgi.py:703}}
Nov 17 03:25:32.124889 dv-cinder-818037-2-smb devstack@c-api.service[108490]: /usr/local/lib/python3.8/dist-packages/webob/acceptparse.py:1047: DeprecationWarning: The behavior of AcceptValidHeader.best_match is currently being maintained for backward compatibility, but it will be deprecated in the future, as it does not conform to the RFC.
Nov 17 03:25:32.124889 dv-cinder-818037-2-smb devstack@c-api.service[108490]: warnings.warn(
Nov 17 03:25:32.125371 dv-cinder-818037-2-smb devstack@c-api.service[108490]: DEBUG cinder.api.openstack.wsgi [None req-18a85bba-38b5-4584-8d41-c4faeeebd120 tempest-GroupSnapshotsTest-1452468371 tempest-GroupSnapshotsTest-1452468371-project] Calling method 'detail' {{(pid=108490) _process_stack /opt/stack/cinder/cinder/api/openstack/wsgi.py:856}}
Nov 17 03:25:32.126425 dv-cinder-818037-2-smb devstack@c-api.service[108490]: DEBUG cinder.api.api_utils [None req-18a85bba-38b5-4584-8d41-c4faeeebd120 tempest-GroupSnapshotsTest-1452468371 tempest-GroupSnapshotsTest-1452468371-project] Removing options '' from query. {{(pid=108490) remove_invalid_filter_options /opt/stack/cinder/cinder/api/api_utils.py:73}}
Nov 17 03:25:32.129356 dv-cinder-818037-2-smb devstack@c-api.service[108490]: DEBUG cinder.db.sqlalchemy.api [None req-18a85bba-38b5-4584-8d41-c4faeeebd120 tempest-GroupSnapshotsTest-1452468371 tempest-GroupSnapshotsTest-1452468371-project] Building query based on filter {{(pid=108490) _process_snaps_filters /opt/stack/cinder/cinder/db/sqlalchemy/api.py:3156}}
Nov 17 03:25:32.130013 dv-cinder-818037-2-smb devstack@c-api.service[108489]: INFO cinder.api.openstack.wsgi [None req-3805a90e-9847-45d1-a2ad-d5a366b467fd tempest-GroupsV314Test-121701433 tempest-GroupsV314Test-121701433-project] http://10.222.0.46/volume/v3/edfb898199894441b3a10a57acb8239f/groups/2d0bf118-c384-486f-b946-a4be5778b124 returned with HTTP 200
Nov 17 03:25:32.137146 dv-cinder-818037-2-smb devstack@c-api.service[108489]: [pid: 108489|app: 0|req: 90/164] 10.222.0.46 () {60 vars in 1362 bytes} [Wed Nov 17 03:25:32 2021] GET /volume/v3/edfb898199894441b3a10a57acb8239f/groups/2d0bf118-c384-486f-b946-a4be5778b124 => generated 388 bytes in 64 msecs (HTTP/1.1 200) 7 headers in 286 bytes (1 switches on core 0)
Nov 17 03:25:32.140110 dv-cinder-818037-2-smb devstack@c-api.service[108490]: INFO cinder.volume.api [None req-18a85bba-38b5-4584-8d41-c4faeeebd120 tempest-GroupSnapshotsTest-1452468371 tempest-GroupSnapshotsTest-1452468371-project] Get all snapshots completed successfully.
Nov 17 03:25:32.141361 dv-cinder-818037-2-smb devstack@c-api.service[108490]: /usr/local/lib/python3.8/dist-packages/oslo_context/context.py:105: DeprecationWarning: Policy enforcement is depending on the value of is_admin. This key is deprecated. Please update your policy file to use the standard policy values.
Nov 17 03:25:32.141361 dv-cinder-818037-2-smb devstack@c-api.service[108490]: warnings.warn('Policy enforcement is depending on the value of '
Nov 17 03:25:32.142585 dv-cinder-818037-2-smb devstack@c-api.service[108489]: INFO cinder.api.openstack.wsgi [None req-993a7aed-35d4-4603-b67c-efa756ff1d26 tempest-SnapshotMetadataTestJSON-1038621052 tempest-SnapshotMetadataTestJSON-1038621052-project] DELETE http://10.222.0.46/volume/v3/87bfabc9b649431db34659259f6e2ba9/snapshots/3559b2d3-edfe-47d7-9cff-7b0483767513
Nov 17 03:25:32.143173 dv-cinder-818037-2-smb devstack@c-api.service[108489]: DEBUG cinder.api.openstack.wsgi [None req-993a7aed-35d4-4603-b67c-efa756ff1d26 tempest-SnapshotMetadataTestJSON-1038621052 tempest-SnapshotMetadataTestJSON-1038621052-project] Empty body provided in request {{(pid=108489) get_body /opt/stack/cinder/cinder/api/openstack/wsgi.py:703}}
Nov 17 03:25:32.143352 dv-cinder-818037-2-smb devstack@c-api.service[108489]: /usr/local/lib/python3.8/dist-packages/webob/acceptparse.py:1047: DeprecationWarning: The behavior of AcceptValidHeader.best_match is currently being maintained for backward compatibility, but it will be deprecated in the future, as it does not conform to the RFC.
Nov 17 03:25:32.143352 dv-cinder-818037-2-smb devstack@c-api.service[108489]: warnings.warn(
Nov 17 03:25:32.143668 dv-cinder-818037-2-smb devstack@c-api.service[108489]: DEBUG cinder.api.openstack.wsgi [None req-993a7aed-35d4-4603-b67c-efa756ff1d26 tempest-SnapshotMetadataTestJSON-1038621052 tempest-SnapshotMetadataTestJSON-1038621052-project] Calling method 'delete' {{(pid=108489) _process_stack /opt/stack/cinder/cinder/api/openstack/wsgi.py:856}}
Nov 17 03:25:32.143839 dv-cinder-818037-2-smb devstack@c-api.service[108490]: INFO cinder.api.openstack.wsgi [None req-18a85bba-38b5-4584-8d41-c4faeeebd120 tempest-GroupSnapshotsTest-1452468371 tempest-GroupSnapshotsTest-1452468371-project] http://10.222.0.46/volume/v3/f4ea14ab179f469cb004f736ab0ccca8/snapshots/detail returned with HTTP 200
Nov 17 03:25:32.144130 dv-cinder-818037-2-smb devstack@c-api.service[108489]: INFO cinder.api.v2.snapshots [None req-993a7aed-35d4-4603-b67c-efa756ff1d26 tempest-SnapshotMetadataTestJSON-1038621052 tempest-SnapshotMetadataTestJSON-1038621052-project] Delete snapshot with id: 3559b2d3-edfe-47d7-9cff-7b0483767513
Nov 17 03:25:32.144874 dv-cinder-818037-2-smb devstack@c-api.service[108490]: [pid: 108490|app: 0|req: 75/165] 10.222.0.46 () {58 vars in 1240 bytes} [Wed Nov 17 03:25:32 2021] GET /volume/v3/f4ea14ab179f469cb004f736ab0ccca8/snapshots/detail => generated 1061 bytes in 26 msecs (HTTP/1.1 200) 7 headers in 286 bytes (1 switches on core 0)
Nov 17 03:25:32.148855 dv-cinder-818037-2-smb devstack@c-api.service[108490]: INFO cinder.api.openstack.wsgi [None req-5ef21408-a2a1-4662-a2e3-2492a57f902c tempest-GroupsV314Test-121701433 tempest-GroupsV314Test-121701433-project] POST http://10.222.0.46/volume/v3/edfb898199894441b3a10a57acb8239f/volumes
Nov 17 03:25:32.149557 dv-cinder-818037-2-smb devstack@c-api.service[108490]: /usr/local/lib/python3.8/dist-packages/webob/acceptparse.py:1047: DeprecationWarning: The behavior of AcceptValidHeader.best_match is currently being maintained for backward compatibility, but it will be deprecated in the future, as it does not conform to the RFC.
Nov 17 03:25:32.149557 dv-cinder-818037-2-smb devstack@c-api.service[108490]: warnings.warn(
Nov 17 03:25:32.150386 dv-cinder-818037-2-smb devstack@c-api.service[108490]: DEBUG cinder.api.openstack.wsgi [None req-5ef21408-a2a1-4662-a2e3-2492a57f902c tempest-GroupsV314Test-121701433 tempest-GroupsV314Test-121701433-project] Action: 'create', calling method: create, body: {"volume": {"volume_type": "2ee25f91-c2ab-452f-99e1-c75e9a6fa368", "group_id": "2d0bf118-c384-486f-b946-a4be5778b124", "size": 1, "name": "tempest-GroupsV314Test-Volume-1408609839"}} {{(pid=108490) _process_stack /opt/stack/cinder/cinder/api/openstack/wsgi.py:854}}
Nov 17 03:25:32.151513 dv-cinder-818037-2-smb devstack@c-api.service[108490]: DEBUG cinder.api.v3.volumes [None req-5ef21408-a2a1-4662-a2e3-2492a57f902c tempest-GroupsV314Test-121701433 tempest-GroupsV314Test-121701433-project] Create volume request body: {'volume': {'volume_type': '2ee25f91-c2ab-452f-99e1-c75e9a6fa368', 'group_id': '2d0bf118-c384-486f-b946-a4be5778b124', 'size': 1, 'name': 'tempest-GroupsV314Test-Volume-1408609839'}} {{(pid=108490) create /opt/stack/cinder/cinder/api/v3/volumes.py:298}}
Nov 17 03:25:32.164398 dv-cinder-818037-2-smb devstack@c-api.service[108490]: /usr/local/lib/python3.8/dist-packages/oslo_context/context.py:105: DeprecationWarning: Policy enforcement is depending on the value of is_admin. This key is deprecated. Please update your policy file to use the standard policy values.
Nov 17 03:25:32.164398 dv-cinder-818037-2-smb devstack@c-api.service[108490]: warnings.warn('Policy enforcement is depending on the value of '
Nov 17 03:25:32.165608 dv-cinder-818037-2-smb devstack@c-api.service[108490]: INFO cinder.api.v3.volumes [None req-5ef21408-a2a1-4662-a2e3-2492a57f902c tempest-GroupsV314Test-121701433 tempest-GroupsV314Test-121701433-project] Create volume of 1 GB
Nov 17 03:25:32.168828 dv-cinder-818037-2-smb devstack@c-api.service[108489]: /usr/local/lib/python3.8/dist-packages/oslo_context/context.py:105: DeprecationWarning: Policy enforcement is depending on the value of is_admin. This key is deprecated. Please update your policy file to use the standard policy values.
Nov 17 03:25:32.168828 dv-cinder-818037-2-smb devstack@c-api.service[108489]: warnings.warn('Policy enforcement is depending on the value of '
Nov 17 03:25:32.179636 dv-cinder-818037-2-smb devstack@c-api.service[108490]: INFO cinder.volume.api [None req-5ef21408-a2a1-4662-a2e3-2492a57f902c tempest-GroupsV314Test-121701433 tempest-GroupsV314Test-121701433-project] Availability Zones retrieved successfully.
Nov 17 03:25:32.185701 dv-cinder-818037-2-smb devstack@c-api.service[108489]: INFO cinder.volume.api [None req-993a7aed-35d4-4603-b67c-efa756ff1d26 tempest-SnapshotMetadataTestJSON-1038621052 tempest-SnapshotMetadataTestJSON-1038621052-project] Snapshot retrieved successfully.
Nov 17 03:25:32.197613 dv-cinder-818037-2-smb devstack@c-api.service[108490]: DEBUG cinder.volume.api [None req-5ef21408-a2a1-4662-a2e3-2492a57f902c tempest-GroupsV314Test-121701433 tempest-GroupsV314Test-121701433-project] Flow 'volume_create_api' (60eafcb0-9e1b-4e73-a80b-7f999a9b5633) transitioned into state 'RUNNING' from state 'PENDING' {{(pid=108490) _flow_receiver /usr/local/lib/python3.8/dist-packages/taskflow/listeners/logging.py:141}}
Nov 17 03:25:32.203085 dv-cinder-818037-2-smb devstack@c-api.service[108490]: DEBUG cinder.volume.api [None req-5ef21408-a2a1-4662-a2e3-2492a57f902c tempest-GroupsV314Test-121701433 tempest-GroupsV314Test-121701433-project] Task 'cinder.volume.flows.api.create_volume.ExtractVolumeRequestTask;volume:create' (8b6c1259-1d75-476e-98a9-220f25e05efa) transitioned into state 'RUNNING' from state 'PENDING' {{(pid=108490) _task_receiver /usr/local/lib/python3.8/dist-packages/taskflow/listeners/logging.py:190}}
Nov 17 03:25:32.204824 dv-cinder-818037-2-smb devstack@c-api.service[108490]: /usr/local/lib/python3.8/dist-packages/oslo_context/context.py:105: DeprecationWarning: Policy enforcement is depending on the value of is_admin. This key is deprecated. Please update your policy file to use the standard policy values.
Nov 17 03:25:32.204824 dv-cinder-818037-2-smb devstack@c-api.service[108490]: warnings.warn('Policy enforcement is depending on the value of '
Nov 17 03:25:32.206023 dv-cinder-818037-2-smb devstack@c-api.service[108490]: DEBUG cinder.volume.flows.api.create_volume [None req-5ef21408-a2a1-4662-a2e3-2492a57f902c tempest-GroupsV314Test-121701433 tempest-GroupsV314Test-121701433-project] Validating volume size '1' using validate_int {{(pid=108490) _extract_size /opt/stack/cinder/cinder/volume/flows/api/create_volume.py:225}}
Nov 17 03:25:32.232547 dv-cinder-818037-2-smb devstack@c-api.service[108489]: INFO cinder.volume.api [None req-993a7aed-35d4-4603-b67c-efa756ff1d26 tempest-SnapshotMetadataTestJSON-1038621052 tempest-SnapshotMetadataTestJSON-1038621052-project] Snapshot delete request issued successfully.
Nov 17 03:25:32.233401 dv-cinder-818037-2-smb devstack@c-api.service[108489]: INFO cinder.api.openstack.wsgi [None req-993a7aed-35d4-4603-b67c-efa756ff1d26 tempest-SnapshotMetadataTestJSON-1038621052 tempest-SnapshotMetadataTestJSON-1038621052-project] http://10.222.0.46/volume/v3/87bfabc9b649431db34659259f6e2ba9/snapshots/3559b2d3-edfe-47d7-9cff-7b0483767513 returned with HTTP 202
Nov 17 03:25:32.235144 dv-cinder-818037-2-smb devstack@c-api.service[108489]: [pid: 108489|app: 0|req: 91/166] 10.222.0.46 () {58 vars in 1333 bytes} [Wed Nov 17 03:25:32 2021] DELETE /volume/v3/87bfabc9b649431db34659259f6e2ba9/snapshots/3559b2d3-edfe-47d7-9cff-7b0483767513 => generated 0 bytes in 97 msecs (HTTP/1.1 202) 6 headers in 233 bytes (1 switches on core 0)
Nov 17 03:25:32.239846 dv-cinder-818037-2-smb devstack@c-api.service[108489]: INFO cinder.api.openstack.wsgi [None req-74ed667a-6a4d-468c-b972-84b6b9698b5b tempest-GroupSnapshotsTest-1452468371 tempest-GroupSnapshotsTest-1452468371-project] GET http://10.222.0.46/volume/v3/f4ea14ab179f469cb004f736ab0ccca8/snapshots/f6077108-151b-4283-908a-d213a67a7750
Nov 17 03:25:32.240354 dv-cinder-818037-2-smb devstack@c-api.service[108489]: DEBUG cinder.api.openstack.wsgi [None req-74ed667a-6a4d-468c-b972-84b6b9698b5b tempest-GroupSnapshotsTest-1452468371 tempest-GroupSnapshotsTest-1452468371-project] Empty body provided in request {{(pid=108489) get_body /opt/stack/cinder/cinder/api/openstack/wsgi.py:703}}
Nov 17 03:25:32.240529 dv-cinder-818037-2-smb devstack@c-api.service[108489]: /usr/local/lib/python3.8/dist-packages/webob/acceptparse.py:1047: DeprecationWarning: The behavior of AcceptValidHeader.best_match is currently being maintained for backward compatibility, but it will be deprecated in the future, as it does not conform to the RFC.
Nov 17 03:25:32.240529 dv-cinder-818037-2-smb devstack@c-api.service[108489]: warnings.warn(
Nov 17 03:25:32.240839 dv-cinder-818037-2-smb devstack@c-api.service[108489]: DEBUG cinder.api.openstack.wsgi [None req-74ed667a-6a4d-468c-b972-84b6b9698b5b tempest-GroupSnapshotsTest-1452468371 tempest-GroupSnapshotsTest-1452468371-project] Calling method 'show' {{(pid=108489) _process_stack /opt/stack/cinder/cinder/api/openstack/wsgi.py:856}}
Nov 17 03:25:32.254561 dv-cinder-818037-2-smb devstack@c-api.service[108489]: /usr/local/lib/python3.8/dist-packages/oslo_context/context.py:105: DeprecationWarning: Policy enforcement is depending on the value of is_admin. This key is deprecated. Please update your policy file to use the standard policy values.
Nov 17 03:25:32.254561 dv-cinder-818037-2-smb devstack@c-api.service[108489]: warnings.warn('Policy enforcement is depending on the value of '
Nov 17 03:25:32.256430 dv-cinder-818037-2-smb devstack@c-api.service[108489]: INFO cinder.volume.api [None req-74ed667a-6a4d-468c-b972-84b6b9698b5b tempest-GroupSnapshotsTest-1452468371 tempest-GroupSnapshotsTest-1452468371-project] Snapshot retrieved successfully.
Nov 17 03:25:32.258693 dv-cinder-818037-2-smb devstack@c-api.service[108489]: INFO cinder.api.openstack.wsgi [None req-74ed667a-6a4d-468c-b972-84b6b9698b5b tempest-GroupSnapshotsTest-1452468371 tempest-GroupSnapshotsTest-1452468371-project] http://10.222.0.46/volume/v3/f4ea14ab179f469cb004f736ab0ccca8/snapshots/f6077108-151b-4283-908a-d213a67a7750 returned with HTTP 200
Nov 17 03:25:32.260197 dv-cinder-818037-2-smb devstack@c-api.service[108489]: [pid: 108489|app: 0|req: 92/167] 10.222.0.46 () {58 vars in 1330 bytes} [Wed Nov 17 03:25:32 2021] GET /volume/v3/f4ea14ab179f469cb004f736ab0ccca8/snapshots/f6077108-151b-4283-908a-d213a67a7750 => generated 535 bytes in 24 msecs (HTTP/1.1 200) 7 headers in 285 bytes (1 switches on core 0)
Nov 17 03:25:32.269134 dv-cinder-818037-2-smb devstack@c-api.service[108489]: INFO cinder.api.openstack.wsgi [None req-04ecc605-1d10-43ca-9e52-f5416c30f520 tempest-SnapshotMetadataTestJSON-1038621052 tempest-SnapshotMetadataTestJSON-1038621052-project] GET http://10.222.0.46/volume/v3/87bfabc9b649431db34659259f6e2ba9/snapshots/3559b2d3-edfe-47d7-9cff-7b0483767513
Nov 17 03:25:32.270159 dv-cinder-818037-2-smb devstack@c-api.service[108489]: DEBUG cinder.api.openstack.wsgi [None req-04ecc605-1d10-43ca-9e52-f5416c30f520 tempest-SnapshotMetadataTestJSON-1038621052 tempest-SnapshotMetadataTestJSON-1038621052-project] Empty body provided in request {{(pid=108489) get_body /opt/stack/cinder/cinder/api/openstack/wsgi.py:703}}
Nov 17 03:25:32.270599 dv-cinder-818037-2-smb devstack@c-api.service[108489]: /usr/local/lib/python3.8/dist-packages/webob/acceptparse.py:1047: DeprecationWarning: The behavior of AcceptValidHeader.best_match is currently being maintained for backward compatibility, but it will be deprecated in the future, as it does not conform to the RFC.
Nov 17 03:25:32.270599 dv-cinder-818037-2-smb devstack@c-api.service[108489]: warnings.warn(
Nov 17 03:25:32.270911 dv-cinder-818037-2-smb devstack@c-api.service[108490]: DEBUG cinder.volume.api [None req-5ef21408-a2a1-4662-a2e3-2492a57f902c tempest-GroupsV314Test-121701433 tempest-GroupsV314Test-121701433-project] Task 'cinder.volume.flows.api.create_volume.ExtractVolumeRequestTask;volume:create' (8b6c1259-1d75-476e-98a9-220f25e05efa) transitioned into state 'SUCCESS' from state 'RUNNING' with result '{'size': 1, 'snapshot_id': None, 'source_volid': None, 'volume_type': VolumeType(created_at=2021-11-17T03:25:31Z,deleted=False,deleted_at=None,description=None,extra_specs={},id=2ee25f91-c2ab-452f-99e1-c75e9a6fa368,is_public=True,name='tempest-GroupsV314Test-volume-type-31372514',projects=[],qos_specs=,qos_specs_id=None,updated_at=None), 'volume_type_id': '2ee25f91-c2ab-452f-99e1-c75e9a6fa368', 'encryption_key_id': None, 'qos_specs': None, 'consistencygroup_id': None, 'cgsnapshot_id': None, 'group_id': '2d0bf118-c384-486f-b946-a4be5778b124', 'replication_status': 'disabled', 'refresh_az': False, 'backup_id': None, 'multiattach': False, 'availability_zones': ['nova']}' {{(pid=108490) _task_receiver /usr/local/lib/python3.8/dist-packages/taskflow/listeners/logging.py:178}}
Nov 17 03:25:32.271305 dv-cinder-818037-2-smb devstack@c-api.service[108489]: DEBUG cinder.api.openstack.wsgi [None req-04ecc605-1d10-43ca-9e52-f5416c30f520 tempest-SnapshotMetadataTestJSON-1038621052 tempest-SnapshotMetadataTestJSON-1038621052-project] Calling method 'show' {{(pid=108489) _process_stack /opt/stack/cinder/cinder/api/openstack/wsgi.py:856}}
Nov 17 03:25:32.273208 dv-cinder-818037-2-smb devstack@c-api.service[108490]: DEBUG cinder.volume.api [None req-5ef21408-a2a1-4662-a2e3-2492a57f902c tempest-GroupsV314Test-121701433 tempest-GroupsV314Test-121701433-project] Task 'cinder.volume.flows.api.create_volume.QuotaReserveTask;volume:create' (19eb800a-25ee-490d-be59-230f87892be6) transitioned into state 'RUNNING' from state 'PENDING' {{(pid=108490) _task_receiver /usr/local/lib/python3.8/dist-packages/taskflow/listeners/logging.py:190}}
Nov 17 03:25:32.282935 dv-cinder-818037-2-smb devstack@c-api.service[108489]: /usr/local/lib/python3.8/dist-packages/oslo_context/context.py:105: DeprecationWarning: Policy enforcement is depending on the value of is_admin. This key is deprecated. Please update your policy file to use the standard policy values.
