Nov 16 03:17:28.856339 dv-cinder-818037-1-iscsi devstack@c-api.service[108759]: [pid: 108759|app: 0|req: 58/121] 10.222.0.31 () {60 vars in 1380 bytes} [Tue Nov 16 03:17:28 2021] DELETE /volume/v3/684212b60e684e0d948ccfeef69495be/group_types/706cf526-5cf2-47e3-8e24-737e36e404c0 => generated 0 bytes in 84 msecs (HTTP/1.1 202) 6 headers in 234 bytes (1 switches on core 0)
Nov 16 03:17:28.861347 dv-cinder-818037-1-iscsi devstack@c-api.service[108759]: INFO cinder.api.openstack.wsgi [None req-b24ed6ba-50a9-48c5-8e2e-6854d02be947 tempest-GroupsTest-1883587874 tempest-GroupsTest-1883587874-project-admin] POST http://10.222.0.31/volume/v3/684212b60e684e0d948ccfeef69495be/types
Nov 16 03:17:28.862585 dv-cinder-818037-1-iscsi devstack@c-api.service[108759]: DEBUG cinder.api.openstack.wsgi [None req-b24ed6ba-50a9-48c5-8e2e-6854d02be947 tempest-GroupsTest-1883587874 tempest-GroupsTest-1883587874-project-admin] Action: 'create', calling method: _create, body: {"volume_type": {"name": "tempest-GroupsTest-volume-type-1551265380"}} {{(pid=108759) _process_stack /opt/stack/cinder/cinder/api/openstack/wsgi.py:854}}
Nov 16 03:17:28.875295 dv-cinder-818037-1-iscsi devstack@c-api.service[108760]: DEBUG oslo_db.sqlalchemy.engines [None req-88507bd6-784a-431b-87d4-a1edd91dc21c tempest-GroupsV314Test-458085358 tempest-GroupsV314Test-458085358-project] MySQL server mode set to STRICT_TRANS_TABLES,STRICT_ALL_TABLES,NO_ZERO_IN_DATE,NO_ZERO_DATE,ERROR_FOR_DIVISION_BY_ZERO,TRADITIONAL,NO_ENGINE_SUBSTITUTION {{(pid=108760) _check_effective_sql_mode /usr/local/lib/python3.8/dist-packages/oslo_db/sqlalchemy/engines.py:314}}
Nov 16 03:17:28.896591 dv-cinder-818037-1-iscsi devstack@c-api.service[108760]: /usr/local/lib/python3.8/dist-packages/oslo_context/context.py:105: DeprecationWarning: Policy enforcement is depending on the value of is_admin. This key is deprecated. Please update your policy file to use the standard policy values.
Nov 16 03:17:28.896591 dv-cinder-818037-1-iscsi devstack@c-api.service[108760]: warnings.warn('Policy enforcement is depending on the value of '
Nov 16 03:17:28.929071 dv-cinder-818037-1-iscsi devstack@c-api.service[108759]: INFO cinder.api.openstack.wsgi [None req-b24ed6ba-50a9-48c5-8e2e-6854d02be947 tempest-GroupsTest-1883587874 tempest-GroupsTest-1883587874-project-admin] http://10.222.0.31/volume/v3/684212b60e684e0d948ccfeef69495be/types returned with HTTP 200
Nov 16 03:17:28.930576 dv-cinder-818037-1-iscsi devstack@c-api.service[108759]: [pid: 108759|app: 0|req: 59/122] 10.222.0.31 () {60 vars in 1228 bytes} [Tue Nov 16 03:17:28 2021] POST /volume/v3/684212b60e684e0d948ccfeef69495be/types => generated 216 bytes in 73 msecs (HTTP/1.1 200) 7 headers in 285 bytes (1 switches on core 0)
Nov 16 03:17:28.949719 dv-cinder-818037-1-iscsi devstack@c-api.service[108760]: INFO cinder.api.openstack.wsgi [None req-88507bd6-784a-431b-87d4-a1edd91dc21c tempest-GroupsV314Test-458085358 tempest-GroupsV314Test-458085358-project] http://10.222.0.31/volume/v3/12f98077e5004f4e9b87c0c322eab5d9/volumes/f3d3ec79-360d-492a-be32-753ca6a46333 returned with HTTP 200
Nov 16 03:17:28.950978 dv-cinder-818037-1-iscsi devstack@c-api.service[108760]: [pid: 108760|app: 0|req: 64/123] 10.222.0.31 () {60 vars in 1365 bytes} [Tue Nov 16 03:17:28 2021] GET /volume/v3/12f98077e5004f4e9b87c0c322eab5d9/volumes/f3d3ec79-360d-492a-be32-753ca6a46333 => generated 989 bytes in 231 msecs (HTTP/1.1 200) 7 headers in 286 bytes (1 switches on core 0)
Nov 16 03:17:28.955472 dv-cinder-818037-1-iscsi devstack@c-api.service[108759]: INFO cinder.api.openstack.wsgi [None req-598a2416-cd4e-4c31-90e9-af8ef19f1995 tempest-GroupsTest-1883587874 tempest-GroupsTest-1883587874-project-admin] POST http://10.222.0.31/volume/v3/684212b60e684e0d948ccfeef69495be/group_types
Nov 16 03:17:28.959980 dv-cinder-818037-1-iscsi devstack@c-api.service[108759]: DEBUG cinder.api.openstack.wsgi [None req-598a2416-cd4e-4c31-90e9-af8ef19f1995 tempest-GroupsTest-1883587874 tempest-GroupsTest-1883587874-project-admin] Action: 'create', calling method: version_select, body: {"group_type": {"name": "tempest-GroupsTest-group-type-2031215376"}} {{(pid=108759) _process_stack /opt/stack/cinder/cinder/api/openstack/wsgi.py:854}}
Nov 16 03:17:28.981825 dv-cinder-818037-1-iscsi devstack@c-api.service[108760]: INFO cinder.api.openstack.wsgi [None req-15ff0f40-f016-476f-acf6-8bd8c38787fa tempest-GroupsV314Test-458085358 tempest-GroupsV314Test-458085358-project] GET http://10.222.0.31/volume/v3/12f98077e5004f4e9b87c0c322eab5d9/groups/f2d6eb49-ef44-44c2-9741-854dfb70d572
Nov 16 03:17:28.982650 dv-cinder-818037-1-iscsi devstack@c-api.service[108760]: DEBUG cinder.api.openstack.wsgi [None req-15ff0f40-f016-476f-acf6-8bd8c38787fa tempest-GroupsV314Test-458085358 tempest-GroupsV314Test-458085358-project] Empty body provided in request {{(pid=108760) get_body /opt/stack/cinder/cinder/api/openstack/wsgi.py:703}}
Nov 16 03:17:28.982974 dv-cinder-818037-1-iscsi devstack@c-api.service[108760]: /usr/local/lib/python3.8/dist-packages/webob/acceptparse.py:1047: DeprecationWarning: The behavior of AcceptValidHeader.best_match is currently being maintained for backward compatibility, but it will be deprecated in the future, as it does not conform to the RFC.
Nov 16 03:17:28.982974 dv-cinder-818037-1-iscsi devstack@c-api.service[108760]: warnings.warn(
Nov 16 03:17:28.983686 dv-cinder-818037-1-iscsi devstack@c-api.service[108760]: DEBUG cinder.api.openstack.wsgi [None req-15ff0f40-f016-476f-acf6-8bd8c38787fa tempest-GroupsV314Test-458085358 tempest-GroupsV314Test-458085358-project] Calling method 'version_select' {{(pid=108760) _process_stack /opt/stack/cinder/cinder/api/openstack/wsgi.py:856}}
Nov 16 03:17:28.984221 dv-cinder-818037-1-iscsi devstack@c-api.service[108760]: DEBUG cinder.api.v3.groups [None req-15ff0f40-f016-476f-acf6-8bd8c38787fa tempest-GroupsV314Test-458085358 tempest-GroupsV314Test-458085358-project] show called for member f2d6eb49-ef44-44c2-9741-854dfb70d572 {{(pid=108760) show /opt/stack/cinder/cinder/api/v3/groups.py:58}}
Nov 16 03:17:28.997586 dv-cinder-818037-1-iscsi devstack@c-api.service[108760]: /usr/local/lib/python3.8/dist-packages/oslo_context/context.py:105: DeprecationWarning: Policy enforcement is depending on the value of is_admin. This key is deprecated. Please update your policy file to use the standard policy values.
Nov 16 03:17:28.997586 dv-cinder-818037-1-iscsi devstack@c-api.service[108760]: warnings.warn('Policy enforcement is depending on the value of '
Nov 16 03:17:29.025741 dv-cinder-818037-1-iscsi devstack@c-api.service[108759]: INFO cinder.api.openstack.wsgi [None req-598a2416-cd4e-4c31-90e9-af8ef19f1995 tempest-GroupsTest-1883587874 tempest-GroupsTest-1883587874-project-admin] http://10.222.0.31/volume/v3/684212b60e684e0d948ccfeef69495be/group_types returned with HTTP 202
Nov 16 03:17:29.026511 dv-cinder-818037-1-iscsi devstack@c-api.service[108759]: [pid: 108759|app: 0|req: 60/124] 10.222.0.31 () {62 vars in 1287 bytes} [Tue Nov 16 03:17:28 2021] POST /volume/v3/684212b60e684e0d948ccfeef69495be/group_types => generated 173 bytes in 86 msecs (HTTP/1.1 202) 7 headers in 292 bytes (1 switches on core 0)
Nov 16 03:17:29.033414 dv-cinder-818037-1-iscsi devstack@c-api.service[108760]: INFO cinder.api.openstack.wsgi [None req-15ff0f40-f016-476f-acf6-8bd8c38787fa tempest-GroupsV314Test-458085358 tempest-GroupsV314Test-458085358-project] http://10.222.0.31/volume/v3/12f98077e5004f4e9b87c0c322eab5d9/groups/f2d6eb49-ef44-44c2-9741-854dfb70d572 returned with HTTP 200
Nov 16 03:17:29.034701 dv-cinder-818037-1-iscsi devstack@c-api.service[108760]: [pid: 108760|app: 0|req: 65/125] 10.222.0.31 () {60 vars in 1362 bytes} [Tue Nov 16 03:17:28 2021] GET /volume/v3/12f98077e5004f4e9b87c0c322eab5d9/groups/f2d6eb49-ef44-44c2-9741-854dfb70d572 => generated 417 bytes in 58 msecs (HTTP/1.1 200) 7 headers in 286 bytes (2 switches on core 0)
Nov 16 03:17:29.042869 dv-cinder-818037-1-iscsi devstack@c-api.service[108759]: INFO cinder.api.openstack.wsgi [None req-8729e210-85b9-491c-97fb-8c222c0d9566 tempest-GroupsTest-1564745003 tempest-GroupsTest-1564745003-project] POST http://10.222.0.31/volume/v3/24d7bf61135a459f987182c30fb995ac/groups
Nov 16 03:17:29.047241 dv-cinder-818037-1-iscsi devstack@c-api.service[108759]: DEBUG cinder.api.openstack.wsgi [None req-8729e210-85b9-491c-97fb-8c222c0d9566 tempest-GroupsTest-1564745003 tempest-GroupsTest-1564745003-project] Action: 'create', calling method: version_select, body: {"group": {"group_type": "6c2e7f79-e762-42cc-9ed1-1df5b1368ed6", "volume_types": ["414f0885-7689-48da-971c-5146a1a2f941"], "name": "tempest-GroupsTest-Group-527921207"}} {{(pid=108759) _process_stack /opt/stack/cinder/cinder/api/openstack/wsgi.py:854}}
Nov 16 03:17:29.050415 dv-cinder-818037-1-iscsi devstack@c-api.service[108759]: DEBUG cinder.api.v3.groups [None req-8729e210-85b9-491c-97fb-8c222c0d9566 tempest-GroupsTest-1564745003 tempest-GroupsTest-1564745003-project] Creating new group {'group': {'group_type': '6c2e7f79-e762-42cc-9ed1-1df5b1368ed6', 'volume_types': ['414f0885-7689-48da-971c-5146a1a2f941'], 'name': 'tempest-GroupsTest-Group-527921207'}} {{(pid=108759) create /opt/stack/cinder/cinder/api/v3/groups.py:190}}
Nov 16 03:17:29.055736 dv-cinder-818037-1-iscsi devstack@c-api.service[108760]: INFO cinder.api.openstack.wsgi [None req-7b5c7380-071b-441e-8afb-a6648e082daa tempest-GroupsV314Test-458085358 tempest-GroupsV314Test-458085358-project] GET http://10.222.0.31/volume/v3/12f98077e5004f4e9b87c0c322eab5d9/volumes/detail
Nov 16 03:17:29.056381 dv-cinder-818037-1-iscsi devstack@c-api.service[108760]: DEBUG cinder.api.openstack.wsgi [None req-7b5c7380-071b-441e-8afb-a6648e082daa tempest-GroupsV314Test-458085358 tempest-GroupsV314Test-458085358-project] Empty body provided in request {{(pid=108760) get_body /opt/stack/cinder/cinder/api/openstack/wsgi.py:703}}
Nov 16 03:17:29.056619 dv-cinder-818037-1-iscsi devstack@c-api.service[108760]: /usr/local/lib/python3.8/dist-packages/webob/acceptparse.py:1047: DeprecationWarning: The behavior of AcceptValidHeader.best_match is currently being maintained for backward compatibility, but it will be deprecated in the future, as it does not conform to the RFC.
Nov 16 03:17:29.056619 dv-cinder-818037-1-iscsi devstack@c-api.service[108760]: warnings.warn(
Nov 16 03:17:29.056836 dv-cinder-818037-1-iscsi devstack@c-api.service[108760]: DEBUG cinder.api.openstack.wsgi [None req-7b5c7380-071b-441e-8afb-a6648e082daa tempest-GroupsV314Test-458085358 tempest-GroupsV314Test-458085358-project] Calling method 'detail' {{(pid=108760) _process_stack /opt/stack/cinder/cinder/api/openstack/wsgi.py:856}}
Nov 16 03:17:29.058911 dv-cinder-818037-1-iscsi devstack@c-api.service[108760]: DEBUG cinder.api.api_utils [None req-7b5c7380-071b-441e-8afb-a6648e082daa tempest-GroupsV314Test-458085358 tempest-GroupsV314Test-458085358-project] Removing options '' from query. {{(pid=108760) remove_invalid_filter_options /opt/stack/cinder/cinder/api/api_utils.py:73}}
Nov 16 03:17:29.060662 dv-cinder-818037-1-iscsi devstack@c-api.service[108760]: /usr/local/lib/python3.8/dist-packages/oslo_context/context.py:105: DeprecationWarning: Policy enforcement is depending on the value of is_admin. This key is deprecated. Please update your policy file to use the standard policy values.
Nov 16 03:17:29.060662 dv-cinder-818037-1-iscsi devstack@c-api.service[108760]: warnings.warn('Policy enforcement is depending on the value of '
Nov 16 03:17:29.065860 dv-cinder-818037-1-iscsi devstack@c-api.service[108760]: DEBUG cinder.volume.api [None req-7b5c7380-071b-441e-8afb-a6648e082daa tempest-GroupsV314Test-458085358 tempest-GroupsV314Test-458085358-project] Searching by: MultiDict([('no_migration_targets', True)]). {{(pid=108760) get_all /opt/stack/cinder/cinder/volume/api.py:619}}
Nov 16 03:17:29.066291 dv-cinder-818037-1-iscsi devstack@c-api.service[108759]: INFO cinder.api.v3.groups [None req-8729e210-85b9-491c-97fb-8c222c0d9566 tempest-GroupsTest-1564745003 tempest-GroupsTest-1564745003-project] Creating group tempest-GroupsTest-Group-527921207.
Nov 16 03:17:29.105526 dv-cinder-818037-1-iscsi devstack@c-api.service[108759]: INFO cinder.volume.api [None req-8729e210-85b9-491c-97fb-8c222c0d9566 tempest-GroupsTest-1564745003 tempest-GroupsTest-1564745003-project] Availability Zones retrieved successfully.
Nov 16 03:17:29.142644 dv-cinder-818037-1-iscsi devstack@c-api.service[108759]: DEBUG cinder.quota [None req-8729e210-85b9-491c-97fb-8c222c0d9566 tempest-GroupsTest-1564745003 tempest-GroupsTest-1564745003-project] Created reservations ['6e2eb017-0d80-44a2-bfb6-c54987183401'] {{(pid=108759) reserve /opt/stack/cinder/cinder/quota.py:755}}
Nov 16 03:17:29.198918 dv-cinder-818037-1-iscsi devstack@c-api.service[108760]: INFO cinder.volume.api [None req-7b5c7380-071b-441e-8afb-a6648e082daa tempest-GroupsV314Test-458085358 tempest-GroupsV314Test-458085358-project] Get all volumes completed successfully.
Nov 16 03:17:29.205338 dv-cinder-818037-1-iscsi devstack@c-api.service[108760]: WARNING stevedore.named [None req-7b5c7380-071b-441e-8afb-a6648e082daa tempest-GroupsV314Test-458085358 tempest-GroupsV314Test-458085358-project] Could not load cinder.keymgr.conf_key_mgr.ConfKeyManager
Nov 16 03:17:29.206114 dv-cinder-818037-1-iscsi devstack@c-api.service[108760]: WARNING castellan.key_manager [None req-7b5c7380-071b-441e-8afb-a6648e082daa tempest-GroupsV314Test-458085358 tempest-GroupsV314Test-458085358-project] Deprecation Warning : cinder.keymgr.conf_key_mgr.ConfKeyManager is not a stevedore based driver, trying to load it as a class: stevedore.exception.NoMatches: No 'castellan.drivers' driver found, looking for 'cinder.keymgr.conf_key_mgr.ConfKeyManager'
Nov 16 03:17:29.215458 dv-cinder-818037-1-iscsi devstack@c-api.service[108759]: INFO cinder.api.openstack.wsgi [None req-8729e210-85b9-491c-97fb-8c222c0d9566 tempest-GroupsTest-1564745003 tempest-GroupsTest-1564745003-project] http://10.222.0.31/volume/v3/24d7bf61135a459f987182c30fb995ac/groups returned with HTTP 202
Nov 16 03:17:29.220530 dv-cinder-818037-1-iscsi devstack@c-api.service[108759]: [pid: 108759|app: 0|req: 61/126] 10.222.0.31 () {62 vars in 1273 bytes} [Tue Nov 16 03:17:29 2021] POST /volume/v3/24d7bf61135a459f987182c30fb995ac/groups => generated 103 bytes in 185 msecs (HTTP/1.1 202) 7 headers in 292 bytes (1 switches on core 0)
Nov 16 03:17:29.222897 dv-cinder-818037-1-iscsi devstack@c-api.service[108760]: DEBUG oslo_db.sqlalchemy.engines [None req-7b5c7380-071b-441e-8afb-a6648e082daa tempest-GroupsV314Test-458085358 tempest-GroupsV314Test-458085358-project] MySQL server mode set to STRICT_TRANS_TABLES,STRICT_ALL_TABLES,NO_ZERO_IN_DATE,NO_ZERO_DATE,ERROR_FOR_DIVISION_BY_ZERO,TRADITIONAL,NO_ENGINE_SUBSTITUTION {{(pid=108760) _check_effective_sql_mode /usr/local/lib/python3.8/dist-packages/oslo_db/sqlalchemy/engines.py:314}}
Nov 16 03:17:29.239610 dv-cinder-818037-1-iscsi devstack@c-api.service[108759]: INFO cinder.api.openstack.wsgi [None req-0b1cf2f2-c985-405f-8495-5554eea295e8 tempest-GroupsTest-1564745003 tempest-GroupsTest-1564745003-project] GET http://10.222.0.31/volume/v3/24d7bf61135a459f987182c30fb995ac/groups/9cd5195f-96fd-4c11-bb70-93fb65a6a692
Nov 16 03:17:29.240545 dv-cinder-818037-1-iscsi devstack@c-api.service[108759]: DEBUG cinder.api.openstack.wsgi [None req-0b1cf2f2-c985-405f-8495-5554eea295e8 tempest-GroupsTest-1564745003 tempest-GroupsTest-1564745003-project] Empty body provided in request {{(pid=108759) get_body /opt/stack/cinder/cinder/api/openstack/wsgi.py:703}}
Nov 16 03:17:29.240905 dv-cinder-818037-1-iscsi devstack@c-api.service[108759]: /usr/local/lib/python3.8/dist-packages/webob/acceptparse.py:1047: DeprecationWarning: The behavior of AcceptValidHeader.best_match is currently being maintained for backward compatibility, but it will be deprecated in the future, as it does not conform to the RFC.
Nov 16 03:17:29.240905 dv-cinder-818037-1-iscsi devstack@c-api.service[108759]: warnings.warn(
Nov 16 03:17:29.243074 dv-cinder-818037-1-iscsi devstack@c-api.service[108760]: /usr/local/lib/python3.8/dist-packages/oslo_context/context.py:105: DeprecationWarning: Policy enforcement is depending on the value of is_admin. This key is deprecated. Please update your policy file to use the standard policy values.
Nov 16 03:17:29.243074 dv-cinder-818037-1-iscsi devstack@c-api.service[108760]: warnings.warn('Policy enforcement is depending on the value of '
Nov 16 03:17:29.246847 dv-cinder-818037-1-iscsi devstack@c-api.service[108759]: DEBUG cinder.api.openstack.wsgi [None req-0b1cf2f2-c985-405f-8495-5554eea295e8 tempest-GroupsTest-1564745003 tempest-GroupsTest-1564745003-project] Calling method 'version_select' {{(pid=108759) _process_stack /opt/stack/cinder/cinder/api/openstack/wsgi.py:856}}
Nov 16 03:17:29.247570 dv-cinder-818037-1-iscsi devstack@c-api.service[108759]: DEBUG cinder.api.v3.groups [None req-0b1cf2f2-c985-405f-8495-5554eea295e8 tempest-GroupsTest-1564745003 tempest-GroupsTest-1564745003-project] show called for member 9cd5195f-96fd-4c11-bb70-93fb65a6a692 {{(pid=108759) show /opt/stack/cinder/cinder/api/v3/groups.py:58}}
Nov 16 03:17:29.269303 dv-cinder-818037-1-iscsi devstack@c-api.service[108759]: /usr/local/lib/python3.8/dist-packages/oslo_context/context.py:105: DeprecationWarning: Policy enforcement is depending on the value of is_admin. This key is deprecated. Please update your policy file to use the standard policy values.
Nov 16 03:17:29.269303 dv-cinder-818037-1-iscsi devstack@c-api.service[108759]: warnings.warn('Policy enforcement is depending on the value of '
Nov 16 03:17:29.281838 dv-cinder-818037-1-iscsi devstack@c-api.service[108760]: WARNING stevedore.named [None req-7b5c7380-071b-441e-8afb-a6648e082daa tempest-GroupsV314Test-458085358 tempest-GroupsV314Test-458085358-project] Could not load cinder.keymgr.conf_key_mgr.ConfKeyManager
Nov 16 03:17:29.287028 dv-cinder-818037-1-iscsi devstack@c-api.service[108760]: WARNING castellan.key_manager [None req-7b5c7380-071b-441e-8afb-a6648e082daa tempest-GroupsV314Test-458085358 tempest-GroupsV314Test-458085358-project] Deprecation Warning : cinder.keymgr.conf_key_mgr.ConfKeyManager is not a stevedore based driver, trying to load it as a class: stevedore.exception.NoMatches: No 'castellan.drivers' driver found, looking for 'cinder.keymgr.conf_key_mgr.ConfKeyManager'
Nov 16 03:17:29.308810 dv-cinder-818037-1-iscsi devstack@c-api.service[108759]: INFO cinder.api.openstack.wsgi [None req-0b1cf2f2-c985-405f-8495-5554eea295e8 tempest-GroupsTest-1564745003 tempest-GroupsTest-1564745003-project] http://10.222.0.31/volume/v3/24d7bf61135a459f987182c30fb995ac/groups/9cd5195f-96fd-4c11-bb70-93fb65a6a692 returned with HTTP 200
Nov 16 03:17:29.312453 dv-cinder-818037-1-iscsi devstack@c-api.service[108759]: [pid: 108759|app: 0|req: 62/127] 10.222.0.31 () {60 vars in 1362 bytes} [Tue Nov 16 03:17:29 2021] GET /volume/v3/24d7bf61135a459f987182c30fb995ac/groups/9cd5195f-96fd-4c11-bb70-93fb65a6a692 => generated 331 bytes in 83 msecs (HTTP/1.1 200) 7 headers in 286 bytes (1 switches on core 0)
Nov 16 03:17:29.354401 dv-cinder-818037-1-iscsi devstack@c-api.service[108760]: DEBUG oslo_db.sqlalchemy.engines [None req-7b5c7380-071b-441e-8afb-a6648e082daa tempest-GroupsV314Test-458085358 tempest-GroupsV314Test-458085358-project] MySQL server mode set to STRICT_TRANS_TABLES,STRICT_ALL_TABLES,NO_ZERO_IN_DATE,NO_ZERO_DATE,ERROR_FOR_DIVISION_BY_ZERO,TRADITIONAL,NO_ENGINE_SUBSTITUTION {{(pid=108760) _check_effective_sql_mode /usr/local/lib/python3.8/dist-packages/oslo_db/sqlalchemy/engines.py:314}}
Nov 16 03:17:29.376725 dv-cinder-818037-1-iscsi devstack@c-api.service[108760]: /usr/local/lib/python3.8/dist-packages/oslo_context/context.py:105: DeprecationWarning: Policy enforcement is depending on the value of is_admin. This key is deprecated. Please update your policy file to use the standard policy values.
Nov 16 03:17:29.376725 dv-cinder-818037-1-iscsi devstack@c-api.service[108760]: warnings.warn('Policy enforcement is depending on the value of '
Nov 16 03:17:29.430644 dv-cinder-818037-1-iscsi devstack@c-api.service[108760]: INFO cinder.api.openstack.wsgi [None req-7b5c7380-071b-441e-8afb-a6648e082daa tempest-GroupsV314Test-458085358 tempest-GroupsV314Test-458085358-project] http://10.222.0.31/volume/v3/12f98077e5004f4e9b87c0c322eab5d9/volumes/detail returned with HTTP 200
Nov 16 03:17:29.447412 dv-cinder-818037-1-iscsi devstack@c-api.service[108760]: [pid: 108760|app: 0|req: 66/128] 10.222.0.31 () {60 vars in 1275 bytes} [Tue Nov 16 03:17:29 2021] GET /volume/v3/12f98077e5004f4e9b87c0c322eab5d9/volumes/detail => generated 1974 bytes in 401 msecs (HTTP/1.1 200) 7 headers in 287 bytes (1 switches on core 0)
Nov 16 03:17:29.471270 dv-cinder-818037-1-iscsi devstack@c-api.service[108759]: INFO cinder.api.openstack.wsgi [None req-c21d6ad2-6a76-4c03-839e-32a305e4f9e1 tempest-GroupsV314Test-458085358 tempest-GroupsV314Test-458085358-project] POST http://10.222.0.31/volume/v3/12f98077e5004f4e9b87c0c322eab5d9/groups/f2d6eb49-ef44-44c2-9741-854dfb70d572/action
Nov 16 03:17:29.471947 dv-cinder-818037-1-iscsi devstack@c-api.service[108759]: /usr/local/lib/python3.8/dist-packages/webob/acceptparse.py:1047: DeprecationWarning: The behavior of AcceptValidHeader.best_match is currently being maintained for backward compatibility, but it will be deprecated in the future, as it does not conform to the RFC.
Nov 16 03:17:29.471947 dv-cinder-818037-1-iscsi devstack@c-api.service[108759]: warnings.warn(
Nov 16 03:17:29.472464 dv-cinder-818037-1-iscsi devstack@c-api.service[108759]: DEBUG cinder.api.openstack.wsgi [None req-c21d6ad2-6a76-4c03-839e-32a305e4f9e1 tempest-GroupsV314Test-458085358 tempest-GroupsV314Test-458085358-project] Action body: b'{"delete": {"delete-volumes": true}}' {{(pid=108759) get_method /opt/stack/cinder/cinder/api/openstack/wsgi.py:971}}
Nov 16 03:17:29.472857 dv-cinder-818037-1-iscsi devstack@c-api.service[108759]: DEBUG cinder.api.openstack.wsgi [None req-c21d6ad2-6a76-4c03-839e-32a305e4f9e1 tempest-GroupsV314Test-458085358 tempest-GroupsV314Test-458085358-project] Action: 'action', calling method: delete_group, body: {"delete": {"delete-volumes": true}} {{(pid=108759) _process_stack /opt/stack/cinder/cinder/api/openstack/wsgi.py:854}}
Nov 16 03:17:29.473809 dv-cinder-818037-1-iscsi devstack@c-api.service[108759]: DEBUG cinder.api.v3.groups [None req-c21d6ad2-6a76-4c03-839e-32a305e4f9e1 tempest-GroupsV314Test-458085358 tempest-GroupsV314Test-458085358-project] delete called for group f2d6eb49-ef44-44c2-9741-854dfb70d572 {{(pid=108759) _delete /opt/stack/cinder/cinder/api/v3/groups.py:117}}
Nov 16 03:17:29.474100 dv-cinder-818037-1-iscsi devstack@c-api.service[108759]: INFO cinder.api.v3.groups [None req-c21d6ad2-6a76-4c03-839e-32a305e4f9e1 tempest-GroupsV314Test-458085358 tempest-GroupsV314Test-458085358-project] Delete group with id: f2d6eb49-ef44-44c2-9741-854dfb70d572
Nov 16 03:17:29.491520 dv-cinder-818037-1-iscsi devstack@c-api.service[108759]: /usr/local/lib/python3.8/dist-packages/oslo_context/context.py:105: DeprecationWarning: Policy enforcement is depending on the value of is_admin. This key is deprecated. Please update your policy file to use the standard policy values.
Nov 16 03:17:29.491520 dv-cinder-818037-1-iscsi devstack@c-api.service[108759]: warnings.warn('Policy enforcement is depending on the value of '
Nov 16 03:17:29.644315 dv-cinder-818037-1-iscsi devstack@c-api.service[108759]: INFO cinder.api.openstack.wsgi [None req-c21d6ad2-6a76-4c03-839e-32a305e4f9e1 tempest-GroupsV314Test-458085358 tempest-GroupsV314Test-458085358-project] http://10.222.0.31/volume/v3/12f98077e5004f4e9b87c0c322eab5d9/groups/f2d6eb49-ef44-44c2-9741-854dfb70d572/action returned with HTTP 202
Nov 16 03:17:29.648892 dv-cinder-818037-1-iscsi devstack@c-api.service[108759]: [pid: 108759|app: 0|req: 63/129] 10.222.0.31 () {62 vars in 1404 bytes} [Tue Nov 16 03:17:29 2021] POST /volume/v3/12f98077e5004f4e9b87c0c322eab5d9/groups/f2d6eb49-ef44-44c2-9741-854dfb70d572/action => generated 0 bytes in 184 msecs (HTTP/1.1 202) 6 headers in 234 bytes (1 switches on core 0)
Nov 16 03:17:29.656604 dv-cinder-818037-1-iscsi devstack@c-api.service[108760]: INFO cinder.api.openstack.wsgi [None req-5bf485d5-8f45-4dfe-9b50-52ff5ab15549 tempest-GroupsV314Test-458085358 tempest-GroupsV314Test-458085358-project] GET http://10.222.0.31/volume/v3/12f98077e5004f4e9b87c0c322eab5d9/volumes/f3d3ec79-360d-492a-be32-753ca6a46333
Nov 16 03:17:29.657284 dv-cinder-818037-1-iscsi devstack@c-api.service[108760]: DEBUG cinder.api.openstack.wsgi [None req-5bf485d5-8f45-4dfe-9b50-52ff5ab15549 tempest-GroupsV314Test-458085358 tempest-GroupsV314Test-458085358-project] Empty body provided in request {{(pid=108760) get_body /opt/stack/cinder/cinder/api/openstack/wsgi.py:703}}
Nov 16 03:17:29.657284 dv-cinder-818037-1-iscsi devstack@c-api.service[108760]: /usr/local/lib/python3.8/dist-packages/webob/acceptparse.py:1047: DeprecationWarning: The behavior of AcceptValidHeader.best_match is currently being maintained for backward compatibility, but it will be deprecated in the future, as it does not conform to the RFC.
Nov 16 03:17:29.657284 dv-cinder-818037-1-iscsi devstack@c-api.service[108760]: warnings.warn(
Nov 16 03:17:29.657632 dv-cinder-818037-1-iscsi devstack@c-api.service[108760]: DEBUG cinder.api.openstack.wsgi [None req-5bf485d5-8f45-4dfe-9b50-52ff5ab15549 tempest-GroupsV314Test-458085358 tempest-GroupsV314Test-458085358-project] Calling method 'show' {{(pid=108760) _process_stack /opt/stack/cinder/cinder/api/openstack/wsgi.py:856}}
Nov 16 03:17:29.678396 dv-cinder-818037-1-iscsi devstack@c-api.service[108760]: /usr/local/lib/python3.8/dist-packages/oslo_context/context.py:105: DeprecationWarning: Policy enforcement is depending on the value of is_admin. This key is deprecated. Please update your policy file to use the standard policy values.
Nov 16 03:17:29.678396 dv-cinder-818037-1-iscsi devstack@c-api.service[108760]: warnings.warn('Policy enforcement is depending on the value of '
Nov 16 03:17:29.689295 dv-cinder-818037-1-iscsi devstack@c-api.service[108760]: INFO cinder.volume.api [None req-5bf485d5-8f45-4dfe-9b50-52ff5ab15549 tempest-GroupsV314Test-458085358 tempest-GroupsV314Test-458085358-project] Volume info retrieved successfully.
Nov 16 03:17:29.691191 dv-cinder-818037-1-iscsi devstack@c-api.service[108760]: WARNING stevedore.named [None req-5bf485d5-8f45-4dfe-9b50-52ff5ab15549 tempest-GroupsV314Test-458085358 tempest-GroupsV314Test-458085358-project] Could not load cinder.keymgr.conf_key_mgr.ConfKeyManager
Nov 16 03:17:29.692004 dv-cinder-818037-1-iscsi devstack@c-api.service[108760]: WARNING castellan.key_manager [None req-5bf485d5-8f45-4dfe-9b50-52ff5ab15549 tempest-GroupsV314Test-458085358 tempest-GroupsV314Test-458085358-project] Deprecation Warning : cinder.keymgr.conf_key_mgr.ConfKeyManager is not a stevedore based driver, trying to load it as a class: stevedore.exception.NoMatches: No 'castellan.drivers' driver found, looking for 'cinder.keymgr.conf_key_mgr.ConfKeyManager'
Nov 16 03:17:29.701713 dv-cinder-818037-1-iscsi devstack@c-api.service[108760]: DEBUG oslo_db.sqlalchemy.engines [None req-5bf485d5-8f45-4dfe-9b50-52ff5ab15549 tempest-GroupsV314Test-458085358 tempest-GroupsV314Test-458085358-project] MySQL server mode set to STRICT_TRANS_TABLES,STRICT_ALL_TABLES,NO_ZERO_IN_DATE,NO_ZERO_DATE,ERROR_FOR_DIVISION_BY_ZERO,TRADITIONAL,NO_ENGINE_SUBSTITUTION {{(pid=108760) _check_effective_sql_mode /usr/local/lib/python3.8/dist-packages/oslo_db/sqlalchemy/engines.py:314}}
Nov 16 03:17:29.709034 dv-cinder-818037-1-iscsi devstack@c-api.service[108760]: /usr/local/lib/python3.8/dist-packages/oslo_context/context.py:105: DeprecationWarning: Policy enforcement is depending on the value of is_admin. This key is deprecated. Please update your policy file to use the standard policy values.
Nov 16 03:17:29.709034 dv-cinder-818037-1-iscsi devstack@c-api.service[108760]: warnings.warn('Policy enforcement is depending on the value of '
Nov 16 03:17:29.726058 dv-cinder-818037-1-iscsi devstack@c-api.service[108760]: INFO cinder.api.openstack.wsgi [None req-5bf485d5-8f45-4dfe-9b50-52ff5ab15549 tempest-GroupsV314Test-458085358 tempest-GroupsV314Test-458085358-project] http://10.222.0.31/volume/v3/12f98077e5004f4e9b87c0c322eab5d9/volumes/f3d3ec79-360d-492a-be32-753ca6a46333 returned with HTTP 200
Nov 16 03:17:29.727597 dv-cinder-818037-1-iscsi devstack@c-api.service[108760]: [pid: 108760|app: 0|req: 67/130] 10.222.0.31 () {60 vars in 1365 bytes} [Tue Nov 16 03:17:29 2021] GET /volume/v3/12f98077e5004f4e9b87c0c322eab5d9/volumes/f3d3ec79-360d-492a-be32-753ca6a46333 => generated 988 bytes in 78 msecs (HTTP/1.1 200) 7 headers in 286 bytes (1 switches on core 0)
Nov 16 03:17:30.328125 dv-cinder-818037-1-iscsi devstack@c-api.service[108759]: INFO cinder.api.openstack.wsgi [None req-ee9a03ef-4d3f-41da-b3a6-b4a86a833f9a tempest-GroupsTest-1564745003 tempest-GroupsTest-1564745003-project] GET http://10.222.0.31/volume/v3/24d7bf61135a459f987182c30fb995ac/groups/9cd5195f-96fd-4c11-bb70-93fb65a6a692
Nov 16 03:17:30.328702 dv-cinder-818037-1-iscsi devstack@c-api.service[108759]: DEBUG cinder.api.openstack.wsgi [None req-ee9a03ef-4d3f-41da-b3a6-b4a86a833f9a tempest-GroupsTest-1564745003 tempest-GroupsTest-1564745003-project] Empty body provided in request {{(pid=108759) get_body /opt/stack/cinder/cinder/api/openstack/wsgi.py:703}}
Nov 16 03:17:30.328777 dv-cinder-818037-1-iscsi devstack@c-api.service[108759]: /usr/local/lib/python3.8/dist-packages/webob/acceptparse.py:1047: DeprecationWarning: The behavior of AcceptValidHeader.best_match is currently being maintained for backward compatibility, but it will be deprecated in the future, as it does not conform to the RFC.
Nov 16 03:17:30.328777 dv-cinder-818037-1-iscsi devstack@c-api.service[108759]: warnings.warn(
Nov 16 03:17:30.329281 dv-cinder-818037-1-iscsi devstack@c-api.service[108759]: DEBUG cinder.api.openstack.wsgi [None req-ee9a03ef-4d3f-41da-b3a6-b4a86a833f9a tempest-GroupsTest-1564745003 tempest-GroupsTest-1564745003-project] Calling method 'version_select' {{(pid=108759) _process_stack /opt/stack/cinder/cinder/api/openstack/wsgi.py:856}}
Nov 16 03:17:30.329770 dv-cinder-818037-1-iscsi devstack@c-api.service[108759]: DEBUG cinder.api.v3.groups [None req-ee9a03ef-4d3f-41da-b3a6-b4a86a833f9a tempest-GroupsTest-1564745003 tempest-GroupsTest-1564745003-project] show called for member 9cd5195f-96fd-4c11-bb70-93fb65a6a692 {{(pid=108759) show /opt/stack/cinder/cinder/api/v3/groups.py:58}}
Nov 16 03:17:30.341820 dv-cinder-818037-1-iscsi devstack@c-api.service[108759]: /usr/local/lib/python3.8/dist-packages/oslo_context/context.py:105: DeprecationWarning: Policy enforcement is depending on the value of is_admin. This key is deprecated. Please update your policy file to use the standard policy values.
Nov 16 03:17:30.341820 dv-cinder-818037-1-iscsi devstack@c-api.service[108759]: warnings.warn('Policy enforcement is depending on the value of '
Nov 16 03:17:30.376585 dv-cinder-818037-1-iscsi devstack@c-api.service[108759]: INFO cinder.api.openstack.wsgi [None req-ee9a03ef-4d3f-41da-b3a6-b4a86a833f9a tempest-GroupsTest-1564745003 tempest-GroupsTest-1564745003-project] http://10.222.0.31/volume/v3/24d7bf61135a459f987182c30fb995ac/groups/9cd5195f-96fd-4c11-bb70-93fb65a6a692 returned with HTTP 200
Nov 16 03:17:30.379153 dv-cinder-818037-1-iscsi devstack@c-api.service[108759]: [pid: 108759|app: 0|req: 64/131] 10.222.0.31 () {60 vars in 1362 bytes} [Tue Nov 16 03:17:30 2021] GET /volume/v3/24d7bf61135a459f987182c30fb995ac/groups/9cd5195f-96fd-4c11-bb70-93fb65a6a692 => generated 332 bytes in 58 msecs (HTTP/1.1 200) 7 headers in 286 bytes (1 switches on core 0)
Nov 16 03:17:30.390812 dv-cinder-818037-1-iscsi devstack@c-api.service[108760]: INFO cinder.api.openstack.wsgi [None req-faf8107e-f6d7-4430-aa39-19935ba358e9 tempest-GroupsTest-1564745003 tempest-GroupsTest-1564745003-project] POST http://10.222.0.31/volume/v3/24d7bf61135a459f987182c30fb995ac/volumes
Nov 16 03:17:30.392035 dv-cinder-818037-1-iscsi devstack@c-api.service[108760]: /usr/local/lib/python3.8/dist-packages/webob/acceptparse.py:1047: DeprecationWarning: The behavior of AcceptValidHeader.best_match is currently being maintained for backward compatibility, but it will be deprecated in the future, as it does not conform to the RFC.
Nov 16 03:17:30.392035 dv-cinder-818037-1-iscsi devstack@c-api.service[108760]: warnings.warn(
Nov 16 03:17:30.392703 dv-cinder-818037-1-iscsi devstack@c-api.service[108760]: DEBUG cinder.api.openstack.wsgi [None req-faf8107e-f6d7-4430-aa39-19935ba358e9 tempest-GroupsTest-1564745003 tempest-GroupsTest-1564745003-project] Action: 'create', calling method: create, body: {"volume": {"volume_type": "414f0885-7689-48da-971c-5146a1a2f941", "group_id": "9cd5195f-96fd-4c11-bb70-93fb65a6a692", "size": 1, "name": "tempest-GroupsTest-Volume-452054840"}} {{(pid=108760) _process_stack /opt/stack/cinder/cinder/api/openstack/wsgi.py:854}}
Nov 16 03:17:30.394120 dv-cinder-818037-1-iscsi devstack@c-api.service[108760]: DEBUG cinder.api.v3.volumes [None req-faf8107e-f6d7-4430-aa39-19935ba358e9 tempest-GroupsTest-1564745003 tempest-GroupsTest-1564745003-project] Create volume request body: {'volume': {'volume_type': '414f0885-7689-48da-971c-5146a1a2f941', 'group_id': '9cd5195f-96fd-4c11-bb70-93fb65a6a692', 'size': 1, 'name': 'tempest-GroupsTest-Volume-452054840'}} {{(pid=108760) create /opt/stack/cinder/cinder/api/v3/volumes.py:298}}
Nov 16 03:17:30.416118 dv-cinder-818037-1-iscsi devstack@c-api.service[108760]: /usr/local/lib/python3.8/dist-packages/oslo_context/context.py:105: DeprecationWarning: Policy enforcement is depending on the value of is_admin. This key is deprecated. Please update your policy file to use the standard policy values.
Nov 16 03:17:30.416118 dv-cinder-818037-1-iscsi devstack@c-api.service[108760]: warnings.warn('Policy enforcement is depending on the value of '
Nov 16 03:17:30.422766 dv-cinder-818037-1-iscsi devstack@c-api.service[108760]: INFO cinder.api.v3.volumes [None req-faf8107e-f6d7-4430-aa39-19935ba358e9 tempest-GroupsTest-1564745003 tempest-GroupsTest-1564745003-project] Create volume of 1 GB
Nov 16 03:17:30.442265 dv-cinder-818037-1-iscsi devstack@c-api.service[108760]: INFO cinder.volume.api [None req-faf8107e-f6d7-4430-aa39-19935ba358e9 tempest-GroupsTest-1564745003 tempest-GroupsTest-1564745003-project] Availability Zones retrieved successfully.
Nov 16 03:17:30.656256 dv-cinder-818037-1-iscsi devstack@c-api.service[108760]: DEBUG cinder.volume.api [None req-faf8107e-f6d7-4430-aa39-19935ba358e9 tempest-GroupsTest-1564745003 tempest-GroupsTest-1564745003-project] Flow 'volume_create_api' (eab0ec40-1e39-4994-96f5-540feddc9b93) transitioned into state 'RUNNING' from state 'PENDING' {{(pid=108760) _flow_receiver /usr/local/lib/python3.8/dist-packages/taskflow/listeners/logging.py:141}}
Nov 16 03:17:30.662553 dv-cinder-818037-1-iscsi devstack@c-api.service[108760]: DEBUG cinder.volume.api [None req-faf8107e-f6d7-4430-aa39-19935ba358e9 tempest-GroupsTest-1564745003 tempest-GroupsTest-1564745003-project] Task 'cinder.volume.flows.api.create_volume.ExtractVolumeRequestTask;volume:create' (612cd5af-34f8-4936-bb42-f98798cc8fb6) transitioned into state 'RUNNING' from state 'PENDING' {{(pid=108760) _task_receiver /usr/local/lib/python3.8/dist-packages/taskflow/listeners/logging.py:190}}
Nov 16 03:17:30.664664 dv-cinder-818037-1-iscsi devstack@c-api.service[108760]: /usr/local/lib/python3.8/dist-packages/oslo_context/context.py:105: DeprecationWarning: Policy enforcement is depending on the value of is_admin. This key is deprecated. Please update your policy file to use the standard policy values.
Nov 16 03:17:30.664664 dv-cinder-818037-1-iscsi devstack@c-api.service[108760]: warnings.warn('Policy enforcement is depending on the value of '
Nov 16 03:17:30.665841 dv-cinder-818037-1-iscsi devstack@c-api.service[108760]: DEBUG cinder.volume.flows.api.create_volume [None req-faf8107e-f6d7-4430-aa39-19935ba358e9 tempest-GroupsTest-1564745003 tempest-GroupsTest-1564745003-project] Validating volume size '1' using validate_int {{(pid=108760) _extract_size /opt/stack/cinder/cinder/volume/flows/api/create_volume.py:225}}
Nov 16 03:17:30.703178 dv-cinder-818037-1-iscsi devstack@c-api.service[108760]: DEBUG cinder.volume.api [None req-faf8107e-f6d7-4430-aa39-19935ba358e9 tempest-GroupsTest-1564745003 tempest-GroupsTest-1564745003-project] Task 'cinder.volume.flows.api.create_volume.ExtractVolumeRequestTask;volume:create' (612cd5af-34f8-4936-bb42-f98798cc8fb6) transitioned into state 'SUCCESS' from state 'RUNNING' with result '{'size': 1, 'snapshot_id': None, 'source_volid': None, 'volume_type': VolumeType(created_at=2021-11-16T03:17:29Z,deleted=False,deleted_at=None,description=None,extra_specs={},id=414f0885-7689-48da-971c-5146a1a2f941,is_public=True,name='tempest-GroupsTest-volume-type-1551265380',projects=[],qos_specs=,qos_specs_id=None,updated_at=None), 'volume_type_id': '414f0885-7689-48da-971c-5146a1a2f941', 'encryption_key_id': None, 'qos_specs': None, 'consistencygroup_id': None, 'cgsnapshot_id': None, 'group_id': '9cd5195f-96fd-4c11-bb70-93fb65a6a692', 'replication_status': 'disabled', 'refresh_az': False, 'backup_id': None, 'multiattach': False, 'availability_zones': ['nova']}' {{(pid=108760) _task_receiver /usr/local/lib/python3.8/dist-packages/taskflow/listeners/logging.py:178}}
Nov 16 03:17:30.705475 dv-cinder-818037-1-iscsi devstack@c-api.service[108760]: DEBUG cinder.volume.api [None req-faf8107e-f6d7-4430-aa39-19935ba358e9 tempest-GroupsTest-1564745003 tempest-GroupsTest-1564745003-project] Task 'cinder.volume.flows.api.create_volume.QuotaReserveTask;volume:create' (b166b928-7902-4e4d-828a-da611ba3f071) transitioned into state 'RUNNING' from state 'PENDING' {{(pid=108760) _task_receiver /usr/local/lib/python3.8/dist-packages/taskflow/listeners/logging.py:190}}
Nov 16 03:17:30.778676 dv-cinder-818037-1-iscsi devstack@c-api.service[108760]: WARNING cinder.quota [None req-faf8107e-f6d7-4430-aa39-19935ba358e9 tempest-GroupsTest-1564745003 tempest-GroupsTest-1564745003-project] Deprecated: Default quota for resource: volumes_tempest-GroupsTest-volume-type-1551265380 is set by the default quota flag: quota_volumes_tempest-GroupsTest-volume-type-1551265380, it is now deprecated. Please use the default quota class for default quota.
Nov 16 03:17:30.779451 dv-cinder-818037-1-iscsi devstack@c-api.service[108760]: WARNING cinder.quota [None req-faf8107e-f6d7-4430-aa39-19935ba358e9 tempest-GroupsTest-1564745003 tempest-GroupsTest-1564745003-project] Deprecated: Default quota for resource: gigabytes_tempest-GroupsTest-volume-type-1551265380 is set by the default quota flag: quota_gigabytes_tempest-GroupsTest-volume-type-1551265380, it is now deprecated. Please use the default quota class for default quota.
Nov 16 03:17:30.911708 dv-cinder-818037-1-iscsi devstack@c-api.service[108760]: DEBUG cinder.quota [None req-faf8107e-f6d7-4430-aa39-19935ba358e9 tempest-GroupsTest-1564745003 tempest-GroupsTest-1564745003-project] Created reservations ['75e4efde-3cb1-4129-ac8b-7cb26cd8efe5', '3e7fb76a-231c-45b3-b3e9-4cf68ebeecf2', '5bcca120-508f-42c1-ae93-b11a27ce170b', 'a67d01ac-aaeb-4d31-91a8-0f01d044ae47'] {{(pid=108760) reserve /opt/stack/cinder/cinder/quota.py:755}}
Nov 16 03:17:30.915156 dv-cinder-818037-1-iscsi devstack@c-api.service[108760]: DEBUG cinder.volume.api [None req-faf8107e-f6d7-4430-aa39-19935ba358e9 tempest-GroupsTest-1564745003 tempest-GroupsTest-1564745003-project] Task 'cinder.volume.flows.api.create_volume.QuotaReserveTask;volume:create' (b166b928-7902-4e4d-828a-da611ba3f071) transitioned into state 'SUCCESS' from state 'RUNNING' with result '{'reservations': ['75e4efde-3cb1-4129-ac8b-7cb26cd8efe5', '3e7fb76a-231c-45b3-b3e9-4cf68ebeecf2', '5bcca120-508f-42c1-ae93-b11a27ce170b', 'a67d01ac-aaeb-4d31-91a8-0f01d044ae47']}' {{(pid=108760) _task_receiver /usr/local/lib/python3.8/dist-packages/taskflow/listeners/logging.py:178}}
Nov 16 03:17:30.919840 dv-cinder-818037-1-iscsi devstack@c-api.service[108760]: DEBUG cinder.volume.api [None req-faf8107e-f6d7-4430-aa39-19935ba358e9 tempest-GroupsTest-1564745003 tempest-GroupsTest-1564745003-project] Task 'cinder.volume.flows.api.create_volume.EntryCreateTask;volume:create' (50547c33-7991-4e8b-8b54-4e0158c119a4) transitioned into state 'RUNNING' from state 'PENDING' {{(pid=108760) _task_receiver /usr/local/lib/python3.8/dist-packages/taskflow/listeners/logging.py:190}}
Nov 16 03:17:30.965251 dv-cinder-818037-1-iscsi devstack@c-api.service[108760]: DEBUG cinder.volume.api [None req-faf8107e-f6d7-4430-aa39-19935ba358e9 tempest-GroupsTest-1564745003 tempest-GroupsTest-1564745003-project] Task 'cinder.volume.flows.api.create_volume.EntryCreateTask;volume:create' (50547c33-7991-4e8b-8b54-4e0158c119a4) transitioned into state 'SUCCESS' from state 'RUNNING' with result '{'volume_id': '14094d8d-d307-4b30-89a5-726fee56999f', 'volume_properties': VolumeProperties(attach_status='detached',availability_zone='nova',cgsnapshot_id=None,consistencygroup_id=None,display_description=None,display_name='tempest-GroupsTest-Volume-452054840',encryption_key_id=None,group_id=9cd5195f-96fd-4c11-bb70-93fb65a6a692,group_type_id=,metadata={},multiattach=False,project_id='24d7bf61135a459f987182c30fb995ac',qos_specs=None,replication_status=,reservations=['75e4efde-3cb1-4129-ac8b-7cb26cd8efe5','3e7fb76a-231c-45b3-b3e9-4cf68ebeecf2','5bcca120-508f-42c1-ae93-b11a27ce170b','a67d01ac-aaeb-4d31-91a8-0f01d044ae47'],size=1,snapshot_id=None,source_replicaid=,source_volid=None,status='creating',user_id='e28dc2c404e344c192ff6a49f02f0b61',volume_type_id=414f0885-7689-48da-971c-5146a1a2f941), 'volume': Volume(_name_id=None,admin_metadata=,attach_status='detached',availability_zone='nova',bootable=False,cluster=,cluster_name=None,consistencygroup=,consistencygroup_id=None,created_at=2021-11-16T03:17:30Z,deleted=False,deleted_at=None,display_description=None,display_name='tempest-GroupsTest-Volume-452054840',ec2_id=None,encryption_key_id=None,glance_metadata=,group=,group_id=9cd5195f-96fd-4c11-bb70-93fb65a6a692,host=None,id=14094d8d-d307-4b30-89a5-726fee56999f,launched_at=None,metadata={},migration_status=None,multiattach=False,previous_status=None,project_id='24d7bf61135a459f987182c30fb995ac',provider_auth=None,provider_geometry=None,provider_id=None,provider_location=None,replication_driver_data=None,replication_extended_status=None,replication_status=None,scheduled_at=None,service_uuid=None,shared_targets=True,size=1,snapshot_id=None,snapshots=,source_volid=None,status='creating',terminated_at=None,updated_at=None,use_quota=True,user_id='e28dc2c404e344c192ff6a49f02f0b61',volume_attachment=VolumeAttachmentList,volume_type=VolumeType(414f0885-7689-48da-971c-5146a1a2f941),volume_type_id=414f0885-7689-48da-971c-5146a1a2f941)}' {{(pid=108760) _task_receiver /usr/local/lib/python3.8/dist-packages/taskflow/listeners/logging.py:178}}
Nov 16 03:17:30.970192 dv-cinder-818037-1-iscsi devstack@c-api.service[108760]: DEBUG cinder.volume.api [None req-faf8107e-f6d7-4430-aa39-19935ba358e9 tempest-GroupsTest-1564745003 tempest-GroupsTest-1564745003-project] Task 'cinder.volume.flows.api.create_volume.QuotaCommitTask;volume:create' (c83032a6-49dd-439e-9c9e-123020f3440e) transitioned into state 'RUNNING' from state 'PENDING' {{(pid=108760) _task_receiver /usr/local/lib/python3.8/dist-packages/taskflow/listeners/logging.py:190}}
Nov 16 03:17:31.015514 dv-cinder-818037-1-iscsi devstack@c-api.service[108760]: DEBUG cinder.volume.api [None req-faf8107e-f6d7-4430-aa39-19935ba358e9 tempest-GroupsTest-1564745003 tempest-GroupsTest-1564745003-project] Task 'cinder.volume.flows.api.create_volume.QuotaCommitTask;volume:create' (c83032a6-49dd-439e-9c9e-123020f3440e) transitioned into state 'SUCCESS' from state 'RUNNING' with result '{'volume_properties': VolumeProperties(attach_status='detached',availability_zone='nova',cgsnapshot_id=None,consistencygroup_id=None,display_description=None,display_name='tempest-GroupsTest-Volume-452054840',encryption_key_id=None,group_id=9cd5195f-96fd-4c11-bb70-93fb65a6a692,group_type_id=,metadata={},multiattach=False,project_id='24d7bf61135a459f987182c30fb995ac',qos_specs=None,replication_status=,reservations=['75e4efde-3cb1-4129-ac8b-7cb26cd8efe5','3e7fb76a-231c-45b3-b3e9-4cf68ebeecf2','5bcca120-508f-42c1-ae93-b11a27ce170b','a67d01ac-aaeb-4d31-91a8-0f01d044ae47'],size=1,snapshot_id=None,source_replicaid=,source_volid=None,status='creating',user_id='e28dc2c404e344c192ff6a49f02f0b61',volume_type_id=414f0885-7689-48da-971c-5146a1a2f941)}' {{(pid=108760) _task_receiver /usr/local/lib/python3.8/dist-packages/taskflow/listeners/logging.py:178}}
Nov 16 03:17:31.018256 dv-cinder-818037-1-iscsi devstack@c-api.service[108760]: DEBUG cinder.volume.api [None req-faf8107e-f6d7-4430-aa39-19935ba358e9 tempest-GroupsTest-1564745003 tempest-GroupsTest-1564745003-project] Task 'cinder.volume.flows.api.create_volume.VolumeCastTask;volume:create' (1bce8dd5-958e-4747-967e-ca755ffaaf96) transitioned into state 'RUNNING' from state 'PENDING' {{(pid=108760) _task_receiver /usr/local/lib/python3.8/dist-packages/taskflow/listeners/logging.py:190}}
Nov 16 03:17:31.048237 dv-cinder-818037-1-iscsi devstack@c-api.service[108760]: DEBUG cinder.volume.api [None req-faf8107e-f6d7-4430-aa39-19935ba358e9 tempest-GroupsTest-1564745003 tempest-GroupsTest-1564745003-project] Task 'cinder.volume.flows.api.create_volume.VolumeCastTask;volume:create' (1bce8dd5-958e-4747-967e-ca755ffaaf96) transitioned into state 'SUCCESS' from state 'RUNNING' with result 'None' {{(pid=108760) _task_receiver /usr/local/lib/python3.8/dist-packages/taskflow/listeners/logging.py:178}}
Nov 16 03:17:31.051960 dv-cinder-818037-1-iscsi devstack@c-api.service[108760]: DEBUG cinder.volume.api [None req-faf8107e-f6d7-4430-aa39-19935ba358e9 tempest-GroupsTest-1564745003 tempest-GroupsTest-1564745003-project] Flow 'volume_create_api' (eab0ec40-1e39-4994-96f5-540feddc9b93) transitioned into state 'SUCCESS' from state 'RUNNING' {{(pid=108760) _flow_receiver /usr/local/lib/python3.8/dist-packages/taskflow/listeners/logging.py:141}}
Nov 16 03:17:31.053600 dv-cinder-818037-1-iscsi devstack@c-api.service[108760]: INFO cinder.volume.api [None req-faf8107e-f6d7-4430-aa39-19935ba358e9 tempest-GroupsTest-1564745003 tempest-GroupsTest-1564745003-project] Create volume request issued successfully.
Nov 16 03:17:31.055446 dv-cinder-818037-1-iscsi devstack@c-api.service[108760]: WARNING stevedore.named [None req-faf8107e-f6d7-4430-aa39-19935ba358e9 tempest-GroupsTest-1564745003 tempest-GroupsTest-1564745003-project] Could not load cinder.keymgr.conf_key_mgr.ConfKeyManager
Nov 16 03:17:31.056026 dv-cinder-818037-1-iscsi devstack@c-api.service[108760]: WARNING castellan.key_manager [None req-faf8107e-f6d7-4430-aa39-19935ba358e9 tempest-GroupsTest-1564745003 tempest-GroupsTest-1564745003-project] Deprecation Warning : cinder.keymgr.conf_key_mgr.ConfKeyManager is not a stevedore based driver, trying to load it as a class: stevedore.exception.NoMatches: No 'castellan.drivers' driver found, looking for 'cinder.keymgr.conf_key_mgr.ConfKeyManager'
Nov 16 03:17:31.066166 dv-cinder-818037-1-iscsi devstack@c-api.service[108760]: DEBUG oslo_db.sqlalchemy.engines [None req-faf8107e-f6d7-4430-aa39-19935ba358e9 tempest-GroupsTest-1564745003 tempest-GroupsTest-1564745003-project] MySQL server mode set to STRICT_TRANS_TABLES,STRICT_ALL_TABLES,NO_ZERO_IN_DATE,NO_ZERO_DATE,ERROR_FOR_DIVISION_BY_ZERO,TRADITIONAL,NO_ENGINE_SUBSTITUTION {{(pid=108760) _check_effective_sql_mode /usr/local/lib/python3.8/dist-packages/oslo_db/sqlalchemy/engines.py:314}}
Nov 16 03:17:31.092178 dv-cinder-818037-1-iscsi devstack@c-api.service[108760]: /usr/local/lib/python3.8/dist-packages/oslo_context/context.py:105: DeprecationWarning: Policy enforcement is depending on the value of is_admin. This key is deprecated. Please update your policy file to use the standard policy values.
Nov 16 03:17:31.092178 dv-cinder-818037-1-iscsi devstack@c-api.service[108760]: warnings.warn('Policy enforcement is depending on the value of '
Nov 16 03:17:31.105932 dv-cinder-818037-1-iscsi devstack@c-api.service[108760]: INFO cinder.api.openstack.wsgi [None req-faf8107e-f6d7-4430-aa39-19935ba358e9 tempest-GroupsTest-1564745003 tempest-GroupsTest-1564745003-project] http://10.222.0.31/volume/v3/24d7bf61135a459f987182c30fb995ac/volumes returned with HTTP 202
Nov 16 03:17:31.107060 dv-cinder-818037-1-iscsi devstack@c-api.service[108760]: [pid: 108760|app: 0|req: 68/132] 10.222.0.31 () {62 vars in 1276 bytes} [Tue Nov 16 03:17:30 2021] POST /volume/v3/24d7bf61135a459f987182c30fb995ac/volumes => generated 891 bytes in 721 msecs (HTTP/1.1 202) 7 headers in 292 bytes (2 switches on core 0)
Nov 16 03:17:31.112764 dv-cinder-818037-1-iscsi devstack@c-api.service[108760]: INFO cinder.api.openstack.wsgi [None req-f8dc14a6-d0e8-49aa-b18a-e435725087e4 tempest-GroupsV314Test-458085358 tempest-GroupsV314Test-458085358-project] GET http://10.222.0.31/volume/v3/12f98077e5004f4e9b87c0c322eab5d9/volumes/f3d3ec79-360d-492a-be32-753ca6a46333
Nov 16 03:17:31.113294 dv-cinder-818037-1-iscsi devstack@c-api.service[108760]: DEBUG cinder.api.openstack.wsgi [None req-f8dc14a6-d0e8-49aa-b18a-e435725087e4 tempest-GroupsV314Test-458085358 tempest-GroupsV314Test-458085358-project] Empty body provided in request {{(pid=108760) get_body /opt/stack/cinder/cinder/api/openstack/wsgi.py:703}}
Nov 16 03:17:31.113559 dv-cinder-818037-1-iscsi devstack@c-api.service[108760]: /usr/local/lib/python3.8/dist-packages/webob/acceptparse.py:1047: DeprecationWarning: The behavior of AcceptValidHeader.best_match is currently being maintained for backward compatibility, but it will be deprecated in the future, as it does not conform to the RFC.
