Nov 13 07:31:32.233079 dv-cinder-817832-1-smb neutron-server[82811]: DEBUG neutron.quota.resource [req-8dc4f1a6-3fc5-4bfd-8dc4-f56cb68753cc req-421d1943-2df4-4108-8fda-31aa216298fe tempest-DeleteServersTestJSON-975273174 tempest-DeleteServersTestJSON-975273174-project] Synchronizing usage tracker for tenant:1269f5a12e4f40e5ba7ba82d925d5c86 on resource:security_group {{(pid=82811) resync /opt/stack/neutron/neutron/quota/resource.py:241}}
Nov 13 07:31:32.286485 dv-cinder-817832-1-smb neutron-server[82811]: DEBUG neutron.plugins.ml2.drivers.mech_agent [req-31f82055-990e-488b-89c1-d218522017c9 req-be3c25d9-767a-4fe7-bd73-8cf356f12620 service neutron] Port 7feb61ed-1f5d-47f6-99df-fc9b92b3f60a on network c086dbfe-3975-4dc7-ba75-b459e44d4351 not bound, no agent of type Open vSwitch agent registered on host hv-cinder-81783 {{(pid=82811) bind_port /opt/stack/neutron/neutron/plugins/ml2/drivers/mech_agent.py:97}}
Nov 13 07:31:32.287012 dv-cinder-817832-1-smb neutron-server[82811]: DEBUG neutron.plugins.ml2.drivers.mech_agent [req-31f82055-990e-488b-89c1-d218522017c9 req-be3c25d9-767a-4fe7-bd73-8cf356f12620 service neutron] Attempting to bind port 7feb61ed-1f5d-47f6-99df-fc9b92b3f60a on network c086dbfe-3975-4dc7-ba75-b459e44d4351 {{(pid=82811) bind_port /opt/stack/neutron/neutron/plugins/ml2/drivers/mech_agent.py:85}}
Nov 13 07:31:32.302482 dv-cinder-817832-1-smb neutron-server[82811]: DEBUG neutron.quota.resource [req-8dc4f1a6-3fc5-4bfd-8dc4-f56cb68753cc req-421d1943-2df4-4108-8fda-31aa216298fe tempest-DeleteServersTestJSON-975273174 tempest-DeleteServersTestJSON-975273174-project] Unset dirty status for tenant:1269f5a12e4f40e5ba7ba82d925d5c86 on resource:security_group {{(pid=82811) _resync /opt/stack/neutron/neutron/quota/resource.py:233}}
Nov 13 07:31:32.303682 dv-cinder-817832-1-smb neutron-server[82811]: INFO neutron.wsgi [req-8dc4f1a6-3fc5-4bfd-8dc4-f56cb68753cc req-421d1943-2df4-4108-8fda-31aa216298fe tempest-DeleteServersTestJSON-975273174 tempest-DeleteServersTestJSON-975273174-project] 10.222.0.15 "GET /v2.0/security-groups?id=f8bccdf4-248f-473d-b600-2045323f61da&fields=id&fields=name HTTP/1.1" status: 200 len: 286 time: 0.4841301
Nov 13 07:31:32.313234 dv-cinder-817832-1-smb neutron-server[82811]: DEBUG neutron.plugins.ml2.drivers.mech_agent [req-31f82055-990e-488b-89c1-d218522017c9 req-be3c25d9-767a-4fe7-bd73-8cf356f12620 service neutron] Checking agent: {'id': '76d2e4ce-a9c0-4ac3-a3c3-986b44653d2f', 'agent_type': 'HyperV agent', 'binary': 'neutron-hyperv-agent', 'topic': 'N/A', 'host': 'hv-cinder-81783', 'admin_state_up': True, 'created_at': datetime.datetime(2021, 11, 13, 7, 29, 5), 'started_at': datetime.datetime(2021, 11, 13, 7, 29, 5), 'heartbeat_timestamp': datetime.datetime(2021, 11, 13, 7, 31, 5), 'description': None, 'resources_synced': None, 'availability_zone': None, 'alive': True, 'configurations': {'vswitch_mappings': {'physnet1$': 'br-data'}}, 'resource_versions': {}} {{(pid=82811) bind_port /opt/stack/neutron/neutron/plugins/ml2/drivers/mech_agent.py:104}}
Nov 13 07:31:32.313234 dv-cinder-817832-1-smb neutron-server[82811]: DEBUG neutron.plugins.ml2.drivers.mech_agent [req-31f82055-990e-488b-89c1-d218522017c9 req-be3c25d9-767a-4fe7-bd73-8cf356f12620 service neutron] Checking segment: {'id': '603b8692-10c9-4806-8038-94c50525615a', 'network_type': 'vlan', 'physical_network': 'physnet1', 'segmentation_id': 422, 'network_id': 'c086dbfe-3975-4dc7-ba75-b459e44d4351'} for mappings: {'physnet1$': 'br-data'} with network types: ['local', 'flat', 'vlan'] {{(pid=82811) check_segment_for_agent /opt/stack/neutron/neutron/plugins/ml2/drivers/mech_agent.py:340}}
Nov 13 07:31:32.313234 dv-cinder-817832-1-smb neutron-server[82811]: DEBUG neutron.plugins.ml2.drivers.mech_agent [req-31f82055-990e-488b-89c1-d218522017c9 req-be3c25d9-767a-4fe7-bd73-8cf356f12620 service neutron] Bound using segment: {'id': '603b8692-10c9-4806-8038-94c50525615a', 'network_type': 'vlan', 'physical_network': 'physnet1', 'segmentation_id': 422, 'network_id': 'c086dbfe-3975-4dc7-ba75-b459e44d4351'} {{(pid=82811) bind_port /opt/stack/neutron/neutron/plugins/ml2/drivers/mech_agent.py:114}}
Nov 13 07:31:32.313234 dv-cinder-817832-1-smb neutron-server[82811]: DEBUG neutron.plugins.ml2.managers [req-31f82055-990e-488b-89c1-d218522017c9 req-be3c25d9-767a-4fe7-bd73-8cf356f12620 service neutron] Bound port: 7feb61ed-1f5d-47f6-99df-fc9b92b3f60a, host: hv-cinder-81783, vif_type: hyperv, vif_details: {"connectivity": "legacy", "port_filter": false}, binding_levels: [{'bound_driver': 'hyperv', 'bound_segment': {'id': '603b8692-10c9-4806-8038-94c50525615a', 'network_type': 'vlan', 'physical_network': 'physnet1', 'segmentation_id': 422, 'network_id': 'c086dbfe-3975-4dc7-ba75-b459e44d4351'}}] {{(pid=82811) _bind_port_level /opt/stack/neutron/neutron/plugins/ml2/managers.py:928}}
Nov 13 07:31:32.313607 dv-cinder-817832-1-smb neutron-server[82811]: DEBUG neutron_lib.callbacks.manager [req-31f82055-990e-488b-89c1-d218522017c9 req-be3c25d9-767a-4fe7-bd73-8cf356f12620 service neutron] Notify callbacks ['neutron.plugins.ml2.plugin.SecurityGroupDbMixin._ensure_default_security_group_handler-1303346'] for port, before_update {{(pid=82811) _notify_loop /usr/local/lib/python3.8/dist-packages/neutron_lib/callbacks/manager.py:192}}
Nov 13 07:31:32.361767 dv-cinder-817832-1-smb neutron-server[82812]: DEBUG neutron_lib.callbacks.manager [None req-431ef44e-ae36-4388-a294-ecdb7662d416 admin admin] Notify callbacks [] for security_group, before_delete {{(pid=82812) _notify_loop /usr/local/lib/python3.8/dist-packages/neutron_lib/callbacks/manager.py:192}}
Nov 13 07:31:32.364033 dv-cinder-817832-1-smb neutron-server[82812]: DEBUG neutron.plugins.ml2.db [req-fdd1398f-6e86-4af2-8c2d-6861507060b2 req-dc4f9e33-12b3-416f-b130-9cbfcb607264 service neutron] For port bb2248d0-d13f-41a2-8319-be82e1b62723, host hv-cinder-81783, cleared binding levels {{(pid=82812) clear_binding_levels /opt/stack/neutron/neutron/plugins/ml2/db.py:87}}
Nov 13 07:31:32.464221 dv-cinder-817832-1-smb neutron-server[82812]: DEBUG neutron_lib.callbacks.manager [None req-431ef44e-ae36-4388-a294-ecdb7662d416 admin admin] Notify callbacks [] for security_group, precommit_delete {{(pid=82812) _notify_loop /usr/local/lib/python3.8/dist-packages/neutron_lib/callbacks/manager.py:192}}
Nov 13 07:31:32.541688 dv-cinder-817832-1-smb neutron-server[82811]: DEBUG neutron.plugins.ml2.db [req-31f82055-990e-488b-89c1-d218522017c9 req-be3c25d9-767a-4fe7-bd73-8cf356f12620 service neutron] For port 7feb61ed-1f5d-47f6-99df-fc9b92b3f60a, host hv-cinder-81783, cleared binding levels {{(pid=82811) clear_binding_levels /opt/stack/neutron/neutron/plugins/ml2/db.py:87}}
Nov 13 07:31:32.552519 dv-cinder-817832-1-smb neutron-server[82811]: DEBUG neutron.plugins.ml2.db [req-31f82055-990e-488b-89c1-d218522017c9 req-be3c25d9-767a-4fe7-bd73-8cf356f12620 service neutron] For port 7feb61ed-1f5d-47f6-99df-fc9b92b3f60a, host hv-cinder-81783, set binding levels [PortBindingLevel(driver='hyperv',host='hv-cinder-81783',level=0,port_id=7feb61ed-1f5d-47f6-99df-fc9b92b3f60a,segment=NetworkSegment(603b8692-10c9-4806-8038-94c50525615a),segment_id=603b8692-10c9-4806-8038-94c50525615a)] {{(pid=82811) set_binding_levels /opt/stack/neutron/neutron/plugins/ml2/db.py:59}}
Nov 13 07:31:32.563765 dv-cinder-817832-1-smb neutron-server[82811]: DEBUG neutron_lib.callbacks.manager [req-31f82055-990e-488b-89c1-d218522017c9 req-be3c25d9-767a-4fe7-bd73-8cf356f12620 service neutron] Notify callbacks ['neutron.plugins.ml2.plugin.SecurityGroupServerNotifierRpcMixin.notify_sg_on_port_change-1303390', 'neutron.plugins.ml2.ovo_rpc._ObjectChangeHandler.handle_event-251176', 'neutron.api.rpc.agentnotifiers.dhcp_rpc_agent_api.DhcpAgentNotifyAPI._native_event_send_dhcp_notification-1975339', 'neutron.db.l3_db.L3RpcNotifierMixin._notify_gateway_port_ip_changed-8779813467127', 'neutron.db.l3_dvrscheduler_db._notify_l3_agent_port_update-8779813075833', 'neutron.db.l3_hascheduler_db._notify_l3_agent_ha_port_update-8779813075878'] for port, after_update {{(pid=82811) _notify_loop /usr/local/lib/python3.8/dist-packages/neutron_lib/callbacks/manager.py:192}}
Nov 13 07:31:32.567844 dv-cinder-817832-1-smb neutron-server[82812]: DEBUG neutron.plugins.ml2.db [req-fdd1398f-6e86-4af2-8c2d-6861507060b2 req-dc4f9e33-12b3-416f-b130-9cbfcb607264 service neutron] For port bb2248d0-d13f-41a2-8319-be82e1b62723, host hv-cinder-81783, set binding levels [PortBindingLevel(driver='hyperv',host='hv-cinder-81783',level=0,port_id=bb2248d0-d13f-41a2-8319-be82e1b62723,segment=NetworkSegment(a2e74aa7-ab69-40ee-8496-00215e06a8d7),segment_id=a2e74aa7-ab69-40ee-8496-00215e06a8d7)] {{(pid=82812) set_binding_levels /opt/stack/neutron/neutron/plugins/ml2/db.py:59}}
Nov 13 07:31:32.571350 dv-cinder-817832-1-smb neutron-server[82811]: DEBUG oslo_concurrency.lockutils [None req-f3483acd-7b20-47a3-aa0b-0767193d0b64 tempest-DeleteServersTestJSON-975273174 tempest-DeleteServersTestJSON-975273174-project] Lock "event-dispatch" acquired by "neutron.plugins.ml2.ovo_rpc._ObjectChangeHandler.dispatch_events" :: waited 0.000s {{(pid=82811) inner /usr/local/lib/python3.8/dist-packages/oslo_concurrency/lockutils.py:355}}
Nov 13 07:31:32.579665 dv-cinder-817832-1-smb neutron-server[82812]: DEBUG neutron_lib.callbacks.manager [req-fdd1398f-6e86-4af2-8c2d-6861507060b2 req-dc4f9e33-12b3-416f-b130-9cbfcb607264 service neutron] Notify callbacks ['neutron.plugins.ml2.plugin.SecurityGroupServerNotifierRpcMixin.notify_sg_on_port_change-1303390', 'neutron.plugins.ml2.ovo_rpc._ObjectChangeHandler.handle_event-251176', 'neutron.api.rpc.agentnotifiers.dhcp_rpc_agent_api.DhcpAgentNotifyAPI._native_event_send_dhcp_notification-1975339', 'neutron.db.l3_db.L3RpcNotifierMixin._notify_gateway_port_ip_changed-8779813467127', 'neutron.db.l3_dvrscheduler_db._notify_l3_agent_port_update-8779813075833', 'neutron.db.l3_hascheduler_db._notify_l3_agent_ha_port_update-8779813075878', 'neutron.services.segments.plugin.NovaSegmentNotifier._notify_port_updated-3368888'] for port, after_update {{(pid=82812) _notify_loop /usr/local/lib/python3.8/dist-packages/neutron_lib/callbacks/manager.py:192}}
Nov 13 07:31:32.596633 dv-cinder-817832-1-smb neutron-server[82812]: DEBUG oslo_concurrency.lockutils [-] Lock "event-dispatch" acquired by "neutron.plugins.ml2.ovo_rpc._ObjectChangeHandler.dispatch_events" :: waited 0.000s {{(pid=82812) inner /usr/local/lib/python3.8/dist-packages/oslo_concurrency/lockutils.py:355}}
Nov 13 07:31:32.676814 dv-cinder-817832-1-smb neutron-server[82812]: DEBUG neutron_lib.callbacks.manager [None req-431ef44e-ae36-4388-a294-ecdb7662d416 admin admin] Notify callbacks ['neutron.plugins.ml2.ovo_rpc._ObjectChangeHandler.handle_event-963526'] for security_group, after_delete {{(pid=82812) _notify_loop /usr/local/lib/python3.8/dist-packages/neutron_lib/callbacks/manager.py:192}}
Nov 13 07:31:32.697310 dv-cinder-817832-1-smb neutron-server[82812]: DEBUG neutron_lib.callbacks.manager [req-fdd1398f-6e86-4af2-8c2d-6861507060b2 req-dc4f9e33-12b3-416f-b130-9cbfcb607264 service neutron] Notify callbacks ['neutron.notifiers.nova.Notifier._send_nova_notification-223130', 'neutron.api.rpc.agentnotifiers.dhcp_rpc_agent_api.DhcpAgentNotifyAPI._send_dhcp_notification-1975543'] for port, before_response {{(pid=82812) _notify_loop /usr/local/lib/python3.8/dist-packages/neutron_lib/callbacks/manager.py:192}}
Nov 13 07:31:32.699301 dv-cinder-817832-1-smb neutron-server[82812]: INFO neutron.wsgi [req-fdd1398f-6e86-4af2-8c2d-6861507060b2 req-dc4f9e33-12b3-416f-b130-9cbfcb607264 service neutron] 10.222.0.36 "PUT /v2.0/ports/bb2248d0-d13f-41a2-8319-be82e1b62723 HTTP/1.1" status: 200 len: 1094 time: 4.1109624
Nov 13 07:31:32.705674 dv-cinder-817832-1-smb neutron-server[82812]: DEBUG neutron.notifiers.nova [-] Sending events: [{'name': 'network-changed', 'server_uuid': '028b062a-2b81-43a2-85e3-22eb457f8bf6', 'tag': 'bb2248d0-d13f-41a2-8319-be82e1b62723'}] {{(pid=82812) send_events /opt/stack/neutron/neutron/notifiers/nova.py:262}}
Nov 13 07:31:32.736009 dv-cinder-817832-1-smb neutron-server[82812]: DEBUG neutron_lib.callbacks.manager [None req-431ef44e-ae36-4388-a294-ecdb7662d416 admin admin] Notify callbacks [] for security_group, before_response {{(pid=82812) _notify_loop /usr/local/lib/python3.8/dist-packages/neutron_lib/callbacks/manager.py:192}}
Nov 13 07:31:32.737778 dv-cinder-817832-1-smb neutron-server[82812]: INFO neutron.wsgi [None req-431ef44e-ae36-4388-a294-ecdb7662d416 admin admin] 10.222.0.15 "DELETE /v2.0/security-groups/3bc4ac56-c0ee-412d-aad4-bd8b20d6c09f HTTP/1.1" status: 204 len: 168 time: 0.5089109
Nov 13 07:31:32.743947 dv-cinder-817832-1-smb neutron-server[82812]: DEBUG neutron.api.rpc.handlers.resources_rpc [None req-dc4f9e33-12b3-416f-b130-9cbfcb607264 service neutron] Pushing event updated for resources: {'Port': ['ID=bb2248d0-d13f-41a2-8319-be82e1b62723,revision_number=3']} {{(pid=82812) push /opt/stack/neutron/neutron/api/rpc/handlers/resources_rpc.py:237}}
Nov 13 07:31:32.757519 dv-cinder-817832-1-smb neutron-server[82812]: DEBUG oslo_concurrency.lockutils [None req-dc4f9e33-12b3-416f-b130-9cbfcb607264 service neutron] Lock "event-dispatch" released by "neutron.plugins.ml2.ovo_rpc._ObjectChangeHandler.dispatch_events" :: held 0.161s {{(pid=82812) inner /usr/local/lib/python3.8/dist-packages/oslo_concurrency/lockutils.py:367}}
Nov 13 07:31:32.758377 dv-cinder-817832-1-smb neutron-server[82812]: DEBUG oslo_concurrency.lockutils [None req-1015724f-2836-44ad-97d2-350dd2da239d admin admin] Lock "event-dispatch" acquired by "neutron.plugins.ml2.ovo_rpc._ObjectChangeHandler.dispatch_events" :: waited 0.056s {{(pid=82812) inner /usr/local/lib/python3.8/dist-packages/oslo_concurrency/lockutils.py:355}}
Nov 13 07:31:32.770438 dv-cinder-817832-1-smb neutron-server[82812]: DEBUG neutron.api.rpc.handlers.resources_rpc [None req-431ef44e-ae36-4388-a294-ecdb7662d416 admin admin] Pushing event deleted for resources: {'SecurityGroup': ['ID=3bc4ac56-c0ee-412d-aad4-bd8b20d6c09f,revision_number=None']} {{(pid=82812) push /opt/stack/neutron/neutron/api/rpc/handlers/resources_rpc.py:237}}
Nov 13 07:31:32.784090 dv-cinder-817832-1-smb neutron-server[82812]: DEBUG oslo_concurrency.lockutils [None req-431ef44e-ae36-4388-a294-ecdb7662d416 admin admin] Lock "event-dispatch" released by "neutron.plugins.ml2.ovo_rpc._ObjectChangeHandler.dispatch_events" :: held 0.026s {{(pid=82812) inner /usr/local/lib/python3.8/dist-packages/oslo_concurrency/lockutils.py:367}}
Nov 13 07:31:32.897705 dv-cinder-817832-1-smb neutron-server[82811]: DEBUG neutron_lib.callbacks.manager [req-31f82055-990e-488b-89c1-d218522017c9 req-be3c25d9-767a-4fe7-bd73-8cf356f12620 service neutron] Notify callbacks ['neutron.notifiers.nova.Notifier._send_nova_notification-223130', 'neutron.api.rpc.agentnotifiers.dhcp_rpc_agent_api.DhcpAgentNotifyAPI._send_dhcp_notification-1975543'] for port, before_response {{(pid=82811) _notify_loop /usr/local/lib/python3.8/dist-packages/neutron_lib/callbacks/manager.py:192}}
Nov 13 07:31:32.900799 dv-cinder-817832-1-smb neutron-server[82811]: INFO neutron.wsgi [req-31f82055-990e-488b-89c1-d218522017c9 req-be3c25d9-767a-4fe7-bd73-8cf356f12620 service neutron] 10.222.0.36 "PUT /v2.0/ports/7feb61ed-1f5d-47f6-99df-fc9b92b3f60a HTTP/1.1" status: 200 len: 1094 time: 4.2774479
Nov 13 07:31:32.933077 dv-cinder-817832-1-smb neutron-server[82811]: DEBUG neutron.notifiers.nova [-] Sending events: [{'name': 'network-changed', 'server_uuid': '6673e11f-b192-4ae3-8f55-ec947246510c', 'tag': '7feb61ed-1f5d-47f6-99df-fc9b92b3f60a'}] {{(pid=82811) send_events /opt/stack/neutron/neutron/notifiers/nova.py:262}}
Nov 13 07:31:33.076572 dv-cinder-817832-1-smb neutron-server[82812]: INFO neutron.wsgi [req-fdd1398f-6e86-4af2-8c2d-6861507060b2 req-3de9f07f-b2b2-4ab7-9d63-0558dbb6da6f service neutron] 10.222.0.36 "GET /v2.0/ports?tenant_id=1269f5a12e4f40e5ba7ba82d925d5c86&device_id=028b062a-2b81-43a2-85e3-22eb457f8bf6 HTTP/1.1" status: 200 len: 1097 time: 0.2413495
Nov 13 07:31:33.275439 dv-cinder-817832-1-smb neutron-server[82812]: INFO neutron.wsgi [req-fdd1398f-6e86-4af2-8c2d-6861507060b2 req-d43d2fac-a703-4ad9-b6f1-35dd10dcccf5 service neutron] 10.222.0.36 "GET /v2.0/floatingips?fixed_ip_address=172.20.0.14&port_id=bb2248d0-d13f-41a2-8319-be82e1b62723 HTTP/1.1" status: 200 len: 217 time: 0.1879694
Nov 13 07:31:33.334403 dv-cinder-817832-1-smb neutron-server[82811]: DEBUG neutron.api.rpc.handlers.resources_rpc [None req-be3c25d9-767a-4fe7-bd73-8cf356f12620 service neutron] Pushing event updated for resources: {'Port': ['ID=7feb61ed-1f5d-47f6-99df-fc9b92b3f60a,revision_number=3']} {{(pid=82811) push /opt/stack/neutron/neutron/api/rpc/handlers/resources_rpc.py:237}}
Nov 13 07:31:33.340937 dv-cinder-817832-1-smb neutron-server[82811]: DEBUG oslo_concurrency.lockutils [None req-be3c25d9-767a-4fe7-bd73-8cf356f12620 service neutron] Lock "event-dispatch" released by "neutron.plugins.ml2.ovo_rpc._ObjectChangeHandler.dispatch_events" :: held 0.770s {{(pid=82811) inner /usr/local/lib/python3.8/dist-packages/oslo_concurrency/lockutils.py:367}}
Nov 13 07:31:33.412736 dv-cinder-817832-1-smb neutron-server[82813]: DEBUG neutron.plugins.ml2.rpc [None req-d50fb266-d114-46cf-b176-b2522d1a5132 None None] Device cbe347b4-9202-4fe4-bc77-77c68ae75ae9 up at agent ovs-agent-dv-cinder-817832-1-smb {{(pid=82813) update_device_up /opt/stack/neutron/neutron/plugins/ml2/rpc.py:278}}
Nov 13 07:31:33.480103 dv-cinder-817832-1-smb neutron-server[82812]: DEBUG neutron.pecan_wsgi.hooks.policy_enforcement [req-fdd1398f-6e86-4af2-8c2d-6861507060b2 req-c2a0e280-d101-44db-8356-b477bb8b357c service neutron] Attributes excluded by policy engine: ['shared', 'segment_id'] {{(pid=82812) _exclude_attributes_by_policy /opt/stack/neutron/neutron/pecan_wsgi/hooks/policy_enforcement.py:255}}
Nov 13 07:31:33.482632 dv-cinder-817832-1-smb neutron-server[82812]: INFO neutron.wsgi [req-fdd1398f-6e86-4af2-8c2d-6861507060b2 req-c2a0e280-d101-44db-8356-b477bb8b357c service neutron] 10.222.0.36 "GET /v2.0/subnets?id=713b57b5-2660-41b3-8b50-3620cb93971e HTTP/1.1" status: 200 len: 852 time: 0.1980288
Nov 13 07:31:33.504656 dv-cinder-817832-1-smb neutron-server[82811]: DEBUG neutron.pecan_wsgi.hooks.policy_enforcement [req-fbe97f04-ae65-4685-a427-95c62ca10805 req-8c9fbdd7-dedb-4b6b-86da-adfa0a2a6dab tempest-AttachVolumeNegativeTest-862150622 tempest-AttachVolumeNegativeTest-862150622-project] Attributes excluded by policy engine: ['binding:profile', 'binding:host_id', 'binding:vif_type', 'binding:vif_details'] {{(pid=82811) _exclude_attributes_by_policy /opt/stack/neutron/neutron/pecan_wsgi/hooks/policy_enforcement.py:255}}
Nov 13 07:31:33.524252 dv-cinder-817832-1-smb neutron-server[82811]: INFO neutron.wsgi [req-fbe97f04-ae65-4685-a427-95c62ca10805 req-8c9fbdd7-dedb-4b6b-86da-adfa0a2a6dab tempest-AttachVolumeNegativeTest-862150622 tempest-AttachVolumeNegativeTest-862150622-project] 10.222.0.15 "GET /v2.0/ports?device_id=6673e11f-b192-4ae3-8f55-ec947246510c HTTP/1.1" status: 200 len: 944 time: 0.8857887
Nov 13 07:31:33.607316 dv-cinder-817832-1-smb neutron-server[82812]: INFO neutron.wsgi [req-fdd1398f-6e86-4af2-8c2d-6861507060b2 req-903f83a8-0bd2-46d4-95dd-2a2def72c927 service neutron] 10.222.0.36 "GET /v2.0/ports?network_id=d4e4d4cd-d922-4196-8fba-5be7033e362e&device_owner=network%3Adhcp HTTP/1.1" status: 200 len: 210 time: 0.1037438
Nov 13 07:31:33.711240 dv-cinder-817832-1-smb neutron-server[82813]: DEBUG neutron.db.provisioning_blocks [None req-d50fb266-d114-46cf-b176-b2522d1a5132 None None] Provisioning for port cbe347b4-9202-4fe4-bc77-77c68ae75ae9 completed by entity L2. {{(pid=82813) provisioning_complete /opt/stack/neutron/neutron/db/provisioning_blocks.py:133}}
Nov 13 07:31:33.733526 dv-cinder-817832-1-smb neutron-server[82813]: DEBUG neutron.db.provisioning_blocks [None req-d50fb266-d114-46cf-b176-b2522d1a5132 None None] Provisioning complete for port cbe347b4-9202-4fe4-bc77-77c68ae75ae9 triggered by entity L2. {{(pid=82813) provisioning_complete /opt/stack/neutron/neutron/db/provisioning_blocks.py:139}}
Nov 13 07:31:33.734758 dv-cinder-817832-1-smb neutron-server[82813]: DEBUG neutron_lib.callbacks.manager [None req-d50fb266-d114-46cf-b176-b2522d1a5132 None None] Notify callbacks ['neutron.plugins.ml2.plugin.Ml2Plugin._port_provisioned-1063795'] for port, provisioning_complete {{(pid=82813) _notify_loop /usr/local/lib/python3.8/dist-packages/neutron_lib/callbacks/manager.py:192}}
Nov 13 07:31:33.816602 dv-cinder-817832-1-smb neutron-server[82811]: INFO neutron.wsgi [req-31f82055-990e-488b-89c1-d218522017c9 req-76ea9cb5-4328-4b2e-ab0c-6db545c8953b service neutron] 10.222.0.36 "GET /v2.0/ports?tenant_id=1f749ccecce34b19ae5c85eb9ae9bbcf&device_id=6673e11f-b192-4ae3-8f55-ec947246510c HTTP/1.1" status: 200 len: 1097 time: 0.7590878
Nov 13 07:31:33.998644 dv-cinder-817832-1-smb neutron-server[82811]: INFO neutron.wsgi [req-31f82055-990e-488b-89c1-d218522017c9 req-8b01f241-3e17-40dc-a4ed-e2b64da8e1f3 service neutron] 10.222.0.36 "GET /v2.0/floatingips?fixed_ip_address=172.20.0.12&port_id=7feb61ed-1f5d-47f6-99df-fc9b92b3f60a HTTP/1.1" status: 200 len: 217 time: 0.1213212
Nov 13 07:31:34.013894 dv-cinder-817832-1-smb neutron-server[82811]: INFO neutron.wsgi [req-fbe97f04-ae65-4685-a427-95c62ca10805 req-77b1c4aa-cb17-475b-9179-8d6464775cb4 tempest-AttachVolumeNegativeTest-862150622 tempest-AttachVolumeNegativeTest-862150622-project] 10.222.0.15 "GET /v2.0/security-groups?id=dbc7c6a2-caf4-430a-99fd-33fa5a189ce0&fields=id&fields=name HTTP/1.1" status: 200 len: 286 time: 0.4610772
Nov 13 07:31:34.048551 dv-cinder-817832-1-smb neutron-server[82812]: INFO neutron.wsgi [req-fdd1398f-6e86-4af2-8c2d-6861507060b2 req-1f882742-c75c-4527-af56-64d7b77f3e7a service neutron] 10.222.0.36 "GET /v2.0/networks/d4e4d4cd-d922-4196-8fba-5be7033e362e?fields=segments HTTP/1.1" status: 200 len: 212 time: 0.4094210
Nov 13 07:31:34.152839 dv-cinder-817832-1-smb neutron-server[82813]: DEBUG neutron_lib.callbacks.manager [None req-d50fb266-d114-46cf-b176-b2522d1a5132 None None] Notify callbacks ['neutron.plugins.ml2.plugin.SecurityGroupDbMixin._ensure_default_security_group_handler-1303346'] for port, before_update {{(pid=82813) _notify_loop /usr/local/lib/python3.8/dist-packages/neutron_lib/callbacks/manager.py:192}}
Nov 13 07:31:34.208985 dv-cinder-817832-1-smb neutron-server[82811]: DEBUG neutron.pecan_wsgi.hooks.policy_enforcement [req-31f82055-990e-488b-89c1-d218522017c9 req-63ee135e-ca66-41bb-b008-9ba433a77db8 service neutron] Attributes excluded by policy engine: ['shared'] {{(pid=82811) _exclude_attributes_by_policy /opt/stack/neutron/neutron/pecan_wsgi/hooks/policy_enforcement.py:255}}
Nov 13 07:31:34.213602 dv-cinder-817832-1-smb neutron-server[82811]: INFO neutron.wsgi [req-31f82055-990e-488b-89c1-d218522017c9 req-63ee135e-ca66-41bb-b008-9ba433a77db8 service neutron] 10.222.0.36 "GET /v2.0/subnets?id=f550449c-055d-4432-b29f-0276b0b90157 HTTP/1.1" status: 200 len: 855 time: 0.1924703
Nov 13 07:31:34.300200 dv-cinder-817832-1-smb neutron-server[82813]: DEBUG neutron.plugins.ml2.db [None req-d50fb266-d114-46cf-b176-b2522d1a5132 None None] For port cbe347b4-9202-4fe4-bc77-77c68ae75ae9, host dv-cinder-817832-1-smb, got binding levels [PortBindingLevel(driver='openvswitch',host='dv-cinder-817832-1-smb',level=0,port_id=cbe347b4-9202-4fe4-bc77-77c68ae75ae9,segment=NetworkSegment(b6ce47f2-e7ac-4603-a7c4-04e0bdbda75b),segment_id=b6ce47f2-e7ac-4603-a7c4-04e0bdbda75b)] {{(pid=82813) get_binding_level_objs /opt/stack/neutron/neutron/plugins/ml2/db.py:74}}
Nov 13 07:31:34.322502 dv-cinder-817832-1-smb neutron-server[82813]: DEBUG neutron_lib.callbacks.manager [None req-d50fb266-d114-46cf-b176-b2522d1a5132 None None] Notify callbacks ['neutron.plugins.ml2.plugin.SecurityGroupServerNotifierRpcMixin.notify_sg_on_port_change-1303390', 'neutron.plugins.ml2.ovo_rpc._ObjectChangeHandler.handle_event-251176', 'neutron.api.rpc.agentnotifiers.dhcp_rpc_agent_api.DhcpAgentNotifyAPI._native_event_send_dhcp_notification-1975339', 'neutron.db.l3_db.L3RpcNotifierMixin._notify_gateway_port_ip_changed-8779813467127', 'neutron.db.l3_dvrscheduler_db._notify_l3_agent_port_update-8779813075833', 'neutron.db.l3_hascheduler_db._notify_l3_agent_ha_port_update-8779813075878'] for port, after_update {{(pid=82813) _notify_loop /usr/local/lib/python3.8/dist-packages/neutron_lib/callbacks/manager.py:192}}
Nov 13 07:31:34.325301 dv-cinder-817832-1-smb neutron-server[82813]: DEBUG oslo_concurrency.lockutils [-] Lock "event-dispatch" acquired by "neutron.plugins.ml2.ovo_rpc._ObjectChangeHandler.dispatch_events" :: waited 0.000s {{(pid=82813) inner /usr/local/lib/python3.8/dist-packages/oslo_concurrency/lockutils.py:355}}
Nov 13 07:31:34.326667 dv-cinder-817832-1-smb neutron-server[82811]: INFO neutron.wsgi [req-31f82055-990e-488b-89c1-d218522017c9 req-02f2460b-56f7-4135-a7e3-508c68c10488 service neutron] 10.222.0.36 "GET /v2.0/ports?network_id=c086dbfe-3975-4dc7-ba75-b459e44d4351&device_owner=network%3Adhcp HTTP/1.1" status: 200 len: 210 time: 0.0820365
Nov 13 07:31:34.568915 dv-cinder-817832-1-smb neutron-server[82813]: DEBUG neutron.api.rpc.handlers.resources_rpc [None req-d50fb266-d114-46cf-b176-b2522d1a5132 None None] Pushing event updated for resources: {'Port': ['ID=cbe347b4-9202-4fe4-bc77-77c68ae75ae9,revision_number=5']} {{(pid=82813) push /opt/stack/neutron/neutron/api/rpc/handlers/resources_rpc.py:237}}
Nov 13 07:31:34.574786 dv-cinder-817832-1-smb neutron-server[82813]: DEBUG oslo_concurrency.lockutils [None req-d50fb266-d114-46cf-b176-b2522d1a5132 None None] Lock "event-dispatch" released by "neutron.plugins.ml2.ovo_rpc._ObjectChangeHandler.dispatch_events" :: held 0.249s {{(pid=82813) inner /usr/local/lib/python3.8/dist-packages/oslo_concurrency/lockutils.py:367}}
Nov 13 07:31:34.608039 dv-cinder-817832-1-smb neutron-server[82811]: INFO neutron.wsgi [req-31f82055-990e-488b-89c1-d218522017c9 req-66538640-3a73-4f60-8961-96e83255e2f3 service neutron] 10.222.0.36 "GET /v2.0/networks/c086dbfe-3975-4dc7-ba75-b459e44d4351?fields=segments HTTP/1.1" status: 200 len: 212 time: 0.2699499
Nov 13 07:31:34.690540 dv-cinder-817832-1-smb neutron-server[82812]: INFO neutron.wsgi [req-fdd1398f-6e86-4af2-8c2d-6861507060b2 req-5089dd5a-690a-4e85-bb06-53b065e411fc service neutron] 10.222.0.36 "GET /v2.0/networks/d4e4d4cd-d922-4196-8fba-5be7033e362e?fields=provider%3Aphysical_network&fields=provider%3Anetwork_type HTTP/1.1" status: 200 len: 281 time: 0.5897462
Nov 13 07:31:34.905437 dv-cinder-817832-1-smb neutron-server[82811]: INFO neutron.wsgi [req-31f82055-990e-488b-89c1-d218522017c9 req-12be2ab8-4b5e-46bf-b014-c006a40ee62e service neutron] 10.222.0.36 "GET /v2.0/networks/c086dbfe-3975-4dc7-ba75-b459e44d4351?fields=provider%3Aphysical_network&fields=provider%3Anetwork_type HTTP/1.1" status: 200 len: 281 time: 0.2776895
Nov 13 07:31:34.969846 dv-cinder-817832-1-smb neutron-server[82814]: DEBUG neutron.db.agents_db [None req-a0c6874b-5123-4eb8-aae2-6fb66cc083e1 None None] Agent healthcheck: found 6 active agents {{(pid=82814) agent_health_check /opt/stack/neutron/neutron/db/agents_db.py:328}}
Nov 13 07:31:34.993497 dv-cinder-817832-1-smb neutron-server[82813]: DEBUG neutron_lib.callbacks.manager [None req-7df24b68-b5d3-46e8-b222-9bab409e1d4c None None] Notify callbacks ['neutron.services.segments.db._update_segment_host_mapping_for_agent-8779813593519', 'neutron.plugins.ml2.plugin.Ml2Plugin._retry_binding_revived_agents-1062872'] for agent, after_update {{(pid=82813) _notify_loop /usr/local/lib/python3.8/dist-packages/neutron_lib/callbacks/manager.py:192}}
Nov 13 07:31:35.095247 dv-cinder-817832-1-smb neutron-server[82811]: DEBUG neutron.wsgi [-] (82811) accepted ('10.222.0.15', 59270) {{(pid=82811) server /usr/local/lib/python3.8/dist-packages/eventlet/wsgi.py:992}}
Nov 13 07:31:35.297839 dv-cinder-817832-1-smb neutron-server[82812]: INFO neutron.notifiers.nova [-] Nova event response: {'name': 'network-changed', 'server_uuid': '028b062a-2b81-43a2-85e3-22eb457f8bf6', 'tag': 'bb2248d0-d13f-41a2-8319-be82e1b62723', 'status': 'completed', 'code': 200}
Nov 13 07:31:35.321129 dv-cinder-817832-1-smb neutron-server[82813]: DEBUG neutron.plugins.ml2.rpc [None req-d50fb266-d114-46cf-b176-b2522d1a5132 None None] Device cbe347b4-9202-4fe4-bc77-77c68ae75ae9 up at agent ovs-agent-dv-cinder-817832-1-smb {{(pid=82813) update_device_up /opt/stack/neutron/neutron/plugins/ml2/rpc.py:278}}
Nov 13 07:31:35.583373 dv-cinder-817832-1-smb neutron-server[82811]: DEBUG neutron.pecan_wsgi.hooks.policy_enforcement [req-edf5610e-301e-478c-a1c4-0d21bfd2500b req-b409639b-8ed5-4bd5-8da9-9f065f618cf7 tempest-DeleteServersTestJSON-975273174 tempest-DeleteServersTestJSON-975273174-project] Attributes excluded by policy engine: ['binding:profile', 'binding:host_id', 'binding:vif_type', 'binding:vif_details'] {{(pid=82811) _exclude_attributes_by_policy /opt/stack/neutron/neutron/pecan_wsgi/hooks/policy_enforcement.py:255}}
Nov 13 07:31:35.591880 dv-cinder-817832-1-smb neutron-server[82811]: INFO neutron.wsgi [req-edf5610e-301e-478c-a1c4-0d21bfd2500b req-b409639b-8ed5-4bd5-8da9-9f065f618cf7 tempest-DeleteServersTestJSON-975273174 tempest-DeleteServersTestJSON-975273174-project] 10.222.0.15 "GET /v2.0/ports?device_id=028b062a-2b81-43a2-85e3-22eb457f8bf6 HTTP/1.1" status: 200 len: 944 time: 0.1074760
Nov 13 07:31:35.605294 dv-cinder-817832-1-smb neutron-server[82813]: DEBUG neutron.db.provisioning_blocks [None req-d50fb266-d114-46cf-b176-b2522d1a5132 None None] Provisioning complete for port cbe347b4-9202-4fe4-bc77-77c68ae75ae9 triggered by entity L2. {{(pid=82813) provisioning_complete /opt/stack/neutron/neutron/db/provisioning_blocks.py:139}}
Nov 13 07:31:35.605813 dv-cinder-817832-1-smb neutron-server[82813]: DEBUG neutron_lib.callbacks.manager [None req-d50fb266-d114-46cf-b176-b2522d1a5132 None None] Notify callbacks ['neutron.plugins.ml2.plugin.Ml2Plugin._port_provisioned-1063795'] for port, provisioning_complete {{(pid=82813) _notify_loop /usr/local/lib/python3.8/dist-packages/neutron_lib/callbacks/manager.py:192}}
Nov 13 07:31:35.673070 dv-cinder-817832-1-smb neutron-server[82811]: INFO neutron.wsgi [req-edf5610e-301e-478c-a1c4-0d21bfd2500b req-20259e52-c57f-44e4-ba32-c2c5072c953f tempest-DeleteServersTestJSON-975273174 tempest-DeleteServersTestJSON-975273174-project] 10.222.0.15 "GET /v2.0/security-groups?id=f8bccdf4-248f-473d-b600-2045323f61da&fields=id&fields=name HTTP/1.1" status: 200 len: 286 time: 0.0798361
Nov 13 07:31:35.674137 dv-cinder-817832-1-smb neutron-server[82811]: DEBUG neutron_lib.callbacks.manager [None req-52ea453b-95f2-4b49-918b-8706b9e6e7cd admin admin] Notify callbacks [] for security_group, before_create {{(pid=82811) _notify_loop /usr/local/lib/python3.8/dist-packages/neutron_lib/callbacks/manager.py:192}}
Nov 13 07:31:35.819015 dv-cinder-817832-1-smb neutron-server[82811]: DEBUG neutron.db.quota.driver [None req-52ea453b-95f2-4b49-918b-8706b9e6e7cd admin admin] Resources subnetpool have unlimited quota limit. It is not required to calculate headroom {{(pid=82811) make_reservation /opt/stack/neutron/neutron/db/quota/driver.py:219}}
Nov 13 07:31:35.832343 dv-cinder-817832-1-smb neutron-server[82811]: DEBUG neutron.quota.resource [None req-52ea453b-95f2-4b49-918b-8706b9e6e7cd admin admin] Usage tracker for resource:security_group_rule and tenant:4016f289081140c5a9e7a2854a90c0c0 is out of sync, need to count used quota {{(pid=82811) count_used /opt/stack/neutron/neutron/quota/resource.py:270}}
Nov 13 07:31:35.837714 dv-cinder-817832-1-smb neutron-server[82811]: DEBUG neutron.quota.resource [None req-52ea453b-95f2-4b49-918b-8706b9e6e7cd admin admin] Quota usage for security_group_rule was recalculated. Used quota:0. {{(pid=82811) count_used /opt/stack/neutron/neutron/quota/resource.py:290}}
Nov 13 07:31:35.861742 dv-cinder-817832-1-smb neutron-server[82811]: DEBUG neutron.db.quota.driver [None req-52ea453b-95f2-4b49-918b-8706b9e6e7cd admin admin] Attempting to reserve 4 items for resource security_group_rule. Total usage: 0; quota limit: 100; headroom:100 {{(pid=82811) make_reservation /opt/stack/neutron/neutron/db/quota/driver.py:246}}
Nov 13 07:31:36.009008 dv-cinder-817832-1-smb neutron-server[82811]: DEBUG neutron_lib.callbacks.manager [None req-52ea453b-95f2-4b49-918b-8706b9e6e7cd admin admin] Notify callbacks [] for security_group, precommit_create {{(pid=82811) _notify_loop /usr/local/lib/python3.8/dist-packages/neutron_lib/callbacks/manager.py:192}}
Nov 13 07:31:36.026210 dv-cinder-817832-1-smb neutron-server[82811]: DEBUG neutron_lib.callbacks.manager [None req-52ea453b-95f2-4b49-918b-8706b9e6e7cd admin admin] Notify callbacks ['neutron.plugins.ml2.ovo_rpc._ObjectChangeHandler.handle_event-963526'] for security_group, after_create {{(pid=82811) _notify_loop /usr/local/lib/python3.8/dist-packages/neutron_lib/callbacks/manager.py:192}}
Nov 13 07:31:36.064048 dv-cinder-817832-1-smb neutron-server[82811]: DEBUG oslo_concurrency.lockutils [-] Lock "event-dispatch" acquired by "neutron.plugins.ml2.ovo_rpc._ObjectChangeHandler.dispatch_events" :: waited 0.000s {{(pid=82811) inner /usr/local/lib/python3.8/dist-packages/oslo_concurrency/lockutils.py:355}}
Nov 13 07:31:36.150073 dv-cinder-817832-1-smb neutron-server[82811]: INFO neutron.notifiers.nova [-] Nova event response: {'name': 'network-changed', 'server_uuid': '6673e11f-b192-4ae3-8f55-ec947246510c', 'tag': '7feb61ed-1f5d-47f6-99df-fc9b92b3f60a', 'status': 'completed', 'code': 200}
Nov 13 07:31:36.170618 dv-cinder-817832-1-smb neutron-server[82811]: DEBUG neutron.api.rpc.handlers.resources_rpc [None req-52ea453b-95f2-4b49-918b-8706b9e6e7cd admin admin] Pushing event updated for resources: {'SecurityGroup': ['ID=f199193a-fd5d-4982-b943-f6de84fba584,revision_number=1']} {{(pid=82811) push /opt/stack/neutron/neutron/api/rpc/handlers/resources_rpc.py:237}}
Nov 13 07:31:36.176731 dv-cinder-817832-1-smb neutron-server[82811]: DEBUG oslo_concurrency.lockutils [None req-52ea453b-95f2-4b49-918b-8706b9e6e7cd admin admin] Lock "event-dispatch" released by "neutron.plugins.ml2.ovo_rpc._ObjectChangeHandler.dispatch_events" :: held 0.116s {{(pid=82811) inner /usr/local/lib/python3.8/dist-packages/oslo_concurrency/lockutils.py:367}}
Nov 13 07:31:36.179384 dv-cinder-817832-1-smb neutron-server[82811]: INFO neutron.wsgi [None req-52ea453b-95f2-4b49-918b-8706b9e6e7cd admin admin] 10.222.0.15 "GET /v2.0/security-groups?tenant_id=4016f289081140c5a9e7a2854a90c0c0&name=default HTTP/1.1" status: 200 len: 2647 time: 1.0829604
Nov 13 07:31:36.183445 dv-cinder-817832-1-smb neutron-server[82811]: DEBUG neutron.wsgi [-] (82811) accepted ('10.222.0.15', 59332) {{(pid=82811) server /usr/local/lib/python3.8/dist-packages/eventlet/wsgi.py:992}}
Nov 13 07:31:36.494557 dv-cinder-817832-1-smb neutron-server[82811]: DEBUG neutron_lib.callbacks.manager [None req-8993ca06-b94b-4787-8248-b72525acc9f5 admin admin] Notify callbacks [] for security_group, before_delete {{(pid=82811) _notify_loop /usr/local/lib/python3.8/dist-packages/neutron_lib/callbacks/manager.py:192}}
Nov 13 07:31:36.525580 dv-cinder-817832-1-smb neutron-server[82812]: DEBUG neutron.pecan_wsgi.hooks.policy_enforcement [req-14c73892-78a9-4833-aa19-cc524f1f359f req-b037b298-862f-4527-a7ca-e4fb1b3b509e tempest-ServerRescueNegativeTestJSON-452709406 tempest-ServerRescueNegativeTestJSON-452709406-project] Attributes excluded by policy engine: ['vlan_transparent', 'provider:network_type', 'provider:physical_network', 'provider:segmentation_id'] {{(pid=82812) _exclude_attributes_by_policy /opt/stack/neutron/neutron/pecan_wsgi/hooks/policy_enforcement.py:255}}
Nov 13 07:31:36.530245 dv-cinder-817832-1-smb neutron-server[82811]: DEBUG neutron_lib.callbacks.manager [None req-8993ca06-b94b-4787-8248-b72525acc9f5 admin admin] Notify callbacks [] for security_group, precommit_delete {{(pid=82811) _notify_loop /usr/local/lib/python3.8/dist-packages/neutron_lib/callbacks/manager.py:192}}
Nov 13 07:31:36.534307 dv-cinder-817832-1-smb neutron-server[82812]: INFO neutron.wsgi [req-14c73892-78a9-4833-aa19-cc524f1f359f req-b037b298-862f-4527-a7ca-e4fb1b3b509e tempest-ServerRescueNegativeTestJSON-452709406 tempest-ServerRescueNegativeTestJSON-452709406-project] 10.222.0.15 "GET /v2.0/networks?id=8be01342-839f-41b8-9728-3e30da81b26f HTTP/1.1" status: 200 len: 818 time: 0.3636770
Nov 13 07:31:36.554256 dv-cinder-817832-1-smb neutron-server[82812]: INFO neutron.wsgi [req-14c73892-78a9-4833-aa19-cc524f1f359f req-eeed80d2-17d2-4c6d-bf63-413f24efc025 tempest-ServerRescueNegativeTestJSON-452709406 tempest-ServerRescueNegativeTestJSON-452709406-project] 10.222.0.15 "GET /v2.0/quotas/701084be16d8431e8af00ee5e87889bb HTTP/1.1" status: 200 len: 375 time: 0.0183861
Nov 13 07:31:36.626804 dv-cinder-817832-1-smb neutron-server[82811]: DEBUG neutron.pecan_wsgi.hooks.policy_enforcement [req-2acba6c8-70b5-4143-8d1c-6512eff3d953 req-3bee2438-8b9a-4679-abff-a294943cc080 tempest-AttachVolumeNegativeTest-862150622 tempest-AttachVolumeNegativeTest-862150622-project] Attributes excluded by policy engine: ['binding:profile', 'binding:host_id', 'binding:vif_type', 'binding:vif_details'] {{(pid=82811) _exclude_attributes_by_policy /opt/stack/neutron/neutron/pecan_wsgi/hooks/policy_enforcement.py:255}}
Nov 13 07:31:36.628489 dv-cinder-817832-1-smb neutron-server[82811]: INFO neutron.wsgi [req-2acba6c8-70b5-4143-8d1c-6512eff3d953 req-3bee2438-8b9a-4679-abff-a294943cc080 tempest-AttachVolumeNegativeTest-862150622 tempest-AttachVolumeNegativeTest-862150622-project] 10.222.0.15 "GET /v2.0/ports?device_id=6673e11f-b192-4ae3-8f55-ec947246510c HTTP/1.1" status: 200 len: 944 time: 0.2972109
Nov 13 07:31:36.707608 dv-cinder-817832-1-smb neutron-server[82811]: INFO neutron.wsgi [req-2acba6c8-70b5-4143-8d1c-6512eff3d953 req-a9f4e219-74eb-4907-a8cb-a06721b65aac tempest-AttachVolumeNegativeTest-862150622 tempest-AttachVolumeNegativeTest-862150622-project] 10.222.0.15 "GET /v2.0/security-groups?id=dbc7c6a2-caf4-430a-99fd-33fa5a189ce0&fields=id&fields=name HTTP/1.1" status: 200 len: 286 time: 0.0712512
Nov 13 07:31:36.710480 dv-cinder-817832-1-smb neutron-server[82811]: DEBUG neutron_lib.callbacks.manager [None req-8993ca06-b94b-4787-8248-b72525acc9f5 admin admin] Notify callbacks ['neutron.plugins.ml2.ovo_rpc._ObjectChangeHandler.handle_event-963526'] for security_group, after_delete {{(pid=82811) _notify_loop /usr/local/lib/python3.8/dist-packages/neutron_lib/callbacks/manager.py:192}}
Nov 13 07:31:36.742644 dv-cinder-817832-1-smb neutron-server[82811]: DEBUG oslo_concurrency.lockutils [None req-f0c46137-d2e5-4bcd-bdfd-c1f51dab3b4e admin admin] Lock "event-dispatch" acquired by "neutron.plugins.ml2.ovo_rpc._ObjectChangeHandler.dispatch_events" :: waited 0.000s {{(pid=82811) inner /usr/local/lib/python3.8/dist-packages/oslo_concurrency/lockutils.py:355}}
Nov 13 07:31:36.763408 dv-cinder-817832-1-smb neutron-server[82811]: INFO neutron.wsgi [req-78dd9148-9ccf-4209-a0f7-2323b0332eb9 req-c3f2d2a4-ee0d-4374-9da4-0b12c6c6970f service neutron] 10.222.0.36 "GET /v2.0/ports?tenant_id=1f749ccecce34b19ae5c85eb9ae9bbcf&device_id=6673e11f-b192-4ae3-8f55-ec947246510c HTTP/1.1" status: 200 len: 1097 time: 0.2041764
Nov 13 07:31:36.770004 dv-cinder-817832-1-smb neutron-server[82811]: DEBUG neutron.api.rpc.handlers.resources_rpc [None req-8993ca06-b94b-4787-8248-b72525acc9f5 admin admin] Pushing event deleted for resources: {'SecurityGroup': ['ID=f199193a-fd5d-4982-b943-f6de84fba584,revision_number=None']} {{(pid=82811) push /opt/stack/neutron/neutron/api/rpc/handlers/resources_rpc.py:237}}
Nov 13 07:31:36.781592 dv-cinder-817832-1-smb neutron-server[82811]: DEBUG oslo_concurrency.lockutils [None req-8993ca06-b94b-4787-8248-b72525acc9f5 admin admin] Lock "event-dispatch" released by "neutron.plugins.ml2.ovo_rpc._ObjectChangeHandler.dispatch_events" :: held 0.039s {{(pid=82811) inner /usr/local/lib/python3.8/dist-packages/oslo_concurrency/lockutils.py:367}}
Nov 13 07:31:36.811858 dv-cinder-817832-1-smb neutron-server[82812]: DEBUG neutron.wsgi [-] (82812) accepted ('10.222.0.15', 59378) {{(pid=82812) server /usr/local/lib/python3.8/dist-packages/eventlet/wsgi.py:992}}
Nov 13 07:31:36.887176 dv-cinder-817832-1-smb neutron-server[82812]: INFO neutron.wsgi [req-14c73892-78a9-4833-aa19-cc524f1f359f req-93e8528b-f40d-47f8-9657-2ed90a30654a tempest-ServerRescueNegativeTestJSON-452709406 tempest-ServerRescueNegativeTestJSON-452709406-project] 10.222.0.15 "GET /v2.0/ports?tenant_id=701084be16d8431e8af00ee5e87889bb&fields=id HTTP/1.1" status: 200 len: 255 time: 0.3224611
Nov 13 07:31:36.914471 dv-cinder-817832-1-smb neutron-server[82812]: INFO neutron.wsgi [req-61020a93-9878-4527-94a0-84ea159cda60 req-016f51fc-257b-4aa1-8ef1-3bcb39f6a137 service neutron] 10.222.0.36 "GET /v2.0/ports?tenant_id=1269f5a12e4f40e5ba7ba82d925d5c86&device_id=028b062a-2b81-43a2-85e3-22eb457f8bf6 HTTP/1.1" status: 200 len: 1097 time: 0.3206580
Nov 13 07:31:36.960157 dv-cinder-817832-1-smb neutron-server[82811]: DEBUG neutron.pecan_wsgi.hooks.policy_enforcement [req-78dd9148-9ccf-4209-a0f7-2323b0332eb9 req-8bfd02a1-6dce-4ad8-b3ed-6f0e8a71ed32 service neutron] Attributes excluded by policy engine: ['vlan_transparent'] {{(pid=82811) _exclude_attributes_by_policy /opt/stack/neutron/neutron/pecan_wsgi/hooks/policy_enforcement.py:255}}
Nov 13 07:31:36.961861 dv-cinder-817832-1-smb neutron-server[82811]: INFO neutron.wsgi [req-78dd9148-9ccf-4209-a0f7-2323b0332eb9 req-8bfd02a1-6dce-4ad8-b3ed-6f0e8a71ed32 service neutron] 10.222.0.36 "GET /v2.0/networks?id=c086dbfe-3975-4dc7-ba75-b459e44d4351 HTTP/1.1" status: 200 len: 916 time: 0.1898079
Nov 13 07:31:37.008192 dv-cinder-817832-1-smb neutron-server[82811]: DEBUG neutron_lib.callbacks.manager [None req-8993ca06-b94b-4787-8248-b72525acc9f5 admin admin] Notify callbacks [] for security_group, before_response {{(pid=82811) _notify_loop /usr/local/lib/python3.8/dist-packages/neutron_lib/callbacks/manager.py:192}}
Nov 13 07:31:37.009543 dv-cinder-817832-1-smb neutron-server[82811]: INFO neutron.wsgi [None req-8993ca06-b94b-4787-8248-b72525acc9f5 admin admin] 10.222.0.15 "DELETE /v2.0/security-groups/f199193a-fd5d-4982-b943-f6de84fba584 HTTP/1.1" status: 204 len: 168 time: 0.8252039
Nov 13 07:31:37.094399 dv-cinder-817832-1-smb neutron-server[82811]: INFO neutron.wsgi [req-78dd9148-9ccf-4209-a0f7-2323b0332eb9 req-80df8370-ea5c-43e1-893e-4c85088c59e0 service neutron] 10.222.0.36 "GET /v2.0/floatingips?fixed_ip_address=172.20.0.12&port_id=7feb61ed-1f5d-47f6-99df-fc9b92b3f60a HTTP/1.1" status: 200 len: 217 time: 0.0835819
Nov 13 07:31:37.156555 dv-cinder-817832-1-smb neutron-server[82811]: DEBUG neutron.pecan_wsgi.hooks.policy_enforcement [req-2d25252a-0b0f-44a6-8cfd-5c7f873c85b5 req-48aed1b6-aca9-430f-b31a-cc8902cc4c15 tempest-DeleteServersTestJSON-975273174 tempest-DeleteServersTestJSON-975273174-project] Attributes excluded by policy engine: ['binding:profile', 'binding:host_id', 'binding:vif_type', 'binding:vif_details'] {{(pid=82811) _exclude_attributes_by_policy /opt/stack/neutron/neutron/pecan_wsgi/hooks/policy_enforcement.py:255}}
Nov 13 07:31:37.164322 dv-cinder-817832-1-smb neutron-server[82811]: INFO neutron.wsgi [req-2d25252a-0b0f-44a6-8cfd-5c7f873c85b5 req-48aed1b6-aca9-430f-b31a-cc8902cc4c15 tempest-DeleteServersTestJSON-975273174 tempest-DeleteServersTestJSON-975273174-project] 10.222.0.15 "GET /v2.0/ports?device_id=028b062a-2b81-43a2-85e3-22eb457f8bf6 HTTP/1.1" status: 200 len: 944 time: 0.2009988
Nov 13 07:31:37.180600 dv-cinder-817832-1-smb neutron-server[82812]: INFO neutron.wsgi [req-14c73892-78a9-4833-aa19-cc524f1f359f req-eba3d2c9-aee5-4bae-9ce1-64456c7f2ddc service neutron] 10.222.0.15 "GET /v2.0/networks/8be01342-839f-41b8-9728-3e30da81b26f?fields=segments HTTP/1.1" status: 200 len: 212 time: 0.2919753
Nov 13 07:31:37.237342 dv-cinder-817832-1-smb neutron-server[82811]: INFO neutron.wsgi [req-2d25252a-0b0f-44a6-8cfd-5c7f873c85b5 req-648e6fae-37de-4caf-9546-291e1fec81ea tempest-DeleteServersTestJSON-975273174 tempest-DeleteServersTestJSON-975273174-project] 10.222.0.15 "GET /v2.0/security-groups?id=f8bccdf4-248f-473d-b600-2045323f61da&fields=id&fields=name HTTP/1.1" status: 200 len: 286 time: 0.0718920
Nov 13 07:31:37.238648 dv-cinder-817832-1-smb neutron-server[82811]: DEBUG neutron.pecan_wsgi.hooks.policy_enforcement [req-78dd9148-9ccf-4209-a0f7-2323b0332eb9 req-fe3c6e52-6d01-44c2-9804-40fcec39bd65 service neutron] Attributes excluded by policy engine: ['shared'] {{(pid=82811) _exclude_attributes_by_policy /opt/stack/neutron/neutron/pecan_wsgi/hooks/policy_enforcement.py:255}}
Nov 13 07:31:37.240010 dv-cinder-817832-1-smb neutron-server[82811]: INFO neutron.wsgi [req-78dd9148-9ccf-4209-a0f7-2323b0332eb9 req-fe3c6e52-6d01-44c2-9804-40fcec39bd65 service neutron] 10.222.0.36 "GET /v2.0/subnets?id=f550449c-055d-4432-b29f-0276b0b90157 HTTP/1.1" status: 200 len: 855 time: 0.1293814
Nov 13 07:31:37.300672 dv-cinder-817832-1-smb neutron-server[82811]: INFO neutron.wsgi [req-78dd9148-9ccf-4209-a0f7-2323b0332eb9 req-9c6f2d86-2b6f-4355-a7e0-bf09ce72800c service neutron] 10.222.0.36 "GET /v2.0/ports?network_id=c086dbfe-3975-4dc7-ba75-b459e44d4351&device_owner=network%3Adhcp HTTP/1.1" status: 200 len: 210 time: 0.0516539
Nov 13 07:31:37.478663 dv-cinder-817832-1-smb neutron-server[82811]: INFO neutron.wsgi [req-78dd9148-9ccf-4209-a0f7-2323b0332eb9 req-3cb5af51-5f39-4841-8d42-afab3aa26780 service neutron] 10.222.0.36 "GET /v2.0/networks/c086dbfe-3975-4dc7-ba75-b459e44d4351?fields=segments HTTP/1.1" status: 200 len: 212 time: 0.1706560
Nov 13 07:31:37.501581 dv-cinder-817832-1-smb neutron-server[82812]: DEBUG neutron_lib.callbacks.manager [None req-ad688a16-000c-4548-be79-bc138c1efca9 admin admin] Notify callbacks [] for security_group, before_create {{(pid=82812) _notify_loop /usr/local/lib/python3.8/dist-packages/neutron_lib/callbacks/manager.py:192}}
Nov 13 07:31:37.566008 dv-cinder-817832-1-smb neutron-server[82812]: INFO neutron.wsgi [req-14c73892-78a9-4833-aa19-cc524f1f359f req-a0751b97-b4f6-459e-811b-43951940c249 service neutron] 10.222.0.15 "GET /v2.0/networks/8be01342-839f-41b8-9728-3e30da81b26f?fields=provider%3Aphysical_network&fields=provider%3Anetwork_type HTTP/1.1" status: 200 len: 281 time: 0.3629708
Nov 13 07:31:37.587423 dv-cinder-817832-1-smb neutron-server[82812]: DEBUG neutron.db.quota.driver [None req-ad688a16-000c-4548-be79-bc138c1efca9 admin admin] Resources subnetpool have unlimited quota limit. It is not required to calculate headroom {{(pid=82812) make_reservation /opt/stack/neutron/neutron/db/quota/driver.py:219}}
Nov 13 07:31:37.593587 dv-cinder-817832-1-smb neutron-server[82812]: DEBUG neutron.pecan_wsgi.hooks.policy_enforcement [req-61020a93-9878-4527-94a0-84ea159cda60 req-699ecb2f-35d5-4430-a027-f2777cb959df service neutron] Attributes excluded by policy engine: ['vlan_transparent'] {{(pid=82812) _exclude_attributes_by_policy /opt/stack/neutron/neutron/pecan_wsgi/hooks/policy_enforcement.py:255}}
Nov 13 07:31:37.595582 dv-cinder-817832-1-smb neutron-server[82812]: INFO neutron.wsgi [req-61020a93-9878-4527-94a0-84ea159cda60 req-699ecb2f-35d5-4430-a027-f2777cb959df service neutron] 10.222.0.36 "GET /v2.0/networks?id=d4e4d4cd-d922-4196-8fba-5be7033e362e HTTP/1.1" status: 200 len: 913 time: 0.6726141
Nov 13 07:31:37.597098 dv-cinder-817832-1-smb neutron-server[82812]: DEBUG neutron.quota.resource [None req-ad688a16-000c-4548-be79-bc138c1efca9 admin admin] Usage tracker for resource:security_group_rule and tenant:5134c88839f746b083c17af0c6fcaaa6 is out of sync, need to count used quota {{(pid=82812) count_used /opt/stack/neutron/neutron/quota/resource.py:270}}
Nov 13 07:31:37.600708 dv-cinder-817832-1-smb neutron-server[82812]: DEBUG neutron.quota.resource [None req-ad688a16-000c-4548-be79-bc138c1efca9 admin admin] Quota usage for security_group_rule was recalculated. Used quota:0. {{(pid=82812) count_used /opt/stack/neutron/neutron/quota/resource.py:290}}
Nov 13 07:31:37.706101 dv-cinder-817832-1-smb neutron-server[82812]: DEBUG neutron.db.quota.driver [None req-ad688a16-000c-4548-be79-bc138c1efca9 admin admin] Attempting to reserve 4 items for resource security_group_rule. Total usage: 0; quota limit: 100; headroom:100 {{(pid=82812) make_reservation /opt/stack/neutron/neutron/db/quota/driver.py:246}}
Nov 13 07:31:37.773771 dv-cinder-817832-1-smb neutron-server[82811]: INFO neutron.wsgi [req-78dd9148-9ccf-4209-a0f7-2323b0332eb9 req-5fa671e5-cebb-4972-bedc-46eb1cd76258 service neutron] 10.222.0.36 "GET /v2.0/networks/c086dbfe-3975-4dc7-ba75-b459e44d4351?fields=provider%3Aphysical_network&fields=provider%3Anetwork_type HTTP/1.1" status: 200 len: 281 time: 0.2876117
Nov 13 07:31:37.791371 dv-cinder-817832-1-smb neutron-server[82812]: INFO neutron.wsgi [req-61020a93-9878-4527-94a0-84ea159cda60 req-4b86f528-89c0-4235-a57f-e9c4944b077b service neutron] 10.222.0.36 "GET /v2.0/floatingips?fixed_ip_address=172.20.0.14&port_id=bb2248d0-d13f-41a2-8319-be82e1b62723 HTTP/1.1" status: 200 len: 217 time: 0.1846931
Nov 13 07:31:37.826878 dv-cinder-817832-1-smb neutron-server[82811]: DEBUG neutron.wsgi [-] (82811) accepted ('10.222.0.15', 59430) {{(pid=82811) server /usr/local/lib/python3.8/dist-packages/eventlet/wsgi.py:992}}
Nov 13 07:31:37.981888 dv-cinder-817832-1-smb neutron-server[82812]: INFO neutron.wsgi [req-b088ed78-84aa-467b-b153-cebfeb64e24d req-a453e86c-8f6c-4c15-a6e7-0fa545b30518 tempest-ServerRescueNegativeTestJSON-452709406 tempest-ServerRescueNegativeTestJSON-452709406-project] 10.222.0.15 "GET /v2.0/ports?device_id=5614d3c8-fa9f-46c9-a04d-2f0e16cf3344 HTTP/1.1" status: 200 len: 210 time: 0.0554433
