Nov 12 14:33:21.133166 dv-cinder-817642-2-smb devstack@c-api.service[108489]: /usr/local/lib/python3.8/dist-packages/webob/acceptparse.py:1047: DeprecationWarning: The behavior of AcceptValidHeader.best_match is currently being maintained for backward compatibility, but it will be deprecated in the future, as it does not conform to the RFC.
Nov 12 14:33:21.133166 dv-cinder-817642-2-smb devstack@c-api.service[108489]: warnings.warn(
Nov 12 14:33:21.134062 dv-cinder-817642-2-smb devstack@c-api.service[108489]: DEBUG cinder.api.openstack.wsgi [None req-7358e0f2-c93a-4cc9-93af-406cbf5578ce tempest-VolumeServicesNegativeTest-1146065469 tempest-VolumeServicesNegativeTest-1146065469-project-admin] Calling method 'index' {{(pid=108489) _process_stack /opt/stack/cinder/cinder/api/openstack/wsgi.py:856}}
Nov 12 14:33:21.134998 dv-cinder-817642-2-smb devstack@c-api.service[108489]: /usr/local/lib/python3.8/dist-packages/oslo_context/context.py:105: DeprecationWarning: Policy enforcement is depending on the value of is_admin. This key is deprecated. Please update your policy file to use the standard policy values.
Nov 12 14:33:21.134998 dv-cinder-817642-2-smb devstack@c-api.service[108489]: warnings.warn('Policy enforcement is depending on the value of '
Nov 12 14:33:21.157038 dv-cinder-817642-2-smb devstack@c-api.service[108489]: INFO cinder.api.openstack.wsgi [None req-7358e0f2-c93a-4cc9-93af-406cbf5578ce tempest-VolumeServicesNegativeTest-1146065469 tempest-VolumeServicesNegativeTest-1146065469-project-admin] http://10.222.0.75/volume/v3/138a15267436450c830fc53b6ef36bb4/os-services returned with HTTP 200
Nov 12 14:33:21.190786 dv-cinder-817642-2-smb devstack@c-api.service[108489]: [pid: 108489|app: 0|req: 87/165] 10.222.0.75 () {58 vars in 1225 bytes} [Fri Nov 12 14:33:20 2021] GET /volume/v3/138a15267436450c830fc53b6ef36bb4/os-services => generated 640 bytes in 567 msecs (HTTP/1.1 200) 7 headers in 285 bytes (1 switches on core 0)
Nov 12 14:33:21.203207 dv-cinder-817642-2-smb devstack@c-api.service[108489]: INFO cinder.api.openstack.wsgi [None req-2436fe62-078d-4786-9354-422edf501c83 tempest-QosSpecsTestJSON-1740587407 tempest-QosSpecsTestJSON-1740587407-project-admin] GET http://10.222.0.75/volume/v3/96499f254e2a483d9bc2346f6cbcf2dd/qos-specs/525b9a7c-d81c-425a-841c-cf0adfcec25d
Nov 12 14:33:21.205526 dv-cinder-817642-2-smb devstack@c-api.service[108489]: DEBUG cinder.api.openstack.wsgi [None req-2436fe62-078d-4786-9354-422edf501c83 tempest-QosSpecsTestJSON-1740587407 tempest-QosSpecsTestJSON-1740587407-project-admin] Empty body provided in request {{(pid=108489) get_body /opt/stack/cinder/cinder/api/openstack/wsgi.py:703}}
Nov 12 14:33:21.206080 dv-cinder-817642-2-smb devstack@c-api.service[108489]: DEBUG cinder.api.openstack.wsgi [None req-2436fe62-078d-4786-9354-422edf501c83 tempest-QosSpecsTestJSON-1740587407 tempest-QosSpecsTestJSON-1740587407-project-admin] Calling method 'show' {{(pid=108489) _process_stack /opt/stack/cinder/cinder/api/openstack/wsgi.py:856}}
Nov 12 14:33:21.225936 dv-cinder-817642-2-smb devstack@c-api.service[108489]: INFO cinder.api.openstack.wsgi [None req-2436fe62-078d-4786-9354-422edf501c83 tempest-QosSpecsTestJSON-1740587407 tempest-QosSpecsTestJSON-1740587407-project-admin] http://10.222.0.75/volume/v3/96499f254e2a483d9bc2346f6cbcf2dd/qos-specs/525b9a7c-d81c-425a-841c-cf0adfcec25d returned with HTTP 200
Nov 12 14:33:21.232466 dv-cinder-817642-2-smb devstack@c-api.service[108489]: [pid: 108489|app: 0|req: 88/166] 10.222.0.75 () {58 vars in 1330 bytes} [Fri Nov 12 14:33:21 2021] GET /volume/v3/96499f254e2a483d9bc2346f6cbcf2dd/qos-specs/525b9a7c-d81c-425a-841c-cf0adfcec25d => generated 480 bytes in 42 msecs (HTTP/1.1 200) 7 headers in 285 bytes (1 switches on core 0)
Nov 12 14:33:21.265390 dv-cinder-817642-2-smb devstack@c-api.service[108489]: INFO cinder.api.openstack.wsgi [None req-aae4b3b8-a885-4300-a5f7-d5b269b317db tempest-VolumeServicesNegativeTest-1146065469 tempest-VolumeServicesNegativeTest-1146065469-project-admin] PUT http://10.222.0.75/volume/v3/138a15267436450c830fc53b6ef36bb4/os-services/disable-log-reason
Nov 12 14:33:21.266928 dv-cinder-817642-2-smb devstack@c-api.service[108489]: /usr/local/lib/python3.8/dist-packages/webob/acceptparse.py:1047: DeprecationWarning: The behavior of AcceptValidHeader.best_match is currently being maintained for backward compatibility, but it will be deprecated in the future, as it does not conform to the RFC.
Nov 12 14:33:21.266928 dv-cinder-817642-2-smb devstack@c-api.service[108489]: warnings.warn(
Nov 12 14:33:21.269013 dv-cinder-817642-2-smb devstack@c-api.service[108489]: DEBUG cinder.api.openstack.wsgi [None req-aae4b3b8-a885-4300-a5f7-d5b269b317db tempest-VolumeServicesNegativeTest-1146065469 tempest-VolumeServicesNegativeTest-1146065469-project-admin] Action: 'update', calling method: update, body: {"host": "dv-cinder-817642-2-smb", "binary": "cinder-scheduler", "disabled_reason": null} {{(pid=108489) _process_stack /opt/stack/cinder/cinder/api/openstack/wsgi.py:854}}
Nov 12 14:33:21.271751 dv-cinder-817642-2-smb devstack@c-api.service[108489]: /usr/local/lib/python3.8/dist-packages/oslo_context/context.py:105: DeprecationWarning: Policy enforcement is depending on the value of is_admin. This key is deprecated. Please update your policy file to use the standard policy values.
Nov 12 14:33:21.271751 dv-cinder-817642-2-smb devstack@c-api.service[108489]: warnings.warn('Policy enforcement is depending on the value of '
Nov 12 14:33:21.279385 dv-cinder-817642-2-smb devstack@c-api.service[108489]: INFO cinder.api.openstack.wsgi [None req-aae4b3b8-a885-4300-a5f7-d5b269b317db tempest-VolumeServicesNegativeTest-1146065469 tempest-VolumeServicesNegativeTest-1146065469-project-admin] http://10.222.0.75/volume/v3/138a15267436450c830fc53b6ef36bb4/os-services/disable-log-reason returned with HTTP 400
Nov 12 14:33:21.280969 dv-cinder-817642-2-smb devstack@c-api.service[108489]: [pid: 108489|app: 0|req: 89/167] 10.222.0.75 () {60 vars in 1302 bytes} [Fri Nov 12 14:33:21 2021] PUT /volume/v3/138a15267436450c830fc53b6ef36bb4/os-services/disable-log-reason => generated 136 bytes in 47 msecs (HTTP/1.1 400) 7 headers in 294 bytes (1 switches on core 0)
Nov 12 14:33:21.290950 dv-cinder-817642-2-smb devstack@c-api.service[108490]: INFO cinder.transfer.api [None req-92507340-b458-420c-8b6b-85595b0b4f59 tempest-VolumeQuotasAdminTestJSON-256653651 tempest-VolumeQuotasAdminTestJSON-256653651-project] Volume e73a038d-05c4-4b8a-bbb4-101549e6cb31 has been transferred.
Nov 12 14:33:21.300560 dv-cinder-817642-2-smb devstack@c-api.service[108489]: INFO cinder.api.openstack.wsgi [None req-48c6e67d-0488-40ad-8a62-459564059256 tempest-QosSpecsTestJSON-1740587407 tempest-QosSpecsTestJSON-1740587407-project-admin] PUT http://10.222.0.75/volume/v3/96499f254e2a483d9bc2346f6cbcf2dd/qos-specs/525b9a7c-d81c-425a-841c-cf0adfcec25d/delete_keys
Nov 12 14:33:21.306180 dv-cinder-817642-2-smb devstack@c-api.service[108489]: DEBUG cinder.api.openstack.wsgi [None req-48c6e67d-0488-40ad-8a62-459564059256 tempest-QosSpecsTestJSON-1740587407 tempest-QosSpecsTestJSON-1740587407-project-admin] Action: 'delete_keys', calling method: delete_keys, body: {"keys": ["iops_bytes"]} {{(pid=108489) _process_stack /opt/stack/cinder/cinder/api/openstack/wsgi.py:854}}
Nov 12 14:33:21.309254 dv-cinder-817642-2-smb devstack@c-api.service[108490]: INFO cinder.api.openstack.wsgi [None req-92507340-b458-420c-8b6b-85595b0b4f59 tempest-VolumeQuotasAdminTestJSON-256653651 tempest-VolumeQuotasAdminTestJSON-256653651-project] http://10.222.0.75/volume/v3/fd1b5e926ea64a01aa026b09f9b4e083/os-volume-transfer/64aa0732-b5bc-4059-bebe-d794bad7f57d/accept returned with HTTP 202
Nov 12 14:33:21.311426 dv-cinder-817642-2-smb devstack@c-api.service[108489]: DEBUG cinder.api.contrib.qos_specs_manage [None req-48c6e67d-0488-40ad-8a62-459564059256 tempest-QosSpecsTestJSON-1740587407 tempest-QosSpecsTestJSON-1740587407-project-admin] Delete_key spec: 525b9a7c-d81c-425a-841c-cf0adfcec25d, keys: ['iops_bytes'] {{(pid=108489) delete_keys /opt/stack/cinder/cinder/api/contrib/qos_specs_manage.py:207}}
Nov 12 14:33:21.317191 dv-cinder-817642-2-smb devstack@c-api.service[108490]: [pid: 108490|app: 0|req: 79/168] 10.222.0.75 () {60 vars in 1399 bytes} [Fri Nov 12 14:33:19 2021] POST /volume/v3/fd1b5e926ea64a01aa026b09f9b4e083/os-volume-transfer/64aa0732-b5bc-4059-bebe-d794bad7f57d/accept => generated 431 bytes in 1834 msecs (HTTP/1.1 202) 7 headers in 291 bytes (1 switches on core 0)
Nov 12 14:33:21.323952 dv-cinder-817642-2-smb devstack@c-api.service[108490]: INFO cinder.api.openstack.wsgi [None req-9db59119-7dcf-43a1-b7b8-830129c7d33d tempest-VolumeServicesNegativeTest-1146065469 tempest-VolumeServicesNegativeTest-1146065469-project-admin] PUT http://10.222.0.75/volume/v3/138a15267436450c830fc53b6ef36bb4/os-services/disable
Nov 12 14:33:21.326200 dv-cinder-817642-2-smb devstack@c-api.service[108490]: /usr/local/lib/python3.8/dist-packages/webob/acceptparse.py:1047: DeprecationWarning: The behavior of AcceptValidHeader.best_match is currently being maintained for backward compatibility, but it will be deprecated in the future, as it does not conform to the RFC.
Nov 12 14:33:21.326200 dv-cinder-817642-2-smb devstack@c-api.service[108490]: warnings.warn(
Nov 12 14:33:21.327726 dv-cinder-817642-2-smb devstack@c-api.service[108490]: DEBUG cinder.api.openstack.wsgi [None req-9db59119-7dcf-43a1-b7b8-830129c7d33d tempest-VolumeServicesNegativeTest-1146065469 tempest-VolumeServicesNegativeTest-1146065469-project-admin] Action: 'update', calling method: update, body: {"host": "dv-cinder-817642-2-smb", "binary": "invalid_binary"} {{(pid=108490) _process_stack /opt/stack/cinder/cinder/api/openstack/wsgi.py:854}}
Nov 12 14:33:21.327726 dv-cinder-817642-2-smb devstack@c-api.service[108490]: /usr/local/lib/python3.8/dist-packages/oslo_context/context.py:105: DeprecationWarning: Policy enforcement is depending on the value of is_admin. This key is deprecated. Please update your policy file to use the standard policy values.
Nov 12 14:33:21.327726 dv-cinder-817642-2-smb devstack@c-api.service[108490]: warnings.warn('Policy enforcement is depending on the value of '
Nov 12 14:33:21.339455 dv-cinder-817642-2-smb devstack@c-api.service[108490]: INFO cinder.api.openstack.wsgi [None req-9db59119-7dcf-43a1-b7b8-830129c7d33d tempest-VolumeServicesNegativeTest-1146065469 tempest-VolumeServicesNegativeTest-1146065469-project-admin] http://10.222.0.75/volume/v3/138a15267436450c830fc53b6ef36bb4/os-services/disable returned with HTTP 404
Nov 12 14:33:21.346007 dv-cinder-817642-2-smb devstack@c-api.service[108490]: [pid: 108490|app: 0|req: 80/169] 10.222.0.75 () {60 vars in 1269 bytes} [Fri Nov 12 14:33:21 2021] PUT /volume/v3/138a15267436450c830fc53b6ef36bb4/os-services/disable => generated 119 bytes in 28 msecs (HTTP/1.1 404) 7 headers in 292 bytes (1 switches on core 0)
Nov 12 14:33:21.352680 dv-cinder-817642-2-smb devstack@c-api.service[108490]: INFO cinder.api.openstack.wsgi [None req-3d00f39c-f97d-4ede-971e-6affc0bfa582 tempest-VolumeQuotasAdminTestJSON-256653651 tempest-VolumeQuotasAdminTestJSON-256653651-project] GET http://10.222.0.75/volume/v3/fd1b5e926ea64a01aa026b09f9b4e083/volumes/e73a038d-05c4-4b8a-bbb4-101549e6cb31
Nov 12 14:33:21.353571 dv-cinder-817642-2-smb devstack@c-api.service[108490]: DEBUG cinder.api.openstack.wsgi [None req-3d00f39c-f97d-4ede-971e-6affc0bfa582 tempest-VolumeQuotasAdminTestJSON-256653651 tempest-VolumeQuotasAdminTestJSON-256653651-project] Empty body provided in request {{(pid=108490) get_body /opt/stack/cinder/cinder/api/openstack/wsgi.py:703}}
Nov 12 14:33:21.354549 dv-cinder-817642-2-smb devstack@c-api.service[108490]: DEBUG cinder.api.openstack.wsgi [None req-3d00f39c-f97d-4ede-971e-6affc0bfa582 tempest-VolumeQuotasAdminTestJSON-256653651 tempest-VolumeQuotasAdminTestJSON-256653651-project] Calling method 'show' {{(pid=108490) _process_stack /opt/stack/cinder/cinder/api/openstack/wsgi.py:856}}
Nov 12 14:33:21.374941 dv-cinder-817642-2-smb devstack@c-api.service[108490]: /usr/local/lib/python3.8/dist-packages/oslo_context/context.py:105: DeprecationWarning: Policy enforcement is depending on the value of is_admin. This key is deprecated. Please update your policy file to use the standard policy values.
Nov 12 14:33:21.374941 dv-cinder-817642-2-smb devstack@c-api.service[108490]: warnings.warn('Policy enforcement is depending on the value of '
Nov 12 14:33:21.383959 dv-cinder-817642-2-smb devstack@c-api.service[108489]: INFO cinder.api.openstack.wsgi [None req-48c6e67d-0488-40ad-8a62-459564059256 tempest-QosSpecsTestJSON-1740587407 tempest-QosSpecsTestJSON-1740587407-project-admin] http://10.222.0.75/volume/v3/96499f254e2a483d9bc2346f6cbcf2dd/qos-specs/525b9a7c-d81c-425a-841c-cf0adfcec25d/delete_keys returned with HTTP 202
Nov 12 14:33:21.384580 dv-cinder-817642-2-smb devstack@c-api.service[108490]: INFO cinder.volume.api [None req-3d00f39c-f97d-4ede-971e-6affc0bfa582 tempest-VolumeQuotasAdminTestJSON-256653651 tempest-VolumeQuotasAdminTestJSON-256653651-project] Volume info retrieved successfully.
Nov 12 14:33:21.394199 dv-cinder-817642-2-smb devstack@c-api.service[108489]: [pid: 108489|app: 0|req: 90/170] 10.222.0.75 () {60 vars in 1386 bytes} [Fri Nov 12 14:33:21 2021] PUT /volume/v3/96499f254e2a483d9bc2346f6cbcf2dd/qos-specs/525b9a7c-d81c-425a-841c-cf0adfcec25d/delete_keys => generated 0 bytes in 108 msecs (HTTP/1.1 202) 6 headers in 233 bytes (1 switches on core 0)
Nov 12 14:33:21.401986 dv-cinder-817642-2-smb devstack@c-api.service[108490]: INFO cinder.api.openstack.wsgi [None req-3d00f39c-f97d-4ede-971e-6affc0bfa582 tempest-VolumeQuotasAdminTestJSON-256653651 tempest-VolumeQuotasAdminTestJSON-256653651-project] http://10.222.0.75/volume/v3/fd1b5e926ea64a01aa026b09f9b4e083/volumes/e73a038d-05c4-4b8a-bbb4-101549e6cb31 returned with HTTP 200
Nov 12 14:33:21.414697 dv-cinder-817642-2-smb devstack@c-api.service[108489]: INFO cinder.api.openstack.wsgi [None req-ccdd8ddb-1912-4bc1-a919-5064ce6fa555 tempest-VolumeServicesNegativeTest-1146065469 tempest-VolumeServicesNegativeTest-1146065469-project-admin] PUT http://10.222.0.75/volume/v3/138a15267436450c830fc53b6ef36bb4/os-services/enable
Nov 12 14:33:21.414697 dv-cinder-817642-2-smb devstack@c-api.service[108489]: /usr/local/lib/python3.8/dist-packages/webob/acceptparse.py:1047: DeprecationWarning: The behavior of AcceptValidHeader.best_match is currently being maintained for backward compatibility, but it will be deprecated in the future, as it does not conform to the RFC.
Nov 12 14:33:21.414697 dv-cinder-817642-2-smb devstack@c-api.service[108489]: warnings.warn(
Nov 12 14:33:21.414697 dv-cinder-817642-2-smb devstack@c-api.service[108489]: DEBUG cinder.api.openstack.wsgi [None req-ccdd8ddb-1912-4bc1-a919-5064ce6fa555 tempest-VolumeServicesNegativeTest-1146065469 tempest-VolumeServicesNegativeTest-1146065469-project-admin] Action: 'update', calling method: update, body: {"host": "invalid_host", "binary": "cinder-scheduler"} {{(pid=108489) _process_stack /opt/stack/cinder/cinder/api/openstack/wsgi.py:854}}
Nov 12 14:33:21.415233 dv-cinder-817642-2-smb devstack@c-api.service[108489]: /usr/local/lib/python3.8/dist-packages/oslo_context/context.py:105: DeprecationWarning: Policy enforcement is depending on the value of is_admin. This key is deprecated. Please update your policy file to use the standard policy values.
Nov 12 14:33:21.415233 dv-cinder-817642-2-smb devstack@c-api.service[108489]: warnings.warn('Policy enforcement is depending on the value of '
Nov 12 14:33:21.416999 dv-cinder-817642-2-smb devstack@c-api.service[108490]: [pid: 108490|app: 0|req: 81/171] 10.222.0.75 () {58 vars in 1324 bytes} [Fri Nov 12 14:33:21 2021] GET /volume/v3/fd1b5e926ea64a01aa026b09f9b4e083/volumes/e73a038d-05c4-4b8a-bbb4-101549e6cb31 => generated 918 bytes in 70 msecs (HTTP/1.1 200) 7 headers in 285 bytes (1 switches on core 0)
Nov 12 14:33:21.427924 dv-cinder-817642-2-smb devstack@c-api.service[108489]: INFO cinder.api.openstack.wsgi [None req-ccdd8ddb-1912-4bc1-a919-5064ce6fa555 tempest-VolumeServicesNegativeTest-1146065469 tempest-VolumeServicesNegativeTest-1146065469-project-admin] http://10.222.0.75/volume/v3/138a15267436450c830fc53b6ef36bb4/os-services/enable returned with HTTP 404
Nov 12 14:33:21.433132 dv-cinder-817642-2-smb devstack@c-api.service[108489]: [pid: 108489|app: 0|req: 91/172] 10.222.0.75 () {60 vars in 1266 bytes} [Fri Nov 12 14:33:21 2021] PUT /volume/v3/138a15267436450c830fc53b6ef36bb4/os-services/enable => generated 111 bytes in 37 msecs (HTTP/1.1 404) 7 headers in 292 bytes (1 switches on core 0)
Nov 12 14:33:21.436734 dv-cinder-817642-2-smb devstack@c-api.service[108489]: INFO cinder.api.openstack.wsgi [None req-14e9c51a-d40b-4f8e-bb7a-dd950154581f tempest-VolumeQuotasAdminTestJSON-2144069627 tempest-VolumeQuotasAdminTestJSON-2144069627-project-admin] GET http://10.222.0.75/volume/v3/a69727319bc94c98abb18c113aa534dd/os-quota-sets/4f50585e7f5548468155e206412905fb?usage=True
Nov 12 14:33:21.437710 dv-cinder-817642-2-smb devstack@c-api.service[108489]: DEBUG cinder.api.openstack.wsgi [None req-14e9c51a-d40b-4f8e-bb7a-dd950154581f tempest-VolumeQuotasAdminTestJSON-2144069627 tempest-VolumeQuotasAdminTestJSON-2144069627-project-admin] Empty body provided in request {{(pid=108489) get_body /opt/stack/cinder/cinder/api/openstack/wsgi.py:703}}
Nov 12 14:33:21.438146 dv-cinder-817642-2-smb devstack@c-api.service[108489]: DEBUG cinder.api.openstack.wsgi [None req-14e9c51a-d40b-4f8e-bb7a-dd950154581f tempest-VolumeQuotasAdminTestJSON-2144069627 tempest-VolumeQuotasAdminTestJSON-2144069627-project-admin] Calling method 'show' {{(pid=108489) _process_stack /opt/stack/cinder/cinder/api/openstack/wsgi.py:856}}
Nov 12 14:33:21.442775 dv-cinder-817642-2-smb devstack@c-api.service[108490]: INFO cinder.api.openstack.wsgi [None req-ee02366a-5bf5-4492-bc9a-0ba677d6a249 tempest-QosSpecsTestJSON-1740587407 tempest-QosSpecsTestJSON-1740587407-project-admin] GET http://10.222.0.75/volume/v3/96499f254e2a483d9bc2346f6cbcf2dd/qos-specs/525b9a7c-d81c-425a-841c-cf0adfcec25d
Nov 12 14:33:21.444081 dv-cinder-817642-2-smb devstack@c-api.service[108490]: DEBUG cinder.api.openstack.wsgi [None req-ee02366a-5bf5-4492-bc9a-0ba677d6a249 tempest-QosSpecsTestJSON-1740587407 tempest-QosSpecsTestJSON-1740587407-project-admin] Empty body provided in request {{(pid=108490) get_body /opt/stack/cinder/cinder/api/openstack/wsgi.py:703}}
Nov 12 14:33:21.444081 dv-cinder-817642-2-smb devstack@c-api.service[108490]: /usr/local/lib/python3.8/dist-packages/webob/acceptparse.py:1047: DeprecationWarning: The behavior of AcceptValidHeader.best_match is currently being maintained for backward compatibility, but it will be deprecated in the future, as it does not conform to the RFC.
Nov 12 14:33:21.444081 dv-cinder-817642-2-smb devstack@c-api.service[108490]: warnings.warn(
Nov 12 14:33:21.444081 dv-cinder-817642-2-smb devstack@c-api.service[108490]: DEBUG cinder.api.openstack.wsgi [None req-ee02366a-5bf5-4492-bc9a-0ba677d6a249 tempest-QosSpecsTestJSON-1740587407 tempest-QosSpecsTestJSON-1740587407-project-admin] Calling method 'show' {{(pid=108490) _process_stack /opt/stack/cinder/cinder/api/openstack/wsgi.py:856}}
Nov 12 14:33:21.468271 dv-cinder-817642-2-smb devstack@c-api.service[108489]: WARNING cinder.quota [None req-14e9c51a-d40b-4f8e-bb7a-dd950154581f tempest-VolumeQuotasAdminTestJSON-2144069627 tempest-VolumeQuotasAdminTestJSON-2144069627-project-admin] Deprecated: Default quota for resource: volumes_tempest-QosSpecsTestJSON-volume-type-1250519595 is set by the default quota flag: quota_volumes_tempest-QosSpecsTestJSON-volume-type-1250519595, it is now deprecated. Please use the default quota class for default quota.
Nov 12 14:33:21.469114 dv-cinder-817642-2-smb devstack@c-api.service[108490]: INFO cinder.api.openstack.wsgi [None req-ee02366a-5bf5-4492-bc9a-0ba677d6a249 tempest-QosSpecsTestJSON-1740587407 tempest-QosSpecsTestJSON-1740587407-project-admin] http://10.222.0.75/volume/v3/96499f254e2a483d9bc2346f6cbcf2dd/qos-specs/525b9a7c-d81c-425a-841c-cf0adfcec25d returned with HTTP 200
Nov 12 14:33:21.469225 dv-cinder-817642-2-smb devstack@c-api.service[108489]: WARNING cinder.quota [None req-14e9c51a-d40b-4f8e-bb7a-dd950154581f tempest-VolumeQuotasAdminTestJSON-2144069627 tempest-VolumeQuotasAdminTestJSON-2144069627-project-admin] Deprecated: Default quota for resource: gigabytes_tempest-QosSpecsTestJSON-volume-type-1250519595 is set by the default quota flag: quota_gigabytes_tempest-QosSpecsTestJSON-volume-type-1250519595, it is now deprecated. Please use the default quota class for default quota.
Nov 12 14:33:21.474514 dv-cinder-817642-2-smb devstack@c-api.service[108489]: WARNING cinder.quota [None req-14e9c51a-d40b-4f8e-bb7a-dd950154581f tempest-VolumeQuotasAdminTestJSON-2144069627 tempest-VolumeQuotasAdminTestJSON-2144069627-project-admin] Deprecated: Default quota for resource: snapshots_tempest-QosSpecsTestJSON-volume-type-1250519595 is set by the default quota flag: quota_snapshots_tempest-QosSpecsTestJSON-volume-type-1250519595, it is now deprecated. Please use the default quota class for default quota.
Nov 12 14:33:21.474514 dv-cinder-817642-2-smb devstack@c-api.service[108489]: WARNING cinder.quota [None req-14e9c51a-d40b-4f8e-bb7a-dd950154581f tempest-VolumeQuotasAdminTestJSON-2144069627 tempest-VolumeQuotasAdminTestJSON-2144069627-project-admin] Deprecated: Default quota for resource: volumes_tempest-QosSpecsTestJSON-volume-type-2046347199 is set by the default quota flag: quota_volumes_tempest-QosSpecsTestJSON-volume-type-2046347199, it is now deprecated. Please use the default quota class for default quota.
Nov 12 14:33:21.474514 dv-cinder-817642-2-smb devstack@c-api.service[108489]: WARNING cinder.quota [None req-14e9c51a-d40b-4f8e-bb7a-dd950154581f tempest-VolumeQuotasAdminTestJSON-2144069627 tempest-VolumeQuotasAdminTestJSON-2144069627-project-admin] Deprecated: Default quota for resource: gigabytes_tempest-QosSpecsTestJSON-volume-type-2046347199 is set by the default quota flag: quota_gigabytes_tempest-QosSpecsTestJSON-volume-type-2046347199, it is now deprecated. Please use the default quota class for default quota.
Nov 12 14:33:21.474514 dv-cinder-817642-2-smb devstack@c-api.service[108489]: WARNING cinder.quota [None req-14e9c51a-d40b-4f8e-bb7a-dd950154581f tempest-VolumeQuotasAdminTestJSON-2144069627 tempest-VolumeQuotasAdminTestJSON-2144069627-project-admin] Deprecated: Default quota for resource: snapshots_tempest-QosSpecsTestJSON-volume-type-2046347199 is set by the default quota flag: quota_snapshots_tempest-QosSpecsTestJSON-volume-type-2046347199, it is now deprecated. Please use the default quota class for default quota.
Nov 12 14:33:21.475265 dv-cinder-817642-2-smb devstack@c-api.service[108490]: [pid: 108490|app: 0|req: 82/173] 10.222.0.75 () {58 vars in 1330 bytes} [Fri Nov 12 14:33:21 2021] GET /volume/v3/96499f254e2a483d9bc2346f6cbcf2dd/qos-specs/525b9a7c-d81c-425a-841c-cf0adfcec25d => generated 459 bytes in 57 msecs (HTTP/1.1 200) 7 headers in 285 bytes (1 switches on core 0)
Nov 12 14:33:21.475574 dv-cinder-817642-2-smb devstack@c-api.service[108489]: WARNING cinder.quota [None req-14e9c51a-d40b-4f8e-bb7a-dd950154581f tempest-VolumeQuotasAdminTestJSON-2144069627 tempest-VolumeQuotasAdminTestJSON-2144069627-project-admin] Deprecated: Default quota for resource: volumes_tempest-QosSpecsTestJSON-volume-type-706555470 is set by the default quota flag: quota_volumes_tempest-QosSpecsTestJSON-volume-type-706555470, it is now deprecated. Please use the default quota class for default quota.
Nov 12 14:33:21.476457 dv-cinder-817642-2-smb devstack@c-api.service[108489]: WARNING cinder.quota [None req-14e9c51a-d40b-4f8e-bb7a-dd950154581f tempest-VolumeQuotasAdminTestJSON-2144069627 tempest-VolumeQuotasAdminTestJSON-2144069627-project-admin] Deprecated: Default quota for resource: gigabytes_tempest-QosSpecsTestJSON-volume-type-706555470 is set by the default quota flag: quota_gigabytes_tempest-QosSpecsTestJSON-volume-type-706555470, it is now deprecated. Please use the default quota class for default quota.
Nov 12 14:33:21.477505 dv-cinder-817642-2-smb devstack@c-api.service[108489]: WARNING cinder.quota [None req-14e9c51a-d40b-4f8e-bb7a-dd950154581f tempest-VolumeQuotasAdminTestJSON-2144069627 tempest-VolumeQuotasAdminTestJSON-2144069627-project-admin] Deprecated: Default quota for resource: snapshots_tempest-QosSpecsTestJSON-volume-type-706555470 is set by the default quota flag: quota_snapshots_tempest-QosSpecsTestJSON-volume-type-706555470, it is now deprecated. Please use the default quota class for default quota.
Nov 12 14:33:21.482910 dv-cinder-817642-2-smb devstack@c-api.service[108490]: INFO cinder.api.openstack.wsgi [None req-7103573f-c23b-4943-a9dd-16168dbe22f4 tempest-VolumeServicesNegativeTest-1146065469 tempest-VolumeServicesNegativeTest-1146065469-project-admin] PUT http://10.222.0.75/volume/v3/138a15267436450c830fc53b6ef36bb4/os-services/freeze
Nov 12 14:33:21.483367 dv-cinder-817642-2-smb devstack@c-api.service[108490]: /usr/local/lib/python3.8/dist-packages/webob/acceptparse.py:1047: DeprecationWarning: The behavior of AcceptValidHeader.best_match is currently being maintained for backward compatibility, but it will be deprecated in the future, as it does not conform to the RFC.
Nov 12 14:33:21.483367 dv-cinder-817642-2-smb devstack@c-api.service[108490]: warnings.warn(
Nov 12 14:33:21.483952 dv-cinder-817642-2-smb devstack@c-api.service[108490]: DEBUG cinder.api.openstack.wsgi [None req-7103573f-c23b-4943-a9dd-16168dbe22f4 tempest-VolumeServicesNegativeTest-1146065469 tempest-VolumeServicesNegativeTest-1146065469-project-admin] Action: 'update', calling method: update, body: {"host": "invalid_host"} {{(pid=108490) _process_stack /opt/stack/cinder/cinder/api/openstack/wsgi.py:854}}
Nov 12 14:33:21.484792 dv-cinder-817642-2-smb devstack@c-api.service[108490]: /usr/local/lib/python3.8/dist-packages/oslo_context/context.py:105: DeprecationWarning: Policy enforcement is depending on the value of is_admin. This key is deprecated. Please update your policy file to use the standard policy values.
Nov 12 14:33:21.484792 dv-cinder-817642-2-smb devstack@c-api.service[108490]: warnings.warn('Policy enforcement is depending on the value of '
Nov 12 14:33:21.499399 dv-cinder-817642-2-smb devstack@c-api.service[108489]: INFO cinder.api.openstack.wsgi [None req-14e9c51a-d40b-4f8e-bb7a-dd950154581f tempest-VolumeQuotasAdminTestJSON-2144069627 tempest-VolumeQuotasAdminTestJSON-2144069627-project-admin] http://10.222.0.75/volume/v3/a69727319bc94c98abb18c113aa534dd/os-quota-sets/4f50585e7f5548468155e206412905fb?usage=True returned with HTTP 200
Nov 12 14:33:21.500615 dv-cinder-817642-2-smb devstack@c-api.service[108489]: [pid: 108489|app: 0|req: 92/174] 10.222.0.75 () {58 vars in 1351 bytes} [Fri Nov 12 14:33:21 2021] GET /volume/v3/a69727319bc94c98abb18c113aa534dd/os-quota-sets/4f50585e7f5548468155e206412905fb?usage=True => generated 1795 bytes in 71 msecs (HTTP/1.1 200) 7 headers in 286 bytes (1 switches on core 0)
Nov 12 14:33:21.510056 dv-cinder-817642-2-smb devstack@c-api.service[108489]: INFO cinder.api.openstack.wsgi [None req-03ee00c1-dbda-4123-bf75-f3c768e63462 tempest-QosSpecsTestJSON-1740587407 tempest-QosSpecsTestJSON-1740587407-project-admin] GET http://10.222.0.75/volume/v3/96499f254e2a483d9bc2346f6cbcf2dd/qos-specs/525b9a7c-d81c-425a-841c-cf0adfcec25d
Nov 12 14:33:21.512030 dv-cinder-817642-2-smb devstack@c-api.service[108489]: DEBUG cinder.api.openstack.wsgi [None req-03ee00c1-dbda-4123-bf75-f3c768e63462 tempest-QosSpecsTestJSON-1740587407 tempest-QosSpecsTestJSON-1740587407-project-admin] Empty body provided in request {{(pid=108489) get_body /opt/stack/cinder/cinder/api/openstack/wsgi.py:703}}
Nov 12 14:33:21.513083 dv-cinder-817642-2-smb devstack@c-api.service[108489]: DEBUG cinder.api.openstack.wsgi [None req-03ee00c1-dbda-4123-bf75-f3c768e63462 tempest-QosSpecsTestJSON-1740587407 tempest-QosSpecsTestJSON-1740587407-project-admin] Calling method 'show' {{(pid=108489) _process_stack /opt/stack/cinder/cinder/api/openstack/wsgi.py:856}}
Nov 12 14:33:21.515136 dv-cinder-817642-2-smb devstack@c-api.service[108490]: INFO cinder.api.openstack.wsgi [None req-7103573f-c23b-4943-a9dd-16168dbe22f4 tempest-VolumeServicesNegativeTest-1146065469 tempest-VolumeServicesNegativeTest-1146065469-project-admin] http://10.222.0.75/volume/v3/138a15267436450c830fc53b6ef36bb4/os-services/freeze returned with HTTP 400
Nov 12 14:33:21.518105 dv-cinder-817642-2-smb devstack@c-api.service[108490]: [pid: 108490|app: 0|req: 83/175] 10.222.0.75 () {60 vars in 1266 bytes} [Fri Nov 12 14:33:21 2021] PUT /volume/v3/138a15267436450c830fc53b6ef36bb4/os-services/freeze => generated 83 bytes in 42 msecs (HTTP/1.1 400) 7 headers in 293 bytes (1 switches on core 0)
Nov 12 14:33:21.527438 dv-cinder-817642-2-smb devstack@c-api.service[108489]: INFO cinder.api.openstack.wsgi [None req-03ee00c1-dbda-4123-bf75-f3c768e63462 tempest-QosSpecsTestJSON-1740587407 tempest-QosSpecsTestJSON-1740587407-project-admin] http://10.222.0.75/volume/v3/96499f254e2a483d9bc2346f6cbcf2dd/qos-specs/525b9a7c-d81c-425a-841c-cf0adfcec25d returned with HTTP 200
Nov 12 14:33:21.529252 dv-cinder-817642-2-smb devstack@c-api.service[108489]: [pid: 108489|app: 0|req: 93/176] 10.222.0.75 () {58 vars in 1330 bytes} [Fri Nov 12 14:33:21 2021] GET /volume/v3/96499f254e2a483d9bc2346f6cbcf2dd/qos-specs/525b9a7c-d81c-425a-841c-cf0adfcec25d => generated 459 bytes in 28 msecs (HTTP/1.1 200) 7 headers in 285 bytes (1 switches on core 0)
Nov 12 14:33:21.531747 dv-cinder-817642-2-smb devstack@c-api.service[108490]: INFO cinder.api.openstack.wsgi [None req-b3959984-bea7-488b-9840-e117d6e38ea8 tempest-VolumeQuotasAdminTestJSON-2144069627 tempest-VolumeQuotasAdminTestJSON-2144069627-project-admin] GET http://10.222.0.75/volume/v3/a69727319bc94c98abb18c113aa534dd/os-quota-sets/fd1b5e926ea64a01aa026b09f9b4e083?usage=True
Nov 12 14:33:21.532274 dv-cinder-817642-2-smb devstack@c-api.service[108490]: DEBUG cinder.api.openstack.wsgi [None req-b3959984-bea7-488b-9840-e117d6e38ea8 tempest-VolumeQuotasAdminTestJSON-2144069627 tempest-VolumeQuotasAdminTestJSON-2144069627-project-admin] Empty body provided in request {{(pid=108490) get_body /opt/stack/cinder/cinder/api/openstack/wsgi.py:703}}
Nov 12 14:33:21.532701 dv-cinder-817642-2-smb devstack@c-api.service[108490]: DEBUG cinder.api.openstack.wsgi [None req-b3959984-bea7-488b-9840-e117d6e38ea8 tempest-VolumeQuotasAdminTestJSON-2144069627 tempest-VolumeQuotasAdminTestJSON-2144069627-project-admin] Calling method 'show' {{(pid=108490) _process_stack /opt/stack/cinder/cinder/api/openstack/wsgi.py:856}}
Nov 12 14:33:21.538830 dv-cinder-817642-2-smb devstack@c-api.service[108489]: INFO cinder.api.openstack.wsgi [None req-9d0479be-f587-4d7e-bf8d-19f4f63d62a6 tempest-VolumeServicesNegativeTest-1146065469 tempest-VolumeServicesNegativeTest-1146065469-project-admin] PUT http://10.222.0.75/volume/v3/138a15267436450c830fc53b6ef36bb4/os-services/thaw
Nov 12 14:33:21.539697 dv-cinder-817642-2-smb devstack@c-api.service[108489]: /usr/local/lib/python3.8/dist-packages/webob/acceptparse.py:1047: DeprecationWarning: The behavior of AcceptValidHeader.best_match is currently being maintained for backward compatibility, but it will be deprecated in the future, as it does not conform to the RFC.
Nov 12 14:33:21.539697 dv-cinder-817642-2-smb devstack@c-api.service[108489]: warnings.warn(
Nov 12 14:33:21.540303 dv-cinder-817642-2-smb devstack@c-api.service[108489]: DEBUG cinder.api.openstack.wsgi [None req-9d0479be-f587-4d7e-bf8d-19f4f63d62a6 tempest-VolumeServicesNegativeTest-1146065469 tempest-VolumeServicesNegativeTest-1146065469-project-admin] Action: 'update', calling method: update, body: {"host": "invalid_host"} {{(pid=108489) _process_stack /opt/stack/cinder/cinder/api/openstack/wsgi.py:854}}
Nov 12 14:33:21.541250 dv-cinder-817642-2-smb devstack@c-api.service[108489]: /usr/local/lib/python3.8/dist-packages/oslo_context/context.py:105: DeprecationWarning: Policy enforcement is depending on the value of is_admin. This key is deprecated. Please update your policy file to use the standard policy values.
Nov 12 14:33:21.541250 dv-cinder-817642-2-smb devstack@c-api.service[108489]: warnings.warn('Policy enforcement is depending on the value of '
Nov 12 14:33:21.555645 dv-cinder-817642-2-smb devstack@c-api.service[108489]: INFO cinder.api.openstack.wsgi [None req-9d0479be-f587-4d7e-bf8d-19f4f63d62a6 tempest-VolumeServicesNegativeTest-1146065469 tempest-VolumeServicesNegativeTest-1146065469-project-admin] http://10.222.0.75/volume/v3/138a15267436450c830fc53b6ef36bb4/os-services/thaw returned with HTTP 400
Nov 12 14:33:21.557549 dv-cinder-817642-2-smb devstack@c-api.service[108489]: [pid: 108489|app: 0|req: 94/177] 10.222.0.75 () {60 vars in 1260 bytes} [Fri Nov 12 14:33:21 2021] PUT /volume/v3/138a15267436450c830fc53b6ef36bb4/os-services/thaw => generated 83 bytes in 27 msecs (HTTP/1.1 400) 7 headers in 293 bytes (1 switches on core 0)
Nov 12 14:33:21.568536 dv-cinder-817642-2-smb devstack@c-api.service[108489]: INFO cinder.api.openstack.wsgi [None req-9dbc192b-8039-4806-8420-d6470247d0fc tempest-QosSpecsTestJSON-1740587407 tempest-QosSpecsTestJSON-1740587407-project-admin] DELETE http://10.222.0.75/volume/v3/96499f254e2a483d9bc2346f6cbcf2dd/qos-specs/59a5bc47-1acd-4a90-98bf-0660970f3f47?force=False
Nov 12 14:33:21.570249 dv-cinder-817642-2-smb devstack@c-api.service[108489]: DEBUG cinder.api.openstack.wsgi [None req-9dbc192b-8039-4806-8420-d6470247d0fc tempest-QosSpecsTestJSON-1740587407 tempest-QosSpecsTestJSON-1740587407-project-admin] Empty body provided in request {{(pid=108489) get_body /opt/stack/cinder/cinder/api/openstack/wsgi.py:703}}
Nov 12 14:33:21.571203 dv-cinder-817642-2-smb devstack@c-api.service[108489]: DEBUG cinder.api.openstack.wsgi [None req-9dbc192b-8039-4806-8420-d6470247d0fc tempest-QosSpecsTestJSON-1740587407 tempest-QosSpecsTestJSON-1740587407-project-admin] Calling method 'delete' {{(pid=108489) _process_stack /opt/stack/cinder/cinder/api/openstack/wsgi.py:856}}
Nov 12 14:33:21.573156 dv-cinder-817642-2-smb devstack@c-api.service[108489]: DEBUG cinder.api.contrib.qos_specs_manage [None req-9dbc192b-8039-4806-8420-d6470247d0fc tempest-QosSpecsTestJSON-1740587407 tempest-QosSpecsTestJSON-1740587407-project-admin] Delete qos_spec: 59a5bc47-1acd-4a90-98bf-0660970f3f47, force: False {{(pid=108489) delete /opt/stack/cinder/cinder/api/contrib/qos_specs_manage.py:168}}
Nov 12 14:33:21.581618 dv-cinder-817642-2-smb devstack@c-api.service[108489]: INFO cinder.api.openstack.wsgi [None req-9dbc192b-8039-4806-8420-d6470247d0fc tempest-QosSpecsTestJSON-1740587407 tempest-QosSpecsTestJSON-1740587407-project-admin] http://10.222.0.75/volume/v3/96499f254e2a483d9bc2346f6cbcf2dd/qos-specs/59a5bc47-1acd-4a90-98bf-0660970f3f47?force=False returned with HTTP 404
Nov 12 14:33:21.585429 dv-cinder-817642-2-smb devstack@c-api.service[108489]: [pid: 108489|app: 0|req: 95/178] 10.222.0.75 () {58 vars in 1356 bytes} [Fri Nov 12 14:33:21 2021] DELETE /volume/v3/96499f254e2a483d9bc2346f6cbcf2dd/qos-specs/59a5bc47-1acd-4a90-98bf-0660970f3f47?force=False => generated 100 bytes in 27 msecs (HTTP/1.1 404) 7 headers in 292 bytes (1 switches on core 0)
Nov 12 14:33:21.597951 dv-cinder-817642-2-smb devstack@c-api.service[108489]: INFO cinder.api.openstack.wsgi [None req-1cdb4f69-b251-462c-97aa-a9d0e8a01b47 tempest-QosSpecsTestJSON-1740587407 tempest-QosSpecsTestJSON-1740587407-project-admin] GET http://10.222.0.75/volume/v3/96499f254e2a483d9bc2346f6cbcf2dd/qos-specs/59a5bc47-1acd-4a90-98bf-0660970f3f47
Nov 12 14:33:21.598950 dv-cinder-817642-2-smb devstack@c-api.service[108489]: DEBUG cinder.api.openstack.wsgi [None req-1cdb4f69-b251-462c-97aa-a9d0e8a01b47 tempest-QosSpecsTestJSON-1740587407 tempest-QosSpecsTestJSON-1740587407-project-admin] Empty body provided in request {{(pid=108489) get_body /opt/stack/cinder/cinder/api/openstack/wsgi.py:703}}
Nov 12 14:33:21.599578 dv-cinder-817642-2-smb devstack@c-api.service[108489]: DEBUG cinder.api.openstack.wsgi [None req-1cdb4f69-b251-462c-97aa-a9d0e8a01b47 tempest-QosSpecsTestJSON-1740587407 tempest-QosSpecsTestJSON-1740587407-project-admin] Calling method 'show' {{(pid=108489) _process_stack /opt/stack/cinder/cinder/api/openstack/wsgi.py:856}}
Nov 12 14:33:21.610207 dv-cinder-817642-2-smb devstack@c-api.service[108489]: INFO cinder.api.openstack.wsgi [None req-1cdb4f69-b251-462c-97aa-a9d0e8a01b47 tempest-QosSpecsTestJSON-1740587407 tempest-QosSpecsTestJSON-1740587407-project-admin] http://10.222.0.75/volume/v3/96499f254e2a483d9bc2346f6cbcf2dd/qos-specs/59a5bc47-1acd-4a90-98bf-0660970f3f47 returned with HTTP 404
Nov 12 14:33:21.612379 dv-cinder-817642-2-smb devstack@c-api.service[108489]: [pid: 108489|app: 0|req: 96/179] 10.222.0.75 () {58 vars in 1330 bytes} [Fri Nov 12 14:33:21 2021] GET /volume/v3/96499f254e2a483d9bc2346f6cbcf2dd/qos-specs/59a5bc47-1acd-4a90-98bf-0660970f3f47 => generated 100 bytes in 23 msecs (HTTP/1.1 404) 7 headers in 292 bytes (1 switches on core 0)
Nov 12 14:33:21.629141 dv-cinder-817642-2-smb devstack@c-api.service[108490]: INFO cinder.api.openstack.wsgi [None req-b3959984-bea7-488b-9840-e117d6e38ea8 tempest-VolumeQuotasAdminTestJSON-2144069627 tempest-VolumeQuotasAdminTestJSON-2144069627-project-admin] http://10.222.0.75/volume/v3/a69727319bc94c98abb18c113aa534dd/os-quota-sets/fd1b5e926ea64a01aa026b09f9b4e083?usage=True returned with HTTP 200
Nov 12 14:33:21.630159 dv-cinder-817642-2-smb devstack@c-api.service[108490]: [pid: 108490|app: 0|req: 84/180] 10.222.0.75 () {58 vars in 1351 bytes} [Fri Nov 12 14:33:21 2021] GET /volume/v3/a69727319bc94c98abb18c113aa534dd/os-quota-sets/fd1b5e926ea64a01aa026b09f9b4e083?usage=True => generated 1795 bytes in 112 msecs (HTTP/1.1 200) 7 headers in 286 bytes (1 switches on core 0)
Nov 12 14:33:21.647451 dv-cinder-817642-2-smb devstack@c-api.service[108489]: INFO cinder.api.openstack.wsgi [None req-8b5fd7d1-0912-426d-addd-93700fbbef78 tempest-QosSpecsTestJSON-1740587407 tempest-QosSpecsTestJSON-1740587407-project-admin] DELETE http://10.222.0.75/volume/v3/96499f254e2a483d9bc2346f6cbcf2dd/qos-specs/0fec9c98-3b7d-4655-9fb8-c28c9901d1d1?force=False
Nov 12 14:33:21.648201 dv-cinder-817642-2-smb devstack@c-api.service[108489]: DEBUG cinder.api.openstack.wsgi [None req-8b5fd7d1-0912-426d-addd-93700fbbef78 tempest-QosSpecsTestJSON-1740587407 tempest-QosSpecsTestJSON-1740587407-project-admin] Empty body provided in request {{(pid=108489) get_body /opt/stack/cinder/cinder/api/openstack/wsgi.py:703}}
Nov 12 14:33:21.648811 dv-cinder-817642-2-smb devstack@c-api.service[108489]: DEBUG cinder.api.openstack.wsgi [None req-8b5fd7d1-0912-426d-addd-93700fbbef78 tempest-QosSpecsTestJSON-1740587407 tempest-QosSpecsTestJSON-1740587407-project-admin] Calling method 'delete' {{(pid=108489) _process_stack /opt/stack/cinder/cinder/api/openstack/wsgi.py:856}}
Nov 12 14:33:21.650864 dv-cinder-817642-2-smb devstack@c-api.service[108489]: DEBUG cinder.api.contrib.qos_specs_manage [None req-8b5fd7d1-0912-426d-addd-93700fbbef78 tempest-QosSpecsTestJSON-1740587407 tempest-QosSpecsTestJSON-1740587407-project-admin] Delete qos_spec: 0fec9c98-3b7d-4655-9fb8-c28c9901d1d1, force: False {{(pid=108489) delete /opt/stack/cinder/cinder/api/contrib/qos_specs_manage.py:168}}
Nov 12 14:33:21.657320 dv-cinder-817642-2-smb devstack@c-api.service[108490]: INFO cinder.api.openstack.wsgi [None req-cea60395-3948-4e50-8502-0f81aac2442b tempest-VolumeQuotasAdminTestJSON-2144069627 tempest-VolumeQuotasAdminTestJSON-2144069627-project-admin] DELETE http://10.222.0.75/volume/v3/a69727319bc94c98abb18c113aa534dd/volumes/e73a038d-05c4-4b8a-bbb4-101549e6cb31
Nov 12 14:33:21.658097 dv-cinder-817642-2-smb devstack@c-api.service[108490]: DEBUG cinder.api.openstack.wsgi [None req-cea60395-3948-4e50-8502-0f81aac2442b tempest-VolumeQuotasAdminTestJSON-2144069627 tempest-VolumeQuotasAdminTestJSON-2144069627-project-admin] Empty body provided in request {{(pid=108490) get_body /opt/stack/cinder/cinder/api/openstack/wsgi.py:703}}
Nov 12 14:33:21.658630 dv-cinder-817642-2-smb devstack@c-api.service[108490]: DEBUG cinder.api.openstack.wsgi [None req-cea60395-3948-4e50-8502-0f81aac2442b tempest-VolumeQuotasAdminTestJSON-2144069627 tempest-VolumeQuotasAdminTestJSON-2144069627-project-admin] Calling method 'delete' {{(pid=108490) _process_stack /opt/stack/cinder/cinder/api/openstack/wsgi.py:856}}
Nov 12 14:33:21.659045 dv-cinder-817642-2-smb devstack@c-api.service[108490]: INFO cinder.api.v3.volumes [None req-cea60395-3948-4e50-8502-0f81aac2442b tempest-VolumeQuotasAdminTestJSON-2144069627 tempest-VolumeQuotasAdminTestJSON-2144069627-project-admin] Delete volume with id: e73a038d-05c4-4b8a-bbb4-101549e6cb31
Nov 12 14:33:21.662999 dv-cinder-817642-2-smb devstack@c-api.service[108489]: INFO cinder.api.openstack.wsgi [None req-8b5fd7d1-0912-426d-addd-93700fbbef78 tempest-QosSpecsTestJSON-1740587407 tempest-QosSpecsTestJSON-1740587407-project-admin] http://10.222.0.75/volume/v3/96499f254e2a483d9bc2346f6cbcf2dd/qos-specs/0fec9c98-3b7d-4655-9fb8-c28c9901d1d1?force=False returned with HTTP 404
Nov 12 14:33:21.664285 dv-cinder-817642-2-smb devstack@c-api.service[108489]: [pid: 108489|app: 0|req: 97/181] 10.222.0.75 () {58 vars in 1356 bytes} [Fri Nov 12 14:33:21 2021] DELETE /volume/v3/96499f254e2a483d9bc2346f6cbcf2dd/qos-specs/0fec9c98-3b7d-4655-9fb8-c28c9901d1d1?force=False => generated 100 bytes in 26 msecs (HTTP/1.1 404) 7 headers in 292 bytes (1 switches on core 0)
Nov 12 14:33:21.677261 dv-cinder-817642-2-smb devstack@c-api.service[108489]: INFO cinder.api.openstack.wsgi [None req-3ab02e18-b4d5-4c0d-aeb8-1fc2effdde75 tempest-QosSpecsTestJSON-1740587407 tempest-QosSpecsTestJSON-1740587407-project-admin] GET http://10.222.0.75/volume/v3/96499f254e2a483d9bc2346f6cbcf2dd/qos-specs/0fec9c98-3b7d-4655-9fb8-c28c9901d1d1
Nov 12 14:33:21.680947 dv-cinder-817642-2-smb devstack@c-api.service[108489]: DEBUG cinder.api.openstack.wsgi [None req-3ab02e18-b4d5-4c0d-aeb8-1fc2effdde75 tempest-QosSpecsTestJSON-1740587407 tempest-QosSpecsTestJSON-1740587407-project-admin] Empty body provided in request {{(pid=108489) get_body /opt/stack/cinder/cinder/api/openstack/wsgi.py:703}}
Nov 12 14:33:21.681866 dv-cinder-817642-2-smb devstack@c-api.service[108489]: DEBUG cinder.api.openstack.wsgi [None req-3ab02e18-b4d5-4c0d-aeb8-1fc2effdde75 tempest-QosSpecsTestJSON-1740587407 tempest-QosSpecsTestJSON-1740587407-project-admin] Calling method 'show' {{(pid=108489) _process_stack /opt/stack/cinder/cinder/api/openstack/wsgi.py:856}}
Nov 12 14:33:21.696942 dv-cinder-817642-2-smb devstack@c-api.service[108489]: INFO cinder.api.openstack.wsgi [None req-3ab02e18-b4d5-4c0d-aeb8-1fc2effdde75 tempest-QosSpecsTestJSON-1740587407 tempest-QosSpecsTestJSON-1740587407-project-admin] http://10.222.0.75/volume/v3/96499f254e2a483d9bc2346f6cbcf2dd/qos-specs/0fec9c98-3b7d-4655-9fb8-c28c9901d1d1 returned with HTTP 404
Nov 12 14:33:21.701335 dv-cinder-817642-2-smb devstack@c-api.service[108489]: [pid: 108489|app: 0|req: 98/182] 10.222.0.75 () {58 vars in 1330 bytes} [Fri Nov 12 14:33:21 2021] GET /volume/v3/96499f254e2a483d9bc2346f6cbcf2dd/qos-specs/0fec9c98-3b7d-4655-9fb8-c28c9901d1d1 => generated 100 bytes in 28 msecs (HTTP/1.1 404) 7 headers in 292 bytes (2 switches on core 0)
Nov 12 14:33:21.710126 dv-cinder-817642-2-smb devstack@c-api.service[108490]: /usr/local/lib/python3.8/dist-packages/oslo_context/context.py:105: DeprecationWarning: Policy enforcement is depending on the value of is_admin. This key is deprecated. Please update your policy file to use the standard policy values.
Nov 12 14:33:21.710126 dv-cinder-817642-2-smb devstack@c-api.service[108490]: warnings.warn('Policy enforcement is depending on the value of '
Nov 12 14:33:21.711791 dv-cinder-817642-2-smb devstack@c-api.service[108489]: INFO cinder.api.openstack.wsgi [None req-513d808e-307e-46f8-9645-cf5338abf121 tempest-QosSpecsTestJSON-1740587407 tempest-QosSpecsTestJSON-1740587407-project-admin] DELETE http://10.222.0.75/volume/v3/96499f254e2a483d9bc2346f6cbcf2dd/qos-specs/a1cb0377-916f-46b9-831b-3cd4fd0308ec?force=False
Nov 12 14:33:21.712932 dv-cinder-817642-2-smb devstack@c-api.service[108490]: INFO cinder.volume.api [None req-cea60395-3948-4e50-8502-0f81aac2442b tempest-VolumeQuotasAdminTestJSON-2144069627 tempest-VolumeQuotasAdminTestJSON-2144069627-project-admin] Volume info retrieved successfully.
Nov 12 14:33:21.713588 dv-cinder-817642-2-smb devstack@c-api.service[108489]: DEBUG cinder.api.openstack.wsgi [None req-513d808e-307e-46f8-9645-cf5338abf121 tempest-QosSpecsTestJSON-1740587407 tempest-QosSpecsTestJSON-1740587407-project-admin] Empty body provided in request {{(pid=108489) get_body /opt/stack/cinder/cinder/api/openstack/wsgi.py:703}}
Nov 12 14:33:21.719718 dv-cinder-817642-2-smb devstack@c-api.service[108489]: DEBUG cinder.api.openstack.wsgi [None req-513d808e-307e-46f8-9645-cf5338abf121 tempest-QosSpecsTestJSON-1740587407 tempest-QosSpecsTestJSON-1740587407-project-admin] Calling method 'delete' {{(pid=108489) _process_stack /opt/stack/cinder/cinder/api/openstack/wsgi.py:856}}
Nov 12 14:33:21.720543 dv-cinder-817642-2-smb devstack@c-api.service[108489]: DEBUG cinder.api.contrib.qos_specs_manage [None req-513d808e-307e-46f8-9645-cf5338abf121 tempest-QosSpecsTestJSON-1740587407 tempest-QosSpecsTestJSON-1740587407-project-admin] Delete qos_spec: a1cb0377-916f-46b9-831b-3cd4fd0308ec, force: False {{(pid=108489) delete /opt/stack/cinder/cinder/api/contrib/qos_specs_manage.py:168}}
Nov 12 14:33:21.737916 dv-cinder-817642-2-smb devstack@c-api.service[108489]: INFO cinder.api.openstack.wsgi [None req-513d808e-307e-46f8-9645-cf5338abf121 tempest-QosSpecsTestJSON-1740587407 tempest-QosSpecsTestJSON-1740587407-project-admin] http://10.222.0.75/volume/v3/96499f254e2a483d9bc2346f6cbcf2dd/qos-specs/a1cb0377-916f-46b9-831b-3cd4fd0308ec?force=False returned with HTTP 404
Nov 12 14:33:21.739005 dv-cinder-817642-2-smb devstack@c-api.service[108489]: [pid: 108489|app: 0|req: 99/183] 10.222.0.75 () {58 vars in 1356 bytes} [Fri Nov 12 14:33:21 2021] DELETE /volume/v3/96499f254e2a483d9bc2346f6cbcf2dd/qos-specs/a1cb0377-916f-46b9-831b-3cd4fd0308ec?force=False => generated 100 bytes in 33 msecs (HTTP/1.1 404) 7 headers in 292 bytes (1 switches on core 0)
Nov 12 14:33:21.752794 dv-cinder-817642-2-smb devstack@c-api.service[108489]: INFO cinder.api.openstack.wsgi [None req-00910cd4-0a8f-4626-9959-3782d76ea6c1 tempest-QosSpecsTestJSON-1740587407 tempest-QosSpecsTestJSON-1740587407-project-admin] GET http://10.222.0.75/volume/v3/96499f254e2a483d9bc2346f6cbcf2dd/qos-specs/a1cb0377-916f-46b9-831b-3cd4fd0308ec
Nov 12 14:33:21.753989 dv-cinder-817642-2-smb devstack@c-api.service[108489]: DEBUG cinder.api.openstack.wsgi [None req-00910cd4-0a8f-4626-9959-3782d76ea6c1 tempest-QosSpecsTestJSON-1740587407 tempest-QosSpecsTestJSON-1740587407-project-admin] Empty body provided in request {{(pid=108489) get_body /opt/stack/cinder/cinder/api/openstack/wsgi.py:703}}
Nov 12 14:33:21.755536 dv-cinder-817642-2-smb devstack@c-api.service[108489]: DEBUG cinder.api.openstack.wsgi [None req-00910cd4-0a8f-4626-9959-3782d76ea6c1 tempest-QosSpecsTestJSON-1740587407 tempest-QosSpecsTestJSON-1740587407-project-admin] Calling method 'show' {{(pid=108489) _process_stack /opt/stack/cinder/cinder/api/openstack/wsgi.py:856}}
Nov 12 14:33:21.774490 dv-cinder-817642-2-smb devstack@c-api.service[108489]: INFO cinder.api.openstack.wsgi [None req-00910cd4-0a8f-4626-9959-3782d76ea6c1 tempest-QosSpecsTestJSON-1740587407 tempest-QosSpecsTestJSON-1740587407-project-admin] http://10.222.0.75/volume/v3/96499f254e2a483d9bc2346f6cbcf2dd/qos-specs/a1cb0377-916f-46b9-831b-3cd4fd0308ec returned with HTTP 404
Nov 12 14:33:21.774490 dv-cinder-817642-2-smb devstack@c-api.service[108489]: [pid: 108489|app: 0|req: 100/184] 10.222.0.75 () {58 vars in 1330 bytes} [Fri Nov 12 14:33:21 2021] GET /volume/v3/96499f254e2a483d9bc2346f6cbcf2dd/qos-specs/a1cb0377-916f-46b9-831b-3cd4fd0308ec => generated 100 bytes in 31 msecs (HTTP/1.1 404) 7 headers in 292 bytes (1 switches on core 0)
Nov 12 14:33:21.787242 dv-cinder-817642-2-smb devstack@c-api.service[108490]: INFO cinder.volume.api [None req-cea60395-3948-4e50-8502-0f81aac2442b tempest-VolumeQuotasAdminTestJSON-2144069627 tempest-VolumeQuotasAdminTestJSON-2144069627-project-admin] Delete volume request issued successfully.
Nov 12 14:33:21.788005 dv-cinder-817642-2-smb devstack@c-api.service[108490]: INFO cinder.api.openstack.wsgi [None req-cea60395-3948-4e50-8502-0f81aac2442b tempest-VolumeQuotasAdminTestJSON-2144069627 tempest-VolumeQuotasAdminTestJSON-2144069627-project-admin] http://10.222.0.75/volume/v3/a69727319bc94c98abb18c113aa534dd/volumes/e73a038d-05c4-4b8a-bbb4-101549e6cb31 returned with HTTP 202
Nov 12 14:33:21.790919 dv-cinder-817642-2-smb devstack@c-api.service[108489]: INFO cinder.api.openstack.wsgi [None req-e6b4b57e-95ca-4f12-b8e3-44358f462aa8 tempest-QosSpecsTestJSON-1740587407 tempest-QosSpecsTestJSON-1740587407-project-admin] DELETE http://10.222.0.75/volume/v3/96499f254e2a483d9bc2346f6cbcf2dd/types/4fedd174-7a9f-47e4-bcce-2055e9e65006
Nov 12 14:33:21.791829 dv-cinder-817642-2-smb devstack@c-api.service[108489]: DEBUG cinder.api.openstack.wsgi [None req-e6b4b57e-95ca-4f12-b8e3-44358f462aa8 tempest-QosSpecsTestJSON-1740587407 tempest-QosSpecsTestJSON-1740587407-project-admin] Empty body provided in request {{(pid=108489) get_body /opt/stack/cinder/cinder/api/openstack/wsgi.py:703}}
