Nov 11 20:31:13.421273 dv-cinder-817642-1-iscsi devstack@c-api.service[115101]: /usr/local/lib/python3.8/dist-packages/oslo_policy/policy.py:785: UserWarning: Policy "volume:delete":"rule:admin_or_owner" was deprecated in X in favor of "volume:delete":"rule:xena_system_admin_or_project_member". Reason: Default policies now support the three Keystone default roles, namely 'admin', 'member', and 'reader' to implement three Cinder "personas". See "Policy Personas and Permissions" in the "Cinder Service Configuration" documentation (Xena release) for details.. Either ensure your deployment is ready for the new default or copy/paste the deprecated policy into your policy file and maintain it manually.
Nov 11 20:31:13.421273 dv-cinder-817642-1-iscsi devstack@c-api.service[115101]: warnings.warn(deprecated_msg)
Nov 11 20:31:13.421273 dv-cinder-817642-1-iscsi devstack@c-api.service[115101]: /usr/local/lib/python3.8/dist-packages/oslo_policy/policy.py:785: UserWarning: Policy "volume_extension:volume_tenant_attribute":"rule:admin_or_owner" was deprecated in X in favor of "volume_extension:volume_tenant_attribute":"rule:xena_system_admin_or_project_reader". Reason: Default policies now support the three Keystone default roles, namely 'admin', 'member', and 'reader' to implement three Cinder "personas". See "Policy Personas and Permissions" in the "Cinder Service Configuration" documentation (Xena release) for details.. Either ensure your deployment is ready for the new default or copy/paste the deprecated policy into your policy file and maintain it manually.
Nov 11 20:31:13.421273 dv-cinder-817642-1-iscsi devstack@c-api.service[115101]: warnings.warn(deprecated_msg)
Nov 11 20:31:13.421684 dv-cinder-817642-1-iscsi devstack@c-api.service[115101]: /usr/local/lib/python3.8/dist-packages/oslo_policy/policy.py:785: UserWarning: Policy "volume_extension:volume_encryption_metadata":"rule:admin_or_owner" was deprecated in X in favor of "volume_extension:volume_encryption_metadata":"rule:xena_system_admin_or_project_reader". Reason: Default policies now support the three Keystone default roles, namely 'admin', 'member', and 'reader' to implement three Cinder "personas". See "Policy Personas and Permissions" in the "Cinder Service Configuration" documentation (Xena release) for details.. Either ensure your deployment is ready for the new default or copy/paste the deprecated policy into your policy file and maintain it manually.
Nov 11 20:31:13.421684 dv-cinder-817642-1-iscsi devstack@c-api.service[115101]: warnings.warn(deprecated_msg)
Nov 11 20:31:13.421684 dv-cinder-817642-1-iscsi devstack@c-api.service[115101]: /usr/local/lib/python3.8/dist-packages/oslo_policy/policy.py:785: UserWarning: Policy "volume:multiattach":"rule:admin_or_owner" was deprecated in X in favor of "volume:multiattach":"rule:xena_system_admin_or_project_member". Reason: Default policies now support the three Keystone default roles, namely 'admin', 'member', and 'reader' to implement three Cinder "personas". See "Policy Personas and Permissions" in the "Cinder Service Configuration" documentation (Xena release) for details.. Either ensure your deployment is ready for the new default or copy/paste the deprecated policy into your policy file and maintain it manually.
Nov 11 20:31:13.421684 dv-cinder-817642-1-iscsi devstack@c-api.service[115101]: warnings.warn(deprecated_msg)
Nov 11 20:31:13.421907 dv-cinder-817642-1-iscsi devstack@c-api.service[115101]: /usr/local/lib/python3.8/dist-packages/oslo_policy/policy.py:785: UserWarning: Policy "volume_extension:default_set_or_update":"rule:system_or_domain_or_project_admin" was deprecated in X in favor of "volume_extension:default_set_or_update":"rule:admin_api". Reason: Default policies now support the three Keystone default roles, namely 'admin', 'member', and 'reader' to implement three Cinder "personas". See "Policy Personas and Permissions" in the "Cinder Service Configuration" documentation (Xena release) for details.. Either ensure your deployment is ready for the new default or copy/paste the deprecated policy into your policy file and maintain it manually.
Nov 11 20:31:13.421907 dv-cinder-817642-1-iscsi devstack@c-api.service[115101]: warnings.warn(deprecated_msg)
Nov 11 20:31:13.421907 dv-cinder-817642-1-iscsi devstack@c-api.service[115101]: /usr/local/lib/python3.8/dist-packages/oslo_policy/policy.py:785: UserWarning: Policy "volume_extension:default_get":"rule:system_or_domain_or_project_admin" was deprecated in X in favor of "volume_extension:default_get":"rule:admin_api". Reason: Default policies now support the three Keystone default roles, namely 'admin', 'member', and 'reader' to implement three Cinder "personas". See "Policy Personas and Permissions" in the "Cinder Service Configuration" documentation (Xena release) for details.. Either ensure your deployment is ready for the new default or copy/paste the deprecated policy into your policy file and maintain it manually.
Nov 11 20:31:13.421907 dv-cinder-817642-1-iscsi devstack@c-api.service[115101]: warnings.warn(deprecated_msg)
Nov 11 20:31:13.421907 dv-cinder-817642-1-iscsi devstack@c-api.service[115101]: /usr/local/lib/python3.8/dist-packages/oslo_policy/policy.py:785: UserWarning: Policy "volume_extension:default_get_all":"role:admin and system_scope:all" was deprecated in X in favor of "volume_extension:default_get_all":"rule:admin_api". Reason: Default policies now support the three Keystone default roles, namely 'admin', 'member', and 'reader' to implement three Cinder "personas". See "Policy Personas and Permissions" in the "Cinder Service Configuration" documentation (Xena release) for details.. Either ensure your deployment is ready for the new default or copy/paste the deprecated policy into your policy file and maintain it manually.
Nov 11 20:31:13.422195 dv-cinder-817642-1-iscsi devstack@c-api.service[115101]: warnings.warn(deprecated_msg)
Nov 11 20:31:13.422195 dv-cinder-817642-1-iscsi devstack@c-api.service[115101]: /usr/local/lib/python3.8/dist-packages/oslo_policy/policy.py:785: UserWarning: Policy "volume_extension:default_unset":"rule:system_or_domain_or_project_admin" was deprecated in X in favor of "volume_extension:default_unset":"rule:admin_api". Reason: Default policies now support the three Keystone default roles, namely 'admin', 'member', and 'reader' to implement three Cinder "personas". See "Policy Personas and Permissions" in the "Cinder Service Configuration" documentation (Xena release) for details.. Either ensure your deployment is ready for the new default or copy/paste the deprecated policy into your policy file and maintain it manually.
Nov 11 20:31:13.422195 dv-cinder-817642-1-iscsi devstack@c-api.service[115101]: warnings.warn(deprecated_msg)
Nov 11 20:31:13.883858 dv-cinder-817642-1-iscsi devstack@c-api.service[115101]: INFO cinder.api.openstack.wsgi [req-caabf67d-4caa-4ab5-9fcc-48255a56c99c req-d66117ef-dfdf-4577-a4f9-1183455b4fd3 admin admin] POST http://10.222.0.61/volume/v3/a2aa9fb1217f4d3997495664f70e1fe6/types/ebde3ece-4118-4253-b538-da30adfe9da6/extra_specs
Nov 11 20:31:13.885448 dv-cinder-817642-1-iscsi devstack@c-api.service[115101]: /usr/local/lib/python3.8/dist-packages/webob/acceptparse.py:1047: DeprecationWarning: The behavior of AcceptValidHeader.best_match is currently being maintained for backward compatibility, but it will be deprecated in the future, as it does not conform to the RFC.
Nov 11 20:31:13.885448 dv-cinder-817642-1-iscsi devstack@c-api.service[115101]: warnings.warn(
Nov 11 20:31:13.885908 dv-cinder-817642-1-iscsi devstack@c-api.service[115101]: DEBUG cinder.api.openstack.wsgi [req-caabf67d-4caa-4ab5-9fcc-48255a56c99c req-d66117ef-dfdf-4577-a4f9-1183455b4fd3 admin admin] Action: 'create', calling method: create, body: {"extra_specs": {"volume_backend_name": "lvmdriver-1"}} {{(pid=115101) _process_stack /opt/stack/cinder/cinder/api/openstack/wsgi.py:854}}
Nov 11 20:31:13.887879 dv-cinder-817642-1-iscsi devstack@c-api.service[115101]: /usr/local/lib/python3.8/dist-packages/oslo_context/context.py:105: DeprecationWarning: Policy enforcement is depending on the value of is_admin. This key is deprecated. Please update your policy file to use the standard policy values.
Nov 11 20:31:13.887879 dv-cinder-817642-1-iscsi devstack@c-api.service[115101]: warnings.warn('Policy enforcement is depending on the value of '
Nov 11 20:31:13.895641 dv-cinder-817642-1-iscsi devstack@c-api.service[115101]: DEBUG oslo_db.sqlalchemy.engines [req-caabf67d-4caa-4ab5-9fcc-48255a56c99c req-d66117ef-dfdf-4577-a4f9-1183455b4fd3 admin admin] MySQL server mode set to STRICT_TRANS_TABLES,STRICT_ALL_TABLES,NO_ZERO_IN_DATE,NO_ZERO_DATE,ERROR_FOR_DIVISION_BY_ZERO,TRADITIONAL,NO_ENGINE_SUBSTITUTION {{(pid=115101) _check_effective_sql_mode /usr/local/lib/python3.8/dist-packages/oslo_db/sqlalchemy/engines.py:314}}
Nov 11 20:31:14.021648 dv-cinder-817642-1-iscsi devstack@c-api.service[115101]: INFO cinder.api.openstack.wsgi [req-caabf67d-4caa-4ab5-9fcc-48255a56c99c req-d66117ef-dfdf-4577-a4f9-1183455b4fd3 admin admin] http://10.222.0.61/volume/v3/a2aa9fb1217f4d3997495664f70e1fe6/types/ebde3ece-4118-4253-b538-da30adfe9da6/extra_specs returned with HTTP 200
Nov 11 20:31:14.022594 dv-cinder-817642-1-iscsi devstack@c-api.service[115101]: [pid: 115101|app: 0|req: 2/3] 10.222.0.61 () {62 vars in 1454 bytes} [Thu Nov 11 20:31:13 2021] POST /volume/v3/a2aa9fb1217f4d3997495664f70e1fe6/types/ebde3ece-4118-4253-b538-da30adfe9da6/extra_specs => generated 55 bytes in 642 msecs (HTTP/1.1 200) 7 headers in 284 bytes (2 switches on core 0)
Nov 11 20:32:10.985338 dv-cinder-817642-1-iscsi devstack@c-api.service[115102]: INFO cinder.api.openstack.wsgi [None req-caabf67d-4caa-4ab5-9fcc-48255a56c99c admin admin] GET http://10.222.0.61/volume//
Nov 11 20:32:10.985838 dv-cinder-817642-1-iscsi devstack@c-api.service[115102]: DEBUG cinder.api.openstack.wsgi [None req-caabf67d-4caa-4ab5-9fcc-48255a56c99c admin admin] Empty body provided in request {{(pid=115102) get_body /opt/stack/cinder/cinder/api/openstack/wsgi.py:703}}
Nov 11 20:32:10.986175 dv-cinder-817642-1-iscsi devstack@c-api.service[115102]: DEBUG cinder.api.openstack.wsgi [None req-caabf67d-4caa-4ab5-9fcc-48255a56c99c admin admin] Calling method 'all' {{(pid=115102) _process_stack /opt/stack/cinder/cinder/api/openstack/wsgi.py:856}}
Nov 11 20:32:10.987195 dv-cinder-817642-1-iscsi devstack@c-api.service[115102]: INFO cinder.api.openstack.wsgi [None req-caabf67d-4caa-4ab5-9fcc-48255a56c99c admin admin] http://10.222.0.61/volume// returned with HTTP 300
Nov 11 20:32:10.988382 dv-cinder-817642-1-iscsi devstack@c-api.service[115102]: [pid: 115102|app: 0|req: 2/4] 10.222.0.61 () {56 vars in 1098 bytes} [Thu Nov 11 20:32:10 2021] GET /volume/ => generated 386 bytes in 4 msecs (HTTP/1.1 300) 5 headers in 169 bytes (1 switches on core 0)
Nov 11 20:34:37.791547 dv-cinder-817642-1-iscsi devstack@c-api.service[115101]: INFO cinder.api.openstack.wsgi [None req-a0e42d74-77e6-443a-8706-27d6a0a967d0 tempest-verify_tempest_config-99321609 tempest-verify_tempest_config-99321609-project] GET http://10.222.0.61/volume/v3/eed1da00099d45868c04594111632d4d/extensions
Nov 11 20:34:37.792080 dv-cinder-817642-1-iscsi devstack@c-api.service[115101]: DEBUG cinder.api.openstack.wsgi [None req-a0e42d74-77e6-443a-8706-27d6a0a967d0 tempest-verify_tempest_config-99321609 tempest-verify_tempest_config-99321609-project] Empty body provided in request {{(pid=115101) get_body /opt/stack/cinder/cinder/api/openstack/wsgi.py:703}}
Nov 11 20:34:37.792409 dv-cinder-817642-1-iscsi devstack@c-api.service[115101]: DEBUG cinder.api.openstack.wsgi [None req-a0e42d74-77e6-443a-8706-27d6a0a967d0 tempest-verify_tempest_config-99321609 tempest-verify_tempest_config-99321609-project] Calling method 'index' {{(pid=115101) _process_stack /opt/stack/cinder/cinder/api/openstack/wsgi.py:856}}
Nov 11 20:34:37.793276 dv-cinder-817642-1-iscsi devstack@c-api.service[115101]: INFO cinder.api.openstack.wsgi [None req-a0e42d74-77e6-443a-8706-27d6a0a967d0 tempest-verify_tempest_config-99321609 tempest-verify_tempest_config-99321609-project] http://10.222.0.61/volume/v3/eed1da00099d45868c04594111632d4d/extensions returned with HTTP 200
Nov 11 20:34:37.793985 dv-cinder-817642-1-iscsi devstack@c-api.service[115101]: [pid: 115101|app: 0|req: 3/5] 10.222.0.61 () {58 vars in 1222 bytes} [Thu Nov 11 20:34:37 2021] GET /volume/v3/eed1da00099d45868c04594111632d4d/extensions => generated 5245 bytes in 8 msecs (HTTP/1.1 200) 7 headers in 286 bytes (1 switches on core 0)
Nov 11 20:36:38.305877 dv-cinder-817642-1-iscsi devstack@c-api.service[115102]: INFO cinder.api.openstack.wsgi [None req-d6f52719-fa98-49c3-a123-9b7f27770bab admin admin] GET http://10.222.0.61/volume/v3/a2aa9fb1217f4d3997495664f70e1fe6/os-services
Nov 11 20:36:38.306426 dv-cinder-817642-1-iscsi devstack@c-api.service[115102]: DEBUG cinder.api.openstack.wsgi [None req-d6f52719-fa98-49c3-a123-9b7f27770bab admin admin] Empty body provided in request {{(pid=115102) get_body /opt/stack/cinder/cinder/api/openstack/wsgi.py:703}}
Nov 11 20:36:38.306714 dv-cinder-817642-1-iscsi devstack@c-api.service[115102]: DEBUG cinder.api.openstack.wsgi [None req-d6f52719-fa98-49c3-a123-9b7f27770bab admin admin] Calling method 'index' {{(pid=115102) _process_stack /opt/stack/cinder/cinder/api/openstack/wsgi.py:856}}
Nov 11 20:36:38.315507 dv-cinder-817642-1-iscsi devstack@c-api.service[115102]: INFO cinder.api.openstack.wsgi [None req-d6f52719-fa98-49c3-a123-9b7f27770bab admin admin] http://10.222.0.61/volume/v3/a2aa9fb1217f4d3997495664f70e1fe6/os-services returned with HTTP 200
Nov 11 20:36:38.316294 dv-cinder-817642-1-iscsi devstack@c-api.service[115102]: [pid: 115102|app: 0|req: 3/6] 10.222.0.61 () {56 vars in 1201 bytes} [Thu Nov 11 20:36:38 2021] GET /volume/v3/a2aa9fb1217f4d3997495664f70e1fe6/os-services => generated 642 bytes in 110 msecs (HTTP/1.1 200) 7 headers in 285 bytes (1 switches on core 0)
Nov 11 20:36:40.759007 dv-cinder-817642-1-iscsi devstack@c-api.service[115101]: INFO cinder.api.openstack.wsgi [None req-00e3cd03-8dc1-4d88-90b4-48b59209f5ae admin admin] GET http://10.222.0.61/volume/v3/a2aa9fb1217f4d3997495664f70e1fe6/os-services
Nov 11 20:36:40.759480 dv-cinder-817642-1-iscsi devstack@c-api.service[115101]: DEBUG cinder.api.openstack.wsgi [None req-00e3cd03-8dc1-4d88-90b4-48b59209f5ae admin admin] Empty body provided in request {{(pid=115101) get_body /opt/stack/cinder/cinder/api/openstack/wsgi.py:703}}
Nov 11 20:36:40.759879 dv-cinder-817642-1-iscsi devstack@c-api.service[115101]: DEBUG cinder.api.openstack.wsgi [None req-00e3cd03-8dc1-4d88-90b4-48b59209f5ae admin admin] Calling method 'index' {{(pid=115101) _process_stack /opt/stack/cinder/cinder/api/openstack/wsgi.py:856}}
Nov 11 20:36:40.769154 dv-cinder-817642-1-iscsi devstack@c-api.service[115101]: INFO cinder.api.openstack.wsgi [None req-00e3cd03-8dc1-4d88-90b4-48b59209f5ae admin admin] http://10.222.0.61/volume/v3/a2aa9fb1217f4d3997495664f70e1fe6/os-services returned with HTTP 200
Nov 11 20:36:40.769843 dv-cinder-817642-1-iscsi devstack@c-api.service[115101]: [pid: 115101|app: 0|req: 4/7] 10.222.0.61 () {56 vars in 1201 bytes} [Thu Nov 11 20:36:40 2021] GET /volume/v3/a2aa9fb1217f4d3997495664f70e1fe6/os-services => generated 642 bytes in 102 msecs (HTTP/1.1 200) 7 headers in 285 bytes (2 switches on core 0)
Nov 11 20:38:13.854976 dv-cinder-817642-1-iscsi devstack@c-api.service[115102]: INFO cinder.api.openstack.wsgi [None req-2fab7ba1-aba4-4640-b821-93e44dc9ebee tempest-GroupsV320Test-512270697 tempest-GroupsV320Test-512270697-project-admin] POST http://10.222.0.61/volume/v3/d7b1846d858f4c61a92ee1a622f1cb58/types
Nov 11 20:38:13.855635 dv-cinder-817642-1-iscsi devstack@c-api.service[115102]: DEBUG cinder.api.openstack.wsgi [None req-2fab7ba1-aba4-4640-b821-93e44dc9ebee tempest-GroupsV320Test-512270697 tempest-GroupsV320Test-512270697-project-admin] Action: 'create', calling method: _create, body: {"volume_type": {"name": "tempest-GroupsV320Test-volume-type-1449483784"}} {{(pid=115102) _process_stack /opt/stack/cinder/cinder/api/openstack/wsgi.py:854}}
Nov 11 20:38:13.949582 dv-cinder-817642-1-iscsi devstack@c-api.service[115102]: INFO cinder.api.openstack.wsgi [None req-2fab7ba1-aba4-4640-b821-93e44dc9ebee tempest-GroupsV320Test-512270697 tempest-GroupsV320Test-512270697-project-admin] http://10.222.0.61/volume/v3/d7b1846d858f4c61a92ee1a622f1cb58/types returned with HTTP 200
Nov 11 20:38:13.953598 dv-cinder-817642-1-iscsi devstack@c-api.service[115102]: [pid: 115102|app: 0|req: 4/8] 10.222.0.61 () {60 vars in 1228 bytes} [Thu Nov 11 20:38:13 2021] POST /volume/v3/d7b1846d858f4c61a92ee1a622f1cb58/types => generated 220 bytes in 549 msecs (HTTP/1.1 200) 7 headers in 285 bytes (1 switches on core 0)
Nov 11 20:38:13.974270 dv-cinder-817642-1-iscsi devstack@c-api.service[115101]: INFO cinder.api.openstack.wsgi [None req-b6dc5d15-949e-40da-865a-90df15856c21 tempest-GroupSnapshotsTest-1093816955 tempest-GroupSnapshotsTest-1093816955-project-admin] POST http://10.222.0.61/volume/v3/0f67b5c1372448eb8a480e9bfe41818e/types
Nov 11 20:38:13.975157 dv-cinder-817642-1-iscsi devstack@c-api.service[115101]: DEBUG cinder.api.openstack.wsgi [None req-b6dc5d15-949e-40da-865a-90df15856c21 tempest-GroupSnapshotsTest-1093816955 tempest-GroupSnapshotsTest-1093816955-project-admin] Action: 'create', calling method: _create, body: {"volume_type": {"name": "tempest-GroupSnapshotsTest-volume-type-1861262224"}} {{(pid=115101) _process_stack /opt/stack/cinder/cinder/api/openstack/wsgi.py:854}}
Nov 11 20:38:14.081974 dv-cinder-817642-1-iscsi devstack@c-api.service[115101]: INFO cinder.api.openstack.wsgi [None req-b6dc5d15-949e-40da-865a-90df15856c21 tempest-GroupSnapshotsTest-1093816955 tempest-GroupSnapshotsTest-1093816955-project-admin] http://10.222.0.61/volume/v3/0f67b5c1372448eb8a480e9bfe41818e/types returned with HTTP 200
Nov 11 20:38:14.081974 dv-cinder-817642-1-iscsi devstack@c-api.service[115101]: [pid: 115101|app: 0|req: 5/9] 10.222.0.61 () {60 vars in 1228 bytes} [Thu Nov 11 20:38:13 2021] POST /volume/v3/0f67b5c1372448eb8a480e9bfe41818e/types => generated 224 bytes in 384 msecs (HTTP/1.1 200) 7 headers in 285 bytes (2 switches on core 0)
Nov 11 20:38:14.085278 dv-cinder-817642-1-iscsi devstack@c-api.service[115101]: INFO cinder.api.openstack.wsgi [None req-454c3caf-b6ce-49fe-9de1-277633d11aca tempest-GroupsV320Test-512270697 tempest-GroupsV320Test-512270697-project-admin] POST http://10.222.0.61/volume/v3/d7b1846d858f4c61a92ee1a622f1cb58/group_types
Nov 11 20:38:14.086077 dv-cinder-817642-1-iscsi devstack@c-api.service[115101]: DEBUG cinder.api.openstack.wsgi [None req-454c3caf-b6ce-49fe-9de1-277633d11aca tempest-GroupsV320Test-512270697 tempest-GroupsV320Test-512270697-project-admin] Action: 'create', calling method: version_select, body: {"group_type": {"name": "tempest-GroupsV320Test-group-type-522886092"}} {{(pid=115101) _process_stack /opt/stack/cinder/cinder/api/openstack/wsgi.py:854}}
Nov 11 20:38:14.099299 dv-cinder-817642-1-iscsi devstack@c-api.service[115102]: INFO cinder.api.openstack.wsgi [None req-261b01b9-0ffa-40e5-b524-8db44f96649c tempest-SnapshotsActionsTest-1341803472 tempest-SnapshotsActionsTest-1341803472-project] POST http://10.222.0.61/volume/v3/ab3e6314373d43ada7ac908397de7d4f/volumes
Nov 11 20:38:14.100337 dv-cinder-817642-1-iscsi devstack@c-api.service[115102]: DEBUG cinder.api.openstack.wsgi [None req-261b01b9-0ffa-40e5-b524-8db44f96649c tempest-SnapshotsActionsTest-1341803472 tempest-SnapshotsActionsTest-1341803472-project] Action: 'create', calling method: create, body: {"volume": {"size": 1, "name": "tempest-SnapshotsActionsTest-Volume-150415607"}} {{(pid=115102) _process_stack /opt/stack/cinder/cinder/api/openstack/wsgi.py:854}}
Nov 11 20:38:14.101773 dv-cinder-817642-1-iscsi devstack@c-api.service[115102]: DEBUG cinder.api.v3.volumes [None req-261b01b9-0ffa-40e5-b524-8db44f96649c tempest-SnapshotsActionsTest-1341803472 tempest-SnapshotsActionsTest-1341803472-project] Create volume request body: {'volume': {'size': 1, 'name': 'tempest-SnapshotsActionsTest-Volume-150415607'}} {{(pid=115102) create /opt/stack/cinder/cinder/api/v3/volumes.py:298}}
Nov 11 20:38:14.102814 dv-cinder-817642-1-iscsi devstack@c-api.service[115102]: INFO cinder.api.v3.volumes [None req-261b01b9-0ffa-40e5-b524-8db44f96649c tempest-SnapshotsActionsTest-1341803472 tempest-SnapshotsActionsTest-1341803472-project] Create volume of 1 GB
Nov 11 20:38:14.133120 dv-cinder-817642-1-iscsi devstack@c-api.service[115102]: DEBUG cinder.volume.api [None req-261b01b9-0ffa-40e5-b524-8db44f96649c tempest-SnapshotsActionsTest-1341803472 tempest-SnapshotsActionsTest-1341803472-project] Availability zone cache updated, next update will occur around 2021-11-11 21:38:14.132295. {{(pid=115102) list_availability_zones /opt/stack/cinder/cinder/volume/api.py:148}}
Nov 11 20:38:14.133757 dv-cinder-817642-1-iscsi devstack@c-api.service[115102]: INFO cinder.volume.api [None req-261b01b9-0ffa-40e5-b524-8db44f96649c tempest-SnapshotsActionsTest-1341803472 tempest-SnapshotsActionsTest-1341803472-project] Availability Zones retrieved successfully.
Nov 11 20:38:14.184938 dv-cinder-817642-1-iscsi devstack@c-api.service[115101]: INFO cinder.api.openstack.wsgi [None req-454c3caf-b6ce-49fe-9de1-277633d11aca tempest-GroupsV320Test-512270697 tempest-GroupsV320Test-512270697-project-admin] http://10.222.0.61/volume/v3/d7b1846d858f4c61a92ee1a622f1cb58/group_types returned with HTTP 202
Nov 11 20:38:14.188138 dv-cinder-817642-1-iscsi devstack@c-api.service[115101]: [pid: 115101|app: 0|req: 6/10] 10.222.0.61 () {62 vars in 1287 bytes} [Thu Nov 11 20:38:14 2021] POST /volume/v3/d7b1846d858f4c61a92ee1a622f1cb58/group_types => generated 176 bytes in 110 msecs (HTTP/1.1 202) 7 headers in 292 bytes (1 switches on core 0)
Nov 11 20:38:14.198071 dv-cinder-817642-1-iscsi devstack@c-api.service[115101]: INFO cinder.api.openstack.wsgi [None req-0aa317da-15c0-4385-b073-b75705151749 tempest-GroupSnapshotsTest-1093816955 tempest-GroupSnapshotsTest-1093816955-project-admin] POST http://10.222.0.61/volume/v3/0f67b5c1372448eb8a480e9bfe41818e/group_types
Nov 11 20:38:14.200064 dv-cinder-817642-1-iscsi devstack@c-api.service[115101]: DEBUG cinder.api.openstack.wsgi [None req-0aa317da-15c0-4385-b073-b75705151749 tempest-GroupSnapshotsTest-1093816955 tempest-GroupSnapshotsTest-1093816955-project-admin] Action: 'create', calling method: version_select, body: {"group_type": {"name": "tempest-GroupSnapshotsTest-group-type-893965054"}} {{(pid=115101) _process_stack /opt/stack/cinder/cinder/api/openstack/wsgi.py:854}}
Nov 11 20:38:14.234666 dv-cinder-817642-1-iscsi devstack@c-api.service[115101]: INFO cinder.api.openstack.wsgi [None req-0aa317da-15c0-4385-b073-b75705151749 tempest-GroupSnapshotsTest-1093816955 tempest-GroupSnapshotsTest-1093816955-project-admin] http://10.222.0.61/volume/v3/0f67b5c1372448eb8a480e9bfe41818e/group_types returned with HTTP 202
Nov 11 20:38:14.236634 dv-cinder-817642-1-iscsi devstack@c-api.service[115102]: DEBUG cinder.volume.api [None req-261b01b9-0ffa-40e5-b524-8db44f96649c tempest-SnapshotsActionsTest-1341803472 tempest-SnapshotsActionsTest-1341803472-project] Flow 'volume_create_api' (b5ffe145-f9b5-4b7c-827c-9512d4f8449b) transitioned into state 'RUNNING' from state 'PENDING' {{(pid=115102) _flow_receiver /usr/local/lib/python3.8/dist-packages/taskflow/listeners/logging.py:141}}
Nov 11 20:38:14.238321 dv-cinder-817642-1-iscsi devstack@c-api.service[115101]: [pid: 115101|app: 0|req: 7/11] 10.222.0.61 () {62 vars in 1287 bytes} [Thu Nov 11 20:38:14 2021] POST /volume/v3/0f67b5c1372448eb8a480e9bfe41818e/group_types => generated 180 bytes in 49 msecs (HTTP/1.1 202) 7 headers in 292 bytes (1 switches on core 0)
Nov 11 20:38:14.264554 dv-cinder-817642-1-iscsi devstack@c-api.service[115102]: DEBUG cinder.volume.api [None req-261b01b9-0ffa-40e5-b524-8db44f96649c tempest-SnapshotsActionsTest-1341803472 tempest-SnapshotsActionsTest-1341803472-project] Task 'cinder.volume.flows.api.create_volume.ExtractVolumeRequestTask;volume:create' (2e1d34fe-ef5d-4ae6-85e4-471a7d74a37a) transitioned into state 'RUNNING' from state 'PENDING' {{(pid=115102) _task_receiver /usr/local/lib/python3.8/dist-packages/taskflow/listeners/logging.py:190}}
Nov 11 20:38:14.266522 dv-cinder-817642-1-iscsi devstack@c-api.service[115102]: DEBUG cinder.volume.flows.api.create_volume [None req-261b01b9-0ffa-40e5-b524-8db44f96649c tempest-SnapshotsActionsTest-1341803472 tempest-SnapshotsActionsTest-1341803472-project] Validating volume size '1' using validate_int {{(pid=115102) _extract_size /opt/stack/cinder/cinder/volume/flows/api/create_volume.py:225}}
Nov 11 20:38:14.358352 dv-cinder-817642-1-iscsi devstack@c-api.service[115102]: DEBUG cinder.volume.api [None req-261b01b9-0ffa-40e5-b524-8db44f96649c tempest-SnapshotsActionsTest-1341803472 tempest-SnapshotsActionsTest-1341803472-project] Task 'cinder.volume.flows.api.create_volume.ExtractVolumeRequestTask;volume:create' (2e1d34fe-ef5d-4ae6-85e4-471a7d74a37a) transitioned into state 'SUCCESS' from state 'RUNNING' with result '{'size': 1, 'snapshot_id': None, 'source_volid': None, 'volume_type': VolumeType(created_at=2021-11-11T20:28:32Z,deleted=False,deleted_at=None,description='Default Volume Type',extra_specs={},id=dce729e3-9bda-41f5-bcef-3d11fb779a57,is_public=True,name='__DEFAULT__',projects=[],qos_specs=,qos_specs_id=None,updated_at=2021-11-11T20:28:32Z), 'volume_type_id': 'dce729e3-9bda-41f5-bcef-3d11fb779a57', 'encryption_key_id': None, 'qos_specs': None, 'consistencygroup_id': None, 'cgsnapshot_id': None, 'group_id': None, 'replication_status': 'disabled', 'refresh_az': False, 'backup_id': None, 'multiattach': False, 'availability_zones': ['nova']}' {{(pid=115102) _task_receiver /usr/local/lib/python3.8/dist-packages/taskflow/listeners/logging.py:178}}
Nov 11 20:38:14.362436 dv-cinder-817642-1-iscsi devstack@c-api.service[115102]: DEBUG cinder.volume.api [None req-261b01b9-0ffa-40e5-b524-8db44f96649c tempest-SnapshotsActionsTest-1341803472 tempest-SnapshotsActionsTest-1341803472-project] Task 'cinder.volume.flows.api.create_volume.QuotaReserveTask;volume:create' (4546cece-416b-4fdd-a656-edcc0d5e60e4) transitioned into state 'RUNNING' from state 'PENDING' {{(pid=115102) _task_receiver /usr/local/lib/python3.8/dist-packages/taskflow/listeners/logging.py:190}}
Nov 11 20:38:14.480606 dv-cinder-817642-1-iscsi devstack@c-api.service[115102]: WARNING cinder.quota [None req-261b01b9-0ffa-40e5-b524-8db44f96649c tempest-SnapshotsActionsTest-1341803472 tempest-SnapshotsActionsTest-1341803472-project] Deprecated: Default quota for resource: volumes___DEFAULT__ is set by the default quota flag: quota_volumes___DEFAULT__, it is now deprecated. Please use the default quota class for default quota.
Nov 11 20:38:14.482163 dv-cinder-817642-1-iscsi devstack@c-api.service[115102]: WARNING cinder.quota [None req-261b01b9-0ffa-40e5-b524-8db44f96649c tempest-SnapshotsActionsTest-1341803472 tempest-SnapshotsActionsTest-1341803472-project] Deprecated: Default quota for resource: gigabytes___DEFAULT__ is set by the default quota flag: quota_gigabytes___DEFAULT__, it is now deprecated. Please use the default quota class for default quota.
Nov 11 20:38:14.516840 dv-cinder-817642-1-iscsi devstack@c-api.service[115101]: INFO cinder.api.openstack.wsgi [None req-13892538-19c7-4992-a77b-f1b7b03fabaa tempest-GroupsV320Test-137663786 tempest-GroupsV320Test-137663786-project] POST http://10.222.0.61/volume/v3/84e89701282446e2ad77c3d6cfe4a021/groups
Nov 11 20:38:14.517565 dv-cinder-817642-1-iscsi devstack@c-api.service[115101]: DEBUG cinder.api.openstack.wsgi [None req-13892538-19c7-4992-a77b-f1b7b03fabaa tempest-GroupsV320Test-137663786 tempest-GroupsV320Test-137663786-project] Action: 'create', calling method: version_select, body: {"group": {"group_type": "46f11d90-f808-40f0-9f54-3499ccf224c8", "volume_types": ["a5502bb6-68a0-407c-9e13-37e49c018fd3"], "name": "tempest-GroupsV320Test-Group-1587972563"}} {{(pid=115101) _process_stack /opt/stack/cinder/cinder/api/openstack/wsgi.py:854}}
Nov 11 20:38:14.521779 dv-cinder-817642-1-iscsi devstack@c-api.service[115101]: DEBUG cinder.api.v3.groups [None req-13892538-19c7-4992-a77b-f1b7b03fabaa tempest-GroupsV320Test-137663786 tempest-GroupsV320Test-137663786-project] Creating new group {'group': {'group_type': '46f11d90-f808-40f0-9f54-3499ccf224c8', 'volume_types': ['a5502bb6-68a0-407c-9e13-37e49c018fd3'], 'name': 'tempest-GroupsV320Test-Group-1587972563'}} {{(pid=115101) create /opt/stack/cinder/cinder/api/v3/groups.py:190}}
Nov 11 20:38:14.533539 dv-cinder-817642-1-iscsi devstack@c-api.service[115101]: INFO cinder.api.v3.groups [None req-13892538-19c7-4992-a77b-f1b7b03fabaa tempest-GroupsV320Test-137663786 tempest-GroupsV320Test-137663786-project] Creating group tempest-GroupsV320Test-Group-1587972563.
Nov 11 20:38:14.606056 dv-cinder-817642-1-iscsi devstack@c-api.service[115101]: DEBUG cinder.volume.api [None req-13892538-19c7-4992-a77b-f1b7b03fabaa tempest-GroupsV320Test-137663786 tempest-GroupsV320Test-137663786-project] Availability zone cache updated, next update will occur around 2021-11-11 21:38:14.605206. {{(pid=115101) list_availability_zones /opt/stack/cinder/cinder/volume/api.py:148}}
Nov 11 20:38:14.606336 dv-cinder-817642-1-iscsi devstack@c-api.service[115101]: INFO cinder.volume.api [None req-13892538-19c7-4992-a77b-f1b7b03fabaa tempest-GroupsV320Test-137663786 tempest-GroupsV320Test-137663786-project] Availability Zones retrieved successfully.
Nov 11 20:38:14.691356 dv-cinder-817642-1-iscsi devstack@c-api.service[115102]: DEBUG cinder.quota [None req-261b01b9-0ffa-40e5-b524-8db44f96649c tempest-SnapshotsActionsTest-1341803472 tempest-SnapshotsActionsTest-1341803472-project] Created reservations ['58d166bd-80ed-402f-976e-ef2a2b556331', '0bc259fb-b93e-407a-91be-9380f6062a92', 'b0dd42e0-7138-4f87-9cf0-e558d25a387d', 'd7257866-211e-4aa1-ab15-4c9faef32a12'] {{(pid=115102) reserve /opt/stack/cinder/cinder/quota.py:755}}
Nov 11 20:38:14.699520 dv-cinder-817642-1-iscsi devstack@c-api.service[115102]: DEBUG cinder.volume.api [None req-261b01b9-0ffa-40e5-b524-8db44f96649c tempest-SnapshotsActionsTest-1341803472 tempest-SnapshotsActionsTest-1341803472-project] Task 'cinder.volume.flows.api.create_volume.QuotaReserveTask;volume:create' (4546cece-416b-4fdd-a656-edcc0d5e60e4) transitioned into state 'SUCCESS' from state 'RUNNING' with result '{'reservations': ['58d166bd-80ed-402f-976e-ef2a2b556331', '0bc259fb-b93e-407a-91be-9380f6062a92', 'b0dd42e0-7138-4f87-9cf0-e558d25a387d', 'd7257866-211e-4aa1-ab15-4c9faef32a12']}' {{(pid=115102) _task_receiver /usr/local/lib/python3.8/dist-packages/taskflow/listeners/logging.py:178}}
Nov 11 20:38:14.714231 dv-cinder-817642-1-iscsi devstack@c-api.service[115102]: DEBUG cinder.volume.api [None req-261b01b9-0ffa-40e5-b524-8db44f96649c tempest-SnapshotsActionsTest-1341803472 tempest-SnapshotsActionsTest-1341803472-project] Task 'cinder.volume.flows.api.create_volume.EntryCreateTask;volume:create' (4a6ed49f-c352-480a-b082-87a114069295) transitioned into state 'RUNNING' from state 'PENDING' {{(pid=115102) _task_receiver /usr/local/lib/python3.8/dist-packages/taskflow/listeners/logging.py:190}}
Nov 11 20:38:14.726772 dv-cinder-817642-1-iscsi devstack@c-api.service[115101]: DEBUG cinder.quota [None req-13892538-19c7-4992-a77b-f1b7b03fabaa tempest-GroupsV320Test-137663786 tempest-GroupsV320Test-137663786-project] Created reservations ['fc4e6572-560b-4078-82c5-95b341bf550e'] {{(pid=115101) reserve /opt/stack/cinder/cinder/quota.py:755}}
Nov 11 20:38:14.905016 dv-cinder-817642-1-iscsi devstack@c-api.service[115101]: INFO cinder.api.openstack.wsgi [None req-13892538-19c7-4992-a77b-f1b7b03fabaa tempest-GroupsV320Test-137663786 tempest-GroupsV320Test-137663786-project] http://10.222.0.61/volume/v3/84e89701282446e2ad77c3d6cfe4a021/groups returned with HTTP 202
Nov 11 20:38:14.910794 dv-cinder-817642-1-iscsi devstack@c-api.service[115101]: [pid: 115101|app: 0|req: 8/12] 10.222.0.61 () {62 vars in 1273 bytes} [Thu Nov 11 20:38:14 2021] POST /volume/v3/84e89701282446e2ad77c3d6cfe4a021/groups => generated 108 bytes in 672 msecs (HTTP/1.1 202) 7 headers in 292 bytes (1 switches on core 0)
Nov 11 20:38:15.000360 dv-cinder-817642-1-iscsi devstack@c-api.service[115102]: DEBUG cinder.volume.api [None req-261b01b9-0ffa-40e5-b524-8db44f96649c tempest-SnapshotsActionsTest-1341803472 tempest-SnapshotsActionsTest-1341803472-project] Task 'cinder.volume.flows.api.create_volume.EntryCreateTask;volume:create' (4a6ed49f-c352-480a-b082-87a114069295) transitioned into state 'SUCCESS' from state 'RUNNING' with result '{'volume_id': '2b9e9976-3bb8-4522-b169-b87a25651c38', 'volume_properties': VolumeProperties(attach_status='detached',availability_zone='nova',cgsnapshot_id=None,consistencygroup_id=None,display_description=None,display_name='tempest-SnapshotsActionsTest-Volume-150415607',encryption_key_id=None,group_id=None,group_type_id=,metadata={},multiattach=False,project_id='ab3e6314373d43ada7ac908397de7d4f',qos_specs=None,replication_status=,reservations=['58d166bd-80ed-402f-976e-ef2a2b556331','0bc259fb-b93e-407a-91be-9380f6062a92','b0dd42e0-7138-4f87-9cf0-e558d25a387d','d7257866-211e-4aa1-ab15-4c9faef32a12'],size=1,snapshot_id=None,source_replicaid=,source_volid=None,status='creating',user_id='7d17f95db1494408ba835c4e54612ef7',volume_type_id=dce729e3-9bda-41f5-bcef-3d11fb779a57), 'volume': Volume(_name_id=None,admin_metadata=,attach_status='detached',availability_zone='nova',bootable=False,cluster=,cluster_name=None,consistencygroup=,consistencygroup_id=None,created_at=2021-11-11T20:38:14Z,deleted=False,deleted_at=None,display_description=None,display_name='tempest-SnapshotsActionsTest-Volume-150415607',ec2_id=None,encryption_key_id=None,glance_metadata=,group=,group_id=None,host=None,id=2b9e9976-3bb8-4522-b169-b87a25651c38,launched_at=None,metadata={},migration_status=None,multiattach=False,previous_status=None,project_id='ab3e6314373d43ada7ac908397de7d4f',provider_auth=None,provider_geometry=None,provider_id=None,provider_location=None,replication_driver_data=None,replication_extended_status=None,replication_status=None,scheduled_at=None,service_uuid=None,shared_targets=True,size=1,snapshot_id=None,snapshots=,source_volid=None,status='creating',terminated_at=None,updated_at=None,use_quota=True,user_id='7d17f95db1494408ba835c4e54612ef7',volume_attachment=VolumeAttachmentList,volume_type=VolumeType(dce729e3-9bda-41f5-bcef-3d11fb779a57),volume_type_id=dce729e3-9bda-41f5-bcef-3d11fb779a57)}' {{(pid=115102) _task_receiver /usr/local/lib/python3.8/dist-packages/taskflow/listeners/logging.py:178}}
Nov 11 20:38:15.005952 dv-cinder-817642-1-iscsi devstack@c-api.service[115102]: DEBUG cinder.volume.api [None req-261b01b9-0ffa-40e5-b524-8db44f96649c tempest-SnapshotsActionsTest-1341803472 tempest-SnapshotsActionsTest-1341803472-project] Task 'cinder.volume.flows.api.create_volume.QuotaCommitTask;volume:create' (44fb25dc-7740-4df8-be2b-bcdacf63fb8d) transitioned into state 'RUNNING' from state 'PENDING' {{(pid=115102) _task_receiver /usr/local/lib/python3.8/dist-packages/taskflow/listeners/logging.py:190}}
Nov 11 20:38:15.100670 dv-cinder-817642-1-iscsi devstack@c-api.service[115102]: DEBUG cinder.volume.api [None req-261b01b9-0ffa-40e5-b524-8db44f96649c tempest-SnapshotsActionsTest-1341803472 tempest-SnapshotsActionsTest-1341803472-project] Task 'cinder.volume.flows.api.create_volume.QuotaCommitTask;volume:create' (44fb25dc-7740-4df8-be2b-bcdacf63fb8d) transitioned into state 'SUCCESS' from state 'RUNNING' with result '{'volume_properties': VolumeProperties(attach_status='detached',availability_zone='nova',cgsnapshot_id=None,consistencygroup_id=None,display_description=None,display_name='tempest-SnapshotsActionsTest-Volume-150415607',encryption_key_id=None,group_id=None,group_type_id=,metadata={},multiattach=False,project_id='ab3e6314373d43ada7ac908397de7d4f',qos_specs=None,replication_status=,reservations=['58d166bd-80ed-402f-976e-ef2a2b556331','0bc259fb-b93e-407a-91be-9380f6062a92','b0dd42e0-7138-4f87-9cf0-e558d25a387d','d7257866-211e-4aa1-ab15-4c9faef32a12'],size=1,snapshot_id=None,source_replicaid=,source_volid=None,status='creating',user_id='7d17f95db1494408ba835c4e54612ef7',volume_type_id=dce729e3-9bda-41f5-bcef-3d11fb779a57)}' {{(pid=115102) _task_receiver /usr/local/lib/python3.8/dist-packages/taskflow/listeners/logging.py:178}}
Nov 11 20:38:15.103474 dv-cinder-817642-1-iscsi devstack@c-api.service[115102]: DEBUG cinder.volume.api [None req-261b01b9-0ffa-40e5-b524-8db44f96649c tempest-SnapshotsActionsTest-1341803472 tempest-SnapshotsActionsTest-1341803472-project] Task 'cinder.volume.flows.api.create_volume.VolumeCastTask;volume:create' (ad14b748-f401-4583-83a5-aa80fe3c579f) transitioned into state 'RUNNING' from state 'PENDING' {{(pid=115102) _task_receiver /usr/local/lib/python3.8/dist-packages/taskflow/listeners/logging.py:190}}
Nov 11 20:38:15.184292 dv-cinder-817642-1-iscsi devstack@c-api.service[115101]: INFO cinder.api.openstack.wsgi [None req-090c9941-e803-4cb6-879f-e895140063bf tempest-GroupSnapshotsTest-193512966 tempest-GroupSnapshotsTest-193512966-project] POST http://10.222.0.61/volume/v3/40a70e23e98643efb92a480c193a2087/groups
Nov 11 20:38:15.184834 dv-cinder-817642-1-iscsi devstack@c-api.service[115101]: /usr/local/lib/python3.8/dist-packages/webob/acceptparse.py:1047: DeprecationWarning: The behavior of AcceptValidHeader.best_match is currently being maintained for backward compatibility, but it will be deprecated in the future, as it does not conform to the RFC.
Nov 11 20:38:15.184834 dv-cinder-817642-1-iscsi devstack@c-api.service[115101]: warnings.warn(
Nov 11 20:38:15.185350 dv-cinder-817642-1-iscsi devstack@c-api.service[115101]: DEBUG cinder.api.openstack.wsgi [None req-090c9941-e803-4cb6-879f-e895140063bf tempest-GroupSnapshotsTest-193512966 tempest-GroupSnapshotsTest-193512966-project] Action: 'create', calling method: version_select, body: {"group": {"group_type": "47bbe4df-66f5-4582-b616-2c6edcc31d5c", "volume_types": ["c34ad86a-26ea-430b-8a26-5a39ae4ee230"], "name": "tempest-GroupSnapshotsTest-Group-288627172"}} {{(pid=115101) _process_stack /opt/stack/cinder/cinder/api/openstack/wsgi.py:854}}
Nov 11 20:38:15.186448 dv-cinder-817642-1-iscsi devstack@c-api.service[115101]: DEBUG cinder.api.v3.groups [None req-090c9941-e803-4cb6-879f-e895140063bf tempest-GroupSnapshotsTest-193512966 tempest-GroupSnapshotsTest-193512966-project] Creating new group {'group': {'group_type': '47bbe4df-66f5-4582-b616-2c6edcc31d5c', 'volume_types': ['c34ad86a-26ea-430b-8a26-5a39ae4ee230'], 'name': 'tempest-GroupSnapshotsTest-Group-288627172'}} {{(pid=115101) create /opt/stack/cinder/cinder/api/v3/groups.py:190}}
Nov 11 20:38:15.203025 dv-cinder-817642-1-iscsi devstack@c-api.service[115101]: INFO cinder.api.v3.groups [None req-090c9941-e803-4cb6-879f-e895140063bf tempest-GroupSnapshotsTest-193512966 tempest-GroupSnapshotsTest-193512966-project] Creating group tempest-GroupSnapshotsTest-Group-288627172.
Nov 11 20:38:15.204578 dv-cinder-817642-1-iscsi devstack@c-api.service[115101]: /usr/local/lib/python3.8/dist-packages/oslo_context/context.py:105: DeprecationWarning: Policy enforcement is depending on the value of is_admin. This key is deprecated. Please update your policy file to use the standard policy values.
Nov 11 20:38:15.204578 dv-cinder-817642-1-iscsi devstack@c-api.service[115101]: warnings.warn('Policy enforcement is depending on the value of '
Nov 11 20:38:15.218253 dv-cinder-817642-1-iscsi devstack@c-api.service[115102]: DEBUG cinder.volume.api [None req-261b01b9-0ffa-40e5-b524-8db44f96649c tempest-SnapshotsActionsTest-1341803472 tempest-SnapshotsActionsTest-1341803472-project] Task 'cinder.volume.flows.api.create_volume.VolumeCastTask;volume:create' (ad14b748-f401-4583-83a5-aa80fe3c579f) transitioned into state 'SUCCESS' from state 'RUNNING' with result 'None' {{(pid=115102) _task_receiver /usr/local/lib/python3.8/dist-packages/taskflow/listeners/logging.py:178}}
Nov 11 20:38:15.220883 dv-cinder-817642-1-iscsi devstack@c-api.service[115102]: DEBUG cinder.volume.api [None req-261b01b9-0ffa-40e5-b524-8db44f96649c tempest-SnapshotsActionsTest-1341803472 tempest-SnapshotsActionsTest-1341803472-project] Flow 'volume_create_api' (b5ffe145-f9b5-4b7c-827c-9512d4f8449b) transitioned into state 'SUCCESS' from state 'RUNNING' {{(pid=115102) _flow_receiver /usr/local/lib/python3.8/dist-packages/taskflow/listeners/logging.py:141}}
Nov 11 20:38:15.221585 dv-cinder-817642-1-iscsi devstack@c-api.service[115102]: INFO cinder.volume.api [None req-261b01b9-0ffa-40e5-b524-8db44f96649c tempest-SnapshotsActionsTest-1341803472 tempest-SnapshotsActionsTest-1341803472-project] Create volume request issued successfully.
Nov 11 20:38:15.225570 dv-cinder-817642-1-iscsi devstack@c-api.service[115102]: INFO cinder.api.openstack.wsgi [None req-261b01b9-0ffa-40e5-b524-8db44f96649c tempest-SnapshotsActionsTest-1341803472 tempest-SnapshotsActionsTest-1341803472-project] http://10.222.0.61/volume/v3/ab3e6314373d43ada7ac908397de7d4f/volumes returned with HTTP 202
Nov 11 20:38:15.226649 dv-cinder-817642-1-iscsi devstack@c-api.service[115101]: INFO cinder.volume.api [None req-090c9941-e803-4cb6-879f-e895140063bf tempest-GroupSnapshotsTest-193512966 tempest-GroupSnapshotsTest-193512966-project] Availability Zones retrieved successfully.
Nov 11 20:38:15.228188 dv-cinder-817642-1-iscsi devstack@c-api.service[115102]: [pid: 115102|app: 0|req: 5/13] 10.222.0.61 () {60 vars in 1234 bytes} [Thu Nov 11 20:38:13 2021] POST /volume/v3/ab3e6314373d43ada7ac908397de7d4f/volumes => generated 819 bytes in 1274 msecs (HTTP/1.1 202) 7 headers in 291 bytes (1 switches on core 0)
Nov 11 20:38:15.242995 dv-cinder-817642-1-iscsi devstack@c-api.service[115102]: INFO cinder.api.openstack.wsgi [None req-7028e85e-3705-4e01-8ff4-5cc52f840cac tempest-GroupsV320Test-137663786 tempest-GroupsV320Test-137663786-project] GET http://10.222.0.61/volume/v3/84e89701282446e2ad77c3d6cfe4a021/groups/321c850a-0e5f-4947-8ce3-54cfdd512334
Nov 11 20:38:15.244956 dv-cinder-817642-1-iscsi devstack@c-api.service[115102]: DEBUG cinder.api.openstack.wsgi [None req-7028e85e-3705-4e01-8ff4-5cc52f840cac tempest-GroupsV320Test-137663786 tempest-GroupsV320Test-137663786-project] Empty body provided in request {{(pid=115102) get_body /opt/stack/cinder/cinder/api/openstack/wsgi.py:703}}
Nov 11 20:38:15.245176 dv-cinder-817642-1-iscsi devstack@c-api.service[115102]: /usr/local/lib/python3.8/dist-packages/webob/acceptparse.py:1047: DeprecationWarning: The behavior of AcceptValidHeader.best_match is currently being maintained for backward compatibility, but it will be deprecated in the future, as it does not conform to the RFC.
Nov 11 20:38:15.245176 dv-cinder-817642-1-iscsi devstack@c-api.service[115102]: warnings.warn(
Nov 11 20:38:15.245456 dv-cinder-817642-1-iscsi devstack@c-api.service[115102]: DEBUG cinder.api.openstack.wsgi [None req-7028e85e-3705-4e01-8ff4-5cc52f840cac tempest-GroupsV320Test-137663786 tempest-GroupsV320Test-137663786-project] Calling method 'version_select' {{(pid=115102) _process_stack /opt/stack/cinder/cinder/api/openstack/wsgi.py:856}}
Nov 11 20:38:15.245999 dv-cinder-817642-1-iscsi devstack@c-api.service[115102]: DEBUG cinder.api.v3.groups [None req-7028e85e-3705-4e01-8ff4-5cc52f840cac tempest-GroupsV320Test-137663786 tempest-GroupsV320Test-137663786-project] show called for member 321c850a-0e5f-4947-8ce3-54cfdd512334 {{(pid=115102) show /opt/stack/cinder/cinder/api/v3/groups.py:58}}
Nov 11 20:38:15.277756 dv-cinder-817642-1-iscsi devstack@c-api.service[115102]: /usr/local/lib/python3.8/dist-packages/oslo_context/context.py:105: DeprecationWarning: Policy enforcement is depending on the value of is_admin. This key is deprecated. Please update your policy file to use the standard policy values.
Nov 11 20:38:15.277756 dv-cinder-817642-1-iscsi devstack@c-api.service[115102]: warnings.warn('Policy enforcement is depending on the value of '
Nov 11 20:38:15.296875 dv-cinder-817642-1-iscsi devstack@c-api.service[115101]: DEBUG cinder.quota [None req-090c9941-e803-4cb6-879f-e895140063bf tempest-GroupSnapshotsTest-193512966 tempest-GroupSnapshotsTest-193512966-project] Created reservations ['e97d13ce-0a5f-43db-b833-4e23bd4e11ea'] {{(pid=115101) reserve /opt/stack/cinder/cinder/quota.py:755}}
Nov 11 20:38:15.333394 dv-cinder-817642-1-iscsi devstack@c-api.service[115102]: INFO cinder.api.openstack.wsgi [None req-7028e85e-3705-4e01-8ff4-5cc52f840cac tempest-GroupsV320Test-137663786 tempest-GroupsV320Test-137663786-project] http://10.222.0.61/volume/v3/84e89701282446e2ad77c3d6cfe4a021/groups/321c850a-0e5f-4947-8ce3-54cfdd512334 returned with HTTP 200
Nov 11 20:38:15.334606 dv-cinder-817642-1-iscsi devstack@c-api.service[115102]: [pid: 115102|app: 0|req: 6/14] 10.222.0.61 () {60 vars in 1362 bytes} [Thu Nov 11 20:38:15 2021] GET /volume/v3/84e89701282446e2ad77c3d6cfe4a021/groups/321c850a-0e5f-4947-8ce3-54cfdd512334 => generated 389 bytes in 106 msecs (HTTP/1.1 200) 7 headers in 286 bytes (1 switches on core 0)
Nov 11 20:38:15.341102 dv-cinder-817642-1-iscsi devstack@c-api.service[115102]: INFO cinder.api.openstack.wsgi [None req-677afe63-566b-4a4e-8655-4f5b3f22f676 tempest-SnapshotsActionsTest-1341803472 tempest-SnapshotsActionsTest-1341803472-project] GET http://10.222.0.61/volume/v3/ab3e6314373d43ada7ac908397de7d4f/volumes/2b9e9976-3bb8-4522-b169-b87a25651c38
Nov 11 20:38:15.341954 dv-cinder-817642-1-iscsi devstack@c-api.service[115102]: DEBUG cinder.api.openstack.wsgi [None req-677afe63-566b-4a4e-8655-4f5b3f22f676 tempest-SnapshotsActionsTest-1341803472 tempest-SnapshotsActionsTest-1341803472-project] Empty body provided in request {{(pid=115102) get_body /opt/stack/cinder/cinder/api/openstack/wsgi.py:703}}
Nov 11 20:38:15.342133 dv-cinder-817642-1-iscsi devstack@c-api.service[115102]: /usr/local/lib/python3.8/dist-packages/webob/acceptparse.py:1047: DeprecationWarning: The behavior of AcceptValidHeader.best_match is currently being maintained for backward compatibility, but it will be deprecated in the future, as it does not conform to the RFC.
Nov 11 20:38:15.342133 dv-cinder-817642-1-iscsi devstack@c-api.service[115102]: warnings.warn(
Nov 11 20:38:15.342496 dv-cinder-817642-1-iscsi devstack@c-api.service[115102]: DEBUG cinder.api.openstack.wsgi [None req-677afe63-566b-4a4e-8655-4f5b3f22f676 tempest-SnapshotsActionsTest-1341803472 tempest-SnapshotsActionsTest-1341803472-project] Calling method 'show' {{(pid=115102) _process_stack /opt/stack/cinder/cinder/api/openstack/wsgi.py:856}}
Nov 11 20:38:15.360654 dv-cinder-817642-1-iscsi devstack@c-api.service[115102]: /usr/local/lib/python3.8/dist-packages/oslo_context/context.py:105: DeprecationWarning: Policy enforcement is depending on the value of is_admin. This key is deprecated. Please update your policy file to use the standard policy values.
Nov 11 20:38:15.360654 dv-cinder-817642-1-iscsi devstack@c-api.service[115102]: warnings.warn('Policy enforcement is depending on the value of '
Nov 11 20:38:15.375797 dv-cinder-817642-1-iscsi devstack@c-api.service[115102]: INFO cinder.volume.api [None req-677afe63-566b-4a4e-8655-4f5b3f22f676 tempest-SnapshotsActionsTest-1341803472 tempest-SnapshotsActionsTest-1341803472-project] Volume info retrieved successfully.
Nov 11 20:38:15.381162 dv-cinder-817642-1-iscsi devstack@c-api.service[115101]: INFO cinder.api.openstack.wsgi [None req-090c9941-e803-4cb6-879f-e895140063bf tempest-GroupSnapshotsTest-193512966 tempest-GroupSnapshotsTest-193512966-project] http://10.222.0.61/volume/v3/40a70e23e98643efb92a480c193a2087/groups returned with HTTP 202
Nov 11 20:38:15.391667 dv-cinder-817642-1-iscsi devstack@c-api.service[115101]: [pid: 115101|app: 0|req: 9/15] 10.222.0.61 () {62 vars in 1273 bytes} [Thu Nov 11 20:38:14 2021] POST /volume/v3/40a70e23e98643efb92a480c193a2087/groups => generated 111 bytes in 480 msecs (HTTP/1.1 202) 7 headers in 292 bytes (1 switches on core 0)
Nov 11 20:38:15.398565 dv-cinder-817642-1-iscsi devstack@c-api.service[115101]: INFO cinder.api.openstack.wsgi [None req-fa7bc576-e0e7-437e-8697-693fa8301db0 tempest-GroupsV320Test-512270697 tempest-GroupsV320Test-512270697-project-admin] POST http://10.222.0.61/volume/v3/d7b1846d858f4c61a92ee1a622f1cb58/groups/321c850a-0e5f-4947-8ce3-54cfdd512334/action
Nov 11 20:38:15.405661 dv-cinder-817642-1-iscsi devstack@c-api.service[115101]: /usr/local/lib/python3.8/dist-packages/webob/acceptparse.py:1047: DeprecationWarning: The behavior of AcceptValidHeader.best_match is currently being maintained for backward compatibility, but it will be deprecated in the future, as it does not conform to the RFC.
Nov 11 20:38:15.405661 dv-cinder-817642-1-iscsi devstack@c-api.service[115101]: warnings.warn(
Nov 11 20:38:15.406656 dv-cinder-817642-1-iscsi devstack@c-api.service[115101]: DEBUG cinder.api.openstack.wsgi [None req-fa7bc576-e0e7-437e-8697-693fa8301db0 tempest-GroupsV320Test-512270697 tempest-GroupsV320Test-512270697-project-admin] Action body: b'{"reset_status": {"status": "creating"}}' {{(pid=115101) get_method /opt/stack/cinder/cinder/api/openstack/wsgi.py:971}}
Nov 11 20:38:15.408351 dv-cinder-817642-1-iscsi devstack@c-api.service[115101]: DEBUG cinder.api.openstack.wsgi [None req-fa7bc576-e0e7-437e-8697-693fa8301db0 tempest-GroupsV320Test-512270697 tempest-GroupsV320Test-512270697-project-admin] Action: 'action', calling method: version_select, body: {"reset_status": {"status": "creating"}} {{(pid=115101) _process_stack /opt/stack/cinder/cinder/api/openstack/wsgi.py:854}}
