Nov 11 11:18:14.606775 dv-cinder-817514-2-smb devstack@c-api.service[109091]: /usr/local/lib/python3.8/dist-packages/webob/acceptparse.py:1047: DeprecationWarning: The behavior of AcceptValidHeader.best_match is currently being maintained for backward compatibility, but it will be deprecated in the future, as it does not conform to the RFC.
Nov 11 11:18:14.606775 dv-cinder-817514-2-smb devstack@c-api.service[109091]: warnings.warn(
Nov 11 11:18:14.607005 dv-cinder-817514-2-smb devstack@c-api.service[109091]: DEBUG cinder.api.openstack.wsgi [None req-b695d0ff-7c08-406f-abb7-2e2af85df063 tempest-VolumesDeleteCascade-286007268 tempest-VolumesDeleteCascade-286007268-project] Calling method 'show' {{(pid=109091) _process_stack /opt/stack/cinder/cinder/api/openstack/wsgi.py:856}}
Nov 11 11:18:14.617527 dv-cinder-817514-2-smb devstack@c-api.service[109091]: /usr/local/lib/python3.8/dist-packages/oslo_context/context.py:105: DeprecationWarning: Policy enforcement is depending on the value of is_admin. This key is deprecated. Please update your policy file to use the standard policy values.
Nov 11 11:18:14.617527 dv-cinder-817514-2-smb devstack@c-api.service[109091]: warnings.warn('Policy enforcement is depending on the value of '
Nov 11 11:18:14.618530 dv-cinder-817514-2-smb devstack@c-api.service[109091]: INFO cinder.volume.api [None req-b695d0ff-7c08-406f-abb7-2e2af85df063 tempest-VolumesDeleteCascade-286007268 tempest-VolumesDeleteCascade-286007268-project] Snapshot retrieved successfully.
Nov 11 11:18:14.620323 dv-cinder-817514-2-smb devstack@c-api.service[109091]: INFO cinder.api.openstack.wsgi [None req-b695d0ff-7c08-406f-abb7-2e2af85df063 tempest-VolumesDeleteCascade-286007268 tempest-VolumesDeleteCascade-286007268-project] http://10.222.0.45/volume/v3/5e5164cfc01a4c2c956d4c98d1616680/snapshots/c47dc78a-fb1c-4404-8a59-bdc6c19a6f41 returned with HTTP 200
Nov 11 11:18:14.621511 dv-cinder-817514-2-smb devstack@c-api.service[109091]: [pid: 109091|app: 0|req: 148/302] 10.222.0.45 () {58 vars in 1330 bytes} [Thu Nov 11 11:18:14 2021] GET /volume/v3/5e5164cfc01a4c2c956d4c98d1616680/snapshots/c47dc78a-fb1c-4404-8a59-bdc6c19a6f41 => generated 531 bytes in 20 msecs (HTTP/1.1 200) 7 headers in 285 bytes (1 switches on core 0)
Nov 11 11:18:14.631923 dv-cinder-817514-2-smb devstack@c-api.service[109090]: INFO cinder.api.openstack.wsgi [None req-abc0dabe-ea49-476d-9fa0-7faff8fd5001 tempest-VolumesDeleteCascade-286007268 tempest-VolumesDeleteCascade-286007268-project] POST http://10.222.0.45/volume/v3/5e5164cfc01a4c2c956d4c98d1616680/snapshots
Nov 11 11:18:14.632645 dv-cinder-817514-2-smb devstack@c-api.service[109090]: /usr/local/lib/python3.8/dist-packages/webob/acceptparse.py:1047: DeprecationWarning: The behavior of AcceptValidHeader.best_match is currently being maintained for backward compatibility, but it will be deprecated in the future, as it does not conform to the RFC.
Nov 11 11:18:14.632645 dv-cinder-817514-2-smb devstack@c-api.service[109090]: warnings.warn(
Nov 11 11:18:14.633622 dv-cinder-817514-2-smb devstack@c-api.service[109090]: DEBUG cinder.api.openstack.wsgi [None req-abc0dabe-ea49-476d-9fa0-7faff8fd5001 tempest-VolumesDeleteCascade-286007268 tempest-VolumesDeleteCascade-286007268-project] Action: 'create', calling method: create, body: {"snapshot": {"volume_id": "fecfe15f-8f7e-4232-b004-3d61c817fb6d", "name": "tempest-VolumesDeleteCascade-Snapshot-2076768805"}} {{(pid=109090) _process_stack /opt/stack/cinder/cinder/api/openstack/wsgi.py:854}}
Nov 11 11:18:14.660051 dv-cinder-817514-2-smb devstack@c-api.service[109090]: /usr/local/lib/python3.8/dist-packages/oslo_context/context.py:105: DeprecationWarning: Policy enforcement is depending on the value of is_admin. This key is deprecated. Please update your policy file to use the standard policy values.
Nov 11 11:18:14.660051 dv-cinder-817514-2-smb devstack@c-api.service[109090]: warnings.warn('Policy enforcement is depending on the value of '
Nov 11 11:18:14.662852 dv-cinder-817514-2-smb devstack@c-api.service[109090]: INFO cinder.volume.api [None req-abc0dabe-ea49-476d-9fa0-7faff8fd5001 tempest-VolumesDeleteCascade-286007268 tempest-VolumesDeleteCascade-286007268-project] Volume info retrieved successfully.
Nov 11 11:18:14.663453 dv-cinder-817514-2-smb devstack@c-api.service[109090]: INFO cinder.api.v3.snapshots [None req-abc0dabe-ea49-476d-9fa0-7faff8fd5001 tempest-VolumesDeleteCascade-286007268 tempest-VolumesDeleteCascade-286007268-project] Create snapshot from volume fecfe15f-8f7e-4232-b004-3d61c817fb6d
Nov 11 11:18:14.827990 dv-cinder-817514-2-smb devstack@c-api.service[109090]: DEBUG cinder.quota [None req-abc0dabe-ea49-476d-9fa0-7faff8fd5001 tempest-VolumesDeleteCascade-286007268 tempest-VolumesDeleteCascade-286007268-project] Created reservations ['a0a55bf5-9b0b-458b-ae89-e628dd638e9e', 'ced114a3-b803-43c4-910a-d0f426e38300', '78332942-ece5-4aaf-ac43-4052fd35cee4', '4ad3b474-5c8c-4e4d-a714-2caed494ba70'] {{(pid=109090) reserve /opt/stack/cinder/cinder/quota.py:755}}
Nov 11 11:18:15.187315 dv-cinder-817514-2-smb devstack@c-api.service[109090]: INFO cinder.volume.api [None req-abc0dabe-ea49-476d-9fa0-7faff8fd5001 tempest-VolumesDeleteCascade-286007268 tempest-VolumesDeleteCascade-286007268-project] Snapshot create request issued successfully.
Nov 11 11:18:15.188127 dv-cinder-817514-2-smb devstack@c-api.service[109090]: INFO cinder.api.openstack.wsgi [None req-abc0dabe-ea49-476d-9fa0-7faff8fd5001 tempest-VolumesDeleteCascade-286007268 tempest-VolumesDeleteCascade-286007268-project] http://10.222.0.45/volume/v3/5e5164cfc01a4c2c956d4c98d1616680/snapshots returned with HTTP 202
Nov 11 11:18:15.194432 dv-cinder-817514-2-smb devstack@c-api.service[109090]: [pid: 109090|app: 0|req: 155/303] 10.222.0.45 () {60 vars in 1241 bytes} [Thu Nov 11 11:18:14 2021] POST /volume/v3/5e5164cfc01a4c2c956d4c98d1616680/snapshots => generated 307 bytes in 561 msecs (HTTP/1.1 202) 7 headers in 291 bytes (2 switches on core 0)
Nov 11 11:18:15.199250 dv-cinder-817514-2-smb devstack@c-api.service[109091]: INFO cinder.api.openstack.wsgi [None req-24d3e3e8-e77a-4e23-9730-e80f56064968 tempest-VolumesDeleteCascade-286007268 tempest-VolumesDeleteCascade-286007268-project] GET http://10.222.0.45/volume/v3/5e5164cfc01a4c2c956d4c98d1616680/snapshots/a3fdc55a-af37-4bc9-985c-2cfb66a1cd3d
Nov 11 11:18:15.203733 dv-cinder-817514-2-smb devstack@c-api.service[109091]: DEBUG cinder.api.openstack.wsgi [None req-24d3e3e8-e77a-4e23-9730-e80f56064968 tempest-VolumesDeleteCascade-286007268 tempest-VolumesDeleteCascade-286007268-project] Empty body provided in request {{(pid=109091) get_body /opt/stack/cinder/cinder/api/openstack/wsgi.py:703}}
Nov 11 11:18:15.203733 dv-cinder-817514-2-smb devstack@c-api.service[109091]: /usr/local/lib/python3.8/dist-packages/webob/acceptparse.py:1047: DeprecationWarning: The behavior of AcceptValidHeader.best_match is currently being maintained for backward compatibility, but it will be deprecated in the future, as it does not conform to the RFC.
Nov 11 11:18:15.203733 dv-cinder-817514-2-smb devstack@c-api.service[109091]: warnings.warn(
Nov 11 11:18:15.203733 dv-cinder-817514-2-smb devstack@c-api.service[109091]: DEBUG cinder.api.openstack.wsgi [None req-24d3e3e8-e77a-4e23-9730-e80f56064968 tempest-VolumesDeleteCascade-286007268 tempest-VolumesDeleteCascade-286007268-project] Calling method 'show' {{(pid=109091) _process_stack /opt/stack/cinder/cinder/api/openstack/wsgi.py:856}}
Nov 11 11:18:15.211024 dv-cinder-817514-2-smb devstack@c-api.service[109091]: /usr/local/lib/python3.8/dist-packages/oslo_context/context.py:105: DeprecationWarning: Policy enforcement is depending on the value of is_admin. This key is deprecated. Please update your policy file to use the standard policy values.
Nov 11 11:18:15.211024 dv-cinder-817514-2-smb devstack@c-api.service[109091]: warnings.warn('Policy enforcement is depending on the value of '
Nov 11 11:18:15.212140 dv-cinder-817514-2-smb devstack@c-api.service[109091]: INFO cinder.volume.api [None req-24d3e3e8-e77a-4e23-9730-e80f56064968 tempest-VolumesDeleteCascade-286007268 tempest-VolumesDeleteCascade-286007268-project] Snapshot retrieved successfully.
Nov 11 11:18:15.214098 dv-cinder-817514-2-smb devstack@c-api.service[109091]: INFO cinder.api.openstack.wsgi [None req-24d3e3e8-e77a-4e23-9730-e80f56064968 tempest-VolumesDeleteCascade-286007268 tempest-VolumesDeleteCascade-286007268-project] http://10.222.0.45/volume/v3/5e5164cfc01a4c2c956d4c98d1616680/snapshots/a3fdc55a-af37-4bc9-985c-2cfb66a1cd3d returned with HTTP 200
Nov 11 11:18:15.219350 dv-cinder-817514-2-smb devstack@c-api.service[109091]: [pid: 109091|app: 0|req: 149/304] 10.222.0.45 () {58 vars in 1330 bytes} [Thu Nov 11 11:18:15 2021] GET /volume/v3/5e5164cfc01a4c2c956d4c98d1616680/snapshots/a3fdc55a-af37-4bc9-985c-2cfb66a1cd3d => generated 439 bytes in 24 msecs (HTTP/1.1 200) 7 headers in 285 bytes (1 switches on core 0)
Nov 11 11:18:15.592541 dv-cinder-817514-2-smb devstack@c-api.service[109090]: INFO cinder.api.openstack.wsgi [None req-59f76a4c-6b89-41e0-8431-94af4793c06f tempest-VolumesTransfersV355Test-1010997795 tempest-VolumesTransfersV355Test-1010997795-project-admin] GET http://10.222.0.45/volume/v3/aafb0ac86c5f4f6eb5ba642a4eef7706/volumes/fa613b45-a0d3-4173-9f13-7c06cafa2aa6
Nov 11 11:18:15.593202 dv-cinder-817514-2-smb devstack@c-api.service[109090]: DEBUG cinder.api.openstack.wsgi [None req-59f76a4c-6b89-41e0-8431-94af4793c06f tempest-VolumesTransfersV355Test-1010997795 tempest-VolumesTransfersV355Test-1010997795-project-admin] Empty body provided in request {{(pid=109090) get_body /opt/stack/cinder/cinder/api/openstack/wsgi.py:703}}
Nov 11 11:18:15.593301 dv-cinder-817514-2-smb devstack@c-api.service[109090]: /usr/local/lib/python3.8/dist-packages/webob/acceptparse.py:1047: DeprecationWarning: The behavior of AcceptValidHeader.best_match is currently being maintained for backward compatibility, but it will be deprecated in the future, as it does not conform to the RFC.
Nov 11 11:18:15.593301 dv-cinder-817514-2-smb devstack@c-api.service[109090]: warnings.warn(
Nov 11 11:18:15.593732 dv-cinder-817514-2-smb devstack@c-api.service[109090]: DEBUG cinder.api.openstack.wsgi [None req-59f76a4c-6b89-41e0-8431-94af4793c06f tempest-VolumesTransfersV355Test-1010997795 tempest-VolumesTransfersV355Test-1010997795-project-admin] Calling method 'show' {{(pid=109090) _process_stack /opt/stack/cinder/cinder/api/openstack/wsgi.py:856}}
Nov 11 11:18:15.609812 dv-cinder-817514-2-smb devstack@c-api.service[109090]: INFO cinder.api.openstack.wsgi [None req-59f76a4c-6b89-41e0-8431-94af4793c06f tempest-VolumesTransfersV355Test-1010997795 tempest-VolumesTransfersV355Test-1010997795-project-admin] http://10.222.0.45/volume/v3/aafb0ac86c5f4f6eb5ba642a4eef7706/volumes/fa613b45-a0d3-4173-9f13-7c06cafa2aa6 returned with HTTP 404
Nov 11 11:18:15.612520 dv-cinder-817514-2-smb devstack@c-api.service[109090]: [pid: 109090|app: 0|req: 156/305] 10.222.0.45 () {60 vars in 1365 bytes} [Thu Nov 11 11:18:15 2021] GET /volume/v3/aafb0ac86c5f4f6eb5ba642a4eef7706/volumes/fa613b45-a0d3-4173-9f13-7c06cafa2aa6 => generated 109 bytes in 24 msecs (HTTP/1.1 404) 7 headers in 293 bytes (1 switches on core 0)
Nov 11 11:18:15.621540 dv-cinder-817514-2-smb devstack@c-api.service[109091]: INFO cinder.api.openstack.wsgi [None req-6279013b-fb65-492a-8d16-589d1c9f94b8 tempest-VolumesTransfersV355Test-1616634289 tempest-VolumesTransfersV355Test-1616634289-project] POST http://10.222.0.45/volume/v3/aa1cca2143e34bc58b4f5eeddfa62faf/volumes
Nov 11 11:18:15.622105 dv-cinder-817514-2-smb devstack@c-api.service[109091]: /usr/local/lib/python3.8/dist-packages/webob/acceptparse.py:1047: DeprecationWarning: The behavior of AcceptValidHeader.best_match is currently being maintained for backward compatibility, but it will be deprecated in the future, as it does not conform to the RFC.
Nov 11 11:18:15.622105 dv-cinder-817514-2-smb devstack@c-api.service[109091]: warnings.warn(
Nov 11 11:18:15.622768 dv-cinder-817514-2-smb devstack@c-api.service[109091]: DEBUG cinder.api.openstack.wsgi [None req-6279013b-fb65-492a-8d16-589d1c9f94b8 tempest-VolumesTransfersV355Test-1616634289 tempest-VolumesTransfersV355Test-1616634289-project] Action: 'create', calling method: create, body: {"volume": {"size": 1, "name": "tempest-VolumesTransfersV355Test-Volume-198292765"}} {{(pid=109091) _process_stack /opt/stack/cinder/cinder/api/openstack/wsgi.py:854}}
Nov 11 11:18:15.624322 dv-cinder-817514-2-smb devstack@c-api.service[109091]: DEBUG cinder.api.v3.volumes [None req-6279013b-fb65-492a-8d16-589d1c9f94b8 tempest-VolumesTransfersV355Test-1616634289 tempest-VolumesTransfersV355Test-1616634289-project] Create volume request body: {'volume': {'size': 1, 'name': 'tempest-VolumesTransfersV355Test-Volume-198292765'}} {{(pid=109091) create /opt/stack/cinder/cinder/api/v3/volumes.py:298}}
Nov 11 11:18:15.624880 dv-cinder-817514-2-smb devstack@c-api.service[109091]: INFO cinder.api.v3.volumes [None req-6279013b-fb65-492a-8d16-589d1c9f94b8 tempest-VolumesTransfersV355Test-1616634289 tempest-VolumesTransfersV355Test-1616634289-project] Create volume of 1 GB
Nov 11 11:18:15.632751 dv-cinder-817514-2-smb devstack@c-api.service[109091]: INFO cinder.volume.api [None req-6279013b-fb65-492a-8d16-589d1c9f94b8 tempest-VolumesTransfersV355Test-1616634289 tempest-VolumesTransfersV355Test-1616634289-project] Availability Zones retrieved successfully.
Nov 11 11:18:15.651689 dv-cinder-817514-2-smb devstack@c-api.service[109091]: DEBUG cinder.volume.api [None req-6279013b-fb65-492a-8d16-589d1c9f94b8 tempest-VolumesTransfersV355Test-1616634289 tempest-VolumesTransfersV355Test-1616634289-project] Flow 'volume_create_api' (81133d8c-9f0b-4932-8839-155343731dd9) transitioned into state 'RUNNING' from state 'PENDING' {{(pid=109091) _flow_receiver /usr/local/lib/python3.8/dist-packages/taskflow/listeners/logging.py:141}}
Nov 11 11:18:15.654749 dv-cinder-817514-2-smb devstack@c-api.service[109091]: DEBUG cinder.volume.api [None req-6279013b-fb65-492a-8d16-589d1c9f94b8 tempest-VolumesTransfersV355Test-1616634289 tempest-VolumesTransfersV355Test-1616634289-project] Task 'cinder.volume.flows.api.create_volume.ExtractVolumeRequestTask;volume:create' (eb7266a6-0772-446f-a887-54a985e513b4) transitioned into state 'RUNNING' from state 'PENDING' {{(pid=109091) _task_receiver /usr/local/lib/python3.8/dist-packages/taskflow/listeners/logging.py:190}}
Nov 11 11:18:15.657905 dv-cinder-817514-2-smb devstack@c-api.service[109091]: DEBUG cinder.volume.flows.api.create_volume [None req-6279013b-fb65-492a-8d16-589d1c9f94b8 tempest-VolumesTransfersV355Test-1616634289 tempest-VolumesTransfersV355Test-1616634289-project] Validating volume size '1' using validate_int {{(pid=109091) _extract_size /opt/stack/cinder/cinder/volume/flows/api/create_volume.py:225}}
Nov 11 11:18:15.695319 dv-cinder-817514-2-smb devstack@c-api.service[109091]: DEBUG cinder.volume.api [None req-6279013b-fb65-492a-8d16-589d1c9f94b8 tempest-VolumesTransfersV355Test-1616634289 tempest-VolumesTransfersV355Test-1616634289-project] Task 'cinder.volume.flows.api.create_volume.ExtractVolumeRequestTask;volume:create' (eb7266a6-0772-446f-a887-54a985e513b4) transitioned into state 'SUCCESS' from state 'RUNNING' with result '{'size': 1, 'snapshot_id': None, 'source_volid': None, 'volume_type': VolumeType(created_at=2021-11-11T11:02:27Z,deleted=False,deleted_at=None,description='Default Volume Type',extra_specs={},id=35b0b8d8-20c4-4862-8956-e73988cd44fa,is_public=True,name='__DEFAULT__',projects=[],qos_specs=,qos_specs_id=None,updated_at=2021-11-11T11:02:27Z), 'volume_type_id': '35b0b8d8-20c4-4862-8956-e73988cd44fa', 'encryption_key_id': None, 'qos_specs': None, 'consistencygroup_id': None, 'cgsnapshot_id': None, 'group_id': None, 'replication_status': 'disabled', 'refresh_az': False, 'backup_id': None, 'multiattach': False, 'availability_zones': ['nova']}' {{(pid=109091) _task_receiver /usr/local/lib/python3.8/dist-packages/taskflow/listeners/logging.py:178}}
Nov 11 11:18:15.698056 dv-cinder-817514-2-smb devstack@c-api.service[109091]: DEBUG cinder.volume.api [None req-6279013b-fb65-492a-8d16-589d1c9f94b8 tempest-VolumesTransfersV355Test-1616634289 tempest-VolumesTransfersV355Test-1616634289-project] Task 'cinder.volume.flows.api.create_volume.QuotaReserveTask;volume:create' (296b0845-3511-4bab-8fc1-ebb56d5dd09e) transitioned into state 'RUNNING' from state 'PENDING' {{(pid=109091) _task_receiver /usr/local/lib/python3.8/dist-packages/taskflow/listeners/logging.py:190}}
Nov 11 11:18:15.879244 dv-cinder-817514-2-smb devstack@c-api.service[109091]: DEBUG cinder.quota [None req-6279013b-fb65-492a-8d16-589d1c9f94b8 tempest-VolumesTransfersV355Test-1616634289 tempest-VolumesTransfersV355Test-1616634289-project] Created reservations ['12379541-b9c8-404a-ace7-2c4a5e368fa3', 'f591dc32-8328-405d-89e0-73c991a0bc86', '54bf3d36-798a-4d42-96d9-e137dfc4336e', '943aebf6-0728-4c42-b89f-c2530e588e8d'] {{(pid=109091) reserve /opt/stack/cinder/cinder/quota.py:755}}
Nov 11 11:18:15.881376 dv-cinder-817514-2-smb devstack@c-api.service[109091]: DEBUG cinder.volume.api [None req-6279013b-fb65-492a-8d16-589d1c9f94b8 tempest-VolumesTransfersV355Test-1616634289 tempest-VolumesTransfersV355Test-1616634289-project] Task 'cinder.volume.flows.api.create_volume.QuotaReserveTask;volume:create' (296b0845-3511-4bab-8fc1-ebb56d5dd09e) transitioned into state 'SUCCESS' from state 'RUNNING' with result '{'reservations': ['12379541-b9c8-404a-ace7-2c4a5e368fa3', 'f591dc32-8328-405d-89e0-73c991a0bc86', '54bf3d36-798a-4d42-96d9-e137dfc4336e', '943aebf6-0728-4c42-b89f-c2530e588e8d']}' {{(pid=109091) _task_receiver /usr/local/lib/python3.8/dist-packages/taskflow/listeners/logging.py:178}}
Nov 11 11:18:15.883471 dv-cinder-817514-2-smb devstack@c-api.service[109091]: DEBUG cinder.volume.api [None req-6279013b-fb65-492a-8d16-589d1c9f94b8 tempest-VolumesTransfersV355Test-1616634289 tempest-VolumesTransfersV355Test-1616634289-project] Task 'cinder.volume.flows.api.create_volume.EntryCreateTask;volume:create' (ee2f07bf-db92-41ed-850b-30d89736083a) transitioned into state 'RUNNING' from state 'PENDING' {{(pid=109091) _task_receiver /usr/local/lib/python3.8/dist-packages/taskflow/listeners/logging.py:190}}
Nov 11 11:18:15.928101 dv-cinder-817514-2-smb devstack@c-api.service[109090]: INFO cinder.api.openstack.wsgi [None req-bc3cbb43-d8d9-41bf-bc82-aa30b48e4428 tempest-UserMessagesTest-1095305685 tempest-UserMessagesTest-1095305685-project-admin] POST http://10.222.0.45/volume/v3/58a0d1b308ea448da03a123f394f26ac/types
Nov 11 11:18:15.929790 dv-cinder-817514-2-smb devstack@c-api.service[109090]: DEBUG cinder.api.openstack.wsgi [None req-bc3cbb43-d8d9-41bf-bc82-aa30b48e4428 tempest-UserMessagesTest-1095305685 tempest-UserMessagesTest-1095305685-project-admin] Action: 'create', calling method: _create, body: {"volume_type": {"name": "tempest-UserMessagesTest-volume-type-233740494", "extra_specs": {"storage_protocol": "tempest-storage_protocol-1998068352", "vendor_name": "tempest-vendor_name-32620431"}}} {{(pid=109090) _process_stack /opt/stack/cinder/cinder/api/openstack/wsgi.py:854}}
Nov 11 11:18:15.933214 dv-cinder-817514-2-smb devstack@c-api.service[109090]: /usr/local/lib/python3.8/dist-packages/oslo_context/context.py:105: DeprecationWarning: Policy enforcement is depending on the value of is_admin. This key is deprecated. Please update your policy file to use the standard policy values.
Nov 11 11:18:15.933214 dv-cinder-817514-2-smb devstack@c-api.service[109090]: warnings.warn('Policy enforcement is depending on the value of '
Nov 11 11:18:15.968027 dv-cinder-817514-2-smb devstack@c-api.service[109091]: DEBUG cinder.volume.api [None req-6279013b-fb65-492a-8d16-589d1c9f94b8 tempest-VolumesTransfersV355Test-1616634289 tempest-VolumesTransfersV355Test-1616634289-project] Task 'cinder.volume.flows.api.create_volume.EntryCreateTask;volume:create' (ee2f07bf-db92-41ed-850b-30d89736083a) transitioned into state 'SUCCESS' from state 'RUNNING' with result '{'volume_id': '2480fe73-8d5c-4c0b-8906-d937229d7cf2', 'volume_properties': VolumeProperties(attach_status='detached',availability_zone='nova',cgsnapshot_id=None,consistencygroup_id=None,display_description=None,display_name='tempest-VolumesTransfersV355Test-Volume-198292765',encryption_key_id=None,group_id=None,group_type_id=,metadata={},multiattach=False,project_id='aa1cca2143e34bc58b4f5eeddfa62faf',qos_specs=None,replication_status=,reservations=['12379541-b9c8-404a-ace7-2c4a5e368fa3','f591dc32-8328-405d-89e0-73c991a0bc86','54bf3d36-798a-4d42-96d9-e137dfc4336e','943aebf6-0728-4c42-b89f-c2530e588e8d'],size=1,snapshot_id=None,source_replicaid=,source_volid=None,status='creating',user_id='0990bf315fbe4a2a942df34b6a9eada1',volume_type_id=35b0b8d8-20c4-4862-8956-e73988cd44fa), 'volume': Volume(_name_id=None,admin_metadata=,attach_status='detached',availability_zone='nova',bootable=False,cluster=,cluster_name=None,consistencygroup=,consistencygroup_id=None,created_at=2021-11-11T11:18:15Z,deleted=False,deleted_at=None,display_description=None,display_name='tempest-VolumesTransfersV355Test-Volume-198292765',ec2_id=None,encryption_key_id=None,glance_metadata=,group=,group_id=None,host=None,id=2480fe73-8d5c-4c0b-8906-d937229d7cf2,launched_at=None,metadata={},migration_status=None,multiattach=False,previous_status=None,project_id='aa1cca2143e34bc58b4f5eeddfa62faf',provider_auth=None,provider_geometry=None,provider_id=None,provider_location=None,replication_driver_data=None,replication_extended_status=None,replication_status=None,scheduled_at=None,service_uuid=None,shared_targets=True,size=1,snapshot_id=None,snapshots=,source_volid=None,status='creating',terminated_at=None,updated_at=None,use_quota=True,user_id='0990bf315fbe4a2a942df34b6a9eada1',volume_attachment=VolumeAttachmentList,volume_type=VolumeType(35b0b8d8-20c4-4862-8956-e73988cd44fa),volume_type_id=35b0b8d8-20c4-4862-8956-e73988cd44fa)}' {{(pid=109091) _task_receiver /usr/local/lib/python3.8/dist-packages/taskflow/listeners/logging.py:178}}
Nov 11 11:18:15.970788 dv-cinder-817514-2-smb devstack@c-api.service[109091]: DEBUG cinder.volume.api [None req-6279013b-fb65-492a-8d16-589d1c9f94b8 tempest-VolumesTransfersV355Test-1616634289 tempest-VolumesTransfersV355Test-1616634289-project] Task 'cinder.volume.flows.api.create_volume.QuotaCommitTask;volume:create' (bcaa5628-5287-495b-aaa1-92e06bcf919a) transitioned into state 'RUNNING' from state 'PENDING' {{(pid=109091) _task_receiver /usr/local/lib/python3.8/dist-packages/taskflow/listeners/logging.py:190}}
Nov 11 11:18:16.043032 dv-cinder-817514-2-smb devstack@c-api.service[109090]: INFO cinder.api.openstack.wsgi [None req-bc3cbb43-d8d9-41bf-bc82-aa30b48e4428 tempest-UserMessagesTest-1095305685 tempest-UserMessagesTest-1095305685-project-admin] http://10.222.0.45/volume/v3/58a0d1b308ea448da03a123f394f26ac/types returned with HTTP 200
Nov 11 11:18:16.043691 dv-cinder-817514-2-smb devstack@c-api.service[109090]: [pid: 109090|app: 0|req: 157/306] 10.222.0.45 () {60 vars in 1229 bytes} [Thu Nov 11 11:18:15 2021] POST /volume/v3/58a0d1b308ea448da03a123f394f26ac/types => generated 325 bytes in 340 msecs (HTTP/1.1 200) 7 headers in 285 bytes (2 switches on core 0)
Nov 11 11:18:16.063869 dv-cinder-817514-2-smb devstack@c-api.service[109091]: DEBUG cinder.volume.api [None req-6279013b-fb65-492a-8d16-589d1c9f94b8 tempest-VolumesTransfersV355Test-1616634289 tempest-VolumesTransfersV355Test-1616634289-project] Task 'cinder.volume.flows.api.create_volume.QuotaCommitTask;volume:create' (bcaa5628-5287-495b-aaa1-92e06bcf919a) transitioned into state 'SUCCESS' from state 'RUNNING' with result '{'volume_properties': VolumeProperties(attach_status='detached',availability_zone='nova',cgsnapshot_id=None,consistencygroup_id=None,display_description=None,display_name='tempest-VolumesTransfersV355Test-Volume-198292765',encryption_key_id=None,group_id=None,group_type_id=,metadata={},multiattach=False,project_id='aa1cca2143e34bc58b4f5eeddfa62faf',qos_specs=None,replication_status=,reservations=['12379541-b9c8-404a-ace7-2c4a5e368fa3','f591dc32-8328-405d-89e0-73c991a0bc86','54bf3d36-798a-4d42-96d9-e137dfc4336e','943aebf6-0728-4c42-b89f-c2530e588e8d'],size=1,snapshot_id=None,source_replicaid=,source_volid=None,status='creating',user_id='0990bf315fbe4a2a942df34b6a9eada1',volume_type_id=35b0b8d8-20c4-4862-8956-e73988cd44fa)}' {{(pid=109091) _task_receiver /usr/local/lib/python3.8/dist-packages/taskflow/listeners/logging.py:178}}
Nov 11 11:18:16.065682 dv-cinder-817514-2-smb devstack@c-api.service[109091]: DEBUG cinder.volume.api [None req-6279013b-fb65-492a-8d16-589d1c9f94b8 tempest-VolumesTransfersV355Test-1616634289 tempest-VolumesTransfersV355Test-1616634289-project] Task 'cinder.volume.flows.api.create_volume.VolumeCastTask;volume:create' (ea3d4ed8-1ea6-4091-a50e-58853c68754f) transitioned into state 'RUNNING' from state 'PENDING' {{(pid=109091) _task_receiver /usr/local/lib/python3.8/dist-packages/taskflow/listeners/logging.py:190}}
Nov 11 11:18:16.174812 dv-cinder-817514-2-smb devstack@c-api.service[109090]: INFO cinder.api.openstack.wsgi [None req-7e5b86e5-7e08-437d-b5e8-8a440d2b6dde tempest-UserMessagesTest-834048580 tempest-UserMessagesTest-834048580-project] POST http://10.222.0.45/volume/v3/4400096c46264e1b98045138d44305f8/volumes
Nov 11 11:18:16.177103 dv-cinder-817514-2-smb devstack@c-api.service[109090]: DEBUG cinder.api.openstack.wsgi [None req-7e5b86e5-7e08-437d-b5e8-8a440d2b6dde tempest-UserMessagesTest-834048580 tempest-UserMessagesTest-834048580-project] Action: 'create', calling method: create, body: {"volume": {"volume_type": "12a26f5d-b34b-479f-a872-34ce909d770c", "size": 1, "name": "tempest-UserMessagesTest-Volume-85684033"}} {{(pid=109090) _process_stack /opt/stack/cinder/cinder/api/openstack/wsgi.py:854}}
Nov 11 11:18:16.181138 dv-cinder-817514-2-smb devstack@c-api.service[109090]: DEBUG cinder.api.v3.volumes [None req-7e5b86e5-7e08-437d-b5e8-8a440d2b6dde tempest-UserMessagesTest-834048580 tempest-UserMessagesTest-834048580-project] Create volume request body: {'volume': {'volume_type': '12a26f5d-b34b-479f-a872-34ce909d770c', 'size': 1, 'name': 'tempest-UserMessagesTest-Volume-85684033'}} {{(pid=109090) create /opt/stack/cinder/cinder/api/v3/volumes.py:298}}
Nov 11 11:18:16.186233 dv-cinder-817514-2-smb devstack@c-api.service[109091]: DEBUG cinder.volume.api [None req-6279013b-fb65-492a-8d16-589d1c9f94b8 tempest-VolumesTransfersV355Test-1616634289 tempest-VolumesTransfersV355Test-1616634289-project] Task 'cinder.volume.flows.api.create_volume.VolumeCastTask;volume:create' (ea3d4ed8-1ea6-4091-a50e-58853c68754f) transitioned into state 'SUCCESS' from state 'RUNNING' with result 'None' {{(pid=109091) _task_receiver /usr/local/lib/python3.8/dist-packages/taskflow/listeners/logging.py:178}}
Nov 11 11:18:16.190325 dv-cinder-817514-2-smb devstack@c-api.service[109091]: DEBUG cinder.volume.api [None req-6279013b-fb65-492a-8d16-589d1c9f94b8 tempest-VolumesTransfersV355Test-1616634289 tempest-VolumesTransfersV355Test-1616634289-project] Flow 'volume_create_api' (81133d8c-9f0b-4932-8839-155343731dd9) transitioned into state 'SUCCESS' from state 'RUNNING' {{(pid=109091) _flow_receiver /usr/local/lib/python3.8/dist-packages/taskflow/listeners/logging.py:141}}
Nov 11 11:18:16.191198 dv-cinder-817514-2-smb devstack@c-api.service[109091]: INFO cinder.volume.api [None req-6279013b-fb65-492a-8d16-589d1c9f94b8 tempest-VolumesTransfersV355Test-1616634289 tempest-VolumesTransfersV355Test-1616634289-project] Create volume request issued successfully.
Nov 11 11:18:16.192562 dv-cinder-817514-2-smb devstack@c-api.service[109091]: INFO cinder.api.openstack.wsgi [None req-6279013b-fb65-492a-8d16-589d1c9f94b8 tempest-VolumesTransfersV355Test-1616634289 tempest-VolumesTransfersV355Test-1616634289-project] http://10.222.0.45/volume/v3/aa1cca2143e34bc58b4f5eeddfa62faf/volumes returned with HTTP 202
Nov 11 11:18:16.193561 dv-cinder-817514-2-smb devstack@c-api.service[109091]: [pid: 109091|app: 0|req: 150/307] 10.222.0.45 () {62 vars in 1275 bytes} [Thu Nov 11 11:18:15 2021] POST /volume/v3/aa1cca2143e34bc58b4f5eeddfa62faf/volumes => generated 887 bytes in 575 msecs (HTTP/1.1 202) 7 headers in 292 bytes (1 switches on core 0)
Nov 11 11:18:16.197866 dv-cinder-817514-2-smb devstack@c-api.service[109090]: INFO cinder.api.v3.volumes [None req-7e5b86e5-7e08-437d-b5e8-8a440d2b6dde tempest-UserMessagesTest-834048580 tempest-UserMessagesTest-834048580-project] Create volume of 1 GB
Nov 11 11:18:16.198737 dv-cinder-817514-2-smb devstack@c-api.service[109090]: /usr/local/lib/python3.8/dist-packages/oslo_context/context.py:105: DeprecationWarning: Policy enforcement is depending on the value of is_admin. This key is deprecated. Please update your policy file to use the standard policy values.
Nov 11 11:18:16.198737 dv-cinder-817514-2-smb devstack@c-api.service[109090]: warnings.warn('Policy enforcement is depending on the value of '
Nov 11 11:18:16.200229 dv-cinder-817514-2-smb devstack@c-api.service[109090]: INFO cinder.volume.api [None req-7e5b86e5-7e08-437d-b5e8-8a440d2b6dde tempest-UserMessagesTest-834048580 tempest-UserMessagesTest-834048580-project] Availability Zones retrieved successfully.
Nov 11 11:18:16.211452 dv-cinder-817514-2-smb devstack@c-api.service[109091]: INFO cinder.api.openstack.wsgi [None req-4f7d8e7d-e239-44f2-bbde-f3557e72793c tempest-VolumesTransfersV355Test-1616634289 tempest-VolumesTransfersV355Test-1616634289-project] GET http://10.222.0.45/volume/v3/aa1cca2143e34bc58b4f5eeddfa62faf/volumes/2480fe73-8d5c-4c0b-8906-d937229d7cf2
Nov 11 11:18:16.212192 dv-cinder-817514-2-smb devstack@c-api.service[109091]: DEBUG cinder.api.openstack.wsgi [None req-4f7d8e7d-e239-44f2-bbde-f3557e72793c tempest-VolumesTransfersV355Test-1616634289 tempest-VolumesTransfersV355Test-1616634289-project] Empty body provided in request {{(pid=109091) get_body /opt/stack/cinder/cinder/api/openstack/wsgi.py:703}}
Nov 11 11:18:16.212536 dv-cinder-817514-2-smb devstack@c-api.service[109091]: /usr/local/lib/python3.8/dist-packages/webob/acceptparse.py:1047: DeprecationWarning: The behavior of AcceptValidHeader.best_match is currently being maintained for backward compatibility, but it will be deprecated in the future, as it does not conform to the RFC.
Nov 11 11:18:16.212536 dv-cinder-817514-2-smb devstack@c-api.service[109091]: warnings.warn(
Nov 11 11:18:16.213107 dv-cinder-817514-2-smb devstack@c-api.service[109091]: DEBUG cinder.api.openstack.wsgi [None req-4f7d8e7d-e239-44f2-bbde-f3557e72793c tempest-VolumesTransfersV355Test-1616634289 tempest-VolumesTransfersV355Test-1616634289-project] Calling method 'show' {{(pid=109091) _process_stack /opt/stack/cinder/cinder/api/openstack/wsgi.py:856}}
Nov 11 11:18:16.221049 dv-cinder-817514-2-smb devstack@c-api.service[109090]: DEBUG cinder.volume.api [None req-7e5b86e5-7e08-437d-b5e8-8a440d2b6dde tempest-UserMessagesTest-834048580 tempest-UserMessagesTest-834048580-project] Flow 'volume_create_api' (758b73b5-5d9c-49ee-bf4e-3146d2c8053b) transitioned into state 'RUNNING' from state 'PENDING' {{(pid=109090) _flow_receiver /usr/local/lib/python3.8/dist-packages/taskflow/listeners/logging.py:141}}
Nov 11 11:18:16.224388 dv-cinder-817514-2-smb devstack@c-api.service[109090]: DEBUG cinder.volume.api [None req-7e5b86e5-7e08-437d-b5e8-8a440d2b6dde tempest-UserMessagesTest-834048580 tempest-UserMessagesTest-834048580-project] Task 'cinder.volume.flows.api.create_volume.ExtractVolumeRequestTask;volume:create' (44c1d17d-0731-4668-a279-70dd130b713c) transitioned into state 'RUNNING' from state 'PENDING' {{(pid=109090) _task_receiver /usr/local/lib/python3.8/dist-packages/taskflow/listeners/logging.py:190}}
Nov 11 11:18:16.227693 dv-cinder-817514-2-smb devstack@c-api.service[109090]: DEBUG cinder.volume.flows.api.create_volume [None req-7e5b86e5-7e08-437d-b5e8-8a440d2b6dde tempest-UserMessagesTest-834048580 tempest-UserMessagesTest-834048580-project] Validating volume size '1' using validate_int {{(pid=109090) _extract_size /opt/stack/cinder/cinder/volume/flows/api/create_volume.py:225}}
Nov 11 11:18:16.228945 dv-cinder-817514-2-smb devstack@c-api.service[109091]: /usr/local/lib/python3.8/dist-packages/oslo_context/context.py:105: DeprecationWarning: Policy enforcement is depending on the value of is_admin. This key is deprecated. Please update your policy file to use the standard policy values.
Nov 11 11:18:16.228945 dv-cinder-817514-2-smb devstack@c-api.service[109091]: warnings.warn('Policy enforcement is depending on the value of '
Nov 11 11:18:16.238151 dv-cinder-817514-2-smb devstack@c-api.service[109091]: INFO cinder.volume.api [None req-4f7d8e7d-e239-44f2-bbde-f3557e72793c tempest-VolumesTransfersV355Test-1616634289 tempest-VolumesTransfersV355Test-1616634289-project] Volume info retrieved successfully.
Nov 11 11:18:16.247162 dv-cinder-817514-2-smb devstack@c-api.service[109091]: INFO cinder.api.openstack.wsgi [None req-4f7d8e7d-e239-44f2-bbde-f3557e72793c tempest-VolumesTransfersV355Test-1616634289 tempest-VolumesTransfersV355Test-1616634289-project] http://10.222.0.45/volume/v3/aa1cca2143e34bc58b4f5eeddfa62faf/volumes/2480fe73-8d5c-4c0b-8906-d937229d7cf2 returned with HTTP 200
Nov 11 11:18:16.248566 dv-cinder-817514-2-smb devstack@c-api.service[109091]: [pid: 109091|app: 0|req: 151/308] 10.222.0.45 () {60 vars in 1365 bytes} [Thu Nov 11 11:18:16 2021] GET /volume/v3/aa1cca2143e34bc58b4f5eeddfa62faf/volumes/2480fe73-8d5c-4c0b-8906-d937229d7cf2 => generated 955 bytes in 44 msecs (HTTP/1.1 200) 7 headers in 286 bytes (1 switches on core 0)
Nov 11 11:18:16.259059 dv-cinder-817514-2-smb devstack@c-api.service[109091]: INFO cinder.api.openstack.wsgi [None req-f30b1e2d-9382-4d07-a937-271ff3b8f0ce tempest-VolumesDeleteCascade-286007268 tempest-VolumesDeleteCascade-286007268-project] GET http://10.222.0.45/volume/v3/5e5164cfc01a4c2c956d4c98d1616680/snapshots/a3fdc55a-af37-4bc9-985c-2cfb66a1cd3d
Nov 11 11:18:16.259698 dv-cinder-817514-2-smb devstack@c-api.service[109091]: DEBUG cinder.api.openstack.wsgi [None req-f30b1e2d-9382-4d07-a937-271ff3b8f0ce tempest-VolumesDeleteCascade-286007268 tempest-VolumesDeleteCascade-286007268-project] Empty body provided in request {{(pid=109091) get_body /opt/stack/cinder/cinder/api/openstack/wsgi.py:703}}
Nov 11 11:18:16.260010 dv-cinder-817514-2-smb devstack@c-api.service[109091]: /usr/local/lib/python3.8/dist-packages/webob/acceptparse.py:1047: DeprecationWarning: The behavior of AcceptValidHeader.best_match is currently being maintained for backward compatibility, but it will be deprecated in the future, as it does not conform to the RFC.
Nov 11 11:18:16.260010 dv-cinder-817514-2-smb devstack@c-api.service[109091]: warnings.warn(
Nov 11 11:18:16.260569 dv-cinder-817514-2-smb devstack@c-api.service[109091]: DEBUG cinder.api.openstack.wsgi [None req-f30b1e2d-9382-4d07-a937-271ff3b8f0ce tempest-VolumesDeleteCascade-286007268 tempest-VolumesDeleteCascade-286007268-project] Calling method 'show' {{(pid=109091) _process_stack /opt/stack/cinder/cinder/api/openstack/wsgi.py:856}}
Nov 11 11:18:16.270940 dv-cinder-817514-2-smb devstack@c-api.service[109090]: DEBUG cinder.volume.api [None req-7e5b86e5-7e08-437d-b5e8-8a440d2b6dde tempest-UserMessagesTest-834048580 tempest-UserMessagesTest-834048580-project] Task 'cinder.volume.flows.api.create_volume.ExtractVolumeRequestTask;volume:create' (44c1d17d-0731-4668-a279-70dd130b713c) transitioned into state 'SUCCESS' from state 'RUNNING' with result '{'size': 1, 'snapshot_id': None, 'source_volid': None, 'volume_type': VolumeType(created_at=2021-11-11T11:18:16Z,deleted=False,deleted_at=None,description=None,extra_specs={storage_protocol='tempest-storage_protocol-1998068352',vendor_name='tempest-vendor_name-32620431'},id=12a26f5d-b34b-479f-a872-34ce909d770c,is_public=True,name='tempest-UserMessagesTest-volume-type-233740494',projects=[],qos_specs=,qos_specs_id=None,updated_at=None), 'volume_type_id': '12a26f5d-b34b-479f-a872-34ce909d770c', 'encryption_key_id': None, 'qos_specs': None, 'consistencygroup_id': None, 'cgsnapshot_id': None, 'group_id': None, 'replication_status': 'disabled', 'refresh_az': False, 'backup_id': None, 'multiattach': False, 'availability_zones': ['nova']}' {{(pid=109090) _task_receiver /usr/local/lib/python3.8/dist-packages/taskflow/listeners/logging.py:178}}
Nov 11 11:18:16.272691 dv-cinder-817514-2-smb devstack@c-api.service[109091]: /usr/local/lib/python3.8/dist-packages/oslo_context/context.py:105: DeprecationWarning: Policy enforcement is depending on the value of is_admin. This key is deprecated. Please update your policy file to use the standard policy values.
Nov 11 11:18:16.272691 dv-cinder-817514-2-smb devstack@c-api.service[109091]: warnings.warn('Policy enforcement is depending on the value of '
Nov 11 11:18:16.273818 dv-cinder-817514-2-smb devstack@c-api.service[109090]: DEBUG cinder.volume.api [None req-7e5b86e5-7e08-437d-b5e8-8a440d2b6dde tempest-UserMessagesTest-834048580 tempest-UserMessagesTest-834048580-project] Task 'cinder.volume.flows.api.create_volume.QuotaReserveTask;volume:create' (4c2d614e-b3d6-444a-b3a8-602c20736d15) transitioned into state 'RUNNING' from state 'PENDING' {{(pid=109090) _task_receiver /usr/local/lib/python3.8/dist-packages/taskflow/listeners/logging.py:190}}
Nov 11 11:18:16.273969 dv-cinder-817514-2-smb devstack@c-api.service[109091]: INFO cinder.volume.api [None req-f30b1e2d-9382-4d07-a937-271ff3b8f0ce tempest-VolumesDeleteCascade-286007268 tempest-VolumesDeleteCascade-286007268-project] Snapshot retrieved successfully.
Nov 11 11:18:16.275819 dv-cinder-817514-2-smb devstack@c-api.service[109091]: INFO cinder.api.openstack.wsgi [None req-f30b1e2d-9382-4d07-a937-271ff3b8f0ce tempest-VolumesDeleteCascade-286007268 tempest-VolumesDeleteCascade-286007268-project] http://10.222.0.45/volume/v3/5e5164cfc01a4c2c956d4c98d1616680/snapshots/a3fdc55a-af37-4bc9-985c-2cfb66a1cd3d returned with HTTP 200
Nov 11 11:18:16.283128 dv-cinder-817514-2-smb devstack@c-api.service[109091]: [pid: 109091|app: 0|req: 152/309] 10.222.0.45 () {58 vars in 1330 bytes} [Thu Nov 11 11:18:16 2021] GET /volume/v3/5e5164cfc01a4c2c956d4c98d1616680/snapshots/a3fdc55a-af37-4bc9-985c-2cfb66a1cd3d => generated 569 bytes in 33 msecs (HTTP/1.1 200) 7 headers in 285 bytes (1 switches on core 0)
Nov 11 11:18:16.288361 dv-cinder-817514-2-smb devstack@c-api.service[109091]: INFO cinder.api.openstack.wsgi [None req-625f7ae6-3773-44dc-812d-511a6da6e404 tempest-VolumesDeleteCascade-286007268 tempest-VolumesDeleteCascade-286007268-project] DELETE http://10.222.0.45/volume/v3/5e5164cfc01a4c2c956d4c98d1616680/volumes/fecfe15f-8f7e-4232-b004-3d61c817fb6d?cascade=True
Nov 11 11:18:16.288985 dv-cinder-817514-2-smb devstack@c-api.service[109091]: DEBUG cinder.api.openstack.wsgi [None req-625f7ae6-3773-44dc-812d-511a6da6e404 tempest-VolumesDeleteCascade-286007268 tempest-VolumesDeleteCascade-286007268-project] Empty body provided in request {{(pid=109091) get_body /opt/stack/cinder/cinder/api/openstack/wsgi.py:703}}
Nov 11 11:18:16.289471 dv-cinder-817514-2-smb devstack@c-api.service[109091]: /usr/local/lib/python3.8/dist-packages/webob/acceptparse.py:1047: DeprecationWarning: The behavior of AcceptValidHeader.best_match is currently being maintained for backward compatibility, but it will be deprecated in the future, as it does not conform to the RFC.
Nov 11 11:18:16.289471 dv-cinder-817514-2-smb devstack@c-api.service[109091]: warnings.warn(
Nov 11 11:18:16.290508 dv-cinder-817514-2-smb devstack@c-api.service[109091]: DEBUG cinder.api.openstack.wsgi [None req-625f7ae6-3773-44dc-812d-511a6da6e404 tempest-VolumesDeleteCascade-286007268 tempest-VolumesDeleteCascade-286007268-project] Calling method 'delete' {{(pid=109091) _process_stack /opt/stack/cinder/cinder/api/openstack/wsgi.py:856}}
Nov 11 11:18:16.293970 dv-cinder-817514-2-smb devstack@c-api.service[109091]: INFO cinder.api.v3.volumes [None req-625f7ae6-3773-44dc-812d-511a6da6e404 tempest-VolumesDeleteCascade-286007268 tempest-VolumesDeleteCascade-286007268-project] Delete volume with id: fecfe15f-8f7e-4232-b004-3d61c817fb6d
Nov 11 11:18:16.308100 dv-cinder-817514-2-smb devstack@c-api.service[109091]: /usr/local/lib/python3.8/dist-packages/oslo_context/context.py:105: DeprecationWarning: Policy enforcement is depending on the value of is_admin. This key is deprecated. Please update your policy file to use the standard policy values.
Nov 11 11:18:16.308100 dv-cinder-817514-2-smb devstack@c-api.service[109091]: warnings.warn('Policy enforcement is depending on the value of '
Nov 11 11:18:16.309592 dv-cinder-817514-2-smb devstack@c-api.service[109091]: INFO cinder.volume.api [None req-625f7ae6-3773-44dc-812d-511a6da6e404 tempest-VolumesDeleteCascade-286007268 tempest-VolumesDeleteCascade-286007268-project] Volume info retrieved successfully.
Nov 11 11:18:16.316641 dv-cinder-817514-2-smb devstack@c-api.service[109090]: WARNING cinder.quota [None req-7e5b86e5-7e08-437d-b5e8-8a440d2b6dde tempest-UserMessagesTest-834048580 tempest-UserMessagesTest-834048580-project] Deprecated: Default quota for resource: volumes_tempest-UserMessagesTest-volume-type-233740494 is set by the default quota flag: quota_volumes_tempest-UserMessagesTest-volume-type-233740494, it is now deprecated. Please use the default quota class for default quota.
Nov 11 11:18:16.324023 dv-cinder-817514-2-smb devstack@c-api.service[109090]: WARNING cinder.quota [None req-7e5b86e5-7e08-437d-b5e8-8a440d2b6dde tempest-UserMessagesTest-834048580 tempest-UserMessagesTest-834048580-project] Deprecated: Default quota for resource: gigabytes_tempest-UserMessagesTest-volume-type-233740494 is set by the default quota flag: quota_gigabytes_tempest-UserMessagesTest-volume-type-233740494, it is now deprecated. Please use the default quota class for default quota.
Nov 11 11:18:16.621667 dv-cinder-817514-2-smb devstack@c-api.service[109090]: DEBUG cinder.quota [None req-7e5b86e5-7e08-437d-b5e8-8a440d2b6dde tempest-UserMessagesTest-834048580 tempest-UserMessagesTest-834048580-project] Created reservations ['2ca7b3f5-7cce-41db-8bd2-2dc8ed40a8ac', 'ffaf7c2a-3fc6-4621-ad72-a4e48bd97c01', '493bfd8f-abef-460e-aeec-08c3c1cbd378', 'cb4b6e59-a712-4ee4-b2f5-a26e47dec18c'] {{(pid=109090) reserve /opt/stack/cinder/cinder/quota.py:755}}
Nov 11 11:18:16.623383 dv-cinder-817514-2-smb devstack@c-api.service[109090]: DEBUG cinder.volume.api [None req-7e5b86e5-7e08-437d-b5e8-8a440d2b6dde tempest-UserMessagesTest-834048580 tempest-UserMessagesTest-834048580-project] Task 'cinder.volume.flows.api.create_volume.QuotaReserveTask;volume:create' (4c2d614e-b3d6-444a-b3a8-602c20736d15) transitioned into state 'SUCCESS' from state 'RUNNING' with result '{'reservations': ['2ca7b3f5-7cce-41db-8bd2-2dc8ed40a8ac', 'ffaf7c2a-3fc6-4621-ad72-a4e48bd97c01', '493bfd8f-abef-460e-aeec-08c3c1cbd378', 'cb4b6e59-a712-4ee4-b2f5-a26e47dec18c']}' {{(pid=109090) _task_receiver /usr/local/lib/python3.8/dist-packages/taskflow/listeners/logging.py:178}}
Nov 11 11:18:16.625322 dv-cinder-817514-2-smb devstack@c-api.service[109090]: DEBUG cinder.volume.api [None req-7e5b86e5-7e08-437d-b5e8-8a440d2b6dde tempest-UserMessagesTest-834048580 tempest-UserMessagesTest-834048580-project] Task 'cinder.volume.flows.api.create_volume.EntryCreateTask;volume:create' (29c23d46-ea18-495f-a274-fdb988bbb93f) transitioned into state 'RUNNING' from state 'PENDING' {{(pid=109090) _task_receiver /usr/local/lib/python3.8/dist-packages/taskflow/listeners/logging.py:190}}
Nov 11 11:18:16.739915 dv-cinder-817514-2-smb devstack@c-api.service[109090]: DEBUG cinder.volume.api [None req-7e5b86e5-7e08-437d-b5e8-8a440d2b6dde tempest-UserMessagesTest-834048580 tempest-UserMessagesTest-834048580-project] Task 'cinder.volume.flows.api.create_volume.EntryCreateTask;volume:create' (29c23d46-ea18-495f-a274-fdb988bbb93f) transitioned into state 'SUCCESS' from state 'RUNNING' with result '{'volume_id': '62e6a1cc-b4df-4c38-83eb-9c14531cac1a', 'volume_properties': VolumeProperties(attach_status='detached',availability_zone='nova',cgsnapshot_id=None,consistencygroup_id=None,display_description=None,display_name='tempest-UserMessagesTest-Volume-85684033',encryption_key_id=None,group_id=None,group_type_id=,metadata={},multiattach=False,project_id='4400096c46264e1b98045138d44305f8',qos_specs=None,replication_status=,reservations=['2ca7b3f5-7cce-41db-8bd2-2dc8ed40a8ac','ffaf7c2a-3fc6-4621-ad72-a4e48bd97c01','493bfd8f-abef-460e-aeec-08c3c1cbd378','cb4b6e59-a712-4ee4-b2f5-a26e47dec18c'],size=1,snapshot_id=None,source_replicaid=,source_volid=None,status='creating',user_id='ee2f0456c67e4658b81a667e450f9601',volume_type_id=12a26f5d-b34b-479f-a872-34ce909d770c), 'volume': Volume(_name_id=None,admin_metadata=,attach_status='detached',availability_zone='nova',bootable=False,cluster=,cluster_name=None,consistencygroup=,consistencygroup_id=None,created_at=2021-11-11T11:18:16Z,deleted=False,deleted_at=None,display_description=None,display_name='tempest-UserMessagesTest-Volume-85684033',ec2_id=None,encryption_key_id=None,glance_metadata=,group=,group_id=None,host=None,id=62e6a1cc-b4df-4c38-83eb-9c14531cac1a,launched_at=None,metadata={},migration_status=None,multiattach=False,previous_status=None,project_id='4400096c46264e1b98045138d44305f8',provider_auth=None,provider_geometry=None,provider_id=None,provider_location=None,replication_driver_data=None,replication_extended_status=None,replication_status=None,scheduled_at=None,service_uuid=None,shared_targets=True,size=1,snapshot_id=None,snapshots=,source_volid=None,status='creating',terminated_at=None,updated_at=None,use_quota=True,user_id='ee2f0456c67e4658b81a667e450f9601',volume_attachment=VolumeAttachmentList,volume_type=VolumeType(12a26f5d-b34b-479f-a872-34ce909d770c),volume_type_id=12a26f5d-b34b-479f-a872-34ce909d770c)}' {{(pid=109090) _task_receiver /usr/local/lib/python3.8/dist-packages/taskflow/listeners/logging.py:178}}
Nov 11 11:18:16.741890 dv-cinder-817514-2-smb devstack@c-api.service[109090]: DEBUG cinder.volume.api [None req-7e5b86e5-7e08-437d-b5e8-8a440d2b6dde tempest-UserMessagesTest-834048580 tempest-UserMessagesTest-834048580-project] Task 'cinder.volume.flows.api.create_volume.QuotaCommitTask;volume:create' (b98ddf8c-94a3-499e-8ad4-834db50bf168) transitioned into state 'RUNNING' from state 'PENDING' {{(pid=109090) _task_receiver /usr/local/lib/python3.8/dist-packages/taskflow/listeners/logging.py:190}}
Nov 11 11:18:16.848089 dv-cinder-817514-2-smb devstack@c-api.service[109091]: INFO cinder.volume.api [None req-625f7ae6-3773-44dc-812d-511a6da6e404 tempest-VolumesDeleteCascade-286007268 tempest-VolumesDeleteCascade-286007268-project] Delete volume request issued successfully.
Nov 11 11:18:16.848624 dv-cinder-817514-2-smb devstack@c-api.service[109091]: INFO cinder.api.openstack.wsgi [None req-625f7ae6-3773-44dc-812d-511a6da6e404 tempest-VolumesDeleteCascade-286007268 tempest-VolumesDeleteCascade-286007268-project] http://10.222.0.45/volume/v3/5e5164cfc01a4c2c956d4c98d1616680/volumes/fecfe15f-8f7e-4232-b004-3d61c817fb6d?cascade=True returned with HTTP 202
Nov 11 11:18:16.849545 dv-cinder-817514-2-smb devstack@c-api.service[109091]: [pid: 109091|app: 0|req: 153/310] 10.222.0.45 () {58 vars in 1352 bytes} [Thu Nov 11 11:18:16 2021] DELETE /volume/v3/5e5164cfc01a4c2c956d4c98d1616680/volumes/fecfe15f-8f7e-4232-b004-3d61c817fb6d?cascade=True => generated 0 bytes in 566 msecs (HTTP/1.1 202) 6 headers in 233 bytes (1 switches on core 0)
Nov 11 11:18:16.853037 dv-cinder-817514-2-smb devstack@c-api.service[109091]: INFO cinder.api.openstack.wsgi [None req-6d7fd775-51ba-41c9-93e8-86c3347554db tempest-VolumesCloneTest-806074891 tempest-VolumesCloneTest-806074891-project] POST http://10.222.0.45/volume/v3/dd8041c747fd48af84c8b77e05f98435/volumes
Nov 11 11:18:16.853466 dv-cinder-817514-2-smb devstack@c-api.service[109091]: /usr/local/lib/python3.8/dist-packages/webob/acceptparse.py:1047: DeprecationWarning: The behavior of AcceptValidHeader.best_match is currently being maintained for backward compatibility, but it will be deprecated in the future, as it does not conform to the RFC.
Nov 11 11:18:16.853466 dv-cinder-817514-2-smb devstack@c-api.service[109091]: warnings.warn(
Nov 11 11:18:16.853831 dv-cinder-817514-2-smb devstack@c-api.service[109091]: DEBUG cinder.api.openstack.wsgi [None req-6d7fd775-51ba-41c9-93e8-86c3347554db tempest-VolumesCloneTest-806074891 tempest-VolumesCloneTest-806074891-project] Action: 'create', calling method: create, body: {"volume": {"imageRef": "fb9313d2-b7f1-4887-bf88-f22b815dd23f", "size": 1, "name": "tempest-VolumesCloneTest-Volume-691235811"}} {{(pid=109091) _process_stack /opt/stack/cinder/cinder/api/openstack/wsgi.py:854}}
Nov 11 11:18:16.854807 dv-cinder-817514-2-smb devstack@c-api.service[109091]: DEBUG cinder.api.v3.volumes [None req-6d7fd775-51ba-41c9-93e8-86c3347554db tempest-VolumesCloneTest-806074891 tempest-VolumesCloneTest-806074891-project] Create volume request body: {'volume': {'imageRef': 'fb9313d2-b7f1-4887-bf88-f22b815dd23f', 'size': 1, 'name': 'tempest-VolumesCloneTest-Volume-691235811'}} {{(pid=109091) create /opt/stack/cinder/cinder/api/v3/volumes.py:298}}
