Nov 11 11:18:23.686326 dv-cinder-817514-2-smb devstack@c-api.service[109091]: DEBUG cinder.volume.api [None req-58f2f222-1b69-4ab8-b60f-c618b569d02a tempest-VolumesDeleteCascade-286007268 tempest-VolumesDeleteCascade-286007268-project] Task 'cinder.volume.flows.api.create_volume.EntryCreateTask;volume:create' (e9127761-3180-4345-b63b-efd125481bdf) transitioned into state 'SUCCESS' from state 'RUNNING' with result '{'volume_id': '988ffc33-7d6c-4240-88d3-0e2a3c00c4b4', 'volume_properties': VolumeProperties(attach_status='detached',availability_zone='nova',cgsnapshot_id=None,consistencygroup_id=None,display_description=None,display_name='tempest-VolumesDeleteCascade-Volume-1950226362',encryption_key_id=None,group_id=None,group_type_id=,metadata={},multiattach=False,project_id='5e5164cfc01a4c2c956d4c98d1616680',qos_specs=None,replication_status=,reservations=['946581a6-838a-428e-a6aa-8ea7f31b20ae','15e02b55-58c7-444d-9ebf-b1f9e8553500','3ee09583-445a-43ba-9d34-4abb360ac646','f4c3c718-6820-4cad-8c19-f1ec77a9f759'],size=1,snapshot_id=5f7fc28f-fdff-4a9a-ab32-be42d9503136,source_replicaid=,source_volid=None,status='creating',user_id='a894c4ff32834076937b455b4c1d05d8',volume_type_id=35b0b8d8-20c4-4862-8956-e73988cd44fa), 'volume': Volume(_name_id=None,admin_metadata=,attach_status='detached',availability_zone='nova',bootable=False,cluster=,cluster_name=None,consistencygroup=,consistencygroup_id=None,created_at=2021-11-11T11:18:23Z,deleted=False,deleted_at=None,display_description=None,display_name='tempest-VolumesDeleteCascade-Volume-1950226362',ec2_id=None,encryption_key_id=None,glance_metadata=,group=,group_id=None,host=None,id=988ffc33-7d6c-4240-88d3-0e2a3c00c4b4,launched_at=None,metadata={},migration_status=None,multiattach=False,previous_status=None,project_id='5e5164cfc01a4c2c956d4c98d1616680',provider_auth=None,provider_geometry=None,provider_id=None,provider_location=None,replication_driver_data=None,replication_extended_status=None,replication_status=None,scheduled_at=None,service_uuid=None,shared_targets=True,size=1,snapshot_id=5f7fc28f-fdff-4a9a-ab32-be42d9503136,snapshots=,source_volid=None,status='creating',terminated_at=None,updated_at=None,use_quota=True,user_id='a894c4ff32834076937b455b4c1d05d8',volume_attachment=VolumeAttachmentList,volume_type=VolumeType(35b0b8d8-20c4-4862-8956-e73988cd44fa),volume_type_id=35b0b8d8-20c4-4862-8956-e73988cd44fa)}' {{(pid=109091) _task_receiver /usr/local/lib/python3.8/dist-packages/taskflow/listeners/logging.py:178}}
Nov 11 11:18:23.688257 dv-cinder-817514-2-smb devstack@c-api.service[109091]: DEBUG cinder.volume.api [None req-58f2f222-1b69-4ab8-b60f-c618b569d02a tempest-VolumesDeleteCascade-286007268 tempest-VolumesDeleteCascade-286007268-project] Task 'cinder.volume.flows.api.create_volume.QuotaCommitTask;volume:create' (89253104-4155-48b1-b5a3-ee3a3a5b2693) transitioned into state 'RUNNING' from state 'PENDING' {{(pid=109091) _task_receiver /usr/local/lib/python3.8/dist-packages/taskflow/listeners/logging.py:190}}
Nov 11 11:18:23.801647 dv-cinder-817514-2-smb devstack@c-api.service[109091]: DEBUG cinder.volume.api [None req-58f2f222-1b69-4ab8-b60f-c618b569d02a tempest-VolumesDeleteCascade-286007268 tempest-VolumesDeleteCascade-286007268-project] Task 'cinder.volume.flows.api.create_volume.QuotaCommitTask;volume:create' (89253104-4155-48b1-b5a3-ee3a3a5b2693) transitioned into state 'SUCCESS' from state 'RUNNING' with result '{'volume_properties': VolumeProperties(attach_status='detached',availability_zone='nova',cgsnapshot_id=None,consistencygroup_id=None,display_description=None,display_name='tempest-VolumesDeleteCascade-Volume-1950226362',encryption_key_id=None,group_id=None,group_type_id=,metadata={},multiattach=False,project_id='5e5164cfc01a4c2c956d4c98d1616680',qos_specs=None,replication_status=,reservations=['946581a6-838a-428e-a6aa-8ea7f31b20ae','15e02b55-58c7-444d-9ebf-b1f9e8553500','3ee09583-445a-43ba-9d34-4abb360ac646','f4c3c718-6820-4cad-8c19-f1ec77a9f759'],size=1,snapshot_id=5f7fc28f-fdff-4a9a-ab32-be42d9503136,source_replicaid=,source_volid=None,status='creating',user_id='a894c4ff32834076937b455b4c1d05d8',volume_type_id=35b0b8d8-20c4-4862-8956-e73988cd44fa)}' {{(pid=109091) _task_receiver /usr/local/lib/python3.8/dist-packages/taskflow/listeners/logging.py:178}}
Nov 11 11:18:23.803813 dv-cinder-817514-2-smb devstack@c-api.service[109091]: DEBUG cinder.volume.api [None req-58f2f222-1b69-4ab8-b60f-c618b569d02a tempest-VolumesDeleteCascade-286007268 tempest-VolumesDeleteCascade-286007268-project] Task 'cinder.volume.flows.api.create_volume.VolumeCastTask;volume:create' (d6bcb6d8-4836-43e0-b978-7dff250530e4) transitioned into state 'RUNNING' from state 'PENDING' {{(pid=109091) _task_receiver /usr/local/lib/python3.8/dist-packages/taskflow/listeners/logging.py:190}}
Nov 11 11:18:23.915180 dv-cinder-817514-2-smb devstack@c-api.service[109091]: DEBUG cinder.volume.api [None req-58f2f222-1b69-4ab8-b60f-c618b569d02a tempest-VolumesDeleteCascade-286007268 tempest-VolumesDeleteCascade-286007268-project] Task 'cinder.volume.flows.api.create_volume.VolumeCastTask;volume:create' (d6bcb6d8-4836-43e0-b978-7dff250530e4) transitioned into state 'SUCCESS' from state 'RUNNING' with result 'None' {{(pid=109091) _task_receiver /usr/local/lib/python3.8/dist-packages/taskflow/listeners/logging.py:178}}
Nov 11 11:18:23.918700 dv-cinder-817514-2-smb devstack@c-api.service[109091]: DEBUG cinder.volume.api [None req-58f2f222-1b69-4ab8-b60f-c618b569d02a tempest-VolumesDeleteCascade-286007268 tempest-VolumesDeleteCascade-286007268-project] Flow 'volume_create_api' (20a63217-c566-44b7-96d1-f9a99a11a98e) transitioned into state 'SUCCESS' from state 'RUNNING' {{(pid=109091) _flow_receiver /usr/local/lib/python3.8/dist-packages/taskflow/listeners/logging.py:141}}
Nov 11 11:18:23.918700 dv-cinder-817514-2-smb devstack@c-api.service[109091]: INFO cinder.volume.api [None req-58f2f222-1b69-4ab8-b60f-c618b569d02a tempest-VolumesDeleteCascade-286007268 tempest-VolumesDeleteCascade-286007268-project] Create volume request issued successfully.
Nov 11 11:18:23.919346 dv-cinder-817514-2-smb devstack@c-api.service[109091]: INFO cinder.api.openstack.wsgi [None req-58f2f222-1b69-4ab8-b60f-c618b569d02a tempest-VolumesDeleteCascade-286007268 tempest-VolumesDeleteCascade-286007268-project] http://10.222.0.45/volume/v3/5e5164cfc01a4c2c956d4c98d1616680/volumes returned with HTTP 202
Nov 11 11:18:23.920112 dv-cinder-817514-2-smb devstack@c-api.service[109091]: [pid: 109091|app: 0|req: 177/370] 10.222.0.45 () {60 vars in 1235 bytes} [Thu Nov 11 11:18:23 2021] POST /volume/v3/5e5164cfc01a4c2c956d4c98d1616680/volumes => generated 854 bytes in 589 msecs (HTTP/1.1 202) 7 headers in 291 bytes (1 switches on core 0)
Nov 11 11:18:23.935104 dv-cinder-817514-2-smb devstack@c-api.service[109090]: INFO cinder.api.openstack.wsgi [None req-50bf75ef-5764-45f5-a08c-40a44c2e8f3d tempest-VolumesDeleteCascade-286007268 tempest-VolumesDeleteCascade-286007268-project] GET http://10.222.0.45/volume/v3/5e5164cfc01a4c2c956d4c98d1616680/volumes/988ffc33-7d6c-4240-88d3-0e2a3c00c4b4
Nov 11 11:18:23.935546 dv-cinder-817514-2-smb devstack@c-api.service[109090]: DEBUG cinder.api.openstack.wsgi [None req-50bf75ef-5764-45f5-a08c-40a44c2e8f3d tempest-VolumesDeleteCascade-286007268 tempest-VolumesDeleteCascade-286007268-project] Empty body provided in request {{(pid=109090) get_body /opt/stack/cinder/cinder/api/openstack/wsgi.py:703}}
Nov 11 11:18:23.935720 dv-cinder-817514-2-smb devstack@c-api.service[109090]: /usr/local/lib/python3.8/dist-packages/webob/acceptparse.py:1047: DeprecationWarning: The behavior of AcceptValidHeader.best_match is currently being maintained for backward compatibility, but it will be deprecated in the future, as it does not conform to the RFC.
Nov 11 11:18:23.935720 dv-cinder-817514-2-smb devstack@c-api.service[109090]: warnings.warn(
Nov 11 11:18:23.936032 dv-cinder-817514-2-smb devstack@c-api.service[109090]: DEBUG cinder.api.openstack.wsgi [None req-50bf75ef-5764-45f5-a08c-40a44c2e8f3d tempest-VolumesDeleteCascade-286007268 tempest-VolumesDeleteCascade-286007268-project] Calling method 'show' {{(pid=109090) _process_stack /opt/stack/cinder/cinder/api/openstack/wsgi.py:856}}
Nov 11 11:18:23.950253 dv-cinder-817514-2-smb devstack@c-api.service[109090]: /usr/local/lib/python3.8/dist-packages/oslo_context/context.py:105: DeprecationWarning: Policy enforcement is depending on the value of is_admin. This key is deprecated. Please update your policy file to use the standard policy values.
Nov 11 11:18:23.950253 dv-cinder-817514-2-smb devstack@c-api.service[109090]: warnings.warn('Policy enforcement is depending on the value of '
Nov 11 11:18:23.960262 dv-cinder-817514-2-smb devstack@c-api.service[109090]: INFO cinder.volume.api [None req-50bf75ef-5764-45f5-a08c-40a44c2e8f3d tempest-VolumesDeleteCascade-286007268 tempest-VolumesDeleteCascade-286007268-project] Volume info retrieved successfully.
Nov 11 11:18:23.968473 dv-cinder-817514-2-smb devstack@c-api.service[109091]: INFO cinder.api.openstack.wsgi [None req-ebaf3693-a865-4680-8023-7a50804e4441 tempest-VolumesCloneTest-806074891 tempest-VolumesCloneTest-806074891-project] GET http://10.222.0.45/volume/v3/dd8041c747fd48af84c8b77e05f98435/volumes/273dc007-e61f-4afe-8355-3b262b7a2837
Nov 11 11:18:23.968965 dv-cinder-817514-2-smb devstack@c-api.service[109090]: INFO cinder.api.openstack.wsgi [None req-50bf75ef-5764-45f5-a08c-40a44c2e8f3d tempest-VolumesDeleteCascade-286007268 tempest-VolumesDeleteCascade-286007268-project] http://10.222.0.45/volume/v3/5e5164cfc01a4c2c956d4c98d1616680/volumes/988ffc33-7d6c-4240-88d3-0e2a3c00c4b4 returned with HTTP 200
Nov 11 11:18:23.969726 dv-cinder-817514-2-smb devstack@c-api.service[109090]: [pid: 109090|app: 0|req: 194/371] 10.222.0.45 () {58 vars in 1324 bytes} [Thu Nov 11 11:18:23 2021] GET /volume/v3/5e5164cfc01a4c2c956d4c98d1616680/volumes/988ffc33-7d6c-4240-88d3-0e2a3c00c4b4 => generated 922 bytes in 39 msecs (HTTP/1.1 200) 7 headers in 285 bytes (1 switches on core 0)
Nov 11 11:18:23.970424 dv-cinder-817514-2-smb devstack@c-api.service[109091]: DEBUG cinder.api.openstack.wsgi [None req-ebaf3693-a865-4680-8023-7a50804e4441 tempest-VolumesCloneTest-806074891 tempest-VolumesCloneTest-806074891-project] Empty body provided in request {{(pid=109091) get_body /opt/stack/cinder/cinder/api/openstack/wsgi.py:703}}
Nov 11 11:18:23.970781 dv-cinder-817514-2-smb devstack@c-api.service[109091]: /usr/local/lib/python3.8/dist-packages/webob/acceptparse.py:1047: DeprecationWarning: The behavior of AcceptValidHeader.best_match is currently being maintained for backward compatibility, but it will be deprecated in the future, as it does not conform to the RFC.
Nov 11 11:18:23.970781 dv-cinder-817514-2-smb devstack@c-api.service[109091]: warnings.warn(
Nov 11 11:18:23.971557 dv-cinder-817514-2-smb devstack@c-api.service[109091]: DEBUG cinder.api.openstack.wsgi [None req-ebaf3693-a865-4680-8023-7a50804e4441 tempest-VolumesCloneTest-806074891 tempest-VolumesCloneTest-806074891-project] Calling method 'show' {{(pid=109091) _process_stack /opt/stack/cinder/cinder/api/openstack/wsgi.py:856}}
Nov 11 11:18:23.989455 dv-cinder-817514-2-smb devstack@c-api.service[109091]: /usr/local/lib/python3.8/dist-packages/oslo_context/context.py:105: DeprecationWarning: Policy enforcement is depending on the value of is_admin. This key is deprecated. Please update your policy file to use the standard policy values.
Nov 11 11:18:23.989455 dv-cinder-817514-2-smb devstack@c-api.service[109091]: warnings.warn('Policy enforcement is depending on the value of '
Nov 11 11:18:23.998496 dv-cinder-817514-2-smb devstack@c-api.service[109091]: INFO cinder.volume.api [None req-ebaf3693-a865-4680-8023-7a50804e4441 tempest-VolumesCloneTest-806074891 tempest-VolumesCloneTest-806074891-project] Volume info retrieved successfully.
Nov 11 11:18:24.008651 dv-cinder-817514-2-smb devstack@c-api.service[109091]: INFO cinder.api.openstack.wsgi [None req-ebaf3693-a865-4680-8023-7a50804e4441 tempest-VolumesCloneTest-806074891 tempest-VolumesCloneTest-806074891-project] http://10.222.0.45/volume/v3/dd8041c747fd48af84c8b77e05f98435/volumes/273dc007-e61f-4afe-8355-3b262b7a2837 returned with HTTP 200
Nov 11 11:18:24.009321 dv-cinder-817514-2-smb devstack@c-api.service[109091]: [pid: 109091|app: 0|req: 178/372] 10.222.0.45 () {58 vars in 1324 bytes} [Thu Nov 11 11:18:23 2021] GET /volume/v3/dd8041c747fd48af84c8b77e05f98435/volumes/273dc007-e61f-4afe-8355-3b262b7a2837 => generated 907 bytes in 46 msecs (HTTP/1.1 200) 7 headers in 285 bytes (2 switches on core 0)
Nov 11 11:18:24.522490 dv-cinder-817514-2-smb devstack@c-api.service[109090]: INFO cinder.api.openstack.wsgi [None req-3be66056-de07-4dce-a232-2b91a9895527 tempest-VolumesListTestJSON-765797090 tempest-VolumesListTestJSON-765797090-project] GET http://10.222.0.45/volume/v3/c94a13679f3142b48e55e55bb9246c96/volumes
Nov 11 11:18:24.523376 dv-cinder-817514-2-smb devstack@c-api.service[109090]: DEBUG cinder.api.openstack.wsgi [None req-3be66056-de07-4dce-a232-2b91a9895527 tempest-VolumesListTestJSON-765797090 tempest-VolumesListTestJSON-765797090-project] Empty body provided in request {{(pid=109090) get_body /opt/stack/cinder/cinder/api/openstack/wsgi.py:703}}
Nov 11 11:18:24.524840 dv-cinder-817514-2-smb devstack@c-api.service[109090]: /usr/local/lib/python3.8/dist-packages/webob/acceptparse.py:1047: DeprecationWarning: The behavior of AcceptValidHeader.best_match is currently being maintained for backward compatibility, but it will be deprecated in the future, as it does not conform to the RFC.
Nov 11 11:18:24.524840 dv-cinder-817514-2-smb devstack@c-api.service[109090]: warnings.warn(
Nov 11 11:18:24.525260 dv-cinder-817514-2-smb devstack@c-api.service[109090]: DEBUG cinder.api.openstack.wsgi [None req-3be66056-de07-4dce-a232-2b91a9895527 tempest-VolumesListTestJSON-765797090 tempest-VolumesListTestJSON-765797090-project] Calling method 'index' {{(pid=109090) _process_stack /opt/stack/cinder/cinder/api/openstack/wsgi.py:856}}
Nov 11 11:18:24.527886 dv-cinder-817514-2-smb devstack@c-api.service[109090]: DEBUG cinder.api.api_utils [None req-3be66056-de07-4dce-a232-2b91a9895527 tempest-VolumesListTestJSON-765797090 tempest-VolumesListTestJSON-765797090-project] Removing options '' from query. {{(pid=109090) remove_invalid_filter_options /opt/stack/cinder/cinder/api/api_utils.py:73}}
Nov 11 11:18:24.530459 dv-cinder-817514-2-smb devstack@c-api.service[109090]: DEBUG cinder.volume.api [None req-3be66056-de07-4dce-a232-2b91a9895527 tempest-VolumesListTestJSON-765797090 tempest-VolumesListTestJSON-765797090-project] Searching by: MultiDict([('no_migration_targets', True)]). {{(pid=109090) get_all /opt/stack/cinder/cinder/volume/api.py:619}}
Nov 11 11:18:24.614305 dv-cinder-817514-2-smb devstack@c-api.service[109090]: INFO cinder.volume.api [None req-3be66056-de07-4dce-a232-2b91a9895527 tempest-VolumesListTestJSON-765797090 tempest-VolumesListTestJSON-765797090-project] Get all volumes completed successfully.
Nov 11 11:18:24.614305 dv-cinder-817514-2-smb devstack@c-api.service[109090]: INFO cinder.api.openstack.wsgi [None req-3be66056-de07-4dce-a232-2b91a9895527 tempest-VolumesListTestJSON-765797090 tempest-VolumesListTestJSON-765797090-project] http://10.222.0.45/volume/v3/c94a13679f3142b48e55e55bb9246c96/volumes returned with HTTP 200
Nov 11 11:18:24.614305 dv-cinder-817514-2-smb devstack@c-api.service[109090]: [pid: 109090|app: 0|req: 195/373] 10.222.0.45 () {58 vars in 1213 bytes} [Thu Nov 11 11:18:24 2021] GET /volume/v3/c94a13679f3142b48e55e55bb9246c96/volumes => generated 15 bytes in 208 msecs (HTTP/1.1 200) 7 headers in 284 bytes (1 switches on core 0)
Nov 11 11:18:24.618071 dv-cinder-817514-2-smb devstack@c-api.service[109091]: INFO cinder.api.openstack.wsgi [None req-84fccdd0-c027-417d-94ae-556844cf5db7 tempest-VolumesListTestJSON-765797090 tempest-VolumesListTestJSON-765797090-project] POST http://10.222.0.45/volume/v3/c94a13679f3142b48e55e55bb9246c96/volumes
Nov 11 11:18:24.618451 dv-cinder-817514-2-smb devstack@c-api.service[109091]: /usr/local/lib/python3.8/dist-packages/webob/acceptparse.py:1047: DeprecationWarning: The behavior of AcceptValidHeader.best_match is currently being maintained for backward compatibility, but it will be deprecated in the future, as it does not conform to the RFC.
Nov 11 11:18:24.618451 dv-cinder-817514-2-smb devstack@c-api.service[109091]: warnings.warn(
Nov 11 11:18:24.618800 dv-cinder-817514-2-smb devstack@c-api.service[109091]: DEBUG cinder.api.openstack.wsgi [None req-84fccdd0-c027-417d-94ae-556844cf5db7 tempest-VolumesListTestJSON-765797090 tempest-VolumesListTestJSON-765797090-project] Action: 'create', calling method: create, body: {"volume": {"metadata": {"Type": "work"}, "size": 1, "name": "tempest-VolumesListTestJSON-Volume-1486408918"}} {{(pid=109091) _process_stack /opt/stack/cinder/cinder/api/openstack/wsgi.py:854}}
Nov 11 11:18:24.620685 dv-cinder-817514-2-smb devstack@c-api.service[109091]: DEBUG cinder.api.v3.volumes [None req-84fccdd0-c027-417d-94ae-556844cf5db7 tempest-VolumesListTestJSON-765797090 tempest-VolumesListTestJSON-765797090-project] Create volume request body: {'volume': {'metadata': {'Type': 'work'}, 'size': 1, 'name': 'tempest-VolumesListTestJSON-Volume-1486408918'}} {{(pid=109091) create /opt/stack/cinder/cinder/api/v3/volumes.py:298}}
Nov 11 11:18:24.621301 dv-cinder-817514-2-smb devstack@c-api.service[109091]: INFO cinder.api.v3.volumes [None req-84fccdd0-c027-417d-94ae-556844cf5db7 tempest-VolumesListTestJSON-765797090 tempest-VolumesListTestJSON-765797090-project] Create volume of 1 GB
Nov 11 11:18:24.630917 dv-cinder-817514-2-smb devstack@c-api.service[109091]: INFO cinder.volume.api [None req-84fccdd0-c027-417d-94ae-556844cf5db7 tempest-VolumesListTestJSON-765797090 tempest-VolumesListTestJSON-765797090-project] Availability Zones retrieved successfully.
Nov 11 11:18:24.659365 dv-cinder-817514-2-smb devstack@c-api.service[109091]: DEBUG cinder.volume.api [None req-84fccdd0-c027-417d-94ae-556844cf5db7 tempest-VolumesListTestJSON-765797090 tempest-VolumesListTestJSON-765797090-project] Flow 'volume_create_api' (0661e5eb-7884-4de1-8909-11510ec3f647) transitioned into state 'RUNNING' from state 'PENDING' {{(pid=109091) _flow_receiver /usr/local/lib/python3.8/dist-packages/taskflow/listeners/logging.py:141}}
Nov 11 11:18:24.662242 dv-cinder-817514-2-smb devstack@c-api.service[109091]: DEBUG cinder.volume.api [None req-84fccdd0-c027-417d-94ae-556844cf5db7 tempest-VolumesListTestJSON-765797090 tempest-VolumesListTestJSON-765797090-project] Task 'cinder.volume.flows.api.create_volume.ExtractVolumeRequestTask;volume:create' (93375d43-d3d4-4035-8a79-e114615f2d99) transitioned into state 'RUNNING' from state 'PENDING' {{(pid=109091) _task_receiver /usr/local/lib/python3.8/dist-packages/taskflow/listeners/logging.py:190}}
Nov 11 11:18:24.665171 dv-cinder-817514-2-smb devstack@c-api.service[109091]: DEBUG cinder.volume.flows.api.create_volume [None req-84fccdd0-c027-417d-94ae-556844cf5db7 tempest-VolumesListTestJSON-765797090 tempest-VolumesListTestJSON-765797090-project] Validating volume size '1' using validate_int {{(pid=109091) _extract_size /opt/stack/cinder/cinder/volume/flows/api/create_volume.py:225}}
Nov 11 11:18:24.707686 dv-cinder-817514-2-smb devstack@c-api.service[109091]: DEBUG cinder.volume.api [None req-84fccdd0-c027-417d-94ae-556844cf5db7 tempest-VolumesListTestJSON-765797090 tempest-VolumesListTestJSON-765797090-project] Task 'cinder.volume.flows.api.create_volume.ExtractVolumeRequestTask;volume:create' (93375d43-d3d4-4035-8a79-e114615f2d99) transitioned into state 'SUCCESS' from state 'RUNNING' with result '{'size': 1, 'snapshot_id': None, 'source_volid': None, 'volume_type': VolumeType(created_at=2021-11-11T11:02:27Z,deleted=False,deleted_at=None,description='Default Volume Type',extra_specs={},id=35b0b8d8-20c4-4862-8956-e73988cd44fa,is_public=True,name='__DEFAULT__',projects=[],qos_specs=,qos_specs_id=None,updated_at=2021-11-11T11:02:27Z), 'volume_type_id': '35b0b8d8-20c4-4862-8956-e73988cd44fa', 'encryption_key_id': None, 'qos_specs': None, 'consistencygroup_id': None, 'cgsnapshot_id': None, 'group_id': None, 'replication_status': 'disabled', 'refresh_az': False, 'backup_id': None, 'multiattach': False, 'availability_zones': ['nova']}' {{(pid=109091) _task_receiver /usr/local/lib/python3.8/dist-packages/taskflow/listeners/logging.py:178}}
Nov 11 11:18:24.709733 dv-cinder-817514-2-smb devstack@c-api.service[109091]: DEBUG cinder.volume.api [None req-84fccdd0-c027-417d-94ae-556844cf5db7 tempest-VolumesListTestJSON-765797090 tempest-VolumesListTestJSON-765797090-project] Task 'cinder.volume.flows.api.create_volume.QuotaReserveTask;volume:create' (94bc64da-6093-43ed-804e-18889e3aeb49) transitioned into state 'RUNNING' from state 'PENDING' {{(pid=109091) _task_receiver /usr/local/lib/python3.8/dist-packages/taskflow/listeners/logging.py:190}}
Nov 11 11:18:24.984666 dv-cinder-817514-2-smb devstack@c-api.service[109090]: INFO cinder.api.openstack.wsgi [None req-d26073ec-4720-4e69-93e4-73d87cf9ceab tempest-VolumesDeleteCascade-286007268 tempest-VolumesDeleteCascade-286007268-project] GET http://10.222.0.45/volume/v3/5e5164cfc01a4c2c956d4c98d1616680/volumes/988ffc33-7d6c-4240-88d3-0e2a3c00c4b4
Nov 11 11:18:24.985145 dv-cinder-817514-2-smb devstack@c-api.service[109090]: DEBUG cinder.api.openstack.wsgi [None req-d26073ec-4720-4e69-93e4-73d87cf9ceab tempest-VolumesDeleteCascade-286007268 tempest-VolumesDeleteCascade-286007268-project] Empty body provided in request {{(pid=109090) get_body /opt/stack/cinder/cinder/api/openstack/wsgi.py:703}}
Nov 11 11:18:24.985601 dv-cinder-817514-2-smb devstack@c-api.service[109090]: DEBUG cinder.api.openstack.wsgi [None req-d26073ec-4720-4e69-93e4-73d87cf9ceab tempest-VolumesDeleteCascade-286007268 tempest-VolumesDeleteCascade-286007268-project] Calling method 'show' {{(pid=109090) _process_stack /opt/stack/cinder/cinder/api/openstack/wsgi.py:856}}
Nov 11 11:18:25.004293 dv-cinder-817514-2-smb devstack@c-api.service[109090]: /usr/local/lib/python3.8/dist-packages/oslo_context/context.py:105: DeprecationWarning: Policy enforcement is depending on the value of is_admin. This key is deprecated. Please update your policy file to use the standard policy values.
Nov 11 11:18:25.004293 dv-cinder-817514-2-smb devstack@c-api.service[109090]: warnings.warn('Policy enforcement is depending on the value of '
Nov 11 11:18:25.005416 dv-cinder-817514-2-smb devstack@c-api.service[109091]: DEBUG cinder.quota [None req-84fccdd0-c027-417d-94ae-556844cf5db7 tempest-VolumesListTestJSON-765797090 tempest-VolumesListTestJSON-765797090-project] Created reservations ['41da9650-5dbf-46cb-9568-23602c6722db', 'bcfd7a4b-9db0-4af9-9247-e28ad13fa961', '8701ff62-ad4e-448c-af26-15fe471df425', '3f866bd1-ffe5-43f7-b61b-35620640ae7a'] {{(pid=109091) reserve /opt/stack/cinder/cinder/quota.py:755}}
Nov 11 11:18:25.009438 dv-cinder-817514-2-smb devstack@c-api.service[109091]: DEBUG cinder.volume.api [None req-84fccdd0-c027-417d-94ae-556844cf5db7 tempest-VolumesListTestJSON-765797090 tempest-VolumesListTestJSON-765797090-project] Task 'cinder.volume.flows.api.create_volume.QuotaReserveTask;volume:create' (94bc64da-6093-43ed-804e-18889e3aeb49) transitioned into state 'SUCCESS' from state 'RUNNING' with result '{'reservations': ['41da9650-5dbf-46cb-9568-23602c6722db', 'bcfd7a4b-9db0-4af9-9247-e28ad13fa961', '8701ff62-ad4e-448c-af26-15fe471df425', '3f866bd1-ffe5-43f7-b61b-35620640ae7a']}' {{(pid=109091) _task_receiver /usr/local/lib/python3.8/dist-packages/taskflow/listeners/logging.py:178}}
Nov 11 11:18:25.014217 dv-cinder-817514-2-smb devstack@c-api.service[109090]: INFO cinder.volume.api [None req-d26073ec-4720-4e69-93e4-73d87cf9ceab tempest-VolumesDeleteCascade-286007268 tempest-VolumesDeleteCascade-286007268-project] Volume info retrieved successfully.
Nov 11 11:18:25.015433 dv-cinder-817514-2-smb devstack@c-api.service[109091]: DEBUG cinder.volume.api [None req-84fccdd0-c027-417d-94ae-556844cf5db7 tempest-VolumesListTestJSON-765797090 tempest-VolumesListTestJSON-765797090-project] Task 'cinder.volume.flows.api.create_volume.EntryCreateTask;volume:create' (a9b91484-2e10-4abe-8772-5bb39f583a1d) transitioned into state 'RUNNING' from state 'PENDING' {{(pid=109091) _task_receiver /usr/local/lib/python3.8/dist-packages/taskflow/listeners/logging.py:190}}
Nov 11 11:18:25.028837 dv-cinder-817514-2-smb devstack@c-api.service[109090]: INFO cinder.api.openstack.wsgi [None req-d26073ec-4720-4e69-93e4-73d87cf9ceab tempest-VolumesDeleteCascade-286007268 tempest-VolumesDeleteCascade-286007268-project] http://10.222.0.45/volume/v3/5e5164cfc01a4c2c956d4c98d1616680/volumes/988ffc33-7d6c-4240-88d3-0e2a3c00c4b4 returned with HTTP 200
Nov 11 11:18:25.029858 dv-cinder-817514-2-smb devstack@c-api.service[109090]: [pid: 109090|app: 0|req: 196/374] 10.222.0.45 () {58 vars in 1324 bytes} [Thu Nov 11 11:18:24 2021] GET /volume/v3/5e5164cfc01a4c2c956d4c98d1616680/volumes/988ffc33-7d6c-4240-88d3-0e2a3c00c4b4 => generated 946 bytes in 49 msecs (HTTP/1.1 200) 7 headers in 285 bytes (2 switches on core 0)
Nov 11 11:18:25.033978 dv-cinder-817514-2-smb devstack@c-api.service[109090]: INFO cinder.api.openstack.wsgi [None req-3799817e-8410-4aa3-8eef-ba4cc48788b7 tempest-VolumesCloneTest-806074891 tempest-VolumesCloneTest-806074891-project] GET http://10.222.0.45/volume/v3/dd8041c747fd48af84c8b77e05f98435/volumes/273dc007-e61f-4afe-8355-3b262b7a2837
Nov 11 11:18:25.034669 dv-cinder-817514-2-smb devstack@c-api.service[109090]: DEBUG cinder.api.openstack.wsgi [None req-3799817e-8410-4aa3-8eef-ba4cc48788b7 tempest-VolumesCloneTest-806074891 tempest-VolumesCloneTest-806074891-project] Empty body provided in request {{(pid=109090) get_body /opt/stack/cinder/cinder/api/openstack/wsgi.py:703}}
Nov 11 11:18:25.034987 dv-cinder-817514-2-smb devstack@c-api.service[109090]: /usr/local/lib/python3.8/dist-packages/webob/acceptparse.py:1047: DeprecationWarning: The behavior of AcceptValidHeader.best_match is currently being maintained for backward compatibility, but it will be deprecated in the future, as it does not conform to the RFC.
Nov 11 11:18:25.034987 dv-cinder-817514-2-smb devstack@c-api.service[109090]: warnings.warn(
Nov 11 11:18:25.035514 dv-cinder-817514-2-smb devstack@c-api.service[109090]: DEBUG cinder.api.openstack.wsgi [None req-3799817e-8410-4aa3-8eef-ba4cc48788b7 tempest-VolumesCloneTest-806074891 tempest-VolumesCloneTest-806074891-project] Calling method 'show' {{(pid=109090) _process_stack /opt/stack/cinder/cinder/api/openstack/wsgi.py:856}}
Nov 11 11:18:25.049171 dv-cinder-817514-2-smb devstack@c-api.service[109090]: /usr/local/lib/python3.8/dist-packages/oslo_context/context.py:105: DeprecationWarning: Policy enforcement is depending on the value of is_admin. This key is deprecated. Please update your policy file to use the standard policy values.
Nov 11 11:18:25.049171 dv-cinder-817514-2-smb devstack@c-api.service[109090]: warnings.warn('Policy enforcement is depending on the value of '
Nov 11 11:18:25.056675 dv-cinder-817514-2-smb devstack@c-api.service[109090]: INFO cinder.volume.api [None req-3799817e-8410-4aa3-8eef-ba4cc48788b7 tempest-VolumesCloneTest-806074891 tempest-VolumesCloneTest-806074891-project] Volume info retrieved successfully.
Nov 11 11:18:25.065851 dv-cinder-817514-2-smb devstack@c-api.service[109090]: INFO cinder.api.openstack.wsgi [None req-3799817e-8410-4aa3-8eef-ba4cc48788b7 tempest-VolumesCloneTest-806074891 tempest-VolumesCloneTest-806074891-project] http://10.222.0.45/volume/v3/dd8041c747fd48af84c8b77e05f98435/volumes/273dc007-e61f-4afe-8355-3b262b7a2837 returned with HTTP 200
Nov 11 11:18:25.066625 dv-cinder-817514-2-smb devstack@c-api.service[109090]: [pid: 109090|app: 0|req: 197/375] 10.222.0.45 () {58 vars in 1324 bytes} [Thu Nov 11 11:18:25 2021] GET /volume/v3/dd8041c747fd48af84c8b77e05f98435/volumes/273dc007-e61f-4afe-8355-3b262b7a2837 => generated 907 bytes in 36 msecs (HTTP/1.1 200) 7 headers in 285 bytes (1 switches on core 0)
Nov 11 11:18:25.111198 dv-cinder-817514-2-smb devstack@c-api.service[109091]: DEBUG cinder.volume.api [None req-84fccdd0-c027-417d-94ae-556844cf5db7 tempest-VolumesListTestJSON-765797090 tempest-VolumesListTestJSON-765797090-project] Task 'cinder.volume.flows.api.create_volume.EntryCreateTask;volume:create' (a9b91484-2e10-4abe-8772-5bb39f583a1d) transitioned into state 'SUCCESS' from state 'RUNNING' with result '{'volume_id': '9b75a756-8333-45a7-af42-7ffd90016420', 'volume_properties': VolumeProperties(attach_status='detached',availability_zone='nova',cgsnapshot_id=None,consistencygroup_id=None,display_description=None,display_name='tempest-VolumesListTestJSON-Volume-1486408918',encryption_key_id=None,group_id=None,group_type_id=,metadata={Type='work'},multiattach=False,project_id='c94a13679f3142b48e55e55bb9246c96',qos_specs=None,replication_status=,reservations=['41da9650-5dbf-46cb-9568-23602c6722db','bcfd7a4b-9db0-4af9-9247-e28ad13fa961','8701ff62-ad4e-448c-af26-15fe471df425','3f866bd1-ffe5-43f7-b61b-35620640ae7a'],size=1,snapshot_id=None,source_replicaid=,source_volid=None,status='creating',user_id='cd2d0eb896054cc48af4174d1cbf0836',volume_type_id=35b0b8d8-20c4-4862-8956-e73988cd44fa), 'volume': Volume(_name_id=None,admin_metadata=,attach_status='detached',availability_zone='nova',bootable=False,cluster=,cluster_name=None,consistencygroup=,consistencygroup_id=None,created_at=2021-11-11T11:18:25Z,deleted=False,deleted_at=None,display_description=None,display_name='tempest-VolumesListTestJSON-Volume-1486408918',ec2_id=None,encryption_key_id=None,glance_metadata=,group=,group_id=None,host=None,id=9b75a756-8333-45a7-af42-7ffd90016420,launched_at=None,metadata={Type='work'},migration_status=None,multiattach=False,previous_status=None,project_id='c94a13679f3142b48e55e55bb9246c96',provider_auth=None,provider_geometry=None,provider_id=None,provider_location=None,replication_driver_data=None,replication_extended_status=None,replication_status=None,scheduled_at=None,service_uuid=None,shared_targets=True,size=1,snapshot_id=None,snapshots=,source_volid=None,status='creating',terminated_at=None,updated_at=None,use_quota=True,user_id='cd2d0eb896054cc48af4174d1cbf0836',volume_attachment=VolumeAttachmentList,volume_type=VolumeType(35b0b8d8-20c4-4862-8956-e73988cd44fa),volume_type_id=35b0b8d8-20c4-4862-8956-e73988cd44fa)}' {{(pid=109091) _task_receiver /usr/local/lib/python3.8/dist-packages/taskflow/listeners/logging.py:178}}
Nov 11 11:18:25.113156 dv-cinder-817514-2-smb devstack@c-api.service[109091]: DEBUG cinder.volume.api [None req-84fccdd0-c027-417d-94ae-556844cf5db7 tempest-VolumesListTestJSON-765797090 tempest-VolumesListTestJSON-765797090-project] Task 'cinder.volume.flows.api.create_volume.QuotaCommitTask;volume:create' (95c8948d-9743-4049-ae5b-a7be9450c995) transitioned into state 'RUNNING' from state 'PENDING' {{(pid=109091) _task_receiver /usr/local/lib/python3.8/dist-packages/taskflow/listeners/logging.py:190}}
Nov 11 11:18:25.206631 dv-cinder-817514-2-smb devstack@c-api.service[109091]: DEBUG cinder.volume.api [None req-84fccdd0-c027-417d-94ae-556844cf5db7 tempest-VolumesListTestJSON-765797090 tempest-VolumesListTestJSON-765797090-project] Task 'cinder.volume.flows.api.create_volume.QuotaCommitTask;volume:create' (95c8948d-9743-4049-ae5b-a7be9450c995) transitioned into state 'SUCCESS' from state 'RUNNING' with result '{'volume_properties': VolumeProperties(attach_status='detached',availability_zone='nova',cgsnapshot_id=None,consistencygroup_id=None,display_description=None,display_name='tempest-VolumesListTestJSON-Volume-1486408918',encryption_key_id=None,group_id=None,group_type_id=,metadata={Type='work'},multiattach=False,project_id='c94a13679f3142b48e55e55bb9246c96',qos_specs=None,replication_status=,reservations=['41da9650-5dbf-46cb-9568-23602c6722db','bcfd7a4b-9db0-4af9-9247-e28ad13fa961','8701ff62-ad4e-448c-af26-15fe471df425','3f866bd1-ffe5-43f7-b61b-35620640ae7a'],size=1,snapshot_id=None,source_replicaid=,source_volid=None,status='creating',user_id='cd2d0eb896054cc48af4174d1cbf0836',volume_type_id=35b0b8d8-20c4-4862-8956-e73988cd44fa)}' {{(pid=109091) _task_receiver /usr/local/lib/python3.8/dist-packages/taskflow/listeners/logging.py:178}}
Nov 11 11:18:25.208405 dv-cinder-817514-2-smb devstack@c-api.service[109091]: DEBUG cinder.volume.api [None req-84fccdd0-c027-417d-94ae-556844cf5db7 tempest-VolumesListTestJSON-765797090 tempest-VolumesListTestJSON-765797090-project] Task 'cinder.volume.flows.api.create_volume.VolumeCastTask;volume:create' (0f22d284-a066-411f-8e4a-058cd0b0cca2) transitioned into state 'RUNNING' from state 'PENDING' {{(pid=109091) _task_receiver /usr/local/lib/python3.8/dist-packages/taskflow/listeners/logging.py:190}}
Nov 11 11:18:25.277259 dv-cinder-817514-2-smb devstack@c-api.service[109091]: DEBUG cinder.volume.api [None req-84fccdd0-c027-417d-94ae-556844cf5db7 tempest-VolumesListTestJSON-765797090 tempest-VolumesListTestJSON-765797090-project] Task 'cinder.volume.flows.api.create_volume.VolumeCastTask;volume:create' (0f22d284-a066-411f-8e4a-058cd0b0cca2) transitioned into state 'SUCCESS' from state 'RUNNING' with result 'None' {{(pid=109091) _task_receiver /usr/local/lib/python3.8/dist-packages/taskflow/listeners/logging.py:178}}
Nov 11 11:18:25.282480 dv-cinder-817514-2-smb devstack@c-api.service[109091]: DEBUG cinder.volume.api [None req-84fccdd0-c027-417d-94ae-556844cf5db7 tempest-VolumesListTestJSON-765797090 tempest-VolumesListTestJSON-765797090-project] Flow 'volume_create_api' (0661e5eb-7884-4de1-8909-11510ec3f647) transitioned into state 'SUCCESS' from state 'RUNNING' {{(pid=109091) _flow_receiver /usr/local/lib/python3.8/dist-packages/taskflow/listeners/logging.py:141}}
Nov 11 11:18:25.283714 dv-cinder-817514-2-smb devstack@c-api.service[109091]: INFO cinder.volume.api [None req-84fccdd0-c027-417d-94ae-556844cf5db7 tempest-VolumesListTestJSON-765797090 tempest-VolumesListTestJSON-765797090-project] Create volume request issued successfully.
Nov 11 11:18:25.285640 dv-cinder-817514-2-smb devstack@c-api.service[109091]: INFO cinder.api.openstack.wsgi [None req-84fccdd0-c027-417d-94ae-556844cf5db7 tempest-VolumesListTestJSON-765797090 tempest-VolumesListTestJSON-765797090-project] http://10.222.0.45/volume/v3/c94a13679f3142b48e55e55bb9246c96/volumes returned with HTTP 202
Nov 11 11:18:25.287384 dv-cinder-817514-2-smb devstack@c-api.service[109091]: [pid: 109091|app: 0|req: 179/376] 10.222.0.45 () {60 vars in 1235 bytes} [Thu Nov 11 11:18:24 2021] POST /volume/v3/c94a13679f3142b48e55e55bb9246c96/volumes => generated 833 bytes in 673 msecs (HTTP/1.1 202) 7 headers in 291 bytes (1 switches on core 0)
Nov 11 11:18:25.302836 dv-cinder-817514-2-smb devstack@c-api.service[109090]: INFO cinder.api.openstack.wsgi [None req-aaf2458a-3acb-4f41-abb5-c059b7fc79df tempest-VolumesListTestJSON-765797090 tempest-VolumesListTestJSON-765797090-project] GET http://10.222.0.45/volume/v3/c94a13679f3142b48e55e55bb9246c96/volumes/9b75a756-8333-45a7-af42-7ffd90016420
Nov 11 11:18:25.303798 dv-cinder-817514-2-smb devstack@c-api.service[109090]: DEBUG cinder.api.openstack.wsgi [None req-aaf2458a-3acb-4f41-abb5-c059b7fc79df tempest-VolumesListTestJSON-765797090 tempest-VolumesListTestJSON-765797090-project] Empty body provided in request {{(pid=109090) get_body /opt/stack/cinder/cinder/api/openstack/wsgi.py:703}}
Nov 11 11:18:25.306065 dv-cinder-817514-2-smb devstack@c-api.service[109090]: /usr/local/lib/python3.8/dist-packages/webob/acceptparse.py:1047: DeprecationWarning: The behavior of AcceptValidHeader.best_match is currently being maintained for backward compatibility, but it will be deprecated in the future, as it does not conform to the RFC.
Nov 11 11:18:25.306065 dv-cinder-817514-2-smb devstack@c-api.service[109090]: warnings.warn(
Nov 11 11:18:25.306065 dv-cinder-817514-2-smb devstack@c-api.service[109090]: DEBUG cinder.api.openstack.wsgi [None req-aaf2458a-3acb-4f41-abb5-c059b7fc79df tempest-VolumesListTestJSON-765797090 tempest-VolumesListTestJSON-765797090-project] Calling method 'show' {{(pid=109090) _process_stack /opt/stack/cinder/cinder/api/openstack/wsgi.py:856}}
Nov 11 11:18:25.321175 dv-cinder-817514-2-smb devstack@c-api.service[109090]: /usr/local/lib/python3.8/dist-packages/oslo_context/context.py:105: DeprecationWarning: Policy enforcement is depending on the value of is_admin. This key is deprecated. Please update your policy file to use the standard policy values.
Nov 11 11:18:25.321175 dv-cinder-817514-2-smb devstack@c-api.service[109090]: warnings.warn('Policy enforcement is depending on the value of '
Nov 11 11:18:25.328332 dv-cinder-817514-2-smb devstack@c-api.service[109090]: INFO cinder.volume.api [None req-aaf2458a-3acb-4f41-abb5-c059b7fc79df tempest-VolumesListTestJSON-765797090 tempest-VolumesListTestJSON-765797090-project] Volume info retrieved successfully.
Nov 11 11:18:25.336864 dv-cinder-817514-2-smb devstack@c-api.service[109090]: INFO cinder.api.openstack.wsgi [None req-aaf2458a-3acb-4f41-abb5-c059b7fc79df tempest-VolumesListTestJSON-765797090 tempest-VolumesListTestJSON-765797090-project] http://10.222.0.45/volume/v3/c94a13679f3142b48e55e55bb9246c96/volumes/9b75a756-8333-45a7-af42-7ffd90016420 returned with HTTP 200
Nov 11 11:18:25.337700 dv-cinder-817514-2-smb devstack@c-api.service[109090]: [pid: 109090|app: 0|req: 198/377] 10.222.0.45 () {58 vars in 1324 bytes} [Thu Nov 11 11:18:25 2021] GET /volume/v3/c94a13679f3142b48e55e55bb9246c96/volumes/9b75a756-8333-45a7-af42-7ffd90016420 => generated 901 bytes in 41 msecs (HTTP/1.1 200) 7 headers in 285 bytes (1 switches on core 0)
Nov 11 11:18:26.047548 dv-cinder-817514-2-smb devstack@c-api.service[109091]: INFO cinder.api.openstack.wsgi [None req-bffb26c8-6054-401b-9657-cc216ba25f39 tempest-VolumesDeleteCascade-286007268 tempest-VolumesDeleteCascade-286007268-project] GET http://10.222.0.45/volume/v3/5e5164cfc01a4c2c956d4c98d1616680/volumes/988ffc33-7d6c-4240-88d3-0e2a3c00c4b4
Nov 11 11:18:26.048051 dv-cinder-817514-2-smb devstack@c-api.service[109091]: DEBUG cinder.api.openstack.wsgi [None req-bffb26c8-6054-401b-9657-cc216ba25f39 tempest-VolumesDeleteCascade-286007268 tempest-VolumesDeleteCascade-286007268-project] Empty body provided in request {{(pid=109091) get_body /opt/stack/cinder/cinder/api/openstack/wsgi.py:703}}
Nov 11 11:18:26.048146 dv-cinder-817514-2-smb devstack@c-api.service[109091]: /usr/local/lib/python3.8/dist-packages/webob/acceptparse.py:1047: DeprecationWarning: The behavior of AcceptValidHeader.best_match is currently being maintained for backward compatibility, but it will be deprecated in the future, as it does not conform to the RFC.
Nov 11 11:18:26.048146 dv-cinder-817514-2-smb devstack@c-api.service[109091]: warnings.warn(
Nov 11 11:18:26.049273 dv-cinder-817514-2-smb devstack@c-api.service[109091]: DEBUG cinder.api.openstack.wsgi [None req-bffb26c8-6054-401b-9657-cc216ba25f39 tempest-VolumesDeleteCascade-286007268 tempest-VolumesDeleteCascade-286007268-project] Calling method 'show' {{(pid=109091) _process_stack /opt/stack/cinder/cinder/api/openstack/wsgi.py:856}}
Nov 11 11:18:26.065934 dv-cinder-817514-2-smb devstack@c-api.service[109091]: /usr/local/lib/python3.8/dist-packages/oslo_context/context.py:105: DeprecationWarning: Policy enforcement is depending on the value of is_admin. This key is deprecated. Please update your policy file to use the standard policy values.
Nov 11 11:18:26.065934 dv-cinder-817514-2-smb devstack@c-api.service[109091]: warnings.warn('Policy enforcement is depending on the value of '
Nov 11 11:18:26.079036 dv-cinder-817514-2-smb devstack@c-api.service[109091]: INFO cinder.volume.api [None req-bffb26c8-6054-401b-9657-cc216ba25f39 tempest-VolumesDeleteCascade-286007268 tempest-VolumesDeleteCascade-286007268-project] Volume info retrieved successfully.
Nov 11 11:18:26.081704 dv-cinder-817514-2-smb devstack@c-api.service[109090]: INFO cinder.api.openstack.wsgi [None req-b451fc7a-7920-4fd7-83d1-b14350c07c0c tempest-VolumesCloneTest-806074891 tempest-VolumesCloneTest-806074891-project] GET http://10.222.0.45/volume/v3/dd8041c747fd48af84c8b77e05f98435/volumes/273dc007-e61f-4afe-8355-3b262b7a2837
Nov 11 11:18:26.082176 dv-cinder-817514-2-smb devstack@c-api.service[109090]: DEBUG cinder.api.openstack.wsgi [None req-b451fc7a-7920-4fd7-83d1-b14350c07c0c tempest-VolumesCloneTest-806074891 tempest-VolumesCloneTest-806074891-project] Empty body provided in request {{(pid=109090) get_body /opt/stack/cinder/cinder/api/openstack/wsgi.py:703}}
Nov 11 11:18:26.082580 dv-cinder-817514-2-smb devstack@c-api.service[109090]: /usr/local/lib/python3.8/dist-packages/webob/acceptparse.py:1047: DeprecationWarning: The behavior of AcceptValidHeader.best_match is currently being maintained for backward compatibility, but it will be deprecated in the future, as it does not conform to the RFC.
Nov 11 11:18:26.082580 dv-cinder-817514-2-smb devstack@c-api.service[109090]: warnings.warn(
Nov 11 11:18:26.083177 dv-cinder-817514-2-smb devstack@c-api.service[109090]: DEBUG cinder.api.openstack.wsgi [None req-b451fc7a-7920-4fd7-83d1-b14350c07c0c tempest-VolumesCloneTest-806074891 tempest-VolumesCloneTest-806074891-project] Calling method 'show' {{(pid=109090) _process_stack /opt/stack/cinder/cinder/api/openstack/wsgi.py:856}}
Nov 11 11:18:26.096797 dv-cinder-817514-2-smb devstack@c-api.service[109091]: INFO cinder.api.openstack.wsgi [None req-bffb26c8-6054-401b-9657-cc216ba25f39 tempest-VolumesDeleteCascade-286007268 tempest-VolumesDeleteCascade-286007268-project] http://10.222.0.45/volume/v3/5e5164cfc01a4c2c956d4c98d1616680/volumes/988ffc33-7d6c-4240-88d3-0e2a3c00c4b4 returned with HTTP 200
Nov 11 11:18:26.098587 dv-cinder-817514-2-smb devstack@c-api.service[109091]: [pid: 109091|app: 0|req: 180/378] 10.222.0.45 () {58 vars in 1324 bytes} [Thu Nov 11 11:18:26 2021] GET /volume/v3/5e5164cfc01a4c2c956d4c98d1616680/volumes/988ffc33-7d6c-4240-88d3-0e2a3c00c4b4 => generated 947 bytes in 57 msecs (HTTP/1.1 200) 7 headers in 285 bytes (1 switches on core 0)
Nov 11 11:18:26.114715 dv-cinder-817514-2-smb devstack@c-api.service[109090]: /usr/local/lib/python3.8/dist-packages/oslo_context/context.py:105: DeprecationWarning: Policy enforcement is depending on the value of is_admin. This key is deprecated. Please update your policy file to use the standard policy values.
Nov 11 11:18:26.114715 dv-cinder-817514-2-smb devstack@c-api.service[109090]: warnings.warn('Policy enforcement is depending on the value of '
Nov 11 11:18:26.116267 dv-cinder-817514-2-smb devstack@c-api.service[109091]: INFO cinder.api.openstack.wsgi [None req-11ecffaa-7bc3-4b2f-bb6c-4fba16d5da5c tempest-VolumesDeleteCascade-286007268 tempest-VolumesDeleteCascade-286007268-project] GET http://10.222.0.45/volume/v3/5e5164cfc01a4c2c956d4c98d1616680/volumes/988ffc33-7d6c-4240-88d3-0e2a3c00c4b4
Nov 11 11:18:26.117047 dv-cinder-817514-2-smb devstack@c-api.service[109091]: DEBUG cinder.api.openstack.wsgi [None req-11ecffaa-7bc3-4b2f-bb6c-4fba16d5da5c tempest-VolumesDeleteCascade-286007268 tempest-VolumesDeleteCascade-286007268-project] Empty body provided in request {{(pid=109091) get_body /opt/stack/cinder/cinder/api/openstack/wsgi.py:703}}
Nov 11 11:18:26.122960 dv-cinder-817514-2-smb devstack@c-api.service[109091]: /usr/local/lib/python3.8/dist-packages/webob/acceptparse.py:1047: DeprecationWarning: The behavior of AcceptValidHeader.best_match is currently being maintained for backward compatibility, but it will be deprecated in the future, as it does not conform to the RFC.
Nov 11 11:18:26.122960 dv-cinder-817514-2-smb devstack@c-api.service[109091]: warnings.warn(
Nov 11 11:18:26.122960 dv-cinder-817514-2-smb devstack@c-api.service[109091]: DEBUG cinder.api.openstack.wsgi [None req-11ecffaa-7bc3-4b2f-bb6c-4fba16d5da5c tempest-VolumesDeleteCascade-286007268 tempest-VolumesDeleteCascade-286007268-project] Calling method 'show' {{(pid=109091) _process_stack /opt/stack/cinder/cinder/api/openstack/wsgi.py:856}}
Nov 11 11:18:26.128463 dv-cinder-817514-2-smb devstack@c-api.service[109090]: INFO cinder.volume.api [None req-b451fc7a-7920-4fd7-83d1-b14350c07c0c tempest-VolumesCloneTest-806074891 tempest-VolumesCloneTest-806074891-project] Volume info retrieved successfully.
Nov 11 11:18:26.139286 dv-cinder-817514-2-smb devstack@c-api.service[109090]: INFO cinder.api.openstack.wsgi [None req-b451fc7a-7920-4fd7-83d1-b14350c07c0c tempest-VolumesCloneTest-806074891 tempest-VolumesCloneTest-806074891-project] http://10.222.0.45/volume/v3/dd8041c747fd48af84c8b77e05f98435/volumes/273dc007-e61f-4afe-8355-3b262b7a2837 returned with HTTP 200
Nov 11 11:18:26.140574 dv-cinder-817514-2-smb devstack@c-api.service[109090]: [pid: 109090|app: 0|req: 199/379] 10.222.0.45 () {58 vars in 1324 bytes} [Thu Nov 11 11:18:26 2021] GET /volume/v3/dd8041c747fd48af84c8b77e05f98435/volumes/273dc007-e61f-4afe-8355-3b262b7a2837 => generated 907 bytes in 63 msecs (HTTP/1.1 200) 7 headers in 285 bytes (1 switches on core 0)
Nov 11 11:18:26.142313 dv-cinder-817514-2-smb devstack@c-api.service[109091]: /usr/local/lib/python3.8/dist-packages/oslo_context/context.py:105: DeprecationWarning: Policy enforcement is depending on the value of is_admin. This key is deprecated. Please update your policy file to use the standard policy values.
Nov 11 11:18:26.142313 dv-cinder-817514-2-smb devstack@c-api.service[109091]: warnings.warn('Policy enforcement is depending on the value of '
Nov 11 11:18:26.154602 dv-cinder-817514-2-smb devstack@c-api.service[109091]: INFO cinder.volume.api [None req-11ecffaa-7bc3-4b2f-bb6c-4fba16d5da5c tempest-VolumesDeleteCascade-286007268 tempest-VolumesDeleteCascade-286007268-project] Volume info retrieved successfully.
Nov 11 11:18:26.164385 dv-cinder-817514-2-smb devstack@c-api.service[109091]: INFO cinder.api.openstack.wsgi [None req-11ecffaa-7bc3-4b2f-bb6c-4fba16d5da5c tempest-VolumesDeleteCascade-286007268 tempest-VolumesDeleteCascade-286007268-project] http://10.222.0.45/volume/v3/5e5164cfc01a4c2c956d4c98d1616680/volumes/988ffc33-7d6c-4240-88d3-0e2a3c00c4b4 returned with HTTP 200
Nov 11 11:18:26.165708 dv-cinder-817514-2-smb devstack@c-api.service[109091]: [pid: 109091|app: 0|req: 181/380] 10.222.0.45 () {58 vars in 1324 bytes} [Thu Nov 11 11:18:26 2021] GET /volume/v3/5e5164cfc01a4c2c956d4c98d1616680/volumes/988ffc33-7d6c-4240-88d3-0e2a3c00c4b4 => generated 947 bytes in 54 msecs (HTTP/1.1 200) 7 headers in 285 bytes (1 switches on core 0)
Nov 11 11:18:26.185878 dv-cinder-817514-2-smb devstack@c-api.service[109090]: INFO cinder.api.openstack.wsgi [None req-2fe067f7-6a20-42ef-9917-11c0b6281629 tempest-VolumesDeleteCascade-286007268 tempest-VolumesDeleteCascade-286007268-project] DELETE http://10.222.0.45/volume/v3/5e5164cfc01a4c2c956d4c98d1616680/volumes/8a04e37a-f300-4a4e-a031-506f29f1bc18?cascade=True
Nov 11 11:18:26.186333 dv-cinder-817514-2-smb devstack@c-api.service[109090]: DEBUG cinder.api.openstack.wsgi [None req-2fe067f7-6a20-42ef-9917-11c0b6281629 tempest-VolumesDeleteCascade-286007268 tempest-VolumesDeleteCascade-286007268-project] Empty body provided in request {{(pid=109090) get_body /opt/stack/cinder/cinder/api/openstack/wsgi.py:703}}
Nov 11 11:18:26.186494 dv-cinder-817514-2-smb devstack@c-api.service[109090]: /usr/local/lib/python3.8/dist-packages/webob/acceptparse.py:1047: DeprecationWarning: The behavior of AcceptValidHeader.best_match is currently being maintained for backward compatibility, but it will be deprecated in the future, as it does not conform to the RFC.
Nov 11 11:18:26.186494 dv-cinder-817514-2-smb devstack@c-api.service[109090]: warnings.warn(
Nov 11 11:18:26.187033 dv-cinder-817514-2-smb devstack@c-api.service[109090]: DEBUG cinder.api.openstack.wsgi [None req-2fe067f7-6a20-42ef-9917-11c0b6281629 tempest-VolumesDeleteCascade-286007268 tempest-VolumesDeleteCascade-286007268-project] Calling method 'delete' {{(pid=109090) _process_stack /opt/stack/cinder/cinder/api/openstack/wsgi.py:856}}
Nov 11 11:18:26.187645 dv-cinder-817514-2-smb devstack@c-api.service[109090]: INFO cinder.api.v3.volumes [None req-2fe067f7-6a20-42ef-9917-11c0b6281629 tempest-VolumesDeleteCascade-286007268 tempest-VolumesDeleteCascade-286007268-project] Delete volume with id: 8a04e37a-f300-4a4e-a031-506f29f1bc18
Nov 11 11:18:26.205724 dv-cinder-817514-2-smb devstack@c-api.service[109090]: /usr/local/lib/python3.8/dist-packages/oslo_context/context.py:105: DeprecationWarning: Policy enforcement is depending on the value of is_admin. This key is deprecated. Please update your policy file to use the standard policy values.
Nov 11 11:18:26.205724 dv-cinder-817514-2-smb devstack@c-api.service[109090]: warnings.warn('Policy enforcement is depending on the value of '
Nov 11 11:18:26.208633 dv-cinder-817514-2-smb devstack@c-api.service[109090]: INFO cinder.volume.api [None req-2fe067f7-6a20-42ef-9917-11c0b6281629 tempest-VolumesDeleteCascade-286007268 tempest-VolumesDeleteCascade-286007268-project] Volume info retrieved successfully.
Nov 11 11:18:26.354711 dv-cinder-817514-2-smb devstack@c-api.service[109091]: INFO cinder.api.openstack.wsgi [None req-b9dccb5b-7e95-438d-9e3f-60280772e8fb tempest-VolumesListTestJSON-765797090 tempest-VolumesListTestJSON-765797090-project] GET http://10.222.0.45/volume/v3/c94a13679f3142b48e55e55bb9246c96/volumes/9b75a756-8333-45a7-af42-7ffd90016420
Nov 11 11:18:26.355262 dv-cinder-817514-2-smb devstack@c-api.service[109091]: DEBUG cinder.api.openstack.wsgi [None req-b9dccb5b-7e95-438d-9e3f-60280772e8fb tempest-VolumesListTestJSON-765797090 tempest-VolumesListTestJSON-765797090-project] Empty body provided in request {{(pid=109091) get_body /opt/stack/cinder/cinder/api/openstack/wsgi.py:703}}
