Nov 11 06:37:19.082371 dv-cinder-817514-1-iscsi neutron-server[102318]: INFO neutron.wsgi [req-3c351c90-1b17-45d2-beb4-bda7d9ea549b req-82762e78-c8b4-4654-af23-ef2b3c85ed4a tempest-AttachVolumeTestJSON-1515742189 tempest-AttachVolumeTestJSON-1515742189-project] 10.222.0.20 "GET /v2.0/ports?device_id=ae52d0e0-56d5-4ef6-85ee-b565a2c938c8 HTTP/1.1" status: 200 len: 943 time: 0.0480421
Nov 11 06:37:19.096903 dv-cinder-817514-1-iscsi neutron-server[102319]: DEBUG neutron_lib.callbacks.manager [None req-eba197bc-b852-4d8f-bd63-03bba657e92a None None] Publish callbacks ['neutron.plugins.ml2.plugin.SecurityGroupServerNotifierRpcMixin._notify_sg_on_port_change-964562', 'neutron.plugins.ml2.ovo_rpc._ObjectChangeHandler.handle_event-93062', 'neutron.api.rpc.agentnotifiers.dhcp_rpc_agent_api.DhcpAgentNotifyAPI._native_event_send_dhcp_notification-16292007', 'neutron.db.l3_db.L3RpcNotifierMixin._notify_gateway_port_ip_changed-8744159297419', 'neutron.db.l3_dvrscheduler_db._notify_l3_agent_port_update-8744158853021', 'neutron.db.l3_hascheduler_db._notify_l3_agent_ha_port_update-8744158853039'] for port, after_update {{(pid=102319) _notify_loop /usr/local/lib/python3.8/dist-packages/neutron_lib/callbacks/manager.py:175}}
Nov 11 06:37:19.097566 dv-cinder-817514-1-iscsi neutron-server[102319]: DEBUG neutron.plugins.ml2.rpc [None req-eba197bc-b852-4d8f-bd63-03bba657e92a None None] Device 05212c36-bf88-4079-a848-ef89b9fd1ed0 details requested by agent hyperv_hv-cinder-81751 with host hv-cinder-81751 {{(pid=102319) get_device_details /opt/stack/neutron/neutron/plugins/ml2/rpc.py:102}}
Nov 11 06:37:19.133057 dv-cinder-817514-1-iscsi neutron-server[102317]: INFO neutron.wsgi [req-1f2b9e0e-6f2f-4958-962c-e44b110a35d1 req-4e4fd93e-bd21-437d-9594-6c67855b50c3 tempest-ServerRescueNegativeTestJSON-1227074045 tempest-ServerRescueNegativeTestJSON-1227074045-project] 10.222.0.20 "GET /v2.0/security-groups?id=8b8b5b14-85c4-44df-b38b-cf122ff61a29&fields=id&fields=name HTTP/1.1" status: 200 len: 286 time: 0.0452363
Nov 11 06:37:19.136141 dv-cinder-817514-1-iscsi neutron-server[102318]: INFO neutron.wsgi [req-3c351c90-1b17-45d2-beb4-bda7d9ea549b req-a409bf8b-e4fc-498b-897b-927cc74dcf4c tempest-AttachVolumeTestJSON-1515742189 tempest-AttachVolumeTestJSON-1515742189-project] 10.222.0.20 "GET /v2.0/security-groups?id=5d56e5ca-0d3b-4916-bb25-4cad68f08d4c&fields=id&fields=name HTTP/1.1" status: 200 len: 313 time: 0.0471225
Nov 11 06:37:19.186399 dv-cinder-817514-1-iscsi neutron-server[102319]: DEBUG neutron.api.rpc.handlers.resources_rpc [None req-eba197bc-b852-4d8f-bd63-03bba657e92a None None] Pushing event updated for resources: {'Port': ['ID=2a8cf22c-c983-4d2e-b123-b4a1d70fc08b,revision_number=4']} {{(pid=102319) push /opt/stack/neutron/neutron/api/rpc/handlers/resources_rpc.py:237}}
Nov 11 06:37:19.255245 dv-cinder-817514-1-iscsi neutron-server[102319]: DEBUG neutron.plugins.ml2.db [None req-eba197bc-b852-4d8f-bd63-03bba657e92a None None] For port 05212c36-bf88-4079-a848-ef89b9fd1ed0, host hv-cinder-81751, got binding levels [PortBindingLevel(driver='hyperv',host='hv-cinder-81751',level=0,port_id=05212c36-bf88-4079-a848-ef89b9fd1ed0,segment=NetworkSegment(2280f764-7703-42d4-8193-b416fd9949c7),segment_id=2280f764-7703-42d4-8193-b416fd9949c7)] {{(pid=102319) get_binding_level_objs /opt/stack/neutron/neutron/plugins/ml2/db.py:74}}
Nov 11 06:37:19.270277 dv-cinder-817514-1-iscsi neutron-server[102319]: DEBUG neutron.plugins.ml2.rpc [None req-eba197bc-b852-4d8f-bd63-03bba657e92a None None] Returning: {'device': '05212c36-bf88-4079-a848-ef89b9fd1ed0', 'network_id': '347ea8ec-d740-48a3-b1d1-b97f1aae2b3c', 'port_id': '05212c36-bf88-4079-a848-ef89b9fd1ed0', 'mac_address': 'fa:16:3e:65:22:4e', 'admin_state_up': True, 'network_type': 'vlan', 'segmentation_id': 97, 'physical_network': 'physnet1', 'mtu': 1500, 'fixed_ips': [{'subnet_id': 'add27cab-0005-402d-a65b-fd1d1442260c', 'ip_address': '172.20.0.2'}], 'device_owner': 'compute:nova', 'allowed_address_pairs': [], 'port_security_enabled': True, 'qos_policy_id': None, 'network_qos_policy_id': None, 'profile': {}, 'propagate_uplink_status': False} {{(pid=102319) _get_device_details /opt/stack/neutron/neutron/plugins/ml2/rpc.py:184}}
Nov 11 06:37:19.285174 dv-cinder-817514-1-iscsi neutron-server[102318]: DEBUG neutron.pecan_wsgi.hooks.policy_enforcement [req-32f33f7c-56db-43fc-b435-ad11ae11265b req-b7f569fe-0436-4e5a-9a3f-e31875f25716 tempest-AttachVolumeShelveTestJSON-1661694049 tempest-AttachVolumeShelveTestJSON-1661694049-project] Attributes excluded by policy engine: ['standard_attr_id', 'binding:profile', 'binding:host_id', 'binding:vif_type', 'binding:vif_details'] {{(pid=102318) _exclude_attributes_by_policy /opt/stack/neutron/neutron/pecan_wsgi/hooks/policy_enforcement.py:255}}
Nov 11 06:37:19.291199 dv-cinder-817514-1-iscsi neutron-server[102318]: INFO neutron.wsgi [req-32f33f7c-56db-43fc-b435-ad11ae11265b req-b7f569fe-0436-4e5a-9a3f-e31875f25716 tempest-AttachVolumeShelveTestJSON-1661694049 tempest-AttachVolumeShelveTestJSON-1661694049-project] 10.222.0.20 "GET /v2.0/ports?device_id=6abbc443-4060-45b7-af74-f513b06d8d29 HTTP/1.1" status: 200 len: 943 time: 0.0523236
Nov 11 06:37:19.311094 dv-cinder-817514-1-iscsi neutron-server[102319]: DEBUG neutron_lib.callbacks.manager [None req-eba197bc-b852-4d8f-bd63-03bba657e92a None None] Publish callbacks ['neutron.plugins.ml2.plugin.SecurityGroupDbMixin._ensure_default_security_group_handler-954473'] for port, before_update {{(pid=102319) _notify_loop /usr/local/lib/python3.8/dist-packages/neutron_lib/callbacks/manager.py:175}}
Nov 11 06:37:19.328582 dv-cinder-817514-1-iscsi neutron-server[102319]: DEBUG neutron.notifiers.nova [None req-eba197bc-b852-4d8f-bd63-03bba657e92a None None] Ignoring state change previous_port_status: DOWN current_port_status: BUILD port_id 05212c36-bf88-4079-a848-ef89b9fd1ed0 {{(pid=102319) record_port_status_changed /opt/stack/neutron/neutron/notifiers/nova.py:224}}
Nov 11 06:37:19.348197 dv-cinder-817514-1-iscsi neutron-server[102318]: INFO neutron.wsgi [req-32f33f7c-56db-43fc-b435-ad11ae11265b req-9dada8a7-1108-4358-919e-6ab15e69b1a4 tempest-AttachVolumeShelveTestJSON-1661694049 tempest-AttachVolumeShelveTestJSON-1661694049-project] 10.222.0.20 "GET /v2.0/security-groups?id=6c4c2d25-aa22-4b6b-8ca2-fa70b5b176e8&fields=id&fields=name HTTP/1.1" status: 200 len: 312 time: 0.0549288
Nov 11 06:37:19.353269 dv-cinder-817514-1-iscsi neutron-server[102319]: DEBUG neutron.plugins.ml2.db [None req-eba197bc-b852-4d8f-bd63-03bba657e92a None None] For port 05212c36-bf88-4079-a848-ef89b9fd1ed0, host hv-cinder-81751, got binding levels [PortBindingLevel(driver='hyperv',host='hv-cinder-81751',level=0,port_id=05212c36-bf88-4079-a848-ef89b9fd1ed0,segment=NetworkSegment(2280f764-7703-42d4-8193-b416fd9949c7),segment_id=2280f764-7703-42d4-8193-b416fd9949c7)] {{(pid=102319) get_binding_level_objs /opt/stack/neutron/neutron/plugins/ml2/db.py:74}}
Nov 11 06:37:19.411491 dv-cinder-817514-1-iscsi neutron-server[102319]: DEBUG neutron_lib.callbacks.manager [None req-eba197bc-b852-4d8f-bd63-03bba657e92a None None] Publish callbacks ['neutron.plugins.ml2.plugin.SecurityGroupServerNotifierRpcMixin._notify_sg_on_port_change-964562', 'neutron.plugins.ml2.ovo_rpc._ObjectChangeHandler.handle_event-93062', 'neutron.api.rpc.agentnotifiers.dhcp_rpc_agent_api.DhcpAgentNotifyAPI._native_event_send_dhcp_notification-16292007', 'neutron.db.l3_db.L3RpcNotifierMixin._notify_gateway_port_ip_changed-8744159297419', 'neutron.db.l3_dvrscheduler_db._notify_l3_agent_port_update-8744158853021', 'neutron.db.l3_hascheduler_db._notify_l3_agent_ha_port_update-8744158853039'] for port, after_update {{(pid=102319) _notify_loop /usr/local/lib/python3.8/dist-packages/neutron_lib/callbacks/manager.py:175}}
Nov 11 06:37:19.463852 dv-cinder-817514-1-iscsi neutron-server[102319]: DEBUG neutron.api.rpc.handlers.resources_rpc [None req-eba197bc-b852-4d8f-bd63-03bba657e92a None None] Pushing event updated for resources: {'Port': ['ID=05212c36-bf88-4079-a848-ef89b9fd1ed0,revision_number=4']} {{(pid=102319) push /opt/stack/neutron/neutron/api/rpc/handlers/resources_rpc.py:237}}
Nov 11 06:37:19.465907 dv-cinder-817514-1-iscsi neutron-server[102318]: DEBUG neutron.pecan_wsgi.hooks.policy_enforcement [req-5251f390-b7f3-42b8-8640-6f4555fc22a2 req-6430c695-0281-4871-9bd6-68b73ae0c065 service neutron] Attributes excluded by policy engine: ['standard_attr_id'] {{(pid=102318) _exclude_attributes_by_policy /opt/stack/neutron/neutron/pecan_wsgi/hooks/policy_enforcement.py:255}}
Nov 11 06:37:19.472865 dv-cinder-817514-1-iscsi neutron-server[102318]: INFO neutron.wsgi [req-5251f390-b7f3-42b8-8640-6f4555fc22a2 req-6430c695-0281-4871-9bd6-68b73ae0c065 service neutron] 10.222.0.15 "GET /v2.0/ports?device_id=284f19d5-bc37-424c-856a-17007b363d2f HTTP/1.1" status: 200 len: 1099 time: 0.1024356
Nov 11 06:37:19.490719 dv-cinder-817514-1-iscsi neutron-server[102317]: DEBUG neutron.pecan_wsgi.hooks.policy_enforcement [req-02425fe2-1367-40d7-906d-a10bf18675c0 req-c67a9b05-9983-4678-8eb5-6b7dbd55885f tempest-DeleteServersTestJSON-1896549895 tempest-DeleteServersTestJSON-1896549895-project] Attributes excluded by policy engine: ['standard_attr_id', 'binding:profile', 'binding:host_id', 'binding:vif_type', 'binding:vif_details'] {{(pid=102317) _exclude_attributes_by_policy /opt/stack/neutron/neutron/pecan_wsgi/hooks/policy_enforcement.py:255}}
Nov 11 06:37:19.492206 dv-cinder-817514-1-iscsi neutron-server[102317]: INFO neutron.wsgi [req-02425fe2-1367-40d7-906d-a10bf18675c0 req-c67a9b05-9983-4678-8eb5-6b7dbd55885f tempest-DeleteServersTestJSON-1896549895 tempest-DeleteServersTestJSON-1896549895-project] 10.222.0.20 "GET /v2.0/ports?device_id=67257a4d-d02e-40cb-9c99-f46569652b73 HTTP/1.1" status: 200 len: 944 time: 0.0519671
Nov 11 06:37:19.494557 dv-cinder-817514-1-iscsi neutron-server[102318]: DEBUG neutron_lib.callbacks.manager [req-5251f390-b7f3-42b8-8640-6f4555fc22a2 req-d888d97c-0d58-4093-8841-3d7636565896 service neutron] Publish callbacks [] for security_group, before_create {{(pid=102318) _notify_loop /usr/local/lib/python3.8/dist-packages/neutron_lib/callbacks/manager.py:175}}
Nov 11 06:37:19.550538 dv-cinder-817514-1-iscsi neutron-server[102317]: INFO neutron.wsgi [req-02425fe2-1367-40d7-906d-a10bf18675c0 req-b0d443c8-e247-4211-8194-e7d6a4fdb2f8 tempest-DeleteServersTestJSON-1896549895 tempest-DeleteServersTestJSON-1896549895-project] 10.222.0.20 "GET /v2.0/security-groups?id=330bd5df-62d0-4f86-a04c-16eb1c7835e0&fields=id&fields=name HTTP/1.1" status: 200 len: 286 time: 0.0495796
Nov 11 06:37:19.582200 dv-cinder-817514-1-iscsi neutron-server[102318]: DEBUG neutron_lib.callbacks.manager [req-5251f390-b7f3-42b8-8640-6f4555fc22a2 req-d888d97c-0d58-4093-8841-3d7636565896 service neutron] Publish callbacks [] for security_group, precommit_create {{(pid=102318) _notify_loop /usr/local/lib/python3.8/dist-packages/neutron_lib/callbacks/manager.py:175}}
Nov 11 06:37:19.697299 dv-cinder-817514-1-iscsi neutron-server[102318]: DEBUG neutron_lib.callbacks.manager [req-5251f390-b7f3-42b8-8640-6f4555fc22a2 req-d888d97c-0d58-4093-8841-3d7636565896 service neutron] Publish callbacks ['neutron.plugins.ml2.ovo_rpc._ObjectChangeHandler.handle_event-16570590'] for security_group, after_create {{(pid=102318) _notify_loop /usr/local/lib/python3.8/dist-packages/neutron_lib/callbacks/manager.py:175}}
Nov 11 06:37:19.741482 dv-cinder-817514-1-iscsi neutron-server[102318]: INFO neutron.wsgi [req-5251f390-b7f3-42b8-8640-6f4555fc22a2 req-d888d97c-0d58-4093-8841-3d7636565896 service neutron] 10.222.0.15 "GET /v2.0/security-groups?id=8b8b5b14-85c4-44df-b38b-cf122ff61a29&fields=id&fields=name HTTP/1.1" status: 200 len: 286 time: 0.2609148
Nov 11 06:37:19.742235 dv-cinder-817514-1-iscsi neutron-server[102318]: DEBUG neutron.api.rpc.handlers.resources_rpc [None req-d888d97c-0d58-4093-8841-3d7636565896 service neutron] Pushing event updated for resources: {'SecurityGroup': ['ID=11264176-9c3c-4102-b769-f87993a43e9e,revision_number=1']} {{(pid=102318) push /opt/stack/neutron/neutron/api/rpc/handlers/resources_rpc.py:237}}
Nov 11 06:37:19.871154 dv-cinder-817514-1-iscsi neutron-server[102319]: DEBUG neutron.plugins.ml2.db [None req-eba197bc-b852-4d8f-bd63-03bba657e92a None None] get_ports_and_sgs() called for port_ids ['2a8cf22c-c983-4d2e-b123-b4a1d70fc08b'] {{(pid=102319) get_ports_and_sgs /opt/stack/neutron/neutron/plugins/ml2/db.py:156}}
Nov 11 06:37:19.906448 dv-cinder-817514-1-iscsi neutron-server[102319]: DEBUG neutron.plugins.ml2.db [None req-eba197bc-b852-4d8f-bd63-03bba657e92a None None] get_ports_and_sgs() called for port_ids ['20004484-11f9-4d8e-99eb-9ac4360184b5'] {{(pid=102319) get_ports_and_sgs /opt/stack/neutron/neutron/plugins/ml2/db.py:156}}
Nov 11 06:37:19.971024 dv-cinder-817514-1-iscsi neutron-server[102319]: DEBUG neutron.plugins.ml2.db [None req-eba197bc-b852-4d8f-bd63-03bba657e92a None None] get_ports_and_sgs() called for port_ids ['05212c36-bf88-4079-a848-ef89b9fd1ed0'] {{(pid=102319) get_ports_and_sgs /opt/stack/neutron/neutron/plugins/ml2/db.py:156}}
Nov 11 06:37:19.979809 dv-cinder-817514-1-iscsi neutron-server[102319]: DEBUG neutron.plugins.ml2.rpc [None req-eba197bc-b852-4d8f-bd63-03bba657e92a None None] Device 2eb4f18d-290c-4f53-8142-7d2977c66c07 details requested by agent hyperv_hv-cinder-81751 with host hv-cinder-81751 {{(pid=102319) get_device_details /opt/stack/neutron/neutron/plugins/ml2/rpc.py:102}}
Nov 11 06:37:19.992241 dv-cinder-817514-1-iscsi neutron-server[102318]: DEBUG neutron.pecan_wsgi.hooks.policy_enforcement [req-645f66f5-3862-463c-a200-af81034a610a req-4e717fcb-76f8-4014-8b0d-527a7ead50ff tempest-AttachVolumeNegativeTest-1470071692 tempest-AttachVolumeNegativeTest-1470071692-project] Attributes excluded by policy engine: ['standard_attr_id', 'binding:profile', 'binding:host_id', 'binding:vif_type', 'binding:vif_details'] {{(pid=102318) _exclude_attributes_by_policy /opt/stack/neutron/neutron/pecan_wsgi/hooks/policy_enforcement.py:255}}
Nov 11 06:37:20.002372 dv-cinder-817514-1-iscsi neutron-server[102318]: INFO neutron.wsgi [req-645f66f5-3862-463c-a200-af81034a610a req-4e717fcb-76f8-4014-8b0d-527a7ead50ff tempest-AttachVolumeNegativeTest-1470071692 tempest-AttachVolumeNegativeTest-1470071692-project] 10.222.0.20 "GET /v2.0/ports?device_id=3ac26aea-2bf8-4965-ba46-0ae481a216fd HTTP/1.1" status: 200 len: 944 time: 0.0781488
Nov 11 06:37:20.067936 dv-cinder-817514-1-iscsi neutron-server[102318]: INFO neutron.wsgi [req-645f66f5-3862-463c-a200-af81034a610a req-633d6b02-4902-4af8-b83b-38d878309733 tempest-AttachVolumeNegativeTest-1470071692 tempest-AttachVolumeNegativeTest-1470071692-project] 10.222.0.20 "GET /v2.0/security-groups?id=b8c3eda1-949d-41f5-b256-8e3acfcae568&fields=id&fields=name HTTP/1.1" status: 200 len: 286 time: 0.0645893
Nov 11 06:37:20.069358 dv-cinder-817514-1-iscsi neutron-server[102317]: DEBUG neutron.wsgi [-] (102317) accepted ('10.222.0.20', 49374) {{(pid=102317) server /usr/local/lib/python3.8/dist-packages/eventlet/wsgi.py:982}}
Nov 11 06:37:20.215107 dv-cinder-817514-1-iscsi neutron-server[102319]: DEBUG neutron.plugins.ml2.db [None req-eba197bc-b852-4d8f-bd63-03bba657e92a None None] For port 2eb4f18d-290c-4f53-8142-7d2977c66c07, host hv-cinder-81751, got binding levels [PortBindingLevel(driver='hyperv',host='hv-cinder-81751',level=0,port_id=2eb4f18d-290c-4f53-8142-7d2977c66c07,segment=NetworkSegment(e7995564-b940-43d1-933a-7490a22793e6),segment_id=e7995564-b940-43d1-933a-7490a22793e6)] {{(pid=102319) get_binding_level_objs /opt/stack/neutron/neutron/plugins/ml2/db.py:74}}
Nov 11 06:37:20.261774 dv-cinder-817514-1-iscsi neutron-server[102319]: DEBUG neutron.plugins.ml2.rpc [None req-eba197bc-b852-4d8f-bd63-03bba657e92a None None] Returning: {'device': '2eb4f18d-290c-4f53-8142-7d2977c66c07', 'network_id': '9056722a-d4bd-462d-b0c5-8d0a070fd148', 'port_id': '2eb4f18d-290c-4f53-8142-7d2977c66c07', 'mac_address': 'fa:16:3e:29:07:db', 'admin_state_up': True, 'network_type': 'vlan', 'segmentation_id': 68, 'physical_network': 'physnet1', 'mtu': 1500, 'fixed_ips': [{'subnet_id': '44ca1595-f430-4f5e-8d13-0a825e96e4ed', 'ip_address': '172.20.0.6'}], 'device_owner': 'compute:nova', 'allowed_address_pairs': [], 'port_security_enabled': True, 'qos_policy_id': None, 'network_qos_policy_id': None, 'profile': {}, 'propagate_uplink_status': False} {{(pid=102319) _get_device_details /opt/stack/neutron/neutron/plugins/ml2/rpc.py:184}}
Nov 11 06:37:20.295206 dv-cinder-817514-1-iscsi neutron-server[102318]: DEBUG neutron.pecan_wsgi.hooks.policy_enforcement [req-d03e7972-c872-4704-97c7-1dfcca548b69 req-5fe11058-f0d0-4992-ab51-e19c2ae7fa66 tempest-AttachVolumeTestJSON-1515742189 tempest-AttachVolumeTestJSON-1515742189-project] Attributes excluded by policy engine: ['standard_attr_id', 'binding:profile', 'binding:host_id', 'binding:vif_type', 'binding:vif_details'] {{(pid=102318) _exclude_attributes_by_policy /opt/stack/neutron/neutron/pecan_wsgi/hooks/policy_enforcement.py:255}}
Nov 11 06:37:20.306465 dv-cinder-817514-1-iscsi neutron-server[102318]: INFO neutron.wsgi [req-d03e7972-c872-4704-97c7-1dfcca548b69 req-5fe11058-f0d0-4992-ab51-e19c2ae7fa66 tempest-AttachVolumeTestJSON-1515742189 tempest-AttachVolumeTestJSON-1515742189-project] 10.222.0.20 "GET /v2.0/ports?device_id=ae52d0e0-56d5-4ef6-85ee-b565a2c938c8 HTTP/1.1" status: 200 len: 943 time: 0.0731447
Nov 11 06:37:20.347246 dv-cinder-817514-1-iscsi neutron-server[102317]: DEBUG neutron.pecan_wsgi.hooks.policy_enforcement [req-271c16ba-a067-4e0a-8b55-8d57a31c4b5b req-07749d0f-3eb4-44f8-8cf6-b642914c688b tempest-ServerRescueNegativeTestJSON-1227074045 tempest-ServerRescueNegativeTestJSON-1227074045-project] Attributes excluded by policy engine: ['standard_attr_id', 'binding:profile', 'binding:host_id', 'binding:vif_type', 'binding:vif_details'] {{(pid=102317) _exclude_attributes_by_policy /opt/stack/neutron/neutron/pecan_wsgi/hooks/policy_enforcement.py:255}}
Nov 11 06:37:20.357296 dv-cinder-817514-1-iscsi neutron-server[102317]: INFO neutron.wsgi [req-271c16ba-a067-4e0a-8b55-8d57a31c4b5b req-07749d0f-3eb4-44f8-8cf6-b642914c688b tempest-ServerRescueNegativeTestJSON-1227074045 tempest-ServerRescueNegativeTestJSON-1227074045-project] 10.222.0.20 "GET /v2.0/ports?device_id=7cbaf4f3-a5c2-41fb-85fe-d413afde29a1 HTTP/1.1" status: 200 len: 945 time: 0.0652142
Nov 11 06:37:20.366102 dv-cinder-817514-1-iscsi neutron-server[102318]: INFO neutron.wsgi [req-d03e7972-c872-4704-97c7-1dfcca548b69 req-018d3920-6944-42da-90c7-8699ebe241e5 tempest-AttachVolumeTestJSON-1515742189 tempest-AttachVolumeTestJSON-1515742189-project] 10.222.0.20 "GET /v2.0/security-groups?id=5d56e5ca-0d3b-4916-bb25-4cad68f08d4c&fields=id&fields=name HTTP/1.1" status: 200 len: 313 time: 0.0589797
Nov 11 06:37:20.409467 dv-cinder-817514-1-iscsi neutron-server[102319]: DEBUG neutron_lib.callbacks.manager [None req-eba197bc-b852-4d8f-bd63-03bba657e92a None None] Publish callbacks ['neutron.plugins.ml2.plugin.SecurityGroupDbMixin._ensure_default_security_group_handler-954473'] for port, before_update {{(pid=102319) _notify_loop /usr/local/lib/python3.8/dist-packages/neutron_lib/callbacks/manager.py:175}}
Nov 11 06:37:20.432784 dv-cinder-817514-1-iscsi neutron-server[102317]: INFO neutron.wsgi [req-271c16ba-a067-4e0a-8b55-8d57a31c4b5b req-3dd95b93-a564-4145-89e2-fc03eaf4c186 tempest-ServerRescueNegativeTestJSON-1227074045 tempest-ServerRescueNegativeTestJSON-1227074045-project] 10.222.0.20 "GET /v2.0/security-groups?id=8b8b5b14-85c4-44df-b38b-cf122ff61a29&fields=id&fields=name HTTP/1.1" status: 200 len: 286 time: 0.0726035
Nov 11 06:37:20.452875 dv-cinder-817514-1-iscsi neutron-server[102317]: DEBUG neutron_lib.callbacks.manager [None req-4fca6fa5-8764-41c6-b63a-a66789aef3bc admin admin] Publish callbacks [] for security_group, before_create {{(pid=102317) _notify_loop /usr/local/lib/python3.8/dist-packages/neutron_lib/callbacks/manager.py:175}}
Nov 11 06:37:20.455201 dv-cinder-817514-1-iscsi neutron-server[102319]: DEBUG neutron.notifiers.nova [None req-eba197bc-b852-4d8f-bd63-03bba657e92a None None] Ignoring state change previous_port_status: DOWN current_port_status: BUILD port_id 2eb4f18d-290c-4f53-8142-7d2977c66c07 {{(pid=102319) record_port_status_changed /opt/stack/neutron/neutron/notifiers/nova.py:224}}
Nov 11 06:37:20.483495 dv-cinder-817514-1-iscsi neutron-server[102319]: DEBUG neutron.plugins.ml2.db [None req-eba197bc-b852-4d8f-bd63-03bba657e92a None None] For port 2eb4f18d-290c-4f53-8142-7d2977c66c07, host hv-cinder-81751, got binding levels [PortBindingLevel(driver='hyperv',host='hv-cinder-81751',level=0,port_id=2eb4f18d-290c-4f53-8142-7d2977c66c07,segment=NetworkSegment(e7995564-b940-43d1-933a-7490a22793e6),segment_id=e7995564-b940-43d1-933a-7490a22793e6)] {{(pid=102319) get_binding_level_objs /opt/stack/neutron/neutron/plugins/ml2/db.py:74}}
Nov 11 06:37:20.501248 dv-cinder-817514-1-iscsi neutron-server[102319]: DEBUG neutron_lib.callbacks.manager [None req-b09734ae-6e15-41cc-9976-c6e34b98530e None None] Publish callbacks ['neutron.services.segments.db._update_segment_host_mapping_for_agent-8744159202515', 'neutron.plugins.ml2.plugin.Ml2Plugin._retry_binding_revived_agents-917584'] for agent, after_update {{(pid=102319) _notify_loop /usr/local/lib/python3.8/dist-packages/neutron_lib/callbacks/manager.py:175}}
Nov 11 06:37:20.552600 dv-cinder-817514-1-iscsi neutron-server[102319]: DEBUG neutron_lib.callbacks.manager [None req-eba197bc-b852-4d8f-bd63-03bba657e92a None None] Publish callbacks ['neutron.plugins.ml2.plugin.SecurityGroupServerNotifierRpcMixin._notify_sg_on_port_change-964562', 'neutron.plugins.ml2.ovo_rpc._ObjectChangeHandler.handle_event-93062', 'neutron.api.rpc.agentnotifiers.dhcp_rpc_agent_api.DhcpAgentNotifyAPI._native_event_send_dhcp_notification-16292007', 'neutron.db.l3_db.L3RpcNotifierMixin._notify_gateway_port_ip_changed-8744159297419', 'neutron.db.l3_dvrscheduler_db._notify_l3_agent_port_update-8744158853021', 'neutron.db.l3_hascheduler_db._notify_l3_agent_ha_port_update-8744158853039'] for port, after_update {{(pid=102319) _notify_loop /usr/local/lib/python3.8/dist-packages/neutron_lib/callbacks/manager.py:175}}
Nov 11 06:37:20.553577 dv-cinder-817514-1-iscsi neutron-server[102319]: DEBUG neutron.plugins.ml2.rpc [None req-eba197bc-b852-4d8f-bd63-03bba657e92a None None] Device fdfbd667-956c-4b90-bb49-1d492c6540a0 details requested by agent hyperv_hv-cinder-81751 with host hv-cinder-81751 {{(pid=102319) get_device_details /opt/stack/neutron/neutron/plugins/ml2/rpc.py:102}}
Nov 11 06:37:20.573986 dv-cinder-817514-1-iscsi neutron-server[102317]: DEBUG neutron_lib.callbacks.manager [None req-4fca6fa5-8764-41c6-b63a-a66789aef3bc admin admin] Publish callbacks [] for security_group, precommit_create {{(pid=102317) _notify_loop /usr/local/lib/python3.8/dist-packages/neutron_lib/callbacks/manager.py:175}}
Nov 11 06:37:20.595869 dv-cinder-817514-1-iscsi neutron-server[102317]: DEBUG neutron.pecan_wsgi.hooks.policy_enforcement [req-2dfbc352-1c77-498b-b886-cb4e6fb14b7c req-8f191a4c-933b-4348-9046-c0f5981c213c tempest-AttachVolumeShelveTestJSON-1661694049 tempest-AttachVolumeShelveTestJSON-1661694049-project] Attributes excluded by policy engine: ['standard_attr_id', 'binding:profile', 'binding:host_id', 'binding:vif_type', 'binding:vif_details'] {{(pid=102317) _exclude_attributes_by_policy /opt/stack/neutron/neutron/pecan_wsgi/hooks/policy_enforcement.py:255}}
Nov 11 06:37:20.604241 dv-cinder-817514-1-iscsi neutron-server[102317]: INFO neutron.wsgi [req-2dfbc352-1c77-498b-b886-cb4e6fb14b7c req-8f191a4c-933b-4348-9046-c0f5981c213c tempest-AttachVolumeShelveTestJSON-1661694049 tempest-AttachVolumeShelveTestJSON-1661694049-project] 10.222.0.20 "GET /v2.0/ports?device_id=6abbc443-4060-45b7-af74-f513b06d8d29 HTTP/1.1" status: 200 len: 943 time: 0.0605452
Nov 11 06:37:20.633438 dv-cinder-817514-1-iscsi neutron-server[102319]: DEBUG neutron.api.rpc.handlers.resources_rpc [None req-eba197bc-b852-4d8f-bd63-03bba657e92a None None] Pushing event updated for resources: {'Port': ['ID=2eb4f18d-290c-4f53-8142-7d2977c66c07,revision_number=4']} {{(pid=102319) push /opt/stack/neutron/neutron/api/rpc/handlers/resources_rpc.py:237}}
Nov 11 06:37:20.659130 dv-cinder-817514-1-iscsi neutron-server[102317]: DEBUG neutron_lib.callbacks.manager [None req-4fca6fa5-8764-41c6-b63a-a66789aef3bc admin admin] Publish callbacks ['neutron.plugins.ml2.ovo_rpc._ObjectChangeHandler.handle_event-16570590'] for security_group, after_create {{(pid=102317) _notify_loop /usr/local/lib/python3.8/dist-packages/neutron_lib/callbacks/manager.py:175}}
Nov 11 06:37:20.682283 dv-cinder-817514-1-iscsi neutron-server[102317]: INFO neutron.wsgi [req-2dfbc352-1c77-498b-b886-cb4e6fb14b7c req-8f62004e-641a-4879-96df-cfb82715f5e2 tempest-AttachVolumeShelveTestJSON-1661694049 tempest-AttachVolumeShelveTestJSON-1661694049-project] 10.222.0.20 "GET /v2.0/security-groups?id=6c4c2d25-aa22-4b6b-8ca2-fa70b5b176e8&fields=id&fields=name HTTP/1.1" status: 200 len: 312 time: 0.0785568
Nov 11 06:37:20.706510 dv-cinder-817514-1-iscsi neutron-server[102317]: INFO neutron.wsgi [None req-4fca6fa5-8764-41c6-b63a-a66789aef3bc admin admin] 10.222.0.20 "GET /v2.0/security-groups?tenant_id=f3c0c9aaa89d4044a800de129aa9fdd5&name=default HTTP/1.1" status: 200 len: 2996 time: 0.6334772
Nov 11 06:37:20.709017 dv-cinder-817514-1-iscsi neutron-server[102317]: DEBUG neutron.wsgi [-] (102317) accepted ('10.222.0.20', 49412) {{(pid=102317) server /usr/local/lib/python3.8/dist-packages/eventlet/wsgi.py:982}}
Nov 11 06:37:20.726641 dv-cinder-817514-1-iscsi neutron-server[102317]: DEBUG neutron.api.rpc.handlers.resources_rpc [None req-4fca6fa5-8764-41c6-b63a-a66789aef3bc admin admin] Pushing event updated for resources: {'SecurityGroup': ['ID=b855f386-4722-4f88-ba91-b310773f153e,revision_number=1']} {{(pid=102317) push /opt/stack/neutron/neutron/api/rpc/handlers/resources_rpc.py:237}}
Nov 11 06:37:20.742503 dv-cinder-817514-1-iscsi neutron-server[102319]: DEBUG neutron.plugins.ml2.db [None req-eba197bc-b852-4d8f-bd63-03bba657e92a None None] For port fdfbd667-956c-4b90-bb49-1d492c6540a0, host hv-cinder-81751, got binding levels [PortBindingLevel(driver='hyperv',host='hv-cinder-81751',level=0,port_id=fdfbd667-956c-4b90-bb49-1d492c6540a0,segment=NetworkSegment(4e81ba39-7d99-4cbc-a601-bfad121177bf),segment_id=4e81ba39-7d99-4cbc-a601-bfad121177bf)] {{(pid=102319) get_binding_level_objs /opt/stack/neutron/neutron/plugins/ml2/db.py:74}}
Nov 11 06:37:20.764015 dv-cinder-817514-1-iscsi neutron-server[102319]: DEBUG neutron.plugins.ml2.rpc [None req-eba197bc-b852-4d8f-bd63-03bba657e92a None None] Returning: {'device': 'fdfbd667-956c-4b90-bb49-1d492c6540a0', 'network_id': '606e9387-7c2e-4208-93c4-0b867ddefd5c', 'port_id': 'fdfbd667-956c-4b90-bb49-1d492c6540a0', 'mac_address': 'fa:16:3e:53:2e:e8', 'admin_state_up': True, 'network_type': 'vlan', 'segmentation_id': 87, 'physical_network': 'physnet1', 'mtu': 1500, 'fixed_ips': [{'subnet_id': '851898e7-a300-418c-88b8-c348179d8162', 'ip_address': '172.20.0.3'}], 'device_owner': 'compute:nova', 'allowed_address_pairs': [], 'port_security_enabled': True, 'qos_policy_id': None, 'network_qos_policy_id': None, 'profile': {}, 'propagate_uplink_status': False} {{(pid=102319) _get_device_details /opt/stack/neutron/neutron/plugins/ml2/rpc.py:184}}
Nov 11 06:37:20.791646 dv-cinder-817514-1-iscsi neutron-server[102317]: DEBUG neutron_lib.callbacks.manager [None req-e4a12811-b3c5-4e6d-887b-7b6495b4b92e admin admin] Publish callbacks [] for security_group, before_delete {{(pid=102317) _notify_loop /usr/local/lib/python3.8/dist-packages/neutron_lib/callbacks/manager.py:175}}
Nov 11 06:37:20.797526 dv-cinder-817514-1-iscsi neutron-server[102318]: DEBUG neutron.pecan_wsgi.hooks.policy_enforcement [req-f0544041-9305-4a5a-91c4-6015014eccab req-744613d1-c104-4e35-ad37-d07d998f06f9 tempest-DeleteServersTestJSON-1896549895 tempest-DeleteServersTestJSON-1896549895-project] Attributes excluded by policy engine: ['standard_attr_id', 'binding:profile', 'binding:host_id', 'binding:vif_type', 'binding:vif_details'] {{(pid=102318) _exclude_attributes_by_policy /opt/stack/neutron/neutron/pecan_wsgi/hooks/policy_enforcement.py:255}}
Nov 11 06:37:20.807111 dv-cinder-817514-1-iscsi neutron-server[102318]: INFO neutron.wsgi [req-f0544041-9305-4a5a-91c4-6015014eccab req-744613d1-c104-4e35-ad37-d07d998f06f9 tempest-DeleteServersTestJSON-1896549895 tempest-DeleteServersTestJSON-1896549895-project] 10.222.0.20 "GET /v2.0/ports?device_id=67257a4d-d02e-40cb-9c99-f46569652b73 HTTP/1.1" status: 200 len: 944 time: 0.1067197
Nov 11 06:37:20.816182 dv-cinder-817514-1-iscsi neutron-server[102319]: DEBUG neutron_lib.callbacks.manager [None req-eba197bc-b852-4d8f-bd63-03bba657e92a None None] Publish callbacks ['neutron.plugins.ml2.plugin.SecurityGroupDbMixin._ensure_default_security_group_handler-954473'] for port, before_update {{(pid=102319) _notify_loop /usr/local/lib/python3.8/dist-packages/neutron_lib/callbacks/manager.py:175}}
Nov 11 06:37:20.843249 dv-cinder-817514-1-iscsi neutron-server[102319]: DEBUG neutron.notifiers.nova [None req-eba197bc-b852-4d8f-bd63-03bba657e92a None None] Ignoring state change previous_port_status: DOWN current_port_status: BUILD port_id fdfbd667-956c-4b90-bb49-1d492c6540a0 {{(pid=102319) record_port_status_changed /opt/stack/neutron/neutron/notifiers/nova.py:224}}
Nov 11 06:37:20.874452 dv-cinder-817514-1-iscsi neutron-server[102319]: DEBUG neutron.plugins.ml2.db [None req-eba197bc-b852-4d8f-bd63-03bba657e92a None None] For port fdfbd667-956c-4b90-bb49-1d492c6540a0, host hv-cinder-81751, got binding levels [PortBindingLevel(driver='hyperv',host='hv-cinder-81751',level=0,port_id=fdfbd667-956c-4b90-bb49-1d492c6540a0,segment=NetworkSegment(4e81ba39-7d99-4cbc-a601-bfad121177bf),segment_id=4e81ba39-7d99-4cbc-a601-bfad121177bf)] {{(pid=102319) get_binding_level_objs /opt/stack/neutron/neutron/plugins/ml2/db.py:74}}
Nov 11 06:37:20.895297 dv-cinder-817514-1-iscsi neutron-server[102318]: INFO neutron.wsgi [req-f0544041-9305-4a5a-91c4-6015014eccab req-16f564d0-d19c-4c7f-9271-42a3c9687000 tempest-DeleteServersTestJSON-1896549895 tempest-DeleteServersTestJSON-1896549895-project] 10.222.0.20 "GET /v2.0/security-groups?id=330bd5df-62d0-4f86-a04c-16eb1c7835e0&fields=id&fields=name HTTP/1.1" status: 200 len: 286 time: 0.0872045
Nov 11 06:37:20.981585 dv-cinder-817514-1-iscsi neutron-server[102319]: DEBUG neutron_lib.callbacks.manager [None req-eba197bc-b852-4d8f-bd63-03bba657e92a None None] Publish callbacks ['neutron.plugins.ml2.plugin.SecurityGroupServerNotifierRpcMixin._notify_sg_on_port_change-964562', 'neutron.plugins.ml2.ovo_rpc._ObjectChangeHandler.handle_event-93062', 'neutron.api.rpc.agentnotifiers.dhcp_rpc_agent_api.DhcpAgentNotifyAPI._native_event_send_dhcp_notification-16292007', 'neutron.db.l3_db.L3RpcNotifierMixin._notify_gateway_port_ip_changed-8744159297419', 'neutron.db.l3_dvrscheduler_db._notify_l3_agent_port_update-8744158853021', 'neutron.db.l3_hascheduler_db._notify_l3_agent_ha_port_update-8744158853039'] for port, after_update {{(pid=102319) _notify_loop /usr/local/lib/python3.8/dist-packages/neutron_lib/callbacks/manager.py:175}}
Nov 11 06:37:21.007702 dv-cinder-817514-1-iscsi neutron-server[102317]: DEBUG neutron_lib.callbacks.manager [None req-e4a12811-b3c5-4e6d-887b-7b6495b4b92e admin admin] Publish callbacks [] for security_group, precommit_delete {{(pid=102317) _notify_loop /usr/local/lib/python3.8/dist-packages/neutron_lib/callbacks/manager.py:175}}
Nov 11 06:37:21.048545 dv-cinder-817514-1-iscsi neutron-server[102319]: DEBUG neutron.api.rpc.handlers.resources_rpc [None req-eba197bc-b852-4d8f-bd63-03bba657e92a None None] Pushing event updated for resources: {'Port': ['ID=fdfbd667-956c-4b90-bb49-1d492c6540a0,revision_number=4']} {{(pid=102319) push /opt/stack/neutron/neutron/api/rpc/handlers/resources_rpc.py:237}}
Nov 11 06:37:21.132132 dv-cinder-817514-1-iscsi neutron-server[102317]: DEBUG neutron_lib.callbacks.manager [None req-e4a12811-b3c5-4e6d-887b-7b6495b4b92e admin admin] Publish callbacks ['neutron.plugins.ml2.ovo_rpc._ObjectChangeHandler.handle_event-16570590'] for security_group, after_delete {{(pid=102317) _notify_loop /usr/local/lib/python3.8/dist-packages/neutron_lib/callbacks/manager.py:175}}
Nov 11 06:37:21.136745 dv-cinder-817514-1-iscsi neutron-server[102317]: DEBUG neutron_lib.callbacks.manager [None req-e4a12811-b3c5-4e6d-887b-7b6495b4b92e admin admin] Publish callbacks [] for security_group, before_response {{(pid=102317) _notify_loop /usr/local/lib/python3.8/dist-packages/neutron_lib/callbacks/manager.py:175}}
Nov 11 06:37:21.140523 dv-cinder-817514-1-iscsi neutron-server[102317]: INFO neutron.wsgi [None req-e4a12811-b3c5-4e6d-887b-7b6495b4b92e admin admin] 10.222.0.20 "DELETE /v2.0/security-groups/b855f386-4722-4f88-ba91-b310773f153e HTTP/1.1" status: 204 len: 168 time: 0.4283020
Nov 11 06:37:21.149947 dv-cinder-817514-1-iscsi neutron-server[102317]: DEBUG neutron.api.rpc.handlers.resources_rpc [None req-e4a12811-b3c5-4e6d-887b-7b6495b4b92e admin admin] Pushing event deleted for resources: {'SecurityGroup': ['ID=b855f386-4722-4f88-ba91-b310773f153e,revision_number=None']} {{(pid=102317) push /opt/stack/neutron/neutron/api/rpc/handlers/resources_rpc.py:237}}
Nov 11 06:37:21.201246 dv-cinder-817514-1-iscsi neutron-server[102318]: DEBUG neutron.pecan_wsgi.hooks.policy_enforcement [req-c2ac242a-db41-4418-8f90-f77cca209ebd req-91c73019-85ca-4f4b-82a5-e7f89c204e4b tempest-AttachVolumeNegativeTest-1470071692 tempest-AttachVolumeNegativeTest-1470071692-project] Attributes excluded by policy engine: ['standard_attr_id', 'binding:profile', 'binding:host_id', 'binding:vif_type', 'binding:vif_details'] {{(pid=102318) _exclude_attributes_by_policy /opt/stack/neutron/neutron/pecan_wsgi/hooks/policy_enforcement.py:255}}
Nov 11 06:37:21.202764 dv-cinder-817514-1-iscsi neutron-server[102318]: INFO neutron.wsgi [req-c2ac242a-db41-4418-8f90-f77cca209ebd req-91c73019-85ca-4f4b-82a5-e7f89c204e4b tempest-AttachVolumeNegativeTest-1470071692 tempest-AttachVolumeNegativeTest-1470071692-project] 10.222.0.20 "GET /v2.0/ports?device_id=3ac26aea-2bf8-4965-ba46-0ae481a216fd HTTP/1.1" status: 200 len: 944 time: 0.0584214
Nov 11 06:37:21.252824 dv-cinder-817514-1-iscsi neutron-server[102318]: INFO neutron.wsgi [req-c2ac242a-db41-4418-8f90-f77cca209ebd req-04376965-b27d-4e2f-bccf-9e073eba2d97 tempest-AttachVolumeNegativeTest-1470071692 tempest-AttachVolumeNegativeTest-1470071692-project] 10.222.0.20 "GET /v2.0/security-groups?id=b8c3eda1-949d-41f5-b256-8e3acfcae568&fields=id&fields=name HTTP/1.1" status: 200 len: 286 time: 0.0421741
Nov 11 06:37:21.527777 dv-cinder-817514-1-iscsi neutron-server[102317]: DEBUG neutron.pecan_wsgi.hooks.policy_enforcement [req-7d91cbab-ede0-4688-b88c-41e76d141243 req-01e1cd34-a390-4788-b136-38abb0251d20 tempest-AttachVolumeTestJSON-1515742189 tempest-AttachVolumeTestJSON-1515742189-project] Attributes excluded by policy engine: ['standard_attr_id', 'binding:profile', 'binding:host_id', 'binding:vif_type', 'binding:vif_details'] {{(pid=102317) _exclude_attributes_by_policy /opt/stack/neutron/neutron/pecan_wsgi/hooks/policy_enforcement.py:255}}
Nov 11 06:37:21.530115 dv-cinder-817514-1-iscsi neutron-server[102317]: INFO neutron.wsgi [req-7d91cbab-ede0-4688-b88c-41e76d141243 req-01e1cd34-a390-4788-b136-38abb0251d20 tempest-AttachVolumeTestJSON-1515742189 tempest-AttachVolumeTestJSON-1515742189-project] 10.222.0.20 "GET /v2.0/ports?device_id=ae52d0e0-56d5-4ef6-85ee-b565a2c938c8 HTTP/1.1" status: 200 len: 944 time: 0.0934532
Nov 11 06:37:21.565226 dv-cinder-817514-1-iscsi neutron-server[102319]: DEBUG neutron_lib.callbacks.manager [None req-18bad43f-cdd1-45ff-a8ff-32611c0a817e None None] Publish callbacks ['neutron.services.segments.db._update_segment_host_mapping_for_agent-8744159202515', 'neutron.plugins.ml2.plugin.Ml2Plugin._retry_binding_revived_agents-917584'] for agent, after_update {{(pid=102319) _notify_loop /usr/local/lib/python3.8/dist-packages/neutron_lib/callbacks/manager.py:175}}
Nov 11 06:37:21.579060 dv-cinder-817514-1-iscsi neutron-server[102317]: INFO neutron.wsgi [req-7d91cbab-ede0-4688-b88c-41e76d141243 req-f3a62b1b-d494-433f-bb98-65a645376934 tempest-AttachVolumeTestJSON-1515742189 tempest-AttachVolumeTestJSON-1515742189-project] 10.222.0.20 "GET /v2.0/security-groups?id=5d56e5ca-0d3b-4916-bb25-4cad68f08d4c&fields=id&fields=name HTTP/1.1" status: 200 len: 313 time: 0.0426135
Nov 11 06:37:21.585612 dv-cinder-817514-1-iscsi neutron-server[102318]: DEBUG neutron.pecan_wsgi.hooks.policy_enforcement [req-213582b7-2f2d-44d5-be69-47fa4e030aa2 req-d144fa73-2087-4e6d-abeb-c5821f2276ef tempest-ServerRescueNegativeTestJSON-1227074045 tempest-ServerRescueNegativeTestJSON-1227074045-project] Attributes excluded by policy engine: ['standard_attr_id', 'binding:profile', 'binding:host_id', 'binding:vif_type', 'binding:vif_details'] {{(pid=102318) _exclude_attributes_by_policy /opt/stack/neutron/neutron/pecan_wsgi/hooks/policy_enforcement.py:255}}
Nov 11 06:37:21.587870 dv-cinder-817514-1-iscsi neutron-server[102318]: INFO neutron.wsgi [req-213582b7-2f2d-44d5-be69-47fa4e030aa2 req-d144fa73-2087-4e6d-abeb-c5821f2276ef tempest-ServerRescueNegativeTestJSON-1227074045 tempest-ServerRescueNegativeTestJSON-1227074045-project] 10.222.0.20 "GET /v2.0/ports?device_id=7cbaf4f3-a5c2-41fb-85fe-d413afde29a1 HTTP/1.1" status: 200 len: 945 time: 0.0481794
Nov 11 06:37:21.611622 dv-cinder-817514-1-iscsi neutron-server[102319]: DEBUG neutron.plugins.ml2.db [None req-eba197bc-b852-4d8f-bd63-03bba657e92a None None] get_ports_and_sgs() called for port_ids ['2eb4f18d-290c-4f53-8142-7d2977c66c07'] {{(pid=102319) get_ports_and_sgs /opt/stack/neutron/neutron/plugins/ml2/db.py:156}}
Nov 11 06:37:21.642354 dv-cinder-817514-1-iscsi neutron-server[102318]: INFO neutron.wsgi [req-213582b7-2f2d-44d5-be69-47fa4e030aa2 req-9c2bf2d3-7f7c-42f5-9c5c-a51b8c773fdb tempest-ServerRescueNegativeTestJSON-1227074045 tempest-ServerRescueNegativeTestJSON-1227074045-project] 10.222.0.20 "GET /v2.0/security-groups?id=8b8b5b14-85c4-44df-b38b-cf122ff61a29&fields=id&fields=name HTTP/1.1" status: 200 len: 286 time: 0.0486004
Nov 11 06:37:21.700913 dv-cinder-817514-1-iscsi neutron-server[102319]: DEBUG neutron.plugins.ml2.db [None req-eba197bc-b852-4d8f-bd63-03bba657e92a None None] get_ports_and_sgs() called for port_ids ['fdfbd667-956c-4b90-bb49-1d492c6540a0'] {{(pid=102319) get_ports_and_sgs /opt/stack/neutron/neutron/plugins/ml2/db.py:156}}
Nov 11 06:37:21.825198 dv-cinder-817514-1-iscsi neutron-server[102317]: DEBUG neutron.pecan_wsgi.hooks.policy_enforcement [req-2ae2f350-314a-4dfb-9b6a-5f47556776de req-35d3e025-8073-4074-8629-0b76a82d2946 tempest-AttachVolumeShelveTestJSON-1661694049 tempest-AttachVolumeShelveTestJSON-1661694049-project] Attributes excluded by policy engine: ['standard_attr_id', 'binding:profile', 'binding:host_id', 'binding:vif_type', 'binding:vif_details'] {{(pid=102317) _exclude_attributes_by_policy /opt/stack/neutron/neutron/pecan_wsgi/hooks/policy_enforcement.py:255}}
Nov 11 06:37:21.830364 dv-cinder-817514-1-iscsi neutron-server[102317]: INFO neutron.wsgi [req-2ae2f350-314a-4dfb-9b6a-5f47556776de req-35d3e025-8073-4074-8629-0b76a82d2946 tempest-AttachVolumeShelveTestJSON-1661694049 tempest-AttachVolumeShelveTestJSON-1661694049-project] 10.222.0.20 "GET /v2.0/ports?device_id=6abbc443-4060-45b7-af74-f513b06d8d29 HTTP/1.1" status: 200 len: 944 time: 0.0601747
Nov 11 06:37:21.884861 dv-cinder-817514-1-iscsi neutron-server[102317]: INFO neutron.wsgi [req-2ae2f350-314a-4dfb-9b6a-5f47556776de req-e295473b-34b6-4150-98ba-62d00d6c3e46 tempest-AttachVolumeShelveTestJSON-1661694049 tempest-AttachVolumeShelveTestJSON-1661694049-project] 10.222.0.20 "GET /v2.0/security-groups?id=6c4c2d25-aa22-4b6b-8ca2-fa70b5b176e8&fields=id&fields=name HTTP/1.1" status: 200 len: 312 time: 0.0451236
Nov 11 06:37:21.948360 dv-cinder-817514-1-iscsi neutron-server[102317]: DEBUG neutron.wsgi [-] (102317) accepted ('10.222.0.20', 49458) {{(pid=102317) server /usr/local/lib/python3.8/dist-packages/eventlet/wsgi.py:982}}
Nov 11 06:37:21.961305 dv-cinder-817514-1-iscsi neutron-server[102319]: DEBUG neutron.plugins.ml2.rpc [None req-eba197bc-b852-4d8f-bd63-03bba657e92a None None] Device 20004484-11f9-4d8e-99eb-9ac4360184b5 up at agent hyperv_hv-cinder-81751 {{(pid=102319) update_device_up /opt/stack/neutron/neutron/plugins/ml2/rpc.py:296}}
Nov 11 06:37:21.963963 dv-cinder-817514-1-iscsi neutron-server[102317]: DEBUG neutron_lib.callbacks.manager [None req-d17455ec-dd48-4a71-85ed-8b883d7dc7c2 admin admin] Publish callbacks [] for security_group, before_create {{(pid=102317) _notify_loop /usr/local/lib/python3.8/dist-packages/neutron_lib/callbacks/manager.py:175}}
Nov 11 06:37:22.020624 dv-cinder-817514-1-iscsi neutron-server[102318]: DEBUG neutron.pecan_wsgi.hooks.policy_enforcement [req-0a463abe-4bc3-4331-8d43-41508309299b req-1c74e1be-efa9-4576-acd5-bcd141d1a2ae tempest-DeleteServersTestJSON-1896549895 tempest-DeleteServersTestJSON-1896549895-project] Attributes excluded by policy engine: ['standard_attr_id', 'binding:profile', 'binding:host_id', 'binding:vif_type', 'binding:vif_details'] {{(pid=102318) _exclude_attributes_by_policy /opt/stack/neutron/neutron/pecan_wsgi/hooks/policy_enforcement.py:255}}
Nov 11 06:37:22.022644 dv-cinder-817514-1-iscsi neutron-server[102318]: INFO neutron.wsgi [req-0a463abe-4bc3-4331-8d43-41508309299b req-1c74e1be-efa9-4576-acd5-bcd141d1a2ae tempest-DeleteServersTestJSON-1896549895 tempest-DeleteServersTestJSON-1896549895-project] 10.222.0.20 "GET /v2.0/ports?device_id=67257a4d-d02e-40cb-9c99-f46569652b73 HTTP/1.1" status: 200 len: 944 time: 0.0553308
Nov 11 06:37:22.048319 dv-cinder-817514-1-iscsi neutron-server[102317]: DEBUG neutron_lib.callbacks.manager [None req-d17455ec-dd48-4a71-85ed-8b883d7dc7c2 admin admin] Publish callbacks [] for security_group, precommit_create {{(pid=102317) _notify_loop /usr/local/lib/python3.8/dist-packages/neutron_lib/callbacks/manager.py:175}}
Nov 11 06:37:22.072488 dv-cinder-817514-1-iscsi neutron-server[102318]: INFO neutron.wsgi [req-0a463abe-4bc3-4331-8d43-41508309299b req-cf1491f3-f682-4b12-b59e-57b7255023f0 tempest-DeleteServersTestJSON-1896549895 tempest-DeleteServersTestJSON-1896549895-project] 10.222.0.20 "GET /v2.0/security-groups?id=330bd5df-62d0-4f86-a04c-16eb1c7835e0&fields=id&fields=name HTTP/1.1" status: 200 len: 286 time: 0.0434084
Nov 11 06:37:22.382062 dv-cinder-817514-1-iscsi neutron-server[102317]: DEBUG neutron.pecan_wsgi.hooks.policy_enforcement [req-8cbb3f0e-65ce-429d-81dc-00e700bbba9d req-04a06d41-8172-4c2f-a3d8-b72cfbfa5e8f tempest-AttachVolumeNegativeTest-1470071692 tempest-AttachVolumeNegativeTest-1470071692-project] Attributes excluded by policy engine: ['standard_attr_id', 'binding:profile', 'binding:host_id', 'binding:vif_type', 'binding:vif_details'] {{(pid=102317) _exclude_attributes_by_policy /opt/stack/neutron/neutron/pecan_wsgi/hooks/policy_enforcement.py:255}}
Nov 11 06:37:22.396139 dv-cinder-817514-1-iscsi neutron-server[102317]: INFO neutron.wsgi [req-8cbb3f0e-65ce-429d-81dc-00e700bbba9d req-04a06d41-8172-4c2f-a3d8-b72cfbfa5e8f tempest-AttachVolumeNegativeTest-1470071692 tempest-AttachVolumeNegativeTest-1470071692-project] 10.222.0.20 "GET /v2.0/ports?device_id=3ac26aea-2bf8-4965-ba46-0ae481a216fd HTTP/1.1" status: 200 len: 944 time: 0.0472684
Nov 11 06:37:22.430023 dv-cinder-817514-1-iscsi neutron-server[102317]: INFO neutron.wsgi [req-8cbb3f0e-65ce-429d-81dc-00e700bbba9d req-79dcecfe-c228-4f79-b616-ff880ee47e01 tempest-AttachVolumeNegativeTest-1470071692 tempest-AttachVolumeNegativeTest-1470071692-project] 10.222.0.20 "GET /v2.0/security-groups?id=b8c3eda1-949d-41f5-b256-8e3acfcae568&fields=id&fields=name HTTP/1.1" status: 200 len: 286 time: 0.0405986
Nov 11 06:37:22.450803 dv-cinder-817514-1-iscsi neutron-server[102319]: DEBUG neutron.db.provisioning_blocks [None req-eba197bc-b852-4d8f-bd63-03bba657e92a None None] Provisioning for port 20004484-11f9-4d8e-99eb-9ac4360184b5 completed by entity L2. {{(pid=102319) provisioning_complete /opt/stack/neutron/neutron/db/provisioning_blocks.py:133}}
Nov 11 06:37:22.454984 dv-cinder-817514-1-iscsi neutron-server[102319]: DEBUG neutron.db.provisioning_blocks [None req-eba197bc-b852-4d8f-bd63-03bba657e92a None None] Provisioning complete for port 20004484-11f9-4d8e-99eb-9ac4360184b5 triggered by entity L2. {{(pid=102319) provisioning_complete /opt/stack/neutron/neutron/db/provisioning_blocks.py:139}}
Nov 11 06:37:22.455358 dv-cinder-817514-1-iscsi neutron-server[102319]: DEBUG neutron_lib.callbacks.manager [None req-eba197bc-b852-4d8f-bd63-03bba657e92a None None] Publish callbacks ['neutron.plugins.ml2.plugin.Ml2Plugin._port_provisioned-917537'] for port, provisioning_complete {{(pid=102319) _notify_loop /usr/local/lib/python3.8/dist-packages/neutron_lib/callbacks/manager.py:175}}
Nov 11 06:37:22.495537 dv-cinder-817514-1-iscsi neutron-server[102317]: DEBUG neutron_lib.callbacks.manager [None req-d17455ec-dd48-4a71-85ed-8b883d7dc7c2 admin admin] Publish callbacks ['neutron.plugins.ml2.ovo_rpc._ObjectChangeHandler.handle_event-16570590'] for security_group, after_create {{(pid=102317) _notify_loop /usr/local/lib/python3.8/dist-packages/neutron_lib/callbacks/manager.py:175}}
Nov 11 06:37:22.534852 dv-cinder-817514-1-iscsi neutron-server[102317]: DEBUG neutron.api.rpc.handlers.resources_rpc [None req-d17455ec-dd48-4a71-85ed-8b883d7dc7c2 admin admin] Pushing event updated for resources: {'SecurityGroup': ['ID=27eadc35-81c1-43f9-a725-cb7e6e5e2312,revision_number=1']} {{(pid=102317) push /opt/stack/neutron/neutron/api/rpc/handlers/resources_rpc.py:237}}
Nov 11 06:37:22.535895 dv-cinder-817514-1-iscsi neutron-server[102317]: INFO neutron.wsgi [None req-d17455ec-dd48-4a71-85ed-8b883d7dc7c2 admin admin] 10.222.0.20 "GET /v2.0/security-groups?tenant_id=fa3eece2e99f405d949a5975f911b6c5&name=default HTTP/1.1" status: 200 len: 2996 time: 0.5864596
Nov 11 06:37:22.538479 dv-cinder-817514-1-iscsi neutron-server[102317]: DEBUG neutron.wsgi [-] (102317) accepted ('10.222.0.20', 49464) {{(pid=102317) server /usr/local/lib/python3.8/dist-packages/eventlet/wsgi.py:982}}
Nov 11 06:37:22.549157 dv-cinder-817514-1-iscsi neutron-server[102319]: DEBUG neutron_lib.callbacks.manager [None req-eba197bc-b852-4d8f-bd63-03bba657e92a None None] Publish callbacks ['neutron.plugins.ml2.plugin.SecurityGroupDbMixin._ensure_default_security_group_handler-954473'] for port, before_update {{(pid=102319) _notify_loop /usr/local/lib/python3.8/dist-packages/neutron_lib/callbacks/manager.py:175}}
Nov 11 06:37:22.573497 dv-cinder-817514-1-iscsi neutron-server[102319]: DEBUG neutron.notifiers.nova [-] Sending events: [{'server_uuid': '7cbaf4f3-a5c2-41fb-85fe-d413afde29a1', 'name': 'network-vif-plugged', 'status': 'completed', 'tag': '20004484-11f9-4d8e-99eb-9ac4360184b5'}] {{(pid=102319) send_events /opt/stack/neutron/neutron/notifiers/nova.py:262}}
Nov 11 06:37:22.575649 dv-cinder-817514-1-iscsi neutron-server[102319]: DEBUG novaclient.v2.client [-] REQ: curl -g -i --cacert "/opt/stack/data/ca-bundle.pem" -X POST http://10.222.0.20/compute/v2.1/os-server-external-events -H "Accept: application/json" -H "Content-Type: application/json" -H "User-Agent: python-novaclient" -H "X-Auth-Token: {SHA256}7f4df4d51cfc68b3d0aa2989d8c5e40fc30f27aff43527506811220192cf3f16" -H "X-OpenStack-Nova-API-Version: 2.1" -H "X-OpenStack-Request-ID: req-64adff26-e3ef-4bec-8f03-d05f796474b2" -d '{"events": [{"server_uuid": "7cbaf4f3-a5c2-41fb-85fe-d413afde29a1", "name": "network-vif-plugged", "status": "completed", "tag": "20004484-11f9-4d8e-99eb-9ac4360184b5"}]}' {{(pid=102319) _http_log_request /usr/local/lib/python3.8/dist-packages/keystoneauth1/session.py:519}}
Nov 11 06:37:22.588667 dv-cinder-817514-1-iscsi neutron-server[102319]: DEBUG neutron.plugins.ml2.db [None req-eba197bc-b852-4d8f-bd63-03bba657e92a None None] For port 20004484-11f9-4d8e-99eb-9ac4360184b5, host hv-cinder-81751, got binding levels [PortBindingLevel(driver='hyperv',host='hv-cinder-81751',level=0,port_id=20004484-11f9-4d8e-99eb-9ac4360184b5,segment=NetworkSegment(f8769346-fc01-4977-b7d7-73900f31f199),segment_id=f8769346-fc01-4977-b7d7-73900f31f199)] {{(pid=102319) get_binding_level_objs /opt/stack/neutron/neutron/plugins/ml2/db.py:74}}
Nov 11 06:37:22.599967 dv-cinder-817514-1-iscsi neutron-server[102317]: DEBUG neutron_lib.callbacks.manager [None req-54aa8c56-94dc-4aa5-bbaf-48680136c919 admin admin] Publish callbacks [] for security_group, before_delete {{(pid=102317) _notify_loop /usr/local/lib/python3.8/dist-packages/neutron_lib/callbacks/manager.py:175}}
Nov 11 06:37:22.623699 dv-cinder-817514-1-iscsi neutron-server[102319]: DEBUG novaclient.v2.client [-] RESP: [200] Connection: close Content-Length: 183 Content-Type: application/json Date: Thu, 11 Nov 2021 06:37:22 GMT OpenStack-API-Version: compute 2.1 Server: Apache/2.4.41 (Ubuntu) Vary: OpenStack-API-Version,X-OpenStack-Nova-API-Version X-OpenStack-Nova-API-Version: 2.1 x-compute-request-id: req-ee004b9a-8619-40ee-ac06-d9520866d12b x-openstack-request-id: req-ee004b9a-8619-40ee-ac06-d9520866d12b {{(pid=102319) _http_log_response /usr/local/lib/python3.8/dist-packages/keystoneauth1/session.py:550}}
Nov 11 06:37:22.629112 dv-cinder-817514-1-iscsi neutron-server[102319]: DEBUG novaclient.v2.client [-] RESP BODY: {"events": [{"server_uuid": "7cbaf4f3-a5c2-41fb-85fe-d413afde29a1", "name": "network-vif-plugged", "status": "completed", "tag": "20004484-11f9-4d8e-99eb-9ac4360184b5", "code": 200}]} {{(pid=102319) _http_log_response /usr/local/lib/python3.8/dist-packages/keystoneauth1/session.py:582}}
