Feb 04 12:48:47.667879 dv-cinder-817351-9-iscsi devstack@c-api.service[115981]: DEBUG cinder.api.openstack.wsgi [None req-b2e2a202-0010-470c-a1ce-f924a162a237 tempest-VolumeTypesNegativeTest-810888516 tempest-VolumeTypesNegativeTest-810888516-project-admin] Empty body provided in request {{(pid=115981) get_body /opt/stack/cinder/cinder/api/openstack/wsgi.py:715}}
Feb 04 12:48:47.668780 dv-cinder-817351-9-iscsi devstack@c-api.service[115981]: DEBUG cinder.api.openstack.wsgi [None req-b2e2a202-0010-470c-a1ce-f924a162a237 tempest-VolumeTypesNegativeTest-810888516 tempest-VolumeTypesNegativeTest-810888516-project-admin] Calling method '_delete' {{(pid=115981) _process_stack /opt/stack/cinder/cinder/api/openstack/wsgi.py:868}}
Feb 04 12:48:47.678976 dv-cinder-817351-9-iscsi devstack@c-api.service[115982]: [pid: 115982|app: 0|req: 77/159] 10.222.0.26 () {60 vars in 1275 bytes} [Fri Feb 4 12:48:47 2022] GET /volume/v3/fe36f16c5d304e29928b1a0931ae2ed8/volumes/detail => generated 1012 bytes in 422 msecs (HTTP/1.1 200) 7 headers in 287 bytes (1 switches on core 0)
Feb 04 12:48:47.708571 dv-cinder-817351-9-iscsi devstack@c-api.service[115982]: INFO cinder.api.openstack.wsgi [None req-274061fc-ea14-49e1-9811-e400e7aef9c1 tempest-GroupSnapshotsV319Test-1380740345 tempest-GroupSnapshotsV319Test-1380740345-project] GET http://10.222.0.26/volume/v3/fe36f16c5d304e29928b1a0931ae2ed8/snapshots/detail
Feb 04 12:48:47.710888 dv-cinder-817351-9-iscsi devstack@c-api.service[115982]: DEBUG cinder.api.openstack.wsgi [None req-274061fc-ea14-49e1-9811-e400e7aef9c1 tempest-GroupSnapshotsV319Test-1380740345 tempest-GroupSnapshotsV319Test-1380740345-project] Empty body provided in request {{(pid=115982) get_body /opt/stack/cinder/cinder/api/openstack/wsgi.py:715}}
Feb 04 12:48:47.711720 dv-cinder-817351-9-iscsi devstack@c-api.service[115982]: DEBUG cinder.api.openstack.wsgi [None req-274061fc-ea14-49e1-9811-e400e7aef9c1 tempest-GroupSnapshotsV319Test-1380740345 tempest-GroupSnapshotsV319Test-1380740345-project] Calling method 'detail' {{(pid=115982) _process_stack /opt/stack/cinder/cinder/api/openstack/wsgi.py:868}}
Feb 04 12:48:47.712261 dv-cinder-817351-9-iscsi devstack@c-api.service[115982]: DEBUG cinder.api.api_utils [None req-274061fc-ea14-49e1-9811-e400e7aef9c1 tempest-GroupSnapshotsV319Test-1380740345 tempest-GroupSnapshotsV319Test-1380740345-project] Removing options '' from query. {{(pid=115982) remove_invalid_filter_options /opt/stack/cinder/cinder/api/api_utils.py:73}}
Feb 04 12:48:47.720433 dv-cinder-817351-9-iscsi devstack@c-api.service[115982]: DEBUG cinder.db.sqlalchemy.api [None req-274061fc-ea14-49e1-9811-e400e7aef9c1 tempest-GroupSnapshotsV319Test-1380740345 tempest-GroupSnapshotsV319Test-1380740345-project] Building query based on filter {{(pid=115982) _process_snaps_filters /opt/stack/cinder/cinder/db/sqlalchemy/api.py:3156}}
Feb 04 12:48:47.736440 dv-cinder-817351-9-iscsi devstack@c-api.service[115982]: INFO cinder.volume.api [None req-274061fc-ea14-49e1-9811-e400e7aef9c1 tempest-GroupSnapshotsV319Test-1380740345 tempest-GroupSnapshotsV319Test-1380740345-project] Get all snapshots completed successfully.
Feb 04 12:48:47.740382 dv-cinder-817351-9-iscsi devstack@c-api.service[115982]: INFO cinder.api.openstack.wsgi [None req-274061fc-ea14-49e1-9811-e400e7aef9c1 tempest-GroupSnapshotsV319Test-1380740345 tempest-GroupSnapshotsV319Test-1380740345-project] http://10.222.0.26/volume/v3/fe36f16c5d304e29928b1a0931ae2ed8/snapshots/detail returned with HTTP 200
Feb 04 12:48:47.760325 dv-cinder-817351-9-iscsi devstack@c-api.service[115982]: [pid: 115982|app: 0|req: 78/160] 10.222.0.26 () {58 vars in 1240 bytes} [Fri Feb 4 12:48:47 2022] GET /volume/v3/fe36f16c5d304e29928b1a0931ae2ed8/snapshots/detail => generated 17 bytes in 81 msecs (HTTP/1.1 200) 7 headers in 284 bytes (1 switches on core 0)
Feb 04 12:48:47.788655 dv-cinder-817351-9-iscsi devstack@c-api.service[115982]: INFO cinder.api.openstack.wsgi [None req-1987d04c-d8a2-4257-abcc-85f89dc73884 tempest-GroupSnapshotsV319Test-1380740345 tempest-GroupSnapshotsV319Test-1380740345-project] GET http://10.222.0.26/volume/v3/fe36f16c5d304e29928b1a0931ae2ed8/group_snapshots/5b892e20-5eab-4ca3-8423-fd19300636bb
Feb 04 12:48:47.789206 dv-cinder-817351-9-iscsi devstack@c-api.service[115982]: DEBUG cinder.api.openstack.wsgi [None req-1987d04c-d8a2-4257-abcc-85f89dc73884 tempest-GroupSnapshotsV319Test-1380740345 tempest-GroupSnapshotsV319Test-1380740345-project] Empty body provided in request {{(pid=115982) get_body /opt/stack/cinder/cinder/api/openstack/wsgi.py:715}}
Feb 04 12:48:47.796398 dv-cinder-817351-9-iscsi devstack@c-api.service[115982]: DEBUG cinder.api.openstack.wsgi [None req-1987d04c-d8a2-4257-abcc-85f89dc73884 tempest-GroupSnapshotsV319Test-1380740345 tempest-GroupSnapshotsV319Test-1380740345-project] Calling method 'version_select' {{(pid=115982) _process_stack /opt/stack/cinder/cinder/api/openstack/wsgi.py:868}}
Feb 04 12:48:47.796921 dv-cinder-817351-9-iscsi devstack@c-api.service[115982]: DEBUG cinder.api.v3.group_snapshots [None req-1987d04c-d8a2-4257-abcc-85f89dc73884 tempest-GroupSnapshotsV319Test-1380740345 tempest-GroupSnapshotsV319Test-1380740345-project] show called for member 5b892e20-5eab-4ca3-8423-fd19300636bb {{(pid=115982) show /opt/stack/cinder/cinder/api/v3/group_snapshots.py:58}}
Feb 04 12:48:47.810318 dv-cinder-817351-9-iscsi devstack@c-api.service[115981]: INFO cinder.api.openstack.wsgi [None req-b2e2a202-0010-470c-a1ce-f924a162a237 tempest-VolumeTypesNegativeTest-810888516 tempest-VolumeTypesNegativeTest-810888516-project-admin] http://10.222.0.26/volume/v3/ce76be5a90a24f9fb6af438c707c4208/types/eaa274e2-6675-4fc6-b3c8-bf6d49ecf2db returned with HTTP 202
Feb 04 12:48:47.811694 dv-cinder-817351-9-iscsi devstack@c-api.service[115981]: [pid: 115981|app: 0|req: 83/161] 10.222.0.26 () {58 vars in 1321 bytes} [Fri Feb 4 12:48:47 2022] DELETE /volume/v3/ce76be5a90a24f9fb6af438c707c4208/types/eaa274e2-6675-4fc6-b3c8-bf6d49ecf2db => generated 0 bytes in 165 msecs (HTTP/1.1 202) 6 headers in 233 bytes (1 switches on core 0)
Feb 04 12:48:47.818739 dv-cinder-817351-9-iscsi devstack@c-api.service[115982]: INFO cinder.api.openstack.wsgi [None req-1987d04c-d8a2-4257-abcc-85f89dc73884 tempest-GroupSnapshotsV319Test-1380740345 tempest-GroupSnapshotsV319Test-1380740345-project] http://10.222.0.26/volume/v3/fe36f16c5d304e29928b1a0931ae2ed8/group_snapshots/5b892e20-5eab-4ca3-8423-fd19300636bb returned with HTTP 404
Feb 04 12:48:47.819725 dv-cinder-817351-9-iscsi devstack@c-api.service[115981]: INFO cinder.api.openstack.wsgi [None req-ff3a73ea-b926-48c6-b62a-06c59b4b9be4 tempest-VolumeTypesNegativeTest-810888516 tempest-VolumeTypesNegativeTest-810888516-project-admin] GET http://10.222.0.26/volume/v3/ce76be5a90a24f9fb6af438c707c4208/types/eaa274e2-6675-4fc6-b3c8-bf6d49ecf2db
Feb 04 12:48:47.819851 dv-cinder-817351-9-iscsi devstack@c-api.service[115982]: [pid: 115982|app: 0|req: 79/162] 10.222.0.26 () {60 vars in 1389 bytes} [Fri Feb 4 12:48:47 2022] GET /volume/v3/fe36f16c5d304e29928b1a0931ae2ed8/group_snapshots/5b892e20-5eab-4ca3-8423-fd19300636bb => generated 116 bytes in 59 msecs (HTTP/1.1 404) 7 headers in 293 bytes (1 switches on core 0)
Feb 04 12:48:47.820552 dv-cinder-817351-9-iscsi devstack@c-api.service[115981]: DEBUG cinder.api.openstack.wsgi [None req-ff3a73ea-b926-48c6-b62a-06c59b4b9be4 tempest-VolumeTypesNegativeTest-810888516 tempest-VolumeTypesNegativeTest-810888516-project-admin] Empty body provided in request {{(pid=115981) get_body /opt/stack/cinder/cinder/api/openstack/wsgi.py:715}}
Feb 04 12:48:47.821143 dv-cinder-817351-9-iscsi devstack@c-api.service[115981]: DEBUG cinder.api.openstack.wsgi [None req-ff3a73ea-b926-48c6-b62a-06c59b4b9be4 tempest-VolumeTypesNegativeTest-810888516 tempest-VolumeTypesNegativeTest-810888516-project-admin] Calling method 'show' {{(pid=115981) _process_stack /opt/stack/cinder/cinder/api/openstack/wsgi.py:868}}
Feb 04 12:48:47.830831 dv-cinder-817351-9-iscsi devstack@c-api.service[115981]: INFO cinder.api.openstack.wsgi [None req-ff3a73ea-b926-48c6-b62a-06c59b4b9be4 tempest-VolumeTypesNegativeTest-810888516 tempest-VolumeTypesNegativeTest-810888516-project-admin] http://10.222.0.26/volume/v3/ce76be5a90a24f9fb6af438c707c4208/types/eaa274e2-6675-4fc6-b3c8-bf6d49ecf2db returned with HTTP 404
Feb 04 12:48:47.832333 dv-cinder-817351-9-iscsi devstack@c-api.service[115981]: [pid: 115981|app: 0|req: 84/163] 10.222.0.26 () {58 vars in 1318 bytes} [Fri Feb 4 12:48:47 2022] GET /volume/v3/ce76be5a90a24f9fb6af438c707c4208/types/eaa274e2-6675-4fc6-b3c8-bf6d49ecf2db => generated 114 bytes in 17 msecs (HTTP/1.1 404) 7 headers in 292 bytes (2 switches on core 0)
Feb 04 12:48:47.842320 dv-cinder-817351-9-iscsi devstack@c-api.service[115982]: INFO cinder.api.openstack.wsgi [None req-9b3d4dc9-9a0b-4c36-926d-1ce509ae70a3 tempest-GroupSnapshotsV319Test-1380740345 tempest-GroupSnapshotsV319Test-1380740345-project] GET http://10.222.0.26/volume/v3/fe36f16c5d304e29928b1a0931ae2ed8/volumes/detail
Feb 04 12:48:47.843081 dv-cinder-817351-9-iscsi devstack@c-api.service[115982]: DEBUG cinder.api.openstack.wsgi [None req-9b3d4dc9-9a0b-4c36-926d-1ce509ae70a3 tempest-GroupSnapshotsV319Test-1380740345 tempest-GroupSnapshotsV319Test-1380740345-project] Empty body provided in request {{(pid=115982) get_body /opt/stack/cinder/cinder/api/openstack/wsgi.py:715}}
Feb 04 12:48:47.843553 dv-cinder-817351-9-iscsi devstack@c-api.service[115982]: DEBUG cinder.api.openstack.wsgi [None req-9b3d4dc9-9a0b-4c36-926d-1ce509ae70a3 tempest-GroupSnapshotsV319Test-1380740345 tempest-GroupSnapshotsV319Test-1380740345-project] Calling method 'detail' {{(pid=115982) _process_stack /opt/stack/cinder/cinder/api/openstack/wsgi.py:868}}
Feb 04 12:48:47.844217 dv-cinder-817351-9-iscsi devstack@c-api.service[115982]: DEBUG cinder.api.api_utils [None req-9b3d4dc9-9a0b-4c36-926d-1ce509ae70a3 tempest-GroupSnapshotsV319Test-1380740345 tempest-GroupSnapshotsV319Test-1380740345-project] Removing options '' from query. {{(pid=115982) remove_invalid_filter_options /opt/stack/cinder/cinder/api/api_utils.py:73}}
Feb 04 12:48:47.869591 dv-cinder-817351-9-iscsi devstack@c-api.service[115982]: DEBUG cinder.volume.api [None req-9b3d4dc9-9a0b-4c36-926d-1ce509ae70a3 tempest-GroupSnapshotsV319Test-1380740345 tempest-GroupSnapshotsV319Test-1380740345-project] Searching by: MultiDict([('no_migration_targets', True)]). {{(pid=115982) get_all /opt/stack/cinder/cinder/volume/api.py:661}}
Feb 04 12:48:47.954984 dv-cinder-817351-9-iscsi devstack@c-api.service[115981]: INFO cinder.api.openstack.wsgi [None req-ab49060f-48db-425f-9e5c-e60ed469a910 tempest-GroupsV320Test-1988562956 tempest-GroupsV320Test-1988562956-project] GET http://10.222.0.26/volume/v3/cb4d6b1efeee4728bed2e7621b81582e/groups/3457e2a8-406c-4285-9fb6-c643bc338757
Feb 04 12:48:47.955646 dv-cinder-817351-9-iscsi devstack@c-api.service[115981]: DEBUG cinder.api.openstack.wsgi [None req-ab49060f-48db-425f-9e5c-e60ed469a910 tempest-GroupsV320Test-1988562956 tempest-GroupsV320Test-1988562956-project] Empty body provided in request {{(pid=115981) get_body /opt/stack/cinder/cinder/api/openstack/wsgi.py:715}}
Feb 04 12:48:47.956107 dv-cinder-817351-9-iscsi devstack@c-api.service[115981]: DEBUG cinder.api.openstack.wsgi [None req-ab49060f-48db-425f-9e5c-e60ed469a910 tempest-GroupsV320Test-1988562956 tempest-GroupsV320Test-1988562956-project] Calling method 'version_select' {{(pid=115981) _process_stack /opt/stack/cinder/cinder/api/openstack/wsgi.py:868}}
Feb 04 12:48:47.956453 dv-cinder-817351-9-iscsi devstack@c-api.service[115981]: DEBUG cinder.api.v3.groups [None req-ab49060f-48db-425f-9e5c-e60ed469a910 tempest-GroupsV320Test-1988562956 tempest-GroupsV320Test-1988562956-project] show called for member 3457e2a8-406c-4285-9fb6-c643bc338757 {{(pid=115981) show /opt/stack/cinder/cinder/api/v3/groups.py:58}}
Feb 04 12:48:47.966334 dv-cinder-817351-9-iscsi devstack@c-api.service[115981]: /usr/local/lib/python3.8/dist-packages/oslo_context/context.py:105: DeprecationWarning: Policy enforcement is depending on the value of is_admin. This key is deprecated. Please update your policy file to use the standard policy values.
Feb 04 12:48:47.966334 dv-cinder-817351-9-iscsi devstack@c-api.service[115981]: warnings.warn('Policy enforcement is depending on the value of '
Feb 04 12:48:48.035036 dv-cinder-817351-9-iscsi devstack@c-api.service[115981]: INFO cinder.api.openstack.wsgi [None req-ab49060f-48db-425f-9e5c-e60ed469a910 tempest-GroupsV320Test-1988562956 tempest-GroupsV320Test-1988562956-project] http://10.222.0.26/volume/v3/cb4d6b1efeee4728bed2e7621b81582e/groups/3457e2a8-406c-4285-9fb6-c643bc338757 returned with HTTP 200
Feb 04 12:48:48.035642 dv-cinder-817351-9-iscsi devstack@c-api.service[115981]: [pid: 115981|app: 0|req: 85/164] 10.222.0.26 () {60 vars in 1362 bytes} [Fri Feb 4 12:48:47 2022] GET /volume/v3/cb4d6b1efeee4728bed2e7621b81582e/groups/3457e2a8-406c-4285-9fb6-c643bc338757 => generated 389 bytes in 86 msecs (HTTP/1.1 200) 7 headers in 286 bytes (2 switches on core 0)
Feb 04 12:48:48.049004 dv-cinder-817351-9-iscsi devstack@c-api.service[115981]: INFO cinder.api.openstack.wsgi [None req-de5a2857-3c35-45d0-8edc-c898a8aa6939 tempest-GroupsV320Test-896502831 tempest-GroupsV320Test-896502831-project-admin] POST http://10.222.0.26/volume/v3/914eaa83cb6f4211842c47d656054d7f/groups/3457e2a8-406c-4285-9fb6-c643bc338757/action
Feb 04 12:48:48.052696 dv-cinder-817351-9-iscsi devstack@c-api.service[115981]: DEBUG cinder.api.openstack.wsgi [None req-de5a2857-3c35-45d0-8edc-c898a8aa6939 tempest-GroupsV320Test-896502831 tempest-GroupsV320Test-896502831-project-admin] Action body: b'{"reset_status": {"status": "creating"}}' {{(pid=115981) get_method /opt/stack/cinder/cinder/api/openstack/wsgi.py:983}}
Feb 04 12:48:48.054858 dv-cinder-817351-9-iscsi devstack@c-api.service[115981]: DEBUG cinder.api.openstack.wsgi [None req-de5a2857-3c35-45d0-8edc-c898a8aa6939 tempest-GroupsV320Test-896502831 tempest-GroupsV320Test-896502831-project-admin] Action: 'action', calling method: version_select, body: {"reset_status": {"status": "creating"}} {{(pid=115981) _process_stack /opt/stack/cinder/cinder/api/openstack/wsgi.py:866}}
Feb 04 12:48:48.062756 dv-cinder-817351-9-iscsi devstack@c-api.service[115981]: DEBUG cinder.api.v3.groups [None req-de5a2857-3c35-45d0-8edc-c898a8aa6939 tempest-GroupsV320Test-896502831 tempest-GroupsV320Test-896502831-project-admin] Updating group '3457e2a8-406c-4285-9fb6-c643bc338757' with 'creating' {{(pid=115981) _reset_status /opt/stack/cinder/cinder/api/v3/groups.py:82}}
Feb 04 12:48:48.069875 dv-cinder-817351-9-iscsi devstack@c-api.service[115982]: INFO cinder.volume.api [None req-9b3d4dc9-9a0b-4c36-926d-1ce509ae70a3 tempest-GroupSnapshotsV319Test-1380740345 tempest-GroupSnapshotsV319Test-1380740345-project] Get all volumes completed successfully.
Feb 04 12:48:48.069875 dv-cinder-817351-9-iscsi devstack@c-api.service[115982]: WARNING stevedore.named [None req-9b3d4dc9-9a0b-4c36-926d-1ce509ae70a3 tempest-GroupSnapshotsV319Test-1380740345 tempest-GroupSnapshotsV319Test-1380740345-project] Could not load cinder.keymgr.conf_key_mgr.ConfKeyManager
Feb 04 12:48:48.071952 dv-cinder-817351-9-iscsi devstack@c-api.service[115982]: WARNING castellan.key_manager [None req-9b3d4dc9-9a0b-4c36-926d-1ce509ae70a3 tempest-GroupSnapshotsV319Test-1380740345 tempest-GroupSnapshotsV319Test-1380740345-project] Deprecation Warning : cinder.keymgr.conf_key_mgr.ConfKeyManager is not a stevedore based driver, trying to load it as a class: stevedore.exception.NoMatches: No 'castellan.drivers' driver found, looking for 'cinder.keymgr.conf_key_mgr.ConfKeyManager'
Feb 04 12:48:48.086833 dv-cinder-817351-9-iscsi devstack@c-api.service[115982]: DEBUG oslo_db.sqlalchemy.engines [None req-9b3d4dc9-9a0b-4c36-926d-1ce509ae70a3 tempest-GroupSnapshotsV319Test-1380740345 tempest-GroupSnapshotsV319Test-1380740345-project] MySQL server mode set to STRICT_TRANS_TABLES,STRICT_ALL_TABLES,NO_ZERO_IN_DATE,NO_ZERO_DATE,ERROR_FOR_DIVISION_BY_ZERO,TRADITIONAL,NO_ENGINE_SUBSTITUTION {{(pid=115982) _check_effective_sql_mode /usr/local/lib/python3.8/dist-packages/oslo_db/sqlalchemy/engines.py:314}}
Feb 04 12:48:48.095565 dv-cinder-817351-9-iscsi devstack@c-api.service[115981]: /usr/local/lib/python3.8/dist-packages/oslo_context/context.py:105: DeprecationWarning: Policy enforcement is depending on the value of is_admin. This key is deprecated. Please update your policy file to use the standard policy values.
Feb 04 12:48:48.095565 dv-cinder-817351-9-iscsi devstack@c-api.service[115981]: warnings.warn('Policy enforcement is depending on the value of '
Feb 04 12:48:48.099963 dv-cinder-817351-9-iscsi devstack@c-api.service[115982]: /usr/local/lib/python3.8/dist-packages/oslo_context/context.py:105: DeprecationWarning: Policy enforcement is depending on the value of is_admin. This key is deprecated. Please update your policy file to use the standard policy values.
Feb 04 12:48:48.099963 dv-cinder-817351-9-iscsi devstack@c-api.service[115982]: warnings.warn('Policy enforcement is depending on the value of '
Feb 04 12:48:48.147466 dv-cinder-817351-9-iscsi devstack@c-api.service[115982]: INFO cinder.api.openstack.wsgi [None req-9b3d4dc9-9a0b-4c36-926d-1ce509ae70a3 tempest-GroupSnapshotsV319Test-1380740345 tempest-GroupSnapshotsV319Test-1380740345-project] http://10.222.0.26/volume/v3/fe36f16c5d304e29928b1a0931ae2ed8/volumes/detail returned with HTTP 200
Feb 04 12:48:48.147706 dv-cinder-817351-9-iscsi devstack@c-api.service[115981]: INFO cinder.api.openstack.wsgi [None req-de5a2857-3c35-45d0-8edc-c898a8aa6939 tempest-GroupsV320Test-896502831 tempest-GroupsV320Test-896502831-project-admin] http://10.222.0.26/volume/v3/914eaa83cb6f4211842c47d656054d7f/groups/3457e2a8-406c-4285-9fb6-c643bc338757/action returned with HTTP 202
Feb 04 12:48:48.149337 dv-cinder-817351-9-iscsi devstack@c-api.service[115981]: [pid: 115981|app: 0|req: 86/165] 10.222.0.26 () {62 vars in 1404 bytes} [Fri Feb 4 12:48:48 2022] POST /volume/v3/914eaa83cb6f4211842c47d656054d7f/groups/3457e2a8-406c-4285-9fb6-c643bc338757/action => generated 0 bytes in 113 msecs (HTTP/1.1 202) 6 headers in 234 bytes (1 switches on core 0)
Feb 04 12:48:48.150186 dv-cinder-817351-9-iscsi devstack@c-api.service[115982]: [pid: 115982|app: 0|req: 80/166] 10.222.0.26 () {60 vars in 1275 bytes} [Fri Feb 4 12:48:47 2022] GET /volume/v3/fe36f16c5d304e29928b1a0931ae2ed8/volumes/detail => generated 1012 bytes in 322 msecs (HTTP/1.1 200) 7 headers in 287 bytes (1 switches on core 0)
Feb 04 12:48:48.159682 dv-cinder-817351-9-iscsi devstack@c-api.service[115981]: INFO cinder.api.openstack.wsgi [None req-63ac36bf-17b7-4cf6-bd60-f7c63d30782f tempest-GroupsV320Test-1988562956 tempest-GroupsV320Test-1988562956-project] GET http://10.222.0.26/volume/v3/cb4d6b1efeee4728bed2e7621b81582e/groups/3457e2a8-406c-4285-9fb6-c643bc338757
Feb 04 12:48:48.160319 dv-cinder-817351-9-iscsi devstack@c-api.service[115981]: DEBUG cinder.api.openstack.wsgi [None req-63ac36bf-17b7-4cf6-bd60-f7c63d30782f tempest-GroupsV320Test-1988562956 tempest-GroupsV320Test-1988562956-project] Empty body provided in request {{(pid=115981) get_body /opt/stack/cinder/cinder/api/openstack/wsgi.py:715}}
Feb 04 12:48:48.161061 dv-cinder-817351-9-iscsi devstack@c-api.service[115981]: DEBUG cinder.api.openstack.wsgi [None req-63ac36bf-17b7-4cf6-bd60-f7c63d30782f tempest-GroupsV320Test-1988562956 tempest-GroupsV320Test-1988562956-project] Calling method 'version_select' {{(pid=115981) _process_stack /opt/stack/cinder/cinder/api/openstack/wsgi.py:868}}
Feb 04 12:48:48.166321 dv-cinder-817351-9-iscsi devstack@c-api.service[115981]: DEBUG cinder.api.v3.groups [None req-63ac36bf-17b7-4cf6-bd60-f7c63d30782f tempest-GroupsV320Test-1988562956 tempest-GroupsV320Test-1988562956-project] show called for member 3457e2a8-406c-4285-9fb6-c643bc338757 {{(pid=115981) show /opt/stack/cinder/cinder/api/v3/groups.py:58}}
Feb 04 12:48:48.179615 dv-cinder-817351-9-iscsi devstack@c-api.service[115982]: INFO cinder.api.openstack.wsgi [None req-666fee37-fc89-4b2c-9818-2b28b5c022bb tempest-GroupSnapshotsV319Test-1380740345 tempest-GroupSnapshotsV319Test-1380740345-project] POST http://10.222.0.26/volume/v3/fe36f16c5d304e29928b1a0931ae2ed8/groups/3d75f6f7-e679-4e8f-9187-57e3d61c50bd/action
Feb 04 12:48:48.189572 dv-cinder-817351-9-iscsi devstack@c-api.service[115981]: /usr/local/lib/python3.8/dist-packages/oslo_context/context.py:105: DeprecationWarning: Policy enforcement is depending on the value of is_admin. This key is deprecated. Please update your policy file to use the standard policy values.
Feb 04 12:48:48.189572 dv-cinder-817351-9-iscsi devstack@c-api.service[115981]: warnings.warn('Policy enforcement is depending on the value of '
Feb 04 12:48:48.205121 dv-cinder-817351-9-iscsi devstack@c-api.service[115982]: DEBUG cinder.api.openstack.wsgi [None req-666fee37-fc89-4b2c-9818-2b28b5c022bb tempest-GroupSnapshotsV319Test-1380740345 tempest-GroupSnapshotsV319Test-1380740345-project] Action body: b'{"delete": {"delete-volumes": true}}' {{(pid=115982) get_method /opt/stack/cinder/cinder/api/openstack/wsgi.py:983}}
Feb 04 12:48:48.205291 dv-cinder-817351-9-iscsi devstack@c-api.service[115982]: DEBUG cinder.api.openstack.wsgi [None req-666fee37-fc89-4b2c-9818-2b28b5c022bb tempest-GroupSnapshotsV319Test-1380740345 tempest-GroupSnapshotsV319Test-1380740345-project] Action: 'action', calling method: version_select, body: {"delete": {"delete-volumes": true}} {{(pid=115982) _process_stack /opt/stack/cinder/cinder/api/openstack/wsgi.py:866}}
Feb 04 12:48:48.212462 dv-cinder-817351-9-iscsi devstack@c-api.service[115982]: DEBUG cinder.api.v3.groups [None req-666fee37-fc89-4b2c-9818-2b28b5c022bb tempest-GroupSnapshotsV319Test-1380740345 tempest-GroupSnapshotsV319Test-1380740345-project] delete called for group 3d75f6f7-e679-4e8f-9187-57e3d61c50bd {{(pid=115982) _delete /opt/stack/cinder/cinder/api/v3/groups.py:117}}
Feb 04 12:48:48.212817 dv-cinder-817351-9-iscsi devstack@c-api.service[115982]: INFO cinder.api.v3.groups [None req-666fee37-fc89-4b2c-9818-2b28b5c022bb tempest-GroupSnapshotsV319Test-1380740345 tempest-GroupSnapshotsV319Test-1380740345-project] Delete group with id: 3d75f6f7-e679-4e8f-9187-57e3d61c50bd
Feb 04 12:48:48.220497 dv-cinder-817351-9-iscsi devstack@c-api.service[115982]: /usr/local/lib/python3.8/dist-packages/oslo_context/context.py:105: DeprecationWarning: Policy enforcement is depending on the value of is_admin. This key is deprecated. Please update your policy file to use the standard policy values.
Feb 04 12:48:48.220497 dv-cinder-817351-9-iscsi devstack@c-api.service[115982]: warnings.warn('Policy enforcement is depending on the value of '
Feb 04 12:48:48.245047 dv-cinder-817351-9-iscsi devstack@c-api.service[115981]: INFO cinder.api.openstack.wsgi [None req-63ac36bf-17b7-4cf6-bd60-f7c63d30782f tempest-GroupsV320Test-1988562956 tempest-GroupsV320Test-1988562956-project] http://10.222.0.26/volume/v3/cb4d6b1efeee4728bed2e7621b81582e/groups/3457e2a8-406c-4285-9fb6-c643bc338757 returned with HTTP 200
Feb 04 12:48:48.249509 dv-cinder-817351-9-iscsi devstack@c-api.service[115981]: [pid: 115981|app: 0|req: 87/167] 10.222.0.26 () {60 vars in 1362 bytes} [Fri Feb 4 12:48:48 2022] GET /volume/v3/cb4d6b1efeee4728bed2e7621b81582e/groups/3457e2a8-406c-4285-9fb6-c643bc338757 => generated 388 bytes in 96 msecs (HTTP/1.1 200) 7 headers in 286 bytes (2 switches on core 0)
Feb 04 12:48:48.261780 dv-cinder-817351-9-iscsi devstack@c-api.service[115981]: INFO cinder.api.openstack.wsgi [None req-46282476-22d2-47e5-bc9f-af026f0bde23 tempest-GroupsV320Test-896502831 tempest-GroupsV320Test-896502831-project-admin] POST http://10.222.0.26/volume/v3/914eaa83cb6f4211842c47d656054d7f/groups/3457e2a8-406c-4285-9fb6-c643bc338757/action
Feb 04 12:48:48.263313 dv-cinder-817351-9-iscsi devstack@c-api.service[115981]: DEBUG cinder.api.openstack.wsgi [None req-46282476-22d2-47e5-bc9f-af026f0bde23 tempest-GroupsV320Test-896502831 tempest-GroupsV320Test-896502831-project-admin] Action body: b'{"reset_status": {"status": "available"}}' {{(pid=115981) get_method /opt/stack/cinder/cinder/api/openstack/wsgi.py:983}}
Feb 04 12:48:48.265085 dv-cinder-817351-9-iscsi devstack@c-api.service[115981]: DEBUG cinder.api.openstack.wsgi [None req-46282476-22d2-47e5-bc9f-af026f0bde23 tempest-GroupsV320Test-896502831 tempest-GroupsV320Test-896502831-project-admin] Action: 'action', calling method: reset_status, body: {"reset_status": {"status": "available"}} {{(pid=115981) _process_stack /opt/stack/cinder/cinder/api/openstack/wsgi.py:866}}
Feb 04 12:48:48.268499 dv-cinder-817351-9-iscsi devstack@c-api.service[115981]: DEBUG cinder.api.v3.groups [None req-46282476-22d2-47e5-bc9f-af026f0bde23 tempest-GroupsV320Test-896502831 tempest-GroupsV320Test-896502831-project-admin] Updating group '3457e2a8-406c-4285-9fb6-c643bc338757' with 'available' {{(pid=115981) _reset_status /opt/stack/cinder/cinder/api/v3/groups.py:82}}
Feb 04 12:48:48.287097 dv-cinder-817351-9-iscsi devstack@c-api.service[115981]: /usr/local/lib/python3.8/dist-packages/oslo_context/context.py:105: DeprecationWarning: Policy enforcement is depending on the value of is_admin. This key is deprecated. Please update your policy file to use the standard policy values.
Feb 04 12:48:48.287097 dv-cinder-817351-9-iscsi devstack@c-api.service[115981]: warnings.warn('Policy enforcement is depending on the value of '
Feb 04 12:48:48.320241 dv-cinder-817351-9-iscsi devstack@c-api.service[115981]: INFO cinder.api.openstack.wsgi [None req-46282476-22d2-47e5-bc9f-af026f0bde23 tempest-GroupsV320Test-896502831 tempest-GroupsV320Test-896502831-project-admin] http://10.222.0.26/volume/v3/914eaa83cb6f4211842c47d656054d7f/groups/3457e2a8-406c-4285-9fb6-c643bc338757/action returned with HTTP 202
Feb 04 12:48:48.325107 dv-cinder-817351-9-iscsi devstack@c-api.service[115981]: [pid: 115981|app: 0|req: 88/168] 10.222.0.26 () {62 vars in 1404 bytes} [Fri Feb 4 12:48:48 2022] POST /volume/v3/914eaa83cb6f4211842c47d656054d7f/groups/3457e2a8-406c-4285-9fb6-c643bc338757/action => generated 0 bytes in 68 msecs (HTTP/1.1 202) 6 headers in 234 bytes (1 switches on core 0)
Feb 04 12:48:48.347310 dv-cinder-817351-9-iscsi devstack@c-api.service[115981]: INFO cinder.api.openstack.wsgi [None req-1fd10e3d-8bc3-43b7-971b-6a597b5872ee tempest-GroupsV320Test-1988562956 tempest-GroupsV320Test-1988562956-project] GET http://10.222.0.26/volume/v3/cb4d6b1efeee4728bed2e7621b81582e/groups/3457e2a8-406c-4285-9fb6-c643bc338757
Feb 04 12:48:48.349531 dv-cinder-817351-9-iscsi devstack@c-api.service[115981]: DEBUG cinder.api.openstack.wsgi [None req-1fd10e3d-8bc3-43b7-971b-6a597b5872ee tempest-GroupsV320Test-1988562956 tempest-GroupsV320Test-1988562956-project] Empty body provided in request {{(pid=115981) get_body /opt/stack/cinder/cinder/api/openstack/wsgi.py:715}}
Feb 04 12:48:48.350011 dv-cinder-817351-9-iscsi devstack@c-api.service[115981]: DEBUG cinder.api.openstack.wsgi [None req-1fd10e3d-8bc3-43b7-971b-6a597b5872ee tempest-GroupsV320Test-1988562956 tempest-GroupsV320Test-1988562956-project] Calling method 'version_select' {{(pid=115981) _process_stack /opt/stack/cinder/cinder/api/openstack/wsgi.py:868}}
Feb 04 12:48:48.350368 dv-cinder-817351-9-iscsi devstack@c-api.service[115981]: DEBUG cinder.api.v3.groups [None req-1fd10e3d-8bc3-43b7-971b-6a597b5872ee tempest-GroupsV320Test-1988562956 tempest-GroupsV320Test-1988562956-project] show called for member 3457e2a8-406c-4285-9fb6-c643bc338757 {{(pid=115981) show /opt/stack/cinder/cinder/api/v3/groups.py:58}}
Feb 04 12:48:48.363500 dv-cinder-817351-9-iscsi devstack@c-api.service[115981]: /usr/local/lib/python3.8/dist-packages/oslo_context/context.py:105: DeprecationWarning: Policy enforcement is depending on the value of is_admin. This key is deprecated. Please update your policy file to use the standard policy values.
Feb 04 12:48:48.363500 dv-cinder-817351-9-iscsi devstack@c-api.service[115981]: warnings.warn('Policy enforcement is depending on the value of '
Feb 04 12:48:48.424897 dv-cinder-817351-9-iscsi devstack@c-api.service[115982]: INFO cinder.api.openstack.wsgi [None req-666fee37-fc89-4b2c-9818-2b28b5c022bb tempest-GroupSnapshotsV319Test-1380740345 tempest-GroupSnapshotsV319Test-1380740345-project] http://10.222.0.26/volume/v3/fe36f16c5d304e29928b1a0931ae2ed8/groups/3d75f6f7-e679-4e8f-9187-57e3d61c50bd/action returned with HTTP 202
Feb 04 12:48:48.431038 dv-cinder-817351-9-iscsi devstack@c-api.service[115982]: [pid: 115982|app: 0|req: 81/169] 10.222.0.26 () {62 vars in 1404 bytes} [Fri Feb 4 12:48:48 2022] POST /volume/v3/fe36f16c5d304e29928b1a0931ae2ed8/groups/3d75f6f7-e679-4e8f-9187-57e3d61c50bd/action => generated 0 bytes in 265 msecs (HTTP/1.1 202) 6 headers in 234 bytes (1 switches on core 0)
Feb 04 12:48:48.431698 dv-cinder-817351-9-iscsi devstack@c-api.service[115981]: INFO cinder.api.openstack.wsgi [None req-1fd10e3d-8bc3-43b7-971b-6a597b5872ee tempest-GroupsV320Test-1988562956 tempest-GroupsV320Test-1988562956-project] http://10.222.0.26/volume/v3/cb4d6b1efeee4728bed2e7621b81582e/groups/3457e2a8-406c-4285-9fb6-c643bc338757 returned with HTTP 200
Feb 04 12:48:48.445233 dv-cinder-817351-9-iscsi devstack@c-api.service[115982]: INFO cinder.api.openstack.wsgi [None req-271b5ec0-7c34-4638-b60c-c0808374a50c tempest-GroupSnapshotsV319Test-1380740345 tempest-GroupSnapshotsV319Test-1380740345-project] GET http://10.222.0.26/volume/v3/fe36f16c5d304e29928b1a0931ae2ed8/volumes/981f94a4-03b0-41af-95fc-a2fb7cf11458
Feb 04 12:48:48.445742 dv-cinder-817351-9-iscsi devstack@c-api.service[115982]: DEBUG cinder.api.openstack.wsgi [None req-271b5ec0-7c34-4638-b60c-c0808374a50c tempest-GroupSnapshotsV319Test-1380740345 tempest-GroupSnapshotsV319Test-1380740345-project] Empty body provided in request {{(pid=115982) get_body /opt/stack/cinder/cinder/api/openstack/wsgi.py:715}}
Feb 04 12:48:48.446208 dv-cinder-817351-9-iscsi devstack@c-api.service[115982]: DEBUG cinder.api.openstack.wsgi [None req-271b5ec0-7c34-4638-b60c-c0808374a50c tempest-GroupSnapshotsV319Test-1380740345 tempest-GroupSnapshotsV319Test-1380740345-project] Calling method 'show' {{(pid=115982) _process_stack /opt/stack/cinder/cinder/api/openstack/wsgi.py:868}}
Feb 04 12:48:48.448521 dv-cinder-817351-9-iscsi devstack@c-api.service[115981]: [pid: 115981|app: 0|req: 89/170] 10.222.0.26 () {60 vars in 1362 bytes} [Fri Feb 4 12:48:48 2022] GET /volume/v3/cb4d6b1efeee4728bed2e7621b81582e/groups/3457e2a8-406c-4285-9fb6-c643bc338757 => generated 389 bytes in 116 msecs (HTTP/1.1 200) 7 headers in 286 bytes (1 switches on core 0)
Feb 04 12:48:48.454269 dv-cinder-817351-9-iscsi devstack@c-api.service[115981]: INFO cinder.api.openstack.wsgi [None req-02b9140e-7125-4e89-954d-3c188c388425 tempest-GroupsV320Test-896502831 tempest-GroupsV320Test-896502831-project-admin] POST http://10.222.0.26/volume/v3/914eaa83cb6f4211842c47d656054d7f/groups/3457e2a8-406c-4285-9fb6-c643bc338757/action
Feb 04 12:48:48.455214 dv-cinder-817351-9-iscsi devstack@c-api.service[115981]: DEBUG cinder.api.openstack.wsgi [None req-02b9140e-7125-4e89-954d-3c188c388425 tempest-GroupsV320Test-896502831 tempest-GroupsV320Test-896502831-project-admin] Action body: b'{"reset_status": {"status": "error"}}' {{(pid=115981) get_method /opt/stack/cinder/cinder/api/openstack/wsgi.py:983}}
Feb 04 12:48:48.455474 dv-cinder-817351-9-iscsi devstack@c-api.service[115981]: DEBUG cinder.api.openstack.wsgi [None req-02b9140e-7125-4e89-954d-3c188c388425 tempest-GroupsV320Test-896502831 tempest-GroupsV320Test-896502831-project-admin] Action: 'action', calling method: reset_status, body: {"reset_status": {"status": "error"}} {{(pid=115981) _process_stack /opt/stack/cinder/cinder/api/openstack/wsgi.py:866}}
Feb 04 12:48:48.459739 dv-cinder-817351-9-iscsi devstack@c-api.service[115981]: DEBUG cinder.api.v3.groups [None req-02b9140e-7125-4e89-954d-3c188c388425 tempest-GroupsV320Test-896502831 tempest-GroupsV320Test-896502831-project-admin] Updating group '3457e2a8-406c-4285-9fb6-c643bc338757' with 'error' {{(pid=115981) _reset_status /opt/stack/cinder/cinder/api/v3/groups.py:82}}
Feb 04 12:48:48.490339 dv-cinder-817351-9-iscsi devstack@c-api.service[115981]: /usr/local/lib/python3.8/dist-packages/oslo_context/context.py:105: DeprecationWarning: Policy enforcement is depending on the value of is_admin. This key is deprecated. Please update your policy file to use the standard policy values.
Feb 04 12:48:48.490339 dv-cinder-817351-9-iscsi devstack@c-api.service[115981]: warnings.warn('Policy enforcement is depending on the value of '
Feb 04 12:48:48.496495 dv-cinder-817351-9-iscsi devstack@c-api.service[115982]: /usr/local/lib/python3.8/dist-packages/oslo_context/context.py:105: DeprecationWarning: Policy enforcement is depending on the value of is_admin. This key is deprecated. Please update your policy file to use the standard policy values.
Feb 04 12:48:48.496495 dv-cinder-817351-9-iscsi devstack@c-api.service[115982]: warnings.warn('Policy enforcement is depending on the value of '
Feb 04 12:48:48.513428 dv-cinder-817351-9-iscsi devstack@c-api.service[115981]: INFO cinder.api.openstack.wsgi [None req-02b9140e-7125-4e89-954d-3c188c388425 tempest-GroupsV320Test-896502831 tempest-GroupsV320Test-896502831-project-admin] http://10.222.0.26/volume/v3/914eaa83cb6f4211842c47d656054d7f/groups/3457e2a8-406c-4285-9fb6-c643bc338757/action returned with HTTP 202
Feb 04 12:48:48.527447 dv-cinder-817351-9-iscsi devstack@c-api.service[115982]: INFO cinder.volume.api [None req-271b5ec0-7c34-4638-b60c-c0808374a50c tempest-GroupSnapshotsV319Test-1380740345 tempest-GroupSnapshotsV319Test-1380740345-project] Volume info retrieved successfully.
Feb 04 12:48:48.533747 dv-cinder-817351-9-iscsi devstack@c-api.service[115982]: WARNING stevedore.named [None req-271b5ec0-7c34-4638-b60c-c0808374a50c tempest-GroupSnapshotsV319Test-1380740345 tempest-GroupSnapshotsV319Test-1380740345-project] Could not load cinder.keymgr.conf_key_mgr.ConfKeyManager
Feb 04 12:48:48.536321 dv-cinder-817351-9-iscsi devstack@c-api.service[115982]: WARNING castellan.key_manager [None req-271b5ec0-7c34-4638-b60c-c0808374a50c tempest-GroupSnapshotsV319Test-1380740345 tempest-GroupSnapshotsV319Test-1380740345-project] Deprecation Warning : cinder.keymgr.conf_key_mgr.ConfKeyManager is not a stevedore based driver, trying to load it as a class: stevedore.exception.NoMatches: No 'castellan.drivers' driver found, looking for 'cinder.keymgr.conf_key_mgr.ConfKeyManager'
Feb 04 12:48:48.542916 dv-cinder-817351-9-iscsi devstack@c-api.service[115981]: [pid: 115981|app: 0|req: 90/171] 10.222.0.26 () {62 vars in 1404 bytes} [Fri Feb 4 12:48:48 2022] POST /volume/v3/914eaa83cb6f4211842c47d656054d7f/groups/3457e2a8-406c-4285-9fb6-c643bc338757/action => generated 0 bytes in 90 msecs (HTTP/1.1 202) 6 headers in 234 bytes (1 switches on core 0)
Feb 04 12:48:48.560380 dv-cinder-817351-9-iscsi devstack@c-api.service[115981]: INFO cinder.api.openstack.wsgi [None req-7809aecf-0926-425f-9c7c-36c53febd19a tempest-GroupsV320Test-1988562956 tempest-GroupsV320Test-1988562956-project] GET http://10.222.0.26/volume/v3/cb4d6b1efeee4728bed2e7621b81582e/groups/3457e2a8-406c-4285-9fb6-c643bc338757
Feb 04 12:48:48.562768 dv-cinder-817351-9-iscsi devstack@c-api.service[115981]: DEBUG cinder.api.openstack.wsgi [None req-7809aecf-0926-425f-9c7c-36c53febd19a tempest-GroupsV320Test-1988562956 tempest-GroupsV320Test-1988562956-project] Empty body provided in request {{(pid=115981) get_body /opt/stack/cinder/cinder/api/openstack/wsgi.py:715}}
Feb 04 12:48:48.563722 dv-cinder-817351-9-iscsi devstack@c-api.service[115981]: DEBUG cinder.api.openstack.wsgi [None req-7809aecf-0926-425f-9c7c-36c53febd19a tempest-GroupsV320Test-1988562956 tempest-GroupsV320Test-1988562956-project] Calling method 'version_select' {{(pid=115981) _process_stack /opt/stack/cinder/cinder/api/openstack/wsgi.py:868}}
Feb 04 12:48:48.565959 dv-cinder-817351-9-iscsi devstack@c-api.service[115981]: DEBUG cinder.api.v3.groups [None req-7809aecf-0926-425f-9c7c-36c53febd19a tempest-GroupsV320Test-1988562956 tempest-GroupsV320Test-1988562956-project] show called for member 3457e2a8-406c-4285-9fb6-c643bc338757 {{(pid=115981) show /opt/stack/cinder/cinder/api/v3/groups.py:58}}
Feb 04 12:48:48.566678 dv-cinder-817351-9-iscsi devstack@c-api.service[115982]: DEBUG oslo_db.sqlalchemy.engines [None req-271b5ec0-7c34-4638-b60c-c0808374a50c tempest-GroupSnapshotsV319Test-1380740345 tempest-GroupSnapshotsV319Test-1380740345-project] MySQL server mode set to STRICT_TRANS_TABLES,STRICT_ALL_TABLES,NO_ZERO_IN_DATE,NO_ZERO_DATE,ERROR_FOR_DIVISION_BY_ZERO,TRADITIONAL,NO_ENGINE_SUBSTITUTION {{(pid=115982) _check_effective_sql_mode /usr/local/lib/python3.8/dist-packages/oslo_db/sqlalchemy/engines.py:314}}
Feb 04 12:48:48.582996 dv-cinder-817351-9-iscsi devstack@c-api.service[115981]: /usr/local/lib/python3.8/dist-packages/oslo_context/context.py:105: DeprecationWarning: Policy enforcement is depending on the value of is_admin. This key is deprecated. Please update your policy file to use the standard policy values.
Feb 04 12:48:48.582996 dv-cinder-817351-9-iscsi devstack@c-api.service[115981]: warnings.warn('Policy enforcement is depending on the value of '
Feb 04 12:48:48.595928 dv-cinder-817351-9-iscsi devstack@c-api.service[115982]: /usr/local/lib/python3.8/dist-packages/oslo_context/context.py:105: DeprecationWarning: Policy enforcement is depending on the value of is_admin. This key is deprecated. Please update your policy file to use the standard policy values.
Feb 04 12:48:48.595928 dv-cinder-817351-9-iscsi devstack@c-api.service[115982]: warnings.warn('Policy enforcement is depending on the value of '
Feb 04 12:48:48.645005 dv-cinder-817351-9-iscsi devstack@c-api.service[115982]: INFO cinder.api.openstack.wsgi [None req-271b5ec0-7c34-4638-b60c-c0808374a50c tempest-GroupSnapshotsV319Test-1380740345 tempest-GroupSnapshotsV319Test-1380740345-project] http://10.222.0.26/volume/v3/fe36f16c5d304e29928b1a0931ae2ed8/volumes/981f94a4-03b0-41af-95fc-a2fb7cf11458 returned with HTTP 200
Feb 04 12:48:48.657172 dv-cinder-817351-9-iscsi devstack@c-api.service[115982]: [pid: 115982|app: 0|req: 82/172] 10.222.0.26 () {60 vars in 1365 bytes} [Fri Feb 4 12:48:48 2022] GET /volume/v3/fe36f16c5d304e29928b1a0931ae2ed8/volumes/981f94a4-03b0-41af-95fc-a2fb7cf11458 => generated 1008 bytes in 217 msecs (HTTP/1.1 200) 7 headers in 287 bytes (1 switches on core 0)
Feb 04 12:48:48.673624 dv-cinder-817351-9-iscsi devstack@c-api.service[115981]: INFO cinder.api.openstack.wsgi [None req-7809aecf-0926-425f-9c7c-36c53febd19a tempest-GroupsV320Test-1988562956 tempest-GroupsV320Test-1988562956-project] http://10.222.0.26/volume/v3/cb4d6b1efeee4728bed2e7621b81582e/groups/3457e2a8-406c-4285-9fb6-c643bc338757 returned with HTTP 200
Feb 04 12:48:48.683624 dv-cinder-817351-9-iscsi devstack@c-api.service[115981]: [pid: 115981|app: 0|req: 91/173] 10.222.0.26 () {60 vars in 1362 bytes} [Fri Feb 4 12:48:48 2022] GET /volume/v3/cb4d6b1efeee4728bed2e7621b81582e/groups/3457e2a8-406c-4285-9fb6-c643bc338757 => generated 385 bytes in 134 msecs (HTTP/1.1 200) 7 headers in 286 bytes (1 switches on core 0)
Feb 04 12:48:48.691342 dv-cinder-817351-9-iscsi devstack@c-api.service[115982]: INFO cinder.api.openstack.wsgi [None req-3fe78675-03f1-487c-8d7a-da3d58a2a4df tempest-GroupsV320Test-896502831 tempest-GroupsV320Test-896502831-project-admin] POST http://10.222.0.26/volume/v3/914eaa83cb6f4211842c47d656054d7f/groups/3457e2a8-406c-4285-9fb6-c643bc338757/action
Feb 04 12:48:48.692356 dv-cinder-817351-9-iscsi devstack@c-api.service[115982]: DEBUG cinder.api.openstack.wsgi [None req-3fe78675-03f1-487c-8d7a-da3d58a2a4df tempest-GroupsV320Test-896502831 tempest-GroupsV320Test-896502831-project-admin] Action body: b'{"reset_status": {"status": "available"}}' {{(pid=115982) get_method /opt/stack/cinder/cinder/api/openstack/wsgi.py:983}}
Feb 04 12:48:48.692768 dv-cinder-817351-9-iscsi devstack@c-api.service[115982]: DEBUG cinder.api.openstack.wsgi [None req-3fe78675-03f1-487c-8d7a-da3d58a2a4df tempest-GroupsV320Test-896502831 tempest-GroupsV320Test-896502831-project-admin] Action: 'action', calling method: version_select, body: {"reset_status": {"status": "available"}} {{(pid=115982) _process_stack /opt/stack/cinder/cinder/api/openstack/wsgi.py:866}}
Feb 04 12:48:48.693935 dv-cinder-817351-9-iscsi devstack@c-api.service[115982]: DEBUG cinder.api.v3.groups [None req-3fe78675-03f1-487c-8d7a-da3d58a2a4df tempest-GroupsV320Test-896502831 tempest-GroupsV320Test-896502831-project-admin] Updating group '3457e2a8-406c-4285-9fb6-c643bc338757' with 'available' {{(pid=115982) _reset_status /opt/stack/cinder/cinder/api/v3/groups.py:82}}
Feb 04 12:48:48.714835 dv-cinder-817351-9-iscsi devstack@c-api.service[115982]: /usr/local/lib/python3.8/dist-packages/oslo_context/context.py:105: DeprecationWarning: Policy enforcement is depending on the value of is_admin. This key is deprecated. Please update your policy file to use the standard policy values.
Feb 04 12:48:48.714835 dv-cinder-817351-9-iscsi devstack@c-api.service[115982]: warnings.warn('Policy enforcement is depending on the value of '
Feb 04 12:48:48.743983 dv-cinder-817351-9-iscsi devstack@c-api.service[115982]: INFO cinder.api.openstack.wsgi [None req-3fe78675-03f1-487c-8d7a-da3d58a2a4df tempest-GroupsV320Test-896502831 tempest-GroupsV320Test-896502831-project-admin] http://10.222.0.26/volume/v3/914eaa83cb6f4211842c47d656054d7f/groups/3457e2a8-406c-4285-9fb6-c643bc338757/action returned with HTTP 202
Feb 04 12:48:48.748552 dv-cinder-817351-9-iscsi devstack@c-api.service[115982]: [pid: 115982|app: 0|req: 83/174] 10.222.0.26 () {62 vars in 1404 bytes} [Fri Feb 4 12:48:48 2022] POST /volume/v3/914eaa83cb6f4211842c47d656054d7f/groups/3457e2a8-406c-4285-9fb6-c643bc338757/action => generated 0 bytes in 60 msecs (HTTP/1.1 202) 6 headers in 234 bytes (1 switches on core 0)
Feb 04 12:48:48.755256 dv-cinder-817351-9-iscsi devstack@c-api.service[115981]: INFO cinder.api.openstack.wsgi [None req-3b75248d-f7a8-40f2-b89e-0c4adf42f46d tempest-GroupsV320Test-1988562956 tempest-GroupsV320Test-1988562956-project] GET http://10.222.0.26/volume/v3/cb4d6b1efeee4728bed2e7621b81582e/groups/3457e2a8-406c-4285-9fb6-c643bc338757
Feb 04 12:48:48.762985 dv-cinder-817351-9-iscsi devstack@c-api.service[115981]: DEBUG cinder.api.openstack.wsgi [None req-3b75248d-f7a8-40f2-b89e-0c4adf42f46d tempest-GroupsV320Test-1988562956 tempest-GroupsV320Test-1988562956-project] Empty body provided in request {{(pid=115981) get_body /opt/stack/cinder/cinder/api/openstack/wsgi.py:715}}
Feb 04 12:48:48.762985 dv-cinder-817351-9-iscsi devstack@c-api.service[115981]: DEBUG cinder.api.openstack.wsgi [None req-3b75248d-f7a8-40f2-b89e-0c4adf42f46d tempest-GroupsV320Test-1988562956 tempest-GroupsV320Test-1988562956-project] Calling method 'version_select' {{(pid=115981) _process_stack /opt/stack/cinder/cinder/api/openstack/wsgi.py:868}}
Feb 04 12:48:48.762985 dv-cinder-817351-9-iscsi devstack@c-api.service[115981]: DEBUG cinder.api.v3.groups [None req-3b75248d-f7a8-40f2-b89e-0c4adf42f46d tempest-GroupsV320Test-1988562956 tempest-GroupsV320Test-1988562956-project] show called for member 3457e2a8-406c-4285-9fb6-c643bc338757 {{(pid=115981) show /opt/stack/cinder/cinder/api/v3/groups.py:58}}
Feb 04 12:48:48.764411 dv-cinder-817351-9-iscsi devstack@c-api.service[115981]: /usr/local/lib/python3.8/dist-packages/oslo_context/context.py:105: DeprecationWarning: Policy enforcement is depending on the value of is_admin. This key is deprecated. Please update your policy file to use the standard policy values.
Feb 04 12:48:48.764411 dv-cinder-817351-9-iscsi devstack@c-api.service[115981]: warnings.warn('Policy enforcement is depending on the value of '
Feb 04 12:48:48.809713 dv-cinder-817351-9-iscsi devstack@c-api.service[115981]: INFO cinder.api.openstack.wsgi [None req-3b75248d-f7a8-40f2-b89e-0c4adf42f46d tempest-GroupsV320Test-1988562956 tempest-GroupsV320Test-1988562956-project] http://10.222.0.26/volume/v3/cb4d6b1efeee4728bed2e7621b81582e/groups/3457e2a8-406c-4285-9fb6-c643bc338757 returned with HTTP 200
Feb 04 12:48:48.810492 dv-cinder-817351-9-iscsi devstack@c-api.service[115981]: [pid: 115981|app: 0|req: 92/175] 10.222.0.26 () {60 vars in 1362 bytes} [Fri Feb 4 12:48:48 2022] GET /volume/v3/cb4d6b1efeee4728bed2e7621b81582e/groups/3457e2a8-406c-4285-9fb6-c643bc338757 => generated 389 bytes in 60 msecs (HTTP/1.1 200) 7 headers in 286 bytes (1 switches on core 0)
Feb 04 12:48:48.823023 dv-cinder-817351-9-iscsi devstack@c-api.service[115982]: INFO cinder.api.openstack.wsgi [None req-3e3e7fa7-e769-4e67-9e9d-3b576b5c80c4 tempest-GroupsV320Test-1988562956 tempest-GroupsV320Test-1988562956-project] GET http://10.222.0.26/volume/v3/cb4d6b1efeee4728bed2e7621b81582e/volumes/detail
Feb 04 12:48:48.823440 dv-cinder-817351-9-iscsi devstack@c-api.service[115982]: DEBUG cinder.api.openstack.wsgi [None req-3e3e7fa7-e769-4e67-9e9d-3b576b5c80c4 tempest-GroupsV320Test-1988562956 tempest-GroupsV320Test-1988562956-project] Empty body provided in request {{(pid=115982) get_body /opt/stack/cinder/cinder/api/openstack/wsgi.py:715}}
Feb 04 12:48:48.823897 dv-cinder-817351-9-iscsi devstack@c-api.service[115982]: DEBUG cinder.api.openstack.wsgi [None req-3e3e7fa7-e769-4e67-9e9d-3b576b5c80c4 tempest-GroupsV320Test-1988562956 tempest-GroupsV320Test-1988562956-project] Calling method 'detail' {{(pid=115982) _process_stack /opt/stack/cinder/cinder/api/openstack/wsgi.py:868}}
Feb 04 12:48:48.825532 dv-cinder-817351-9-iscsi devstack@c-api.service[115982]: DEBUG cinder.api.api_utils [None req-3e3e7fa7-e769-4e67-9e9d-3b576b5c80c4 tempest-GroupsV320Test-1988562956 tempest-GroupsV320Test-1988562956-project] Removing options '' from query. {{(pid=115982) remove_invalid_filter_options /opt/stack/cinder/cinder/api/api_utils.py:73}}
Feb 04 12:48:48.828348 dv-cinder-817351-9-iscsi devstack@c-api.service[115982]: DEBUG cinder.volume.api [None req-3e3e7fa7-e769-4e67-9e9d-3b576b5c80c4 tempest-GroupsV320Test-1988562956 tempest-GroupsV320Test-1988562956-project] Searching by: MultiDict([('no_migration_targets', True)]). {{(pid=115982) get_all /opt/stack/cinder/cinder/volume/api.py:661}}
Feb 04 12:48:48.994417 dv-cinder-817351-9-iscsi devstack@c-api.service[115982]: INFO cinder.volume.api [None req-3e3e7fa7-e769-4e67-9e9d-3b576b5c80c4 tempest-GroupsV320Test-1988562956 tempest-GroupsV320Test-1988562956-project] Get all volumes completed successfully.
Feb 04 12:48:49.012069 dv-cinder-817351-9-iscsi devstack@c-api.service[115982]: INFO cinder.api.openstack.wsgi [None req-3e3e7fa7-e769-4e67-9e9d-3b576b5c80c4 tempest-GroupsV320Test-1988562956 tempest-GroupsV320Test-1988562956-project] http://10.222.0.26/volume/v3/cb4d6b1efeee4728bed2e7621b81582e/volumes/detail returned with HTTP 200
Feb 04 12:48:49.016054 dv-cinder-817351-9-iscsi devstack@c-api.service[115982]: [pid: 115982|app: 0|req: 84/176] 10.222.0.26 () {60 vars in 1275 bytes} [Fri Feb 4 12:48:48 2022] GET /volume/v3/cb4d6b1efeee4728bed2e7621b81582e/volumes/detail => generated 15 bytes in 197 msecs (HTTP/1.1 200) 7 headers in 285 bytes (1 switches on core 0)
Feb 04 12:48:49.036132 dv-cinder-817351-9-iscsi devstack@c-api.service[115981]: INFO cinder.api.openstack.wsgi [None req-bbe4a356-0817-48bf-a487-d57af3be9ad4 tempest-GroupsV320Test-1988562956 tempest-GroupsV320Test-1988562956-project] POST http://10.222.0.26/volume/v3/cb4d6b1efeee4728bed2e7621b81582e/groups/3457e2a8-406c-4285-9fb6-c643bc338757/action
Feb 04 12:48:49.036928 dv-cinder-817351-9-iscsi devstack@c-api.service[115981]: DEBUG cinder.api.openstack.wsgi [None req-bbe4a356-0817-48bf-a487-d57af3be9ad4 tempest-GroupsV320Test-1988562956 tempest-GroupsV320Test-1988562956-project] Action body: b'{"delete": {"delete-volumes": true}}' {{(pid=115981) get_method /opt/stack/cinder/cinder/api/openstack/wsgi.py:983}}
Feb 04 12:48:49.037260 dv-cinder-817351-9-iscsi devstack@c-api.service[115981]: DEBUG cinder.api.openstack.wsgi [None req-bbe4a356-0817-48bf-a487-d57af3be9ad4 tempest-GroupsV320Test-1988562956 tempest-GroupsV320Test-1988562956-project] Action: 'action', calling method: version_select, body: {"delete": {"delete-volumes": true}} {{(pid=115981) _process_stack /opt/stack/cinder/cinder/api/openstack/wsgi.py:866}}
Feb 04 12:48:49.038056 dv-cinder-817351-9-iscsi devstack@c-api.service[115981]: DEBUG cinder.api.v3.groups [None req-bbe4a356-0817-48bf-a487-d57af3be9ad4 tempest-GroupsV320Test-1988562956 tempest-GroupsV320Test-1988562956-project] delete called for group 3457e2a8-406c-4285-9fb6-c643bc338757 {{(pid=115981) _delete /opt/stack/cinder/cinder/api/v3/groups.py:117}}
Feb 04 12:48:49.038348 dv-cinder-817351-9-iscsi devstack@c-api.service[115981]: INFO cinder.api.v3.groups [None req-bbe4a356-0817-48bf-a487-d57af3be9ad4 tempest-GroupsV320Test-1988562956 tempest-GroupsV320Test-1988562956-project] Delete group with id: 3457e2a8-406c-4285-9fb6-c643bc338757
Feb 04 12:48:49.055403 dv-cinder-817351-9-iscsi devstack@c-api.service[115981]: /usr/local/lib/python3.8/dist-packages/oslo_context/context.py:105: DeprecationWarning: Policy enforcement is depending on the value of is_admin. This key is deprecated. Please update your policy file to use the standard policy values.
Feb 04 12:48:49.055403 dv-cinder-817351-9-iscsi devstack@c-api.service[115981]: warnings.warn('Policy enforcement is depending on the value of '
Feb 04 12:48:49.225680 dv-cinder-817351-9-iscsi devstack@c-api.service[115981]: INFO cinder.api.openstack.wsgi [None req-bbe4a356-0817-48bf-a487-d57af3be9ad4 tempest-GroupsV320Test-1988562956 tempest-GroupsV320Test-1988562956-project] http://10.222.0.26/volume/v3/cb4d6b1efeee4728bed2e7621b81582e/groups/3457e2a8-406c-4285-9fb6-c643bc338757/action returned with HTTP 202
