Jan 28 08:04:04.629502 dv-cinder-817351-8-iscsi devstack@c-api.service[109558]: DEBUG cinder.api.openstack.wsgi [None req-cf2b7814-1c16-49a5-a4a3-3dba10fc4367 tempest-GroupSnapshotsTest-1341829632 tempest-GroupSnapshotsTest-1341829632-project] Calling method 'detail' {{(pid=109558) _process_stack /opt/stack/cinder/cinder/api/openstack/wsgi.py:868}}
Jan 28 08:04:04.630037 dv-cinder-817351-8-iscsi devstack@c-api.service[109558]: DEBUG cinder.api.api_utils [None req-cf2b7814-1c16-49a5-a4a3-3dba10fc4367 tempest-GroupSnapshotsTest-1341829632 tempest-GroupSnapshotsTest-1341829632-project] Removing options '' from query. {{(pid=109558) remove_invalid_filter_options /opt/stack/cinder/cinder/api/api_utils.py:73}}
Jan 28 08:04:04.630714 dv-cinder-817351-8-iscsi devstack@c-api.service[109558]: /usr/local/lib/python3.8/dist-packages/oslo_context/context.py:105: DeprecationWarning: Policy enforcement is depending on the value of is_admin. This key is deprecated. Please update your policy file to use the standard policy values.
Jan 28 08:04:04.630714 dv-cinder-817351-8-iscsi devstack@c-api.service[109558]: warnings.warn('Policy enforcement is depending on the value of '
Jan 28 08:04:04.632193 dv-cinder-817351-8-iscsi devstack@c-api.service[109558]: DEBUG cinder.db.sqlalchemy.api [None req-cf2b7814-1c16-49a5-a4a3-3dba10fc4367 tempest-GroupSnapshotsTest-1341829632 tempest-GroupSnapshotsTest-1341829632-project] Building query based on filter {{(pid=109558) _process_snaps_filters /opt/stack/cinder/cinder/db/sqlalchemy/api.py:3156}}
Jan 28 08:04:04.638766 dv-cinder-817351-8-iscsi devstack@c-api.service[109558]: INFO cinder.volume.api [None req-cf2b7814-1c16-49a5-a4a3-3dba10fc4367 tempest-GroupSnapshotsTest-1341829632 tempest-GroupSnapshotsTest-1341829632-project] Get all snapshots completed successfully.
Jan 28 08:04:04.639607 dv-cinder-817351-8-iscsi devstack@c-api.service[109558]: /usr/local/lib/python3.8/dist-packages/oslo_context/context.py:105: DeprecationWarning: Policy enforcement is depending on the value of is_admin. This key is deprecated. Please update your policy file to use the standard policy values.
Jan 28 08:04:04.639607 dv-cinder-817351-8-iscsi devstack@c-api.service[109558]: warnings.warn('Policy enforcement is depending on the value of '
Jan 28 08:04:04.640798 dv-cinder-817351-8-iscsi devstack@c-api.service[109558]: INFO cinder.api.openstack.wsgi [None req-cf2b7814-1c16-49a5-a4a3-3dba10fc4367 tempest-GroupSnapshotsTest-1341829632 tempest-GroupSnapshotsTest-1341829632-project] http://10.222.0.20/volume/v3/d018960062f141828a9351d831249f76/snapshots/detail returned with HTTP 200
Jan 28 08:04:04.641527 dv-cinder-817351-8-iscsi devstack@c-api.service[109558]: [pid: 109558|app: 0|req: 137/272] 10.222.0.20 () {58 vars in 1240 bytes} [Fri Jan 28 08:04:04 2022] GET /volume/v3/d018960062f141828a9351d831249f76/snapshots/detail => generated 927 bytes in 17 msecs (HTTP/1.1 200) 7 headers in 285 bytes (1 switches on core 0)
Jan 28 08:04:04.652106 dv-cinder-817351-8-iscsi devstack@c-api.service[109557]: INFO cinder.api.openstack.wsgi [None req-015e61c1-c401-476d-a66b-c78894eb11a6 tempest-GroupSnapshotsTest-1341829632 tempest-GroupSnapshotsTest-1341829632-project] GET http://10.222.0.20/volume/v3/d018960062f141828a9351d831249f76/snapshots/d7f363bc-9611-4180-bf29-d98663245e23
Jan 28 08:04:04.652994 dv-cinder-817351-8-iscsi devstack@c-api.service[109557]: DEBUG cinder.api.openstack.wsgi [None req-015e61c1-c401-476d-a66b-c78894eb11a6 tempest-GroupSnapshotsTest-1341829632 tempest-GroupSnapshotsTest-1341829632-project] Empty body provided in request {{(pid=109557) get_body /opt/stack/cinder/cinder/api/openstack/wsgi.py:715}}
Jan 28 08:04:04.653469 dv-cinder-817351-8-iscsi devstack@c-api.service[109557]: DEBUG cinder.api.openstack.wsgi [None req-015e61c1-c401-476d-a66b-c78894eb11a6 tempest-GroupSnapshotsTest-1341829632 tempest-GroupSnapshotsTest-1341829632-project] Calling method 'show' {{(pid=109557) _process_stack /opt/stack/cinder/cinder/api/openstack/wsgi.py:868}}
Jan 28 08:04:04.661862 dv-cinder-817351-8-iscsi devstack@c-api.service[109558]: INFO cinder.api.openstack.wsgi [None req-9a844ad4-f7ef-4861-b6df-0d85bded6373 tempest-VolumesTransfersTest-1226842958 tempest-VolumesTransfersTest-1226842958-project-admin] GET http://10.222.0.20/volume/v3/df1ee53e1b21403f8e7692e9fd9d161d/volumes/c49ba266-8f89-45b5-9baf-df74ba86f828
Jan 28 08:04:04.662301 dv-cinder-817351-8-iscsi devstack@c-api.service[109558]: DEBUG cinder.api.openstack.wsgi [None req-9a844ad4-f7ef-4861-b6df-0d85bded6373 tempest-VolumesTransfersTest-1226842958 tempest-VolumesTransfersTest-1226842958-project-admin] Empty body provided in request {{(pid=109558) get_body /opt/stack/cinder/cinder/api/openstack/wsgi.py:715}}
Jan 28 08:04:04.662812 dv-cinder-817351-8-iscsi devstack@c-api.service[109557]: /usr/local/lib/python3.8/dist-packages/oslo_context/context.py:105: DeprecationWarning: Policy enforcement is depending on the value of is_admin. This key is deprecated. Please update your policy file to use the standard policy values.
Jan 28 08:04:04.662812 dv-cinder-817351-8-iscsi devstack@c-api.service[109557]: warnings.warn('Policy enforcement is depending on the value of '
Jan 28 08:04:04.662979 dv-cinder-817351-8-iscsi devstack@c-api.service[109558]: DEBUG cinder.api.openstack.wsgi [None req-9a844ad4-f7ef-4861-b6df-0d85bded6373 tempest-VolumesTransfersTest-1226842958 tempest-VolumesTransfersTest-1226842958-project-admin] Calling method 'show' {{(pid=109558) _process_stack /opt/stack/cinder/cinder/api/openstack/wsgi.py:868}}
Jan 28 08:04:04.663780 dv-cinder-817351-8-iscsi devstack@c-api.service[109557]: INFO cinder.volume.api [None req-015e61c1-c401-476d-a66b-c78894eb11a6 tempest-GroupSnapshotsTest-1341829632 tempest-GroupSnapshotsTest-1341829632-project] Snapshot retrieved successfully.
Jan 28 08:04:04.665786 dv-cinder-817351-8-iscsi devstack@c-api.service[109557]: INFO cinder.api.openstack.wsgi [None req-015e61c1-c401-476d-a66b-c78894eb11a6 tempest-GroupSnapshotsTest-1341829632 tempest-GroupSnapshotsTest-1341829632-project] http://10.222.0.20/volume/v3/d018960062f141828a9351d831249f76/snapshots/d7f363bc-9611-4180-bf29-d98663245e23 returned with HTTP 200
Jan 28 08:04:04.666533 dv-cinder-817351-8-iscsi devstack@c-api.service[109557]: [pid: 109557|app: 0|req: 136/273] 10.222.0.20 () {58 vars in 1330 bytes} [Fri Jan 28 08:04:04 2022] GET /volume/v3/d018960062f141828a9351d831249f76/snapshots/d7f363bc-9611-4180-bf29-d98663245e23 => generated 468 bytes in 18 msecs (HTTP/1.1 200) 7 headers in 285 bytes (1 switches on core 0)
Jan 28 08:04:04.674934 dv-cinder-817351-8-iscsi devstack@c-api.service[109558]: INFO cinder.api.openstack.wsgi [None req-9a844ad4-f7ef-4861-b6df-0d85bded6373 tempest-VolumesTransfersTest-1226842958 tempest-VolumesTransfersTest-1226842958-project-admin] http://10.222.0.20/volume/v3/df1ee53e1b21403f8e7692e9fd9d161d/volumes/c49ba266-8f89-45b5-9baf-df74ba86f828 returned with HTTP 404
Jan 28 08:04:04.675850 dv-cinder-817351-8-iscsi devstack@c-api.service[109558]: [pid: 109558|app: 0|req: 138/274] 10.222.0.20 () {58 vars in 1324 bytes} [Fri Jan 28 08:04:04 2022] GET /volume/v3/df1ee53e1b21403f8e7692e9fd9d161d/volumes/c49ba266-8f89-45b5-9baf-df74ba86f828 => generated 109 bytes in 17 msecs (HTTP/1.1 404) 7 headers in 292 bytes (2 switches on core 0)
Jan 28 08:04:04.683965 dv-cinder-817351-8-iscsi devstack@c-api.service[109557]: INFO cinder.api.openstack.wsgi [None req-601bc303-ca5d-4b4f-9f4f-493f69d735da tempest-VolumesTransfersTest-966861160 tempest-VolumesTransfersTest-966861160-project] POST http://10.222.0.20/volume/v3/13ff84a47a854e8cbad7da39c310d86f/volumes
Jan 28 08:04:04.684670 dv-cinder-817351-8-iscsi devstack@c-api.service[109557]: DEBUG cinder.api.openstack.wsgi [None req-601bc303-ca5d-4b4f-9f4f-493f69d735da tempest-VolumesTransfersTest-966861160 tempest-VolumesTransfersTest-966861160-project] Action: 'create', calling method: create, body: {"volume": {"size": 1, "name": "tempest-VolumesTransfersTest-Volume-760555836"}} {{(pid=109557) _process_stack /opt/stack/cinder/cinder/api/openstack/wsgi.py:866}}
Jan 28 08:04:04.685653 dv-cinder-817351-8-iscsi devstack@c-api.service[109557]: DEBUG cinder.api.v3.volumes [None req-601bc303-ca5d-4b4f-9f4f-493f69d735da tempest-VolumesTransfersTest-966861160 tempest-VolumesTransfersTest-966861160-project] Create volume request body: {'volume': {'size': 1, 'name': 'tempest-VolumesTransfersTest-Volume-760555836'}} {{(pid=109557) create /opt/stack/cinder/cinder/api/v3/volumes.py:298}}
Jan 28 08:04:04.685961 dv-cinder-817351-8-iscsi devstack@c-api.service[109557]: INFO cinder.api.v3.volumes [None req-601bc303-ca5d-4b4f-9f4f-493f69d735da tempest-VolumesTransfersTest-966861160 tempest-VolumesTransfersTest-966861160-project] Create volume of 1 GB
Jan 28 08:04:04.692783 dv-cinder-817351-8-iscsi devstack@c-api.service[109557]: INFO cinder.volume.api [None req-601bc303-ca5d-4b4f-9f4f-493f69d735da tempest-VolumesTransfersTest-966861160 tempest-VolumesTransfersTest-966861160-project] Availability Zones retrieved successfully.
Jan 28 08:04:04.707797 dv-cinder-817351-8-iscsi devstack@c-api.service[109557]: DEBUG cinder.volume.api [None req-601bc303-ca5d-4b4f-9f4f-493f69d735da tempest-VolumesTransfersTest-966861160 tempest-VolumesTransfersTest-966861160-project] Flow 'volume_create_api' (8831c58f-2602-4afb-8853-e02b7c4e779e) transitioned into state 'RUNNING' from state 'PENDING' {{(pid=109557) _flow_receiver /usr/local/lib/python3.8/dist-packages/taskflow/listeners/logging.py:141}}
Jan 28 08:04:04.710319 dv-cinder-817351-8-iscsi devstack@c-api.service[109557]: DEBUG cinder.volume.api [None req-601bc303-ca5d-4b4f-9f4f-493f69d735da tempest-VolumesTransfersTest-966861160 tempest-VolumesTransfersTest-966861160-project] Task 'cinder.volume.flows.api.create_volume.ExtractVolumeRequestTask;volume:create' (7160f5ce-cb94-45f3-b494-ed05fb90ae4d) transitioned into state 'RUNNING' from state 'PENDING' {{(pid=109557) _task_receiver /usr/local/lib/python3.8/dist-packages/taskflow/listeners/logging.py:190}}
Jan 28 08:04:04.712606 dv-cinder-817351-8-iscsi devstack@c-api.service[109557]: DEBUG cinder.volume.flows.api.create_volume [None req-601bc303-ca5d-4b4f-9f4f-493f69d735da tempest-VolumesTransfersTest-966861160 tempest-VolumesTransfersTest-966861160-project] Validating volume size '1' using validate_int {{(pid=109557) _extract_size /opt/stack/cinder/cinder/volume/flows/api/create_volume.py:225}}
Jan 28 08:04:04.741840 dv-cinder-817351-8-iscsi devstack@c-api.service[109557]: DEBUG cinder.volume.api [None req-601bc303-ca5d-4b4f-9f4f-493f69d735da tempest-VolumesTransfersTest-966861160 tempest-VolumesTransfersTest-966861160-project] Task 'cinder.volume.flows.api.create_volume.ExtractVolumeRequestTask;volume:create' (7160f5ce-cb94-45f3-b494-ed05fb90ae4d) transitioned into state 'SUCCESS' from state 'RUNNING' with result '{'size': 1, 'snapshot_id': None, 'source_volid': None, 'volume_type': VolumeType(created_at=2022-01-28T07:54:08Z,deleted=False,deleted_at=None,description='Default Volume Type',extra_specs={},id=41c0a2a0-8d0c-4558-a6a0-944b4271e237,is_public=True,name='__DEFAULT__',projects=[],qos_specs=,qos_specs_id=None,updated_at=2022-01-28T07:54:08Z), 'volume_type_id': '41c0a2a0-8d0c-4558-a6a0-944b4271e237', 'encryption_key_id': None, 'qos_specs': None, 'consistencygroup_id': None, 'cgsnapshot_id': None, 'group_id': None, 'replication_status': 'disabled', 'refresh_az': False, 'backup_id': None, 'multiattach': False, 'availability_zones': ['nova']}' {{(pid=109557) _task_receiver /usr/local/lib/python3.8/dist-packages/taskflow/listeners/logging.py:178}}
Jan 28 08:04:04.743818 dv-cinder-817351-8-iscsi devstack@c-api.service[109557]: DEBUG cinder.volume.api [None req-601bc303-ca5d-4b4f-9f4f-493f69d735da tempest-VolumesTransfersTest-966861160 tempest-VolumesTransfersTest-966861160-project] Task 'cinder.volume.flows.api.create_volume.QuotaReserveTask;volume:create' (6a03f9fa-7982-472f-a02c-e082445d0182) transitioned into state 'RUNNING' from state 'PENDING' {{(pid=109557) _task_receiver /usr/local/lib/python3.8/dist-packages/taskflow/listeners/logging.py:190}}
Jan 28 08:04:04.791425 dv-cinder-817351-8-iscsi devstack@c-api.service[109557]: DEBUG cinder.quota [None req-601bc303-ca5d-4b4f-9f4f-493f69d735da tempest-VolumesTransfersTest-966861160 tempest-VolumesTransfersTest-966861160-project] Created reservations ['eff4effb-3617-46f2-8fc2-736aee380118', '6ad28e88-1ce3-4096-8272-a115c7c0b37d', 'd7ef2b4e-17a2-4853-9183-680908aaff4f', 'fceaacf4-5160-43aa-8084-c6bd37d9ceac'] {{(pid=109557) reserve /opt/stack/cinder/cinder/quota.py:755}}
Jan 28 08:04:04.793196 dv-cinder-817351-8-iscsi devstack@c-api.service[109557]: DEBUG cinder.volume.api [None req-601bc303-ca5d-4b4f-9f4f-493f69d735da tempest-VolumesTransfersTest-966861160 tempest-VolumesTransfersTest-966861160-project] Task 'cinder.volume.flows.api.create_volume.QuotaReserveTask;volume:create' (6a03f9fa-7982-472f-a02c-e082445d0182) transitioned into state 'SUCCESS' from state 'RUNNING' with result '{'reservations': ['eff4effb-3617-46f2-8fc2-736aee380118', '6ad28e88-1ce3-4096-8272-a115c7c0b37d', 'd7ef2b4e-17a2-4853-9183-680908aaff4f', 'fceaacf4-5160-43aa-8084-c6bd37d9ceac']}' {{(pid=109557) _task_receiver /usr/local/lib/python3.8/dist-packages/taskflow/listeners/logging.py:178}}
Jan 28 08:04:04.795254 dv-cinder-817351-8-iscsi devstack@c-api.service[109557]: DEBUG cinder.volume.api [None req-601bc303-ca5d-4b4f-9f4f-493f69d735da tempest-VolumesTransfersTest-966861160 tempest-VolumesTransfersTest-966861160-project] Task 'cinder.volume.flows.api.create_volume.EntryCreateTask;volume:create' (eeb05861-1369-407d-88aa-688b3161ff1d) transitioned into state 'RUNNING' from state 'PENDING' {{(pid=109557) _task_receiver /usr/local/lib/python3.8/dist-packages/taskflow/listeners/logging.py:190}}
Jan 28 08:04:04.817062 dv-cinder-817351-8-iscsi devstack@c-api.service[109557]: DEBUG cinder.volume.api [None req-601bc303-ca5d-4b4f-9f4f-493f69d735da tempest-VolumesTransfersTest-966861160 tempest-VolumesTransfersTest-966861160-project] Task 'cinder.volume.flows.api.create_volume.EntryCreateTask;volume:create' (eeb05861-1369-407d-88aa-688b3161ff1d) transitioned into state 'SUCCESS' from state 'RUNNING' with result '{'volume_id': '2d388081-5613-4690-a98c-2ec13d5dee67', 'volume_properties': VolumeProperties(attach_status='detached',availability_zone='nova',cgsnapshot_id=None,consistencygroup_id=None,display_description=None,display_name='tempest-VolumesTransfersTest-Volume-760555836',encryption_key_id=None,group_id=None,group_type_id=,metadata={},multiattach=False,project_id='13ff84a47a854e8cbad7da39c310d86f',qos_specs=None,replication_status=,reservations=['eff4effb-3617-46f2-8fc2-736aee380118','6ad28e88-1ce3-4096-8272-a115c7c0b37d','d7ef2b4e-17a2-4853-9183-680908aaff4f','fceaacf4-5160-43aa-8084-c6bd37d9ceac'],size=1,snapshot_id=None,source_replicaid=,source_volid=None,status='creating',user_id='b4045acf61fd493ab05ecbd0a3527b55',volume_type_id=41c0a2a0-8d0c-4558-a6a0-944b4271e237), 'volume': Volume(_name_id=None,admin_metadata=,attach_status='detached',availability_zone='nova',bootable=False,cluster=,cluster_name=None,consistencygroup=,consistencygroup_id=None,created_at=2022-01-28T08:04:04Z,deleted=False,deleted_at=None,display_description=None,display_name='tempest-VolumesTransfersTest-Volume-760555836',ec2_id=None,encryption_key_id=None,glance_metadata=,group=,group_id=None,host=None,id=2d388081-5613-4690-a98c-2ec13d5dee67,launched_at=None,metadata={},migration_status=None,multiattach=False,previous_status=None,project_id='13ff84a47a854e8cbad7da39c310d86f',provider_auth=None,provider_geometry=None,provider_id=None,provider_location=None,replication_driver_data=None,replication_extended_status=None,replication_status=None,scheduled_at=None,service_uuid=None,shared_targets=True,size=1,snapshot_id=None,snapshots=,source_volid=None,status='creating',terminated_at=None,updated_at=None,use_quota=True,user_id='b4045acf61fd493ab05ecbd0a3527b55',volume_attachment=VolumeAttachmentList,volume_type=VolumeType(41c0a2a0-8d0c-4558-a6a0-944b4271e237),volume_type_id=41c0a2a0-8d0c-4558-a6a0-944b4271e237)}' {{(pid=109557) _task_receiver /usr/local/lib/python3.8/dist-packages/taskflow/listeners/logging.py:178}}
Jan 28 08:04:04.819001 dv-cinder-817351-8-iscsi devstack@c-api.service[109557]: DEBUG cinder.volume.api [None req-601bc303-ca5d-4b4f-9f4f-493f69d735da tempest-VolumesTransfersTest-966861160 tempest-VolumesTransfersTest-966861160-project] Task 'cinder.volume.flows.api.create_volume.QuotaCommitTask;volume:create' (a9c37039-f34f-4da3-9574-b147c0773ae0) transitioned into state 'RUNNING' from state 'PENDING' {{(pid=109557) _task_receiver /usr/local/lib/python3.8/dist-packages/taskflow/listeners/logging.py:190}}
Jan 28 08:04:04.841727 dv-cinder-817351-8-iscsi devstack@c-api.service[109557]: DEBUG cinder.volume.api [None req-601bc303-ca5d-4b4f-9f4f-493f69d735da tempest-VolumesTransfersTest-966861160 tempest-VolumesTransfersTest-966861160-project] Task 'cinder.volume.flows.api.create_volume.QuotaCommitTask;volume:create' (a9c37039-f34f-4da3-9574-b147c0773ae0) transitioned into state 'SUCCESS' from state 'RUNNING' with result '{'volume_properties': VolumeProperties(attach_status='detached',availability_zone='nova',cgsnapshot_id=None,consistencygroup_id=None,display_description=None,display_name='tempest-VolumesTransfersTest-Volume-760555836',encryption_key_id=None,group_id=None,group_type_id=,metadata={},multiattach=False,project_id='13ff84a47a854e8cbad7da39c310d86f',qos_specs=None,replication_status=,reservations=['eff4effb-3617-46f2-8fc2-736aee380118','6ad28e88-1ce3-4096-8272-a115c7c0b37d','d7ef2b4e-17a2-4853-9183-680908aaff4f','fceaacf4-5160-43aa-8084-c6bd37d9ceac'],size=1,snapshot_id=None,source_replicaid=,source_volid=None,status='creating',user_id='b4045acf61fd493ab05ecbd0a3527b55',volume_type_id=41c0a2a0-8d0c-4558-a6a0-944b4271e237)}' {{(pid=109557) _task_receiver /usr/local/lib/python3.8/dist-packages/taskflow/listeners/logging.py:178}}
Jan 28 08:04:04.843467 dv-cinder-817351-8-iscsi devstack@c-api.service[109557]: DEBUG cinder.volume.api [None req-601bc303-ca5d-4b4f-9f4f-493f69d735da tempest-VolumesTransfersTest-966861160 tempest-VolumesTransfersTest-966861160-project] Task 'cinder.volume.flows.api.create_volume.VolumeCastTask;volume:create' (10f132a5-ed4b-4cd4-a181-47af2f0b39af) transitioned into state 'RUNNING' from state 'PENDING' {{(pid=109557) _task_receiver /usr/local/lib/python3.8/dist-packages/taskflow/listeners/logging.py:190}}
Jan 28 08:04:04.860415 dv-cinder-817351-8-iscsi devstack@c-api.service[109557]: DEBUG cinder.volume.api [None req-601bc303-ca5d-4b4f-9f4f-493f69d735da tempest-VolumesTransfersTest-966861160 tempest-VolumesTransfersTest-966861160-project] Task 'cinder.volume.flows.api.create_volume.VolumeCastTask;volume:create' (10f132a5-ed4b-4cd4-a181-47af2f0b39af) transitioned into state 'SUCCESS' from state 'RUNNING' with result 'None' {{(pid=109557) _task_receiver /usr/local/lib/python3.8/dist-packages/taskflow/listeners/logging.py:178}}
Jan 28 08:04:04.862804 dv-cinder-817351-8-iscsi devstack@c-api.service[109557]: DEBUG cinder.volume.api [None req-601bc303-ca5d-4b4f-9f4f-493f69d735da tempest-VolumesTransfersTest-966861160 tempest-VolumesTransfersTest-966861160-project] Flow 'volume_create_api' (8831c58f-2602-4afb-8853-e02b7c4e779e) transitioned into state 'SUCCESS' from state 'RUNNING' {{(pid=109557) _flow_receiver /usr/local/lib/python3.8/dist-packages/taskflow/listeners/logging.py:141}}
Jan 28 08:04:04.863477 dv-cinder-817351-8-iscsi devstack@c-api.service[109557]: INFO cinder.volume.api [None req-601bc303-ca5d-4b4f-9f4f-493f69d735da tempest-VolumesTransfersTest-966861160 tempest-VolumesTransfersTest-966861160-project] Create volume request issued successfully.
Jan 28 08:04:04.864628 dv-cinder-817351-8-iscsi devstack@c-api.service[109557]: INFO cinder.api.openstack.wsgi [None req-601bc303-ca5d-4b4f-9f4f-493f69d735da tempest-VolumesTransfersTest-966861160 tempest-VolumesTransfersTest-966861160-project] http://10.222.0.20/volume/v3/13ff84a47a854e8cbad7da39c310d86f/volumes returned with HTTP 202
Jan 28 08:04:04.874132 dv-cinder-817351-8-iscsi devstack@c-api.service[109557]: [pid: 109557|app: 0|req: 137/275] 10.222.0.20 () {60 vars in 1234 bytes} [Fri Jan 28 08:04:04 2022] POST /volume/v3/13ff84a47a854e8cbad7da39c310d86f/volumes => generated 819 bytes in 185 msecs (HTTP/1.1 202) 7 headers in 291 bytes (2 switches on core 0)
Jan 28 08:04:04.879491 dv-cinder-817351-8-iscsi devstack@c-api.service[109558]: INFO cinder.api.openstack.wsgi [None req-74381722-3e8a-4622-8c25-0aabfee8ac03 tempest-VolumesTransfersTest-966861160 tempest-VolumesTransfersTest-966861160-project] GET http://10.222.0.20/volume/v3/13ff84a47a854e8cbad7da39c310d86f/volumes/2d388081-5613-4690-a98c-2ec13d5dee67
Jan 28 08:04:04.880050 dv-cinder-817351-8-iscsi devstack@c-api.service[109558]: DEBUG cinder.api.openstack.wsgi [None req-74381722-3e8a-4622-8c25-0aabfee8ac03 tempest-VolumesTransfersTest-966861160 tempest-VolumesTransfersTest-966861160-project] Empty body provided in request {{(pid=109558) get_body /opt/stack/cinder/cinder/api/openstack/wsgi.py:715}}
Jan 28 08:04:04.880573 dv-cinder-817351-8-iscsi devstack@c-api.service[109558]: DEBUG cinder.api.openstack.wsgi [None req-74381722-3e8a-4622-8c25-0aabfee8ac03 tempest-VolumesTransfersTest-966861160 tempest-VolumesTransfersTest-966861160-project] Calling method 'show' {{(pid=109558) _process_stack /opt/stack/cinder/cinder/api/openstack/wsgi.py:868}}
Jan 28 08:04:04.894734 dv-cinder-817351-8-iscsi devstack@c-api.service[109558]: /usr/local/lib/python3.8/dist-packages/oslo_context/context.py:105: DeprecationWarning: Policy enforcement is depending on the value of is_admin. This key is deprecated. Please update your policy file to use the standard policy values.
Jan 28 08:04:04.894734 dv-cinder-817351-8-iscsi devstack@c-api.service[109558]: warnings.warn('Policy enforcement is depending on the value of '
Jan 28 08:04:04.903142 dv-cinder-817351-8-iscsi devstack@c-api.service[109558]: INFO cinder.volume.api [None req-74381722-3e8a-4622-8c25-0aabfee8ac03 tempest-VolumesTransfersTest-966861160 tempest-VolumesTransfersTest-966861160-project] Volume info retrieved successfully.
Jan 28 08:04:04.915221 dv-cinder-817351-8-iscsi devstack@c-api.service[109558]: INFO cinder.api.openstack.wsgi [None req-74381722-3e8a-4622-8c25-0aabfee8ac03 tempest-VolumesTransfersTest-966861160 tempest-VolumesTransfersTest-966861160-project] http://10.222.0.20/volume/v3/13ff84a47a854e8cbad7da39c310d86f/volumes/2d388081-5613-4690-a98c-2ec13d5dee67 returned with HTTP 200
Jan 28 08:04:04.916318 dv-cinder-817351-8-iscsi devstack@c-api.service[109558]: [pid: 109558|app: 0|req: 139/276] 10.222.0.20 () {58 vars in 1324 bytes} [Fri Jan 28 08:04:04 2022] GET /volume/v3/13ff84a47a854e8cbad7da39c310d86f/volumes/2d388081-5613-4690-a98c-2ec13d5dee67 => generated 887 bytes in 41 msecs (HTTP/1.1 200) 7 headers in 285 bytes (2 switches on core 0)
Jan 28 08:04:05.109465 dv-cinder-817351-8-iscsi devstack@c-api.service[109557]: INFO cinder.api.openstack.wsgi [None req-67feda2c-1dd6-465e-ba89-9b3b99ebd434 tempest-VolumesTransfersV355Test-1639797082 tempest-VolumesTransfersV355Test-1639797082-project] GET http://10.222.0.20/volume/v3/cb7393a763a94f76a22af8190a0c3a9f/volumes/a5639932-65f6-444a-bed3-9c5dc38a1b49
Jan 28 08:04:05.110324 dv-cinder-817351-8-iscsi devstack@c-api.service[109557]: DEBUG cinder.api.openstack.wsgi [None req-67feda2c-1dd6-465e-ba89-9b3b99ebd434 tempest-VolumesTransfersV355Test-1639797082 tempest-VolumesTransfersV355Test-1639797082-project] Empty body provided in request {{(pid=109557) get_body /opt/stack/cinder/cinder/api/openstack/wsgi.py:715}}
Jan 28 08:04:05.111691 dv-cinder-817351-8-iscsi devstack@c-api.service[109557]: DEBUG cinder.api.openstack.wsgi [None req-67feda2c-1dd6-465e-ba89-9b3b99ebd434 tempest-VolumesTransfersV355Test-1639797082 tempest-VolumesTransfersV355Test-1639797082-project] Calling method 'show' {{(pid=109557) _process_stack /opt/stack/cinder/cinder/api/openstack/wsgi.py:868}}
Jan 28 08:04:05.124096 dv-cinder-817351-8-iscsi devstack@c-api.service[109557]: /usr/local/lib/python3.8/dist-packages/oslo_context/context.py:105: DeprecationWarning: Policy enforcement is depending on the value of is_admin. This key is deprecated. Please update your policy file to use the standard policy values.
Jan 28 08:04:05.124096 dv-cinder-817351-8-iscsi devstack@c-api.service[109557]: warnings.warn('Policy enforcement is depending on the value of '
Jan 28 08:04:05.130574 dv-cinder-817351-8-iscsi devstack@c-api.service[109557]: INFO cinder.volume.api [None req-67feda2c-1dd6-465e-ba89-9b3b99ebd434 tempest-VolumesTransfersV355Test-1639797082 tempest-VolumesTransfersV355Test-1639797082-project] Volume info retrieved successfully.
Jan 28 08:04:05.138614 dv-cinder-817351-8-iscsi devstack@c-api.service[109557]: INFO cinder.api.openstack.wsgi [None req-67feda2c-1dd6-465e-ba89-9b3b99ebd434 tempest-VolumesTransfersV355Test-1639797082 tempest-VolumesTransfersV355Test-1639797082-project] http://10.222.0.20/volume/v3/cb7393a763a94f76a22af8190a0c3a9f/volumes/a5639932-65f6-444a-bed3-9c5dc38a1b49 returned with HTTP 200
Jan 28 08:04:05.139305 dv-cinder-817351-8-iscsi devstack@c-api.service[109557]: [pid: 109557|app: 0|req: 138/277] 10.222.0.20 () {60 vars in 1365 bytes} [Fri Jan 28 08:04:05 2022] GET /volume/v3/cb7393a763a94f76a22af8190a0c3a9f/volumes/a5639932-65f6-444a-bed3-9c5dc38a1b49 => generated 1014 bytes in 34 msecs (HTTP/1.1 200) 7 headers in 287 bytes (1 switches on core 0)
Jan 28 08:04:05.154562 dv-cinder-817351-8-iscsi devstack@c-api.service[109558]: INFO cinder.api.openstack.wsgi [None req-26b0a819-8690-4530-9c34-74dc1c39e9e3 tempest-VolumesTransfersV355Test-1639797082 tempest-VolumesTransfersV355Test-1639797082-project] POST http://10.222.0.20/volume/v3/cb7393a763a94f76a22af8190a0c3a9f/volume-transfers
Jan 28 08:04:05.155248 dv-cinder-817351-8-iscsi devstack@c-api.service[109558]: DEBUG cinder.api.openstack.wsgi [None req-26b0a819-8690-4530-9c34-74dc1c39e9e3 tempest-VolumesTransfersV355Test-1639797082 tempest-VolumesTransfersV355Test-1639797082-project] Action: 'create', calling method: create, body: {"transfer": {"volume_id": "a5639932-65f6-444a-bed3-9c5dc38a1b49"}} {{(pid=109558) _process_stack /opt/stack/cinder/cinder/api/openstack/wsgi.py:866}}
Jan 28 08:04:05.156108 dv-cinder-817351-8-iscsi devstack@c-api.service[109558]: DEBUG cinder.api.v3.volume_transfer [None req-26b0a819-8690-4530-9c34-74dc1c39e9e3 tempest-VolumesTransfersV355Test-1639797082 tempest-VolumesTransfersV355Test-1639797082-project] Creating new volume transfer {'transfer': {'volume_id': 'a5639932-65f6-444a-bed3-9c5dc38a1b49'}} {{(pid=109558) create /opt/stack/cinder/cinder/api/v3/volume_transfer.py:85}}
Jan 28 08:04:05.156402 dv-cinder-817351-8-iscsi devstack@c-api.service[109558]: INFO cinder.api.v3.volume_transfer [None req-26b0a819-8690-4530-9c34-74dc1c39e9e3 tempest-VolumesTransfersV355Test-1639797082 tempest-VolumesTransfersV355Test-1639797082-project] Creating transfer of volume a5639932-65f6-444a-bed3-9c5dc38a1b49
Jan 28 08:04:05.157273 dv-cinder-817351-8-iscsi devstack@c-api.service[109558]: INFO cinder.transfer.api [None req-26b0a819-8690-4530-9c34-74dc1c39e9e3 tempest-VolumesTransfersV355Test-1639797082 tempest-VolumesTransfersV355Test-1639797082-project] Generating transfer record for volume a5639932-65f6-444a-bed3-9c5dc38a1b49
Jan 28 08:04:05.171059 dv-cinder-817351-8-iscsi devstack@c-api.service[109558]: /usr/local/lib/python3.8/dist-packages/oslo_context/context.py:105: DeprecationWarning: Policy enforcement is depending on the value of is_admin. This key is deprecated. Please update your policy file to use the standard policy values.
Jan 28 08:04:05.171059 dv-cinder-817351-8-iscsi devstack@c-api.service[109558]: warnings.warn('Policy enforcement is depending on the value of '
Jan 28 08:04:05.189705 dv-cinder-817351-8-iscsi devstack@c-api.service[109558]: INFO cinder.api.openstack.wsgi [None req-26b0a819-8690-4530-9c34-74dc1c39e9e3 tempest-VolumesTransfersV355Test-1639797082 tempest-VolumesTransfersV355Test-1639797082-project] http://10.222.0.20/volume/v3/cb7393a763a94f76a22af8190a0c3a9f/volume-transfers returned with HTTP 202
Jan 28 08:04:05.190536 dv-cinder-817351-8-iscsi devstack@c-api.service[109558]: [pid: 109558|app: 0|req: 140/278] 10.222.0.20 () {60 vars in 1261 bytes} [Fri Jan 28 08:04:05 2022] POST /volume/v3/cb7393a763a94f76a22af8190a0c3a9f/volume-transfers => generated 507 bytes in 40 msecs (HTTP/1.1 202) 7 headers in 291 bytes (1 switches on core 0)
Jan 28 08:04:05.199371 dv-cinder-817351-8-iscsi devstack@c-api.service[109557]: INFO cinder.api.openstack.wsgi [None req-fc8882b8-076b-414c-b92a-26bb521ffcc0 tempest-VolumesTransfersV355Test-1639797082 tempest-VolumesTransfersV355Test-1639797082-project] GET http://10.222.0.20/volume/v3/cb7393a763a94f76a22af8190a0c3a9f/volumes/a5639932-65f6-444a-bed3-9c5dc38a1b49
Jan 28 08:04:05.199997 dv-cinder-817351-8-iscsi devstack@c-api.service[109557]: DEBUG cinder.api.openstack.wsgi [None req-fc8882b8-076b-414c-b92a-26bb521ffcc0 tempest-VolumesTransfersV355Test-1639797082 tempest-VolumesTransfersV355Test-1639797082-project] Empty body provided in request {{(pid=109557) get_body /opt/stack/cinder/cinder/api/openstack/wsgi.py:715}}
Jan 28 08:04:05.200453 dv-cinder-817351-8-iscsi devstack@c-api.service[109557]: DEBUG cinder.api.openstack.wsgi [None req-fc8882b8-076b-414c-b92a-26bb521ffcc0 tempest-VolumesTransfersV355Test-1639797082 tempest-VolumesTransfersV355Test-1639797082-project] Calling method 'show' {{(pid=109557) _process_stack /opt/stack/cinder/cinder/api/openstack/wsgi.py:868}}
Jan 28 08:04:05.215094 dv-cinder-817351-8-iscsi devstack@c-api.service[109557]: /usr/local/lib/python3.8/dist-packages/oslo_context/context.py:105: DeprecationWarning: Policy enforcement is depending on the value of is_admin. This key is deprecated. Please update your policy file to use the standard policy values.
Jan 28 08:04:05.215094 dv-cinder-817351-8-iscsi devstack@c-api.service[109557]: warnings.warn('Policy enforcement is depending on the value of '
Jan 28 08:04:05.222540 dv-cinder-817351-8-iscsi devstack@c-api.service[109557]: INFO cinder.volume.api [None req-fc8882b8-076b-414c-b92a-26bb521ffcc0 tempest-VolumesTransfersV355Test-1639797082 tempest-VolumesTransfersV355Test-1639797082-project] Volume info retrieved successfully.
Jan 28 08:04:05.241680 dv-cinder-817351-8-iscsi devstack@c-api.service[109557]: INFO cinder.api.openstack.wsgi [None req-fc8882b8-076b-414c-b92a-26bb521ffcc0 tempest-VolumesTransfersV355Test-1639797082 tempest-VolumesTransfersV355Test-1639797082-project] http://10.222.0.20/volume/v3/cb7393a763a94f76a22af8190a0c3a9f/volumes/a5639932-65f6-444a-bed3-9c5dc38a1b49 returned with HTTP 200
Jan 28 08:04:05.242405 dv-cinder-817351-8-iscsi devstack@c-api.service[109557]: [pid: 109557|app: 0|req: 139/279] 10.222.0.20 () {60 vars in 1365 bytes} [Fri Jan 28 08:04:05 2022] GET /volume/v3/cb7393a763a94f76a22af8190a0c3a9f/volumes/a5639932-65f6-444a-bed3-9c5dc38a1b49 => generated 1022 bytes in 46 msecs (HTTP/1.1 200) 7 headers in 287 bytes (2 switches on core 0)
Jan 28 08:04:05.257182 dv-cinder-817351-8-iscsi devstack@c-api.service[109558]: INFO cinder.api.openstack.wsgi [None req-adf86f05-657a-4377-990d-03b8b2372bf5 tempest-VolumesTransfersV355Test-1639797082 tempest-VolumesTransfersV355Test-1639797082-project] GET http://10.222.0.20/volume/v3/cb7393a763a94f76a22af8190a0c3a9f/volume-transfers/d472b6e8-c4dd-4ebf-8118-de11c0ab4da4
Jan 28 08:04:05.257690 dv-cinder-817351-8-iscsi devstack@c-api.service[109558]: DEBUG cinder.api.openstack.wsgi [None req-adf86f05-657a-4377-990d-03b8b2372bf5 tempest-VolumesTransfersV355Test-1639797082 tempest-VolumesTransfersV355Test-1639797082-project] Empty body provided in request {{(pid=109558) get_body /opt/stack/cinder/cinder/api/openstack/wsgi.py:715}}
Jan 28 08:04:05.258122 dv-cinder-817351-8-iscsi devstack@c-api.service[109558]: DEBUG cinder.api.openstack.wsgi [None req-adf86f05-657a-4377-990d-03b8b2372bf5 tempest-VolumesTransfersV355Test-1639797082 tempest-VolumesTransfersV355Test-1639797082-project] Calling method 'show' {{(pid=109558) _process_stack /opt/stack/cinder/cinder/api/openstack/wsgi.py:868}}
Jan 28 08:04:05.267049 dv-cinder-817351-8-iscsi devstack@c-api.service[109558]: INFO cinder.api.openstack.wsgi [None req-adf86f05-657a-4377-990d-03b8b2372bf5 tempest-VolumesTransfersV355Test-1639797082 tempest-VolumesTransfersV355Test-1639797082-project] http://10.222.0.20/volume/v3/cb7393a763a94f76a22af8190a0c3a9f/volume-transfers/d472b6e8-c4dd-4ebf-8118-de11c0ab4da4 returned with HTTP 200
Jan 28 08:04:05.267933 dv-cinder-817351-8-iscsi devstack@c-api.service[109558]: [pid: 109558|app: 0|req: 141/280] 10.222.0.20 () {58 vars in 1351 bytes} [Fri Jan 28 08:04:05 2022] GET /volume/v3/cb7393a763a94f76a22af8190a0c3a9f/volume-transfers/d472b6e8-c4dd-4ebf-8118-de11c0ab4da4 => generated 475 bytes in 15 msecs (HTTP/1.1 200) 7 headers in 285 bytes (1 switches on core 0)
Jan 28 08:04:05.277783 dv-cinder-817351-8-iscsi devstack@c-api.service[109557]: INFO cinder.api.openstack.wsgi [None req-c860830b-9ea5-4786-acce-54d2b9c78917 tempest-VolumesTransfersV355Test-1639797082 tempest-VolumesTransfersV355Test-1639797082-project] GET http://10.222.0.20/volume/v3/cb7393a763a94f76a22af8190a0c3a9f/volume-transfers
Jan 28 08:04:05.278226 dv-cinder-817351-8-iscsi devstack@c-api.service[109557]: DEBUG cinder.api.openstack.wsgi [None req-c860830b-9ea5-4786-acce-54d2b9c78917 tempest-VolumesTransfersV355Test-1639797082 tempest-VolumesTransfersV355Test-1639797082-project] Empty body provided in request {{(pid=109557) get_body /opt/stack/cinder/cinder/api/openstack/wsgi.py:715}}
Jan 28 08:04:05.278668 dv-cinder-817351-8-iscsi devstack@c-api.service[109557]: DEBUG cinder.api.openstack.wsgi [None req-c860830b-9ea5-4786-acce-54d2b9c78917 tempest-VolumesTransfersV355Test-1639797082 tempest-VolumesTransfersV355Test-1639797082-project] Calling method 'index' {{(pid=109557) _process_stack /opt/stack/cinder/cinder/api/openstack/wsgi.py:868}}
Jan 28 08:04:05.279073 dv-cinder-817351-8-iscsi devstack@c-api.service[109557]: DEBUG cinder.api.v3.volume_transfer [None req-c860830b-9ea5-4786-acce-54d2b9c78917 tempest-VolumesTransfersV355Test-1639797082 tempest-VolumesTransfersV355Test-1639797082-project] Listing volume transfers {{(pid=109557) _get_transfers /opt/stack/cinder/cinder/api/v3/volume_transfer.py:51}}
Jan 28 08:04:05.291602 dv-cinder-817351-8-iscsi devstack@c-api.service[109557]: INFO cinder.api.openstack.wsgi [None req-c860830b-9ea5-4786-acce-54d2b9c78917 tempest-VolumesTransfersV355Test-1639797082 tempest-VolumesTransfersV355Test-1639797082-project] http://10.222.0.20/volume/v3/cb7393a763a94f76a22af8190a0c3a9f/volume-transfers returned with HTTP 200
Jan 28 08:04:05.292343 dv-cinder-817351-8-iscsi devstack@c-api.service[109557]: [pid: 109557|app: 0|req: 140/281] 10.222.0.20 () {58 vars in 1240 bytes} [Fri Jan 28 08:04:05 2022] GET /volume/v3/cb7393a763a94f76a22af8190a0c3a9f/volume-transfers => generated 434 bytes in 19 msecs (HTTP/1.1 200) 7 headers in 285 bytes (1 switches on core 0)
Jan 28 08:04:05.395888 dv-cinder-817351-8-iscsi devstack@c-api.service[109558]: INFO cinder.api.openstack.wsgi [None req-c4d1020c-395a-4edc-bca4-4c286bc95f2b tempest-VolumesTransfersV355Test-1463764620 tempest-VolumesTransfersV355Test-1463764620-project] POST http://10.222.0.20/volume/v3/ecee3a9cc3a242538c19c0e6d18735dd/volume-transfers/d472b6e8-c4dd-4ebf-8118-de11c0ab4da4/accept
Jan 28 08:04:05.396686 dv-cinder-817351-8-iscsi devstack@c-api.service[109558]: DEBUG cinder.api.openstack.wsgi [None req-c4d1020c-395a-4edc-bca4-4c286bc95f2b tempest-VolumesTransfersV355Test-1463764620 tempest-VolumesTransfersV355Test-1463764620-project] Action: 'accept', calling method: accept, body: {"accept": {"auth_key": "e9dc3b5b5f6c8296"}} {{(pid=109558) _process_stack /opt/stack/cinder/cinder/api/openstack/wsgi.py:866}}
Jan 28 08:04:05.397488 dv-cinder-817351-8-iscsi devstack@c-api.service[109558]: DEBUG cinder.api.contrib.volume_transfer [None req-c4d1020c-395a-4edc-bca4-4c286bc95f2b tempest-VolumesTransfersV355Test-1463764620 tempest-VolumesTransfersV355Test-1463764620-project] Accepting volume transfer d472b6e8-c4dd-4ebf-8118-de11c0ab4da4 {{(pid=109558) accept /opt/stack/cinder/cinder/api/contrib/volume_transfer.py:115}}
Jan 28 08:04:05.397808 dv-cinder-817351-8-iscsi devstack@c-api.service[109558]: INFO cinder.api.contrib.volume_transfer [None req-c4d1020c-395a-4edc-bca4-4c286bc95f2b tempest-VolumesTransfersV355Test-1463764620 tempest-VolumesTransfersV355Test-1463764620-project] Accepting transfer d472b6e8-c4dd-4ebf-8118-de11c0ab4da4
Jan 28 08:04:05.460616 dv-cinder-817351-8-iscsi devstack@c-api.service[109557]: INFO cinder.api.openstack.wsgi [None req-707f3e9a-0f10-49ae-86a5-0dd2a6f734f8 tempest-GroupsTest-1318959142 tempest-GroupsTest-1318959142-project] GET http://10.222.0.20/volume/v3/51ed4e28e2894bab9faabcd321605067/volumes/41013fcb-5b88-4ca2-b118-c1f5e205a392
Jan 28 08:04:05.461144 dv-cinder-817351-8-iscsi devstack@c-api.service[109557]: DEBUG cinder.api.openstack.wsgi [None req-707f3e9a-0f10-49ae-86a5-0dd2a6f734f8 tempest-GroupsTest-1318959142 tempest-GroupsTest-1318959142-project] Empty body provided in request {{(pid=109557) get_body /opt/stack/cinder/cinder/api/openstack/wsgi.py:715}}
Jan 28 08:04:05.461662 dv-cinder-817351-8-iscsi devstack@c-api.service[109557]: DEBUG cinder.api.openstack.wsgi [None req-707f3e9a-0f10-49ae-86a5-0dd2a6f734f8 tempest-GroupsTest-1318959142 tempest-GroupsTest-1318959142-project] Calling method 'show' {{(pid=109557) _process_stack /opt/stack/cinder/cinder/api/openstack/wsgi.py:868}}
Jan 28 08:04:05.475470 dv-cinder-817351-8-iscsi devstack@c-api.service[109557]: /usr/local/lib/python3.8/dist-packages/oslo_context/context.py:105: DeprecationWarning: Policy enforcement is depending on the value of is_admin. This key is deprecated. Please update your policy file to use the standard policy values.
Jan 28 08:04:05.475470 dv-cinder-817351-8-iscsi devstack@c-api.service[109557]: warnings.warn('Policy enforcement is depending on the value of '
Jan 28 08:04:05.482731 dv-cinder-817351-8-iscsi devstack@c-api.service[109557]: INFO cinder.volume.api [None req-707f3e9a-0f10-49ae-86a5-0dd2a6f734f8 tempest-GroupsTest-1318959142 tempest-GroupsTest-1318959142-project] Volume info retrieved successfully.
Jan 28 08:04:05.484018 dv-cinder-817351-8-iscsi devstack@c-api.service[109557]: WARNING stevedore.named [None req-707f3e9a-0f10-49ae-86a5-0dd2a6f734f8 tempest-GroupsTest-1318959142 tempest-GroupsTest-1318959142-project] Could not load cinder.keymgr.conf_key_mgr.ConfKeyManager
Jan 28 08:04:05.484409 dv-cinder-817351-8-iscsi devstack@c-api.service[109557]: WARNING castellan.key_manager [None req-707f3e9a-0f10-49ae-86a5-0dd2a6f734f8 tempest-GroupsTest-1318959142 tempest-GroupsTest-1318959142-project] Deprecation Warning : cinder.keymgr.conf_key_mgr.ConfKeyManager is not a stevedore based driver, trying to load it as a class: stevedore.exception.NoMatches: No 'castellan.drivers' driver found, looking for 'cinder.keymgr.conf_key_mgr.ConfKeyManager'
Jan 28 08:04:05.490863 dv-cinder-817351-8-iscsi devstack@c-api.service[109557]: DEBUG oslo_db.sqlalchemy.engines [None req-707f3e9a-0f10-49ae-86a5-0dd2a6f734f8 tempest-GroupsTest-1318959142 tempest-GroupsTest-1318959142-project] MySQL server mode set to STRICT_TRANS_TABLES,STRICT_ALL_TABLES,NO_ZERO_IN_DATE,NO_ZERO_DATE,ERROR_FOR_DIVISION_BY_ZERO,TRADITIONAL,NO_ENGINE_SUBSTITUTION {{(pid=109557) _check_effective_sql_mode /usr/local/lib/python3.8/dist-packages/oslo_db/sqlalchemy/engines.py:314}}
Jan 28 08:04:05.497225 dv-cinder-817351-8-iscsi devstack@c-api.service[109557]: /usr/local/lib/python3.8/dist-packages/oslo_context/context.py:105: DeprecationWarning: Policy enforcement is depending on the value of is_admin. This key is deprecated. Please update your policy file to use the standard policy values.
Jan 28 08:04:05.497225 dv-cinder-817351-8-iscsi devstack@c-api.service[109557]: warnings.warn('Policy enforcement is depending on the value of '
Jan 28 08:04:05.498879 dv-cinder-817351-8-iscsi devstack@c-api.service[109558]: DEBUG cinder.quota [None req-c4d1020c-395a-4edc-bca4-4c286bc95f2b tempest-VolumesTransfersV355Test-1463764620 tempest-VolumesTransfersV355Test-1463764620-project] Created reservations ['1cc7e01e-6a77-4df6-b955-12798c1646e2', '050e54ad-b181-4093-846a-dd328253c3e7', 'bbf45603-518f-435d-aa48-30ffccfcdfdf', '6e8666ca-705f-4aec-814b-5d8da717f896'] {{(pid=109558) reserve /opt/stack/cinder/cinder/quota.py:755}}
Jan 28 08:04:05.511541 dv-cinder-817351-8-iscsi devstack@c-api.service[109557]: INFO cinder.api.openstack.wsgi [None req-707f3e9a-0f10-49ae-86a5-0dd2a6f734f8 tempest-GroupsTest-1318959142 tempest-GroupsTest-1318959142-project] http://10.222.0.20/volume/v3/51ed4e28e2894bab9faabcd321605067/volumes/41013fcb-5b88-4ca2-b118-c1f5e205a392 returned with HTTP 200
Jan 28 08:04:05.512266 dv-cinder-817351-8-iscsi devstack@c-api.service[109557]: [pid: 109557|app: 0|req: 141/282] 10.222.0.20 () {60 vars in 1365 bytes} [Fri Jan 28 08:04:05 2022] GET /volume/v3/51ed4e28e2894bab9faabcd321605067/volumes/41013fcb-5b88-4ca2-b118-c1f5e205a392 => generated 984 bytes in 55 msecs (HTTP/1.1 200) 7 headers in 286 bytes (2 switches on core 0)
Jan 28 08:04:05.527806 dv-cinder-817351-8-iscsi devstack@c-api.service[109557]: INFO cinder.api.openstack.wsgi [None req-5374928e-59a9-4486-b089-9ebbf20959e7 tempest-GroupsTest-1318959142 tempest-GroupsTest-1318959142-project] PUT http://10.222.0.20/volume/v3/51ed4e28e2894bab9faabcd321605067/groups/416c8d54-e172-484e-b735-7f521881e4dd
Jan 28 08:04:05.528529 dv-cinder-817351-8-iscsi devstack@c-api.service[109557]: DEBUG cinder.api.openstack.wsgi [None req-5374928e-59a9-4486-b089-9ebbf20959e7 tempest-GroupsTest-1318959142 tempest-GroupsTest-1318959142-project] Action: 'update', calling method: version_select, body: {"group": {"name": "new_group", "description": "This is a new group", "remove_volumes": "41013fcb-5b88-4ca2-b118-c1f5e205a392"}} {{(pid=109557) _process_stack /opt/stack/cinder/cinder/api/openstack/wsgi.py:866}}
Jan 28 08:04:05.529414 dv-cinder-817351-8-iscsi devstack@c-api.service[109557]: DEBUG cinder.api.v3.groups [None req-5374928e-59a9-4486-b089-9ebbf20959e7 tempest-GroupsTest-1318959142 tempest-GroupsTest-1318959142-project] Update called for group 416c8d54-e172-484e-b735-7f521881e4dd. {{(pid=109557) update /opt/stack/cinder/cinder/api/v3/groups.py:302}}
Jan 28 08:04:05.529710 dv-cinder-817351-8-iscsi devstack@c-api.service[109557]: INFO cinder.api.v3.groups [None req-5374928e-59a9-4486-b089-9ebbf20959e7 tempest-GroupsTest-1318959142 tempest-GroupsTest-1318959142-project] Updating group 416c8d54-e172-484e-b735-7f521881e4dd with name new_group description: This is a new group add_volumes: None remove_volumes: 41013fcb-5b88-4ca2-b118-c1f5e205a392.
Jan 28 08:04:05.531000 dv-cinder-817351-8-iscsi devstack@c-api.service[109558]: DEBUG cinder.quota [None req-c4d1020c-395a-4edc-bca4-4c286bc95f2b tempest-VolumesTransfersV355Test-1463764620 tempest-VolumesTransfersV355Test-1463764620-project] Created reservations ['c78385ea-485c-482f-807e-f2c771778019', '74108214-e5a3-4c09-befc-1c494812ee57', '24b3aec5-6783-471e-85fa-a345bb825f79', 'c4520483-c4b8-4eca-8af9-dc0a2d69149e'] {{(pid=109558) reserve /opt/stack/cinder/cinder/quota.py:755}}
Jan 28 08:04:05.534868 dv-cinder-817351-8-iscsi devstack@c-api.service[109557]: /usr/local/lib/python3.8/dist-packages/oslo_context/context.py:105: DeprecationWarning: Policy enforcement is depending on the value of is_admin. This key is deprecated. Please update your policy file to use the standard policy values.
Jan 28 08:04:05.534868 dv-cinder-817351-8-iscsi devstack@c-api.service[109557]: warnings.warn('Policy enforcement is depending on the value of '
Jan 28 08:04:05.558441 dv-cinder-817351-8-iscsi devstack@c-api.service[109558]: WARNING cinder.quota [None req-c4d1020c-395a-4edc-bca4-4c286bc95f2b tempest-VolumesTransfersV355Test-1463764620 tempest-VolumesTransfersV355Test-1463764620-project] Deprecated: Default quota for resource: snapshots___DEFAULT__ is set by the default quota flag: quota_snapshots___DEFAULT__, it is now deprecated. Please use the default quota class for default quota.
Jan 28 08:04:05.560438 dv-cinder-817351-8-iscsi devstack@c-api.service[109557]: INFO cinder.api.openstack.wsgi [None req-5374928e-59a9-4486-b089-9ebbf20959e7 tempest-GroupsTest-1318959142 tempest-GroupsTest-1318959142-project] http://10.222.0.20/volume/v3/51ed4e28e2894bab9faabcd321605067/groups/416c8d54-e172-484e-b735-7f521881e4dd returned with HTTP 202
Jan 28 08:04:05.564973 dv-cinder-817351-8-iscsi devstack@c-api.service[109557]: [pid: 109557|app: 0|req: 142/283] 10.222.0.20 () {62 vars in 1383 bytes} [Fri Jan 28 08:04:05 2022] PUT /volume/v3/51ed4e28e2894bab9faabcd321605067/groups/416c8d54-e172-484e-b735-7f521881e4dd => generated 0 bytes in 38 msecs (HTTP/1.1 202) 6 headers in 234 bytes (2 switches on core 0)
Jan 28 08:04:05.570977 dv-cinder-817351-8-iscsi devstack@c-api.service[109557]: INFO cinder.api.openstack.wsgi [None req-66b6869c-33ed-488f-911a-c2403ae71837 tempest-GroupsTest-1318959142 tempest-GroupsTest-1318959142-project] GET http://10.222.0.20/volume/v3/51ed4e28e2894bab9faabcd321605067/groups/416c8d54-e172-484e-b735-7f521881e4dd
Jan 28 08:04:05.571491 dv-cinder-817351-8-iscsi devstack@c-api.service[109557]: DEBUG cinder.api.openstack.wsgi [None req-66b6869c-33ed-488f-911a-c2403ae71837 tempest-GroupsTest-1318959142 tempest-GroupsTest-1318959142-project] Empty body provided in request {{(pid=109557) get_body /opt/stack/cinder/cinder/api/openstack/wsgi.py:715}}
Jan 28 08:04:05.571906 dv-cinder-817351-8-iscsi devstack@c-api.service[109557]: DEBUG cinder.api.openstack.wsgi [None req-66b6869c-33ed-488f-911a-c2403ae71837 tempest-GroupsTest-1318959142 tempest-GroupsTest-1318959142-project] Calling method 'version_select' {{(pid=109557) _process_stack /opt/stack/cinder/cinder/api/openstack/wsgi.py:868}}
Jan 28 08:04:05.572276 dv-cinder-817351-8-iscsi devstack@c-api.service[109557]: DEBUG cinder.api.v3.groups [None req-66b6869c-33ed-488f-911a-c2403ae71837 tempest-GroupsTest-1318959142 tempest-GroupsTest-1318959142-project] show called for member 416c8d54-e172-484e-b735-7f521881e4dd {{(pid=109557) show /opt/stack/cinder/cinder/api/v3/groups.py:58}}
Jan 28 08:04:05.577351 dv-cinder-817351-8-iscsi devstack@c-api.service[109557]: /usr/local/lib/python3.8/dist-packages/oslo_context/context.py:105: DeprecationWarning: Policy enforcement is depending on the value of is_admin. This key is deprecated. Please update your policy file to use the standard policy values.
Jan 28 08:04:05.577351 dv-cinder-817351-8-iscsi devstack@c-api.service[109557]: warnings.warn('Policy enforcement is depending on the value of '
Jan 28 08:04:05.586371 dv-cinder-817351-8-iscsi devstack@c-api.service[109558]: DEBUG cinder.quota [None req-c4d1020c-395a-4edc-bca4-4c286bc95f2b tempest-VolumesTransfersV355Test-1463764620 tempest-VolumesTransfersV355Test-1463764620-project] Created reservations ['c03f305e-6f05-4d7b-bbdc-c0e47a38d37b', 'ae201aa7-5612-4a50-aa1c-17e2c3185a41', '80e4ee24-a808-4e57-a2d2-c6f7f3cae14e', '9bd68b78-cc75-49cb-9e1b-1f156b7a7f64'] {{(pid=109558) reserve /opt/stack/cinder/cinder/quota.py:755}}
Jan 28 08:04:05.591304 dv-cinder-817351-8-iscsi devstack@c-api.service[109557]: INFO cinder.api.openstack.wsgi [None req-66b6869c-33ed-488f-911a-c2403ae71837 tempest-GroupsTest-1318959142 tempest-GroupsTest-1318959142-project] http://10.222.0.20/volume/v3/51ed4e28e2894bab9faabcd321605067/groups/416c8d54-e172-484e-b735-7f521881e4dd returned with HTTP 200
Jan 28 08:04:05.592029 dv-cinder-817351-8-iscsi devstack@c-api.service[109557]: [pid: 109557|app: 0|req: 143/284] 10.222.0.20 () {60 vars in 1362 bytes} [Fri Jan 28 08:04:05 2022] GET /volume/v3/51ed4e28e2894bab9faabcd321605067/groups/416c8d54-e172-484e-b735-7f521881e4dd => generated 323 bytes in 26 msecs (HTTP/1.1 200) 7 headers in 286 bytes (1 switches on core 0)
Jan 28 08:04:05.640539 dv-cinder-817351-8-iscsi devstack@c-api.service[109558]: DEBUG cinder.quota [None req-c4d1020c-395a-4edc-bca4-4c286bc95f2b tempest-VolumesTransfersV355Test-1463764620 tempest-VolumesTransfersV355Test-1463764620-project] Created reservations ['68ba9be0-3b0a-4c56-84ce-c84f04c70c3e', '6f4c0f68-9964-4521-94f0-35b013a060bd', 'bd85bca0-0715-4b97-9893-b8d014ccbd47', '2340bf13-504a-4cf3-9a2f-27865b615b8e'] {{(pid=109558) reserve /opt/stack/cinder/cinder/quota.py:755}}
Jan 28 08:04:05.661933 dv-cinder-817351-8-iscsi devstack@c-api.service[109558]: INFO cinder.volume.api [None req-c4d1020c-395a-4edc-bca4-4c286bc95f2b tempest-VolumesTransfersV355Test-1463764620 tempest-VolumesTransfersV355Test-1463764620-project] Transfer volume completed successfully.
Jan 28 08:04:05.678382 dv-cinder-817351-8-iscsi devstack@c-api.service[109557]: INFO cinder.api.openstack.wsgi [None req-86f86dc7-ba4f-4306-9b64-2e8209413df0 tempest-GroupSnapshotsTest-1341829632 tempest-GroupSnapshotsTest-1341829632-project] GET http://10.222.0.20/volume/v3/d018960062f141828a9351d831249f76/snapshots/d7f363bc-9611-4180-bf29-d98663245e23
Jan 28 08:04:05.678908 dv-cinder-817351-8-iscsi devstack@c-api.service[109557]: DEBUG cinder.api.openstack.wsgi [None req-86f86dc7-ba4f-4306-9b64-2e8209413df0 tempest-GroupSnapshotsTest-1341829632 tempest-GroupSnapshotsTest-1341829632-project] Empty body provided in request {{(pid=109557) get_body /opt/stack/cinder/cinder/api/openstack/wsgi.py:715}}
