Dec 09 11:29:04.331321 dv-cinder-817351-6-smb devstack@n-api.service[116180]: DEBUG oslo_concurrency.lockutils [None req-9267f5cd-7a55-414b-89f6-63c76bb217aa tempest-AttachVolumeShelveTestJSON-463134921 tempest-AttachVolumeShelveTestJSON-463134921-project] Lock "192e98ad-4150-4be6-bb95-e2222ca300d3" "released" by "nova.context.set_target_cell..get_or_set_cached_cell_and_set_connections" :: held 0.001s {{(pid=116180) inner /usr/local/lib/python3.8/dist-packages/oslo_concurrency/lockutils.py:400}}
Dec 09 11:29:04.537531 dv-cinder-817351-6-smb devstack@n-api.service[116180]: INFO nova.api.openstack.requestlog [None req-9267f5cd-7a55-414b-89f6-63c76bb217aa tempest-AttachVolumeShelveTestJSON-463134921 tempest-AttachVolumeShelveTestJSON-463134921-project] 10.222.0.31 "POST /compute/v2.1/servers/95f47ad4-b36e-4edf-8457-56d9c6029be5/action" status: 200 len: 28233 microversion: 2.20 time: 0.230982
Dec 09 11:29:04.538948 dv-cinder-817351-6-smb devstack@n-api.service[116180]: [pid: 116180|app: 0|req: 101/202] 10.222.0.31 () {62 vars in 1318 bytes} [Thu Dec 9 11:29:04 2021] POST /compute/v2.1/servers/95f47ad4-b36e-4edf-8457-56d9c6029be5/action => generated 28233 bytes in 233 msecs (HTTP/1.1 200) 9 headers in 361 bytes (2 switches on core 0)
Dec 09 11:29:04.546336 dv-cinder-817351-6-smb devstack@n-api.service[116180]: DEBUG nova.api.openstack.wsgi [None req-1f9a41e4-9f7b-4c3a-8f5a-e0521aec460b tempest-AttachVolumeNegativeTest-852954009 tempest-AttachVolumeNegativeTest-852954009-project] Calling method '>' {{(pid=116180) _process_stack /opt/stack/nova/nova/api/openstack/wsgi.py:513}}
Dec 09 11:29:04.552101 dv-cinder-817351-6-smb devstack@n-api.service[116180]: DEBUG nova.compute.api [None req-1f9a41e4-9f7b-4c3a-8f5a-e0521aec460b tempest-AttachVolumeNegativeTest-852954009 tempest-AttachVolumeNegativeTest-852954009-project] [instance: 3a0779e9-1892-4fdb-9395-dd821b29b87b] Fetching instance by UUID {{(pid=116180) get /opt/stack/nova/nova/compute/api.py:2865}}
Dec 09 11:29:04.565573 dv-cinder-817351-6-smb devstack@n-api.service[116180]: DEBUG oslo_concurrency.lockutils [None req-1f9a41e4-9f7b-4c3a-8f5a-e0521aec460b tempest-AttachVolumeNegativeTest-852954009 tempest-AttachVolumeNegativeTest-852954009-project] Lock "192e98ad-4150-4be6-bb95-e2222ca300d3" acquired by "nova.context.set_target_cell..get_or_set_cached_cell_and_set_connections" :: waited 0.000s {{(pid=116180) inner /usr/local/lib/python3.8/dist-packages/oslo_concurrency/lockutils.py:386}}
Dec 09 11:29:04.566225 dv-cinder-817351-6-smb devstack@n-api.service[116180]: DEBUG oslo_concurrency.lockutils [None req-1f9a41e4-9f7b-4c3a-8f5a-e0521aec460b tempest-AttachVolumeNegativeTest-852954009 tempest-AttachVolumeNegativeTest-852954009-project] Lock "192e98ad-4150-4be6-bb95-e2222ca300d3" "released" by "nova.context.set_target_cell..get_or_set_cached_cell_and_set_connections" :: held 0.001s {{(pid=116180) inner /usr/local/lib/python3.8/dist-packages/oslo_concurrency/lockutils.py:400}}
Dec 09 11:29:04.569604 dv-cinder-817351-6-smb devstack@n-api.service[116180]: DEBUG oslo_concurrency.lockutils [None req-1f9a41e4-9f7b-4c3a-8f5a-e0521aec460b tempest-AttachVolumeNegativeTest-852954009 tempest-AttachVolumeNegativeTest-852954009-project] Lock "192e98ad-4150-4be6-bb95-e2222ca300d3" acquired by "nova.context.set_target_cell..get_or_set_cached_cell_and_set_connections" :: waited 0.000s {{(pid=116180) inner /usr/local/lib/python3.8/dist-packages/oslo_concurrency/lockutils.py:386}}
Dec 09 11:29:04.570235 dv-cinder-817351-6-smb devstack@n-api.service[116180]: DEBUG oslo_concurrency.lockutils [None req-1f9a41e4-9f7b-4c3a-8f5a-e0521aec460b tempest-AttachVolumeNegativeTest-852954009 tempest-AttachVolumeNegativeTest-852954009-project] Lock "192e98ad-4150-4be6-bb95-e2222ca300d3" "released" by "nova.context.set_target_cell..get_or_set_cached_cell_and_set_connections" :: held 0.001s {{(pid=116180) inner /usr/local/lib/python3.8/dist-packages/oslo_concurrency/lockutils.py:400}}
Dec 09 11:29:04.594139 dv-cinder-817351-6-smb devstack@n-api.service[116182]: DEBUG nova.policy [None req-1ae999e5-8a23-4f50-b8fa-414527b27168 tempest-ServerRescueNegativeTestJSON-51426054 tempest-ServerRescueNegativeTestJSON-51426054-project] Policy check for os_compute_api:os-extended-server-attributes failed with credentials {'is_admin': False, 'user_id': '1b37987c68d748a6a0e1370f2b495e4b', 'user_domain_id': 'default', 'system_scope': None, 'domain_id': None, 'project_id': 'aa2cf8d2511846fe9576f71a85185856', 'project_domain_id': 'default', 'roles': ['member', 'reader'], 'is_admin_project': True, 'service_user_id': None, 'service_user_domain_id': None, 'service_project_id': None, 'service_project_domain_id': None, 'service_roles': []} {{(pid=116182) authorize /opt/stack/nova/nova/policy.py:199}}
Dec 09 11:29:04.614124 dv-cinder-817351-6-smb devstack@n-api.service[116182]: INFO nova.api.openstack.requestlog [None req-1ae999e5-8a23-4f50-b8fa-414527b27168 tempest-ServerRescueNegativeTestJSON-51426054 tempest-ServerRescueNegativeTestJSON-51426054-project] 10.222.0.31 "GET /compute/v2.1/servers/1454bc67-c7cc-4774-bf20-5094d2200f0e" status: 200 len: 1522 microversion: 2.1 time: 0.448123
Dec 09 11:29:04.625263 dv-cinder-817351-6-smb devstack@n-api.service[116182]: [pid: 116182|app: 0|req: 102/203] 10.222.0.31 () {58 vars in 1235 bytes} [Thu Dec 9 11:29:04 2021] GET /compute/v2.1/servers/1454bc67-c7cc-4774-bf20-5094d2200f0e => generated 1522 bytes in 461 msecs (HTTP/1.1 200) 9 headers in 358 bytes (1 switches on core 0)
Dec 09 11:29:04.673738 dv-cinder-817351-6-smb devstack@n-api.service[116180]: INFO nova.api.openstack.requestlog [None req-1f9a41e4-9f7b-4c3a-8f5a-e0521aec460b tempest-AttachVolumeNegativeTest-852954009 tempest-AttachVolumeNegativeTest-852954009-project] 10.222.0.31 "GET /compute/v2.1/servers/3a0779e9-1892-4fdb-9395-dd821b29b87b/os-volume_attachments" status: 200 len: 25 microversion: 2.1 time: 0.130089
Dec 09 11:29:04.674379 dv-cinder-817351-6-smb devstack@n-api.service[116180]: [pid: 116180|app: 0|req: 102/204] 10.222.0.31 () {58 vars in 1301 bytes} [Thu Dec 9 11:29:04 2021] GET /compute/v2.1/servers/3a0779e9-1892-4fdb-9395-dd821b29b87b/os-volume_attachments => generated 25 bytes in 135 msecs (HTTP/1.1 200) 9 headers in 356 bytes (1 switches on core 0)
Dec 09 11:29:05.020646 dv-cinder-817351-6-smb devstack@n-api.service[116182]: DEBUG nova.api.openstack.wsgi [None req-921e661a-baa7-4c0c-a0e3-cc8d1aafbcc5 tempest-AttachVolumeNegativeTest-852954009 tempest-AttachVolumeNegativeTest-852954009-project] Action: 'create', calling method: >, body: {"server": {"name": "tempest-AttachVolumeNegativeTest-server-1779227392", "imageRef": "076304b0-3a96-4366-beac-b877b964a253", "flavorRef": "452", "networks": [{"uuid": "2724564f-e3f1-4ada-9ed1-61084011965f"}]}} {{(pid=116182) _process_stack /opt/stack/nova/nova/api/openstack/wsgi.py:511}}
Dec 09 11:29:05.112307 dv-cinder-817351-6-smb devstack@n-api.service[116182]: DEBUG nova.network.neutron [None req-921e661a-baa7-4c0c-a0e3-cc8d1aafbcc5 tempest-AttachVolumeNegativeTest-852954009 tempest-AttachVolumeNegativeTest-852954009-project] validate_networks() for [('2724564f-e3f1-4ada-9ed1-61084011965f', None, None, None, None, None)] {{(pid=116182) validate_networks /opt/stack/nova/nova/network/neutron.py:2482}}
Dec 09 11:29:05.553040 dv-cinder-817351-6-smb devstack@n-api.service[116180]: DEBUG nova.api.openstack.wsgi [None req-c7912cd5-a71c-4b8d-889e-f3b60342a888 tempest-AttachVolumeShelveTestJSON-463134921 tempest-AttachVolumeShelveTestJSON-463134921-project] Action: 'action', calling method: >, body: {"os-getConsoleOutput": {}} {{(pid=116180) _process_stack /opt/stack/nova/nova/api/openstack/wsgi.py:511}}
Dec 09 11:29:05.555559 dv-cinder-817351-6-smb devstack@n-api.service[116180]: DEBUG nova.compute.api [None req-c7912cd5-a71c-4b8d-889e-f3b60342a888 tempest-AttachVolumeShelveTestJSON-463134921 tempest-AttachVolumeShelveTestJSON-463134921-project] [instance: 95f47ad4-b36e-4edf-8457-56d9c6029be5] Fetching instance by UUID {{(pid=116180) get /opt/stack/nova/nova/compute/api.py:2865}}
Dec 09 11:29:05.572879 dv-cinder-817351-6-smb devstack@n-api.service[116180]: DEBUG oslo_concurrency.lockutils [None req-c7912cd5-a71c-4b8d-889e-f3b60342a888 tempest-AttachVolumeShelveTestJSON-463134921 tempest-AttachVolumeShelveTestJSON-463134921-project] Lock "192e98ad-4150-4be6-bb95-e2222ca300d3" acquired by "nova.context.set_target_cell..get_or_set_cached_cell_and_set_connections" :: waited 0.000s {{(pid=116180) inner /usr/local/lib/python3.8/dist-packages/oslo_concurrency/lockutils.py:386}}
Dec 09 11:29:05.573331 dv-cinder-817351-6-smb devstack@n-api.service[116180]: DEBUG oslo_concurrency.lockutils [None req-c7912cd5-a71c-4b8d-889e-f3b60342a888 tempest-AttachVolumeShelveTestJSON-463134921 tempest-AttachVolumeShelveTestJSON-463134921-project] Lock "192e98ad-4150-4be6-bb95-e2222ca300d3" "released" by "nova.context.set_target_cell..get_or_set_cached_cell_and_set_connections" :: held 0.001s {{(pid=116180) inner /usr/local/lib/python3.8/dist-packages/oslo_concurrency/lockutils.py:400}}
Dec 09 11:29:05.574128 dv-cinder-817351-6-smb devstack@n-api.service[116180]: DEBUG oslo_concurrency.lockutils [None req-c7912cd5-a71c-4b8d-889e-f3b60342a888 tempest-AttachVolumeShelveTestJSON-463134921 tempest-AttachVolumeShelveTestJSON-463134921-project] Lock "192e98ad-4150-4be6-bb95-e2222ca300d3" acquired by "nova.context.set_target_cell..get_or_set_cached_cell_and_set_connections" :: waited 0.000s {{(pid=116180) inner /usr/local/lib/python3.8/dist-packages/oslo_concurrency/lockutils.py:386}}
Dec 09 11:29:05.577125 dv-cinder-817351-6-smb devstack@n-api.service[116180]: DEBUG oslo_concurrency.lockutils [None req-c7912cd5-a71c-4b8d-889e-f3b60342a888 tempest-AttachVolumeShelveTestJSON-463134921 tempest-AttachVolumeShelveTestJSON-463134921-project] Lock "192e98ad-4150-4be6-bb95-e2222ca300d3" "released" by "nova.context.set_target_cell..get_or_set_cached_cell_and_set_connections" :: held 0.000s {{(pid=116180) inner /usr/local/lib/python3.8/dist-packages/oslo_concurrency/lockutils.py:400}}
Dec 09 11:29:05.797214 dv-cinder-817351-6-smb devstack@n-api.service[116180]: INFO nova.api.openstack.requestlog [None req-c7912cd5-a71c-4b8d-889e-f3b60342a888 tempest-AttachVolumeShelveTestJSON-463134921 tempest-AttachVolumeShelveTestJSON-463134921-project] 10.222.0.31 "POST /compute/v2.1/servers/95f47ad4-b36e-4edf-8457-56d9c6029be5/action" status: 200 len: 28233 microversion: 2.20 time: 0.250253
Dec 09 11:29:05.798901 dv-cinder-817351-6-smb devstack@n-api.service[116180]: [pid: 116180|app: 0|req: 103/205] 10.222.0.31 () {62 vars in 1318 bytes} [Thu Dec 9 11:29:05 2021] POST /compute/v2.1/servers/95f47ad4-b36e-4edf-8457-56d9c6029be5/action => generated 28233 bytes in 253 msecs (HTTP/1.1 200) 9 headers in 361 bytes (1 switches on core 0)
Dec 09 11:29:05.805552 dv-cinder-817351-6-smb devstack@n-api.service[116180]: DEBUG nova.api.openstack.wsgi [None req-480f5628-b65a-4367-ba07-594937dd3826 tempest-ServerRescueNegativeTestJSON-51426054 tempest-ServerRescueNegativeTestJSON-51426054-project] Calling method '>' {{(pid=116180) _process_stack /opt/stack/nova/nova/api/openstack/wsgi.py:513}}
Dec 09 11:29:05.810222 dv-cinder-817351-6-smb devstack@n-api.service[116180]: DEBUG nova.compute.api [None req-480f5628-b65a-4367-ba07-594937dd3826 tempest-ServerRescueNegativeTestJSON-51426054 tempest-ServerRescueNegativeTestJSON-51426054-project] [instance: 1454bc67-c7cc-4774-bf20-5094d2200f0e] Fetching instance by UUID {{(pid=116180) get /opt/stack/nova/nova/compute/api.py:2865}}
Dec 09 11:29:05.826083 dv-cinder-817351-6-smb devstack@n-api.service[116180]: DEBUG oslo_concurrency.lockutils [None req-480f5628-b65a-4367-ba07-594937dd3826 tempest-ServerRescueNegativeTestJSON-51426054 tempest-ServerRescueNegativeTestJSON-51426054-project] Lock "192e98ad-4150-4be6-bb95-e2222ca300d3" acquired by "nova.context.set_target_cell..get_or_set_cached_cell_and_set_connections" :: waited 0.000s {{(pid=116180) inner /usr/local/lib/python3.8/dist-packages/oslo_concurrency/lockutils.py:386}}
Dec 09 11:29:05.826362 dv-cinder-817351-6-smb devstack@n-api.service[116180]: DEBUG oslo_concurrency.lockutils [None req-480f5628-b65a-4367-ba07-594937dd3826 tempest-ServerRescueNegativeTestJSON-51426054 tempest-ServerRescueNegativeTestJSON-51426054-project] Lock "192e98ad-4150-4be6-bb95-e2222ca300d3" "released" by "nova.context.set_target_cell..get_or_set_cached_cell_and_set_connections" :: held 0.001s {{(pid=116180) inner /usr/local/lib/python3.8/dist-packages/oslo_concurrency/lockutils.py:400}}
Dec 09 11:29:05.831015 dv-cinder-817351-6-smb devstack@n-api.service[116180]: DEBUG oslo_concurrency.lockutils [None req-480f5628-b65a-4367-ba07-594937dd3826 tempest-ServerRescueNegativeTestJSON-51426054 tempest-ServerRescueNegativeTestJSON-51426054-project] Lock "192e98ad-4150-4be6-bb95-e2222ca300d3" acquired by "nova.context.set_target_cell..get_or_set_cached_cell_and_set_connections" :: waited 0.000s {{(pid=116180) inner /usr/local/lib/python3.8/dist-packages/oslo_concurrency/lockutils.py:386}}
Dec 09 11:29:05.831654 dv-cinder-817351-6-smb devstack@n-api.service[116180]: DEBUG oslo_concurrency.lockutils [None req-480f5628-b65a-4367-ba07-594937dd3826 tempest-ServerRescueNegativeTestJSON-51426054 tempest-ServerRescueNegativeTestJSON-51426054-project] Lock "192e98ad-4150-4be6-bb95-e2222ca300d3" "released" by "nova.context.set_target_cell..get_or_set_cached_cell_and_set_connections" :: held 0.002s {{(pid=116180) inner /usr/local/lib/python3.8/dist-packages/oslo_concurrency/lockutils.py:400}}
Dec 09 11:29:05.922891 dv-cinder-817351-6-smb devstack@n-api.service[116182]: DEBUG nova.virt.hardware [None req-921e661a-baa7-4c0c-a0e3-cc8d1aafbcc5 tempest-AttachVolumeNegativeTest-852954009 tempest-AttachVolumeNegativeTest-852954009-project] Flavor limits 0:0:0 {{(pid=116182) get_cpu_topology_constraints /opt/stack/nova/nova/virt/hardware.py:343}}
Dec 09 11:29:05.923897 dv-cinder-817351-6-smb devstack@n-api.service[116182]: DEBUG nova.virt.hardware [None req-921e661a-baa7-4c0c-a0e3-cc8d1aafbcc5 tempest-AttachVolumeNegativeTest-852954009 tempest-AttachVolumeNegativeTest-852954009-project] Image limits 0:0:0 {{(pid=116182) get_cpu_topology_constraints /opt/stack/nova/nova/virt/hardware.py:347}}
Dec 09 11:29:05.924584 dv-cinder-817351-6-smb devstack@n-api.service[116182]: DEBUG nova.virt.hardware [None req-921e661a-baa7-4c0c-a0e3-cc8d1aafbcc5 tempest-AttachVolumeNegativeTest-852954009 tempest-AttachVolumeNegativeTest-852954009-project] Flavor pref 0:0:0 {{(pid=116182) get_cpu_topology_constraints /opt/stack/nova/nova/virt/hardware.py:383}}
Dec 09 11:29:05.925204 dv-cinder-817351-6-smb devstack@n-api.service[116182]: DEBUG nova.virt.hardware [None req-921e661a-baa7-4c0c-a0e3-cc8d1aafbcc5 tempest-AttachVolumeNegativeTest-852954009 tempest-AttachVolumeNegativeTest-852954009-project] Image pref 0:0:0 {{(pid=116182) get_cpu_topology_constraints /opt/stack/nova/nova/virt/hardware.py:387}}
Dec 09 11:29:05.925824 dv-cinder-817351-6-smb devstack@n-api.service[116182]: DEBUG nova.virt.hardware [None req-921e661a-baa7-4c0c-a0e3-cc8d1aafbcc5 tempest-AttachVolumeNegativeTest-852954009 tempest-AttachVolumeNegativeTest-852954009-project] Chose sockets=0, cores=0, threads=0; limits were sockets=65536, cores=65536, threads=65536 {{(pid=116182) get_cpu_topology_constraints /opt/stack/nova/nova/virt/hardware.py:425}}
Dec 09 11:29:05.946464 dv-cinder-817351-6-smb devstack@n-api.service[116182]: DEBUG oslo_concurrency.lockutils [None req-921e661a-baa7-4c0c-a0e3-cc8d1aafbcc5 tempest-AttachVolumeNegativeTest-852954009 tempest-AttachVolumeNegativeTest-852954009-project] Lock "00000000-0000-0000-0000-000000000000" acquired by "nova.context.set_target_cell..get_or_set_cached_cell_and_set_connections" :: waited 0.000s {{(pid=116182) inner /usr/local/lib/python3.8/dist-packages/oslo_concurrency/lockutils.py:386}}
Dec 09 11:29:05.947135 dv-cinder-817351-6-smb devstack@n-api.service[116182]: DEBUG oslo_concurrency.lockutils [None req-921e661a-baa7-4c0c-a0e3-cc8d1aafbcc5 tempest-AttachVolumeNegativeTest-852954009 tempest-AttachVolumeNegativeTest-852954009-project] Lock "00000000-0000-0000-0000-000000000000" "released" by "nova.context.set_target_cell..get_or_set_cached_cell_and_set_connections" :: held 0.001s {{(pid=116182) inner /usr/local/lib/python3.8/dist-packages/oslo_concurrency/lockutils.py:400}}
Dec 09 11:29:05.948019 dv-cinder-817351-6-smb devstack@n-api.service[116182]: DEBUG oslo_concurrency.lockutils [None req-921e661a-baa7-4c0c-a0e3-cc8d1aafbcc5 tempest-AttachVolumeNegativeTest-852954009 tempest-AttachVolumeNegativeTest-852954009-project] Lock "192e98ad-4150-4be6-bb95-e2222ca300d3" acquired by "nova.context.set_target_cell..get_or_set_cached_cell_and_set_connections" :: waited 0.000s {{(pid=116182) inner /usr/local/lib/python3.8/dist-packages/oslo_concurrency/lockutils.py:386}}
Dec 09 11:29:05.948693 dv-cinder-817351-6-smb devstack@n-api.service[116182]: DEBUG oslo_concurrency.lockutils [None req-921e661a-baa7-4c0c-a0e3-cc8d1aafbcc5 tempest-AttachVolumeNegativeTest-852954009 tempest-AttachVolumeNegativeTest-852954009-project] Lock "192e98ad-4150-4be6-bb95-e2222ca300d3" "released" by "nova.context.set_target_cell..get_or_set_cached_cell_and_set_connections" :: held 0.001s {{(pid=116182) inner /usr/local/lib/python3.8/dist-packages/oslo_concurrency/lockutils.py:400}}
Dec 09 11:29:06.008800 dv-cinder-817351-6-smb devstack@n-api.service[116182]: DEBUG nova.quota [None req-921e661a-baa7-4c0c-a0e3-cc8d1aafbcc5 tempest-AttachVolumeNegativeTest-852954009 tempest-AttachVolumeNegativeTest-852954009-project] Getting quotas for project aa3ac5f59c384a5fa472edf30278c687. Resources: {'ram', 'instances', 'cores'} {{(pid=116182) _get_quotas /opt/stack/nova/nova/quota.py:387}}
Dec 09 11:29:06.032266 dv-cinder-817351-6-smb devstack@n-api.service[116182]: DEBUG nova.quota [None req-921e661a-baa7-4c0c-a0e3-cc8d1aafbcc5 tempest-AttachVolumeNegativeTest-852954009 tempest-AttachVolumeNegativeTest-852954009-project] Getting quotas for user 0e0f0e84f692454b9d615b8c4b17efd9 and project aa3ac5f59c384a5fa472edf30278c687. Resources: {'ram', 'instances', 'cores'} {{(pid=116182) _get_quotas /opt/stack/nova/nova/quota.py:377}}
Dec 09 11:29:06.091609 dv-cinder-817351-6-smb devstack@n-api.service[116182]: DEBUG nova.compute.api [None req-921e661a-baa7-4c0c-a0e3-cc8d1aafbcc5 tempest-AttachVolumeNegativeTest-852954009 tempest-AttachVolumeNegativeTest-852954009-project] Going to run 1 instances... {{(pid=116182) _provision_instances /opt/stack/nova/nova/compute/api.py:1350}}
Dec 09 11:29:06.094495 dv-cinder-817351-6-smb devstack@n-api.service[116182]: DEBUG nova.compute.api [None req-921e661a-baa7-4c0c-a0e3-cc8d1aafbcc5 tempest-AttachVolumeNegativeTest-852954009 tempest-AttachVolumeNegativeTest-852954009-project] [instance: 51e10a74-efc9-4313-a42f-ce59165ff49c] block_device_mapping [BlockDeviceMapping(attachment_id=,boot_index=0,connection_info=None,created_at=,delete_on_termination=True,deleted=,deleted_at=,destination_type='local',device_name=None,device_type='disk',disk_bus=None,guest_format=None,id=,image_id='076304b0-3a96-4366-beac-b877b964a253',instance=,instance_uuid=,no_device=False,snapshot_id=None,source_type='image',tag=None,updated_at=,uuid=,volume_id=None,volume_size=None,volume_type=None)] {{(pid=116182) _bdm_validate_set_size_and_instance /opt/stack/nova/nova/compute/api.py:1757}}
Dec 09 11:29:06.181109 dv-cinder-817351-6-smb devstack@n-api.service[116182]: INFO nova.api.openstack.requestlog [None req-921e661a-baa7-4c0c-a0e3-cc8d1aafbcc5 tempest-AttachVolumeNegativeTest-852954009 tempest-AttachVolumeNegativeTest-852954009-project] 10.222.0.31 "POST /compute/v2.1/servers" status: 202 len: 380 microversion: 2.1 time: 1.164179
Dec 09 11:29:06.184743 dv-cinder-817351-6-smb devstack@n-api.service[116182]: [pid: 116182|app: 0|req: 103/206] 10.222.0.31 () {60 vars in 1146 bytes} [Thu Dec 9 11:29:05 2021] POST /compute/v2.1/servers => generated 380 bytes in 1168 msecs (HTTP/1.1 202) 10 headers in 451 bytes (1 switches on core 0)
Dec 09 11:29:06.208304 dv-cinder-817351-6-smb devstack@n-api.service[116182]: DEBUG nova.api.openstack.wsgi [None req-c2950ec5-87ae-4047-96af-5f1d3188dcf9 tempest-AttachVolumeNegativeTest-852954009 tempest-AttachVolumeNegativeTest-852954009-project] Calling method '>' {{(pid=116182) _process_stack /opt/stack/nova/nova/api/openstack/wsgi.py:513}}
Dec 09 11:29:06.209312 dv-cinder-817351-6-smb devstack@n-api.service[116180]: DEBUG nova.policy [None req-480f5628-b65a-4367-ba07-594937dd3826 tempest-ServerRescueNegativeTestJSON-51426054 tempest-ServerRescueNegativeTestJSON-51426054-project] Policy check for os_compute_api:os-extended-server-attributes failed with credentials {'is_admin': False, 'user_id': '1b37987c68d748a6a0e1370f2b495e4b', 'user_domain_id': 'default', 'system_scope': None, 'domain_id': None, 'project_id': 'aa2cf8d2511846fe9576f71a85185856', 'project_domain_id': 'default', 'roles': ['member', 'reader'], 'is_admin_project': True, 'service_user_id': None, 'service_user_domain_id': None, 'service_project_id': None, 'service_project_domain_id': None, 'service_roles': []} {{(pid=116180) authorize /opt/stack/nova/nova/policy.py:199}}
Dec 09 11:29:06.210762 dv-cinder-817351-6-smb devstack@n-api.service[116182]: DEBUG nova.compute.api [None req-c2950ec5-87ae-4047-96af-5f1d3188dcf9 tempest-AttachVolumeNegativeTest-852954009 tempest-AttachVolumeNegativeTest-852954009-project] [instance: 51e10a74-efc9-4313-a42f-ce59165ff49c] Fetching instance by UUID {{(pid=116182) get /opt/stack/nova/nova/compute/api.py:2865}}
Dec 09 11:29:06.222541 dv-cinder-817351-6-smb devstack@n-api.service[116180]: INFO nova.api.openstack.requestlog [None req-480f5628-b65a-4367-ba07-594937dd3826 tempest-ServerRescueNegativeTestJSON-51426054 tempest-ServerRescueNegativeTestJSON-51426054-project] 10.222.0.31 "GET /compute/v2.1/servers/1454bc67-c7cc-4774-bf20-5094d2200f0e" status: 200 len: 1522 microversion: 2.1 time: 0.422343
Dec 09 11:29:06.224534 dv-cinder-817351-6-smb devstack@n-api.service[116180]: [pid: 116180|app: 0|req: 104/207] 10.222.0.31 () {58 vars in 1235 bytes} [Thu Dec 9 11:29:05 2021] GET /compute/v2.1/servers/1454bc67-c7cc-4774-bf20-5094d2200f0e => generated 1522 bytes in 425 msecs (HTTP/1.1 200) 9 headers in 358 bytes (1 switches on core 0)
Dec 09 11:29:06.341871 dv-cinder-817351-6-smb devstack@n-api.service[116182]: DEBUG nova.policy [None req-c2950ec5-87ae-4047-96af-5f1d3188dcf9 tempest-AttachVolumeNegativeTest-852954009 tempest-AttachVolumeNegativeTest-852954009-project] Policy check for os_compute_api:os-extended-server-attributes failed with credentials {'is_admin': False, 'user_id': '0e0f0e84f692454b9d615b8c4b17efd9', 'user_domain_id': 'default', 'system_scope': None, 'domain_id': None, 'project_id': 'aa3ac5f59c384a5fa472edf30278c687', 'project_domain_id': 'default', 'roles': ['member', 'reader'], 'is_admin_project': True, 'service_user_id': None, 'service_user_domain_id': None, 'service_project_id': None, 'service_project_domain_id': None, 'service_roles': []} {{(pid=116182) authorize /opt/stack/nova/nova/policy.py:199}}
Dec 09 11:29:06.357571 dv-cinder-817351-6-smb devstack@n-api.service[116182]: INFO nova.api.openstack.requestlog [None req-c2950ec5-87ae-4047-96af-5f1d3188dcf9 tempest-AttachVolumeNegativeTest-852954009 tempest-AttachVolumeNegativeTest-852954009-project] 10.222.0.31 "GET /compute/v2.1/servers/51e10a74-efc9-4313-a42f-ce59165ff49c" status: 200 len: 1218 microversion: 2.1 time: 0.157516
Dec 09 11:29:06.361857 dv-cinder-817351-6-smb devstack@n-api.service[116182]: [pid: 116182|app: 0|req: 104/208] 10.222.0.31 () {58 vars in 1235 bytes} [Thu Dec 9 11:29:06 2021] GET /compute/v2.1/servers/51e10a74-efc9-4313-a42f-ce59165ff49c => generated 1218 bytes in 163 msecs (HTTP/1.1 200) 9 headers in 358 bytes (1 switches on core 0)
Dec 09 11:29:06.809944 dv-cinder-817351-6-smb devstack@n-api.service[116180]: DEBUG nova.api.openstack.wsgi [None req-95030ce5-8fc5-4620-85ad-fe5b735ab863 tempest-AttachVolumeShelveTestJSON-463134921 tempest-AttachVolumeShelveTestJSON-463134921-project] Action: 'action', calling method: >, body: {"os-getConsoleOutput": {}} {{(pid=116180) _process_stack /opt/stack/nova/nova/api/openstack/wsgi.py:511}}
Dec 09 11:29:06.812792 dv-cinder-817351-6-smb devstack@n-api.service[116180]: DEBUG nova.compute.api [None req-95030ce5-8fc5-4620-85ad-fe5b735ab863 tempest-AttachVolumeShelveTestJSON-463134921 tempest-AttachVolumeShelveTestJSON-463134921-project] [instance: 95f47ad4-b36e-4edf-8457-56d9c6029be5] Fetching instance by UUID {{(pid=116180) get /opt/stack/nova/nova/compute/api.py:2865}}
Dec 09 11:29:06.823782 dv-cinder-817351-6-smb devstack@n-api.service[116180]: DEBUG oslo_concurrency.lockutils [None req-95030ce5-8fc5-4620-85ad-fe5b735ab863 tempest-AttachVolumeShelveTestJSON-463134921 tempest-AttachVolumeShelveTestJSON-463134921-project] Lock "192e98ad-4150-4be6-bb95-e2222ca300d3" acquired by "nova.context.set_target_cell..get_or_set_cached_cell_and_set_connections" :: waited 0.000s {{(pid=116180) inner /usr/local/lib/python3.8/dist-packages/oslo_concurrency/lockutils.py:386}}
Dec 09 11:29:06.824249 dv-cinder-817351-6-smb devstack@n-api.service[116180]: DEBUG oslo_concurrency.lockutils [None req-95030ce5-8fc5-4620-85ad-fe5b735ab863 tempest-AttachVolumeShelveTestJSON-463134921 tempest-AttachVolumeShelveTestJSON-463134921-project] Lock "192e98ad-4150-4be6-bb95-e2222ca300d3" "released" by "nova.context.set_target_cell..get_or_set_cached_cell_and_set_connections" :: held 0.001s {{(pid=116180) inner /usr/local/lib/python3.8/dist-packages/oslo_concurrency/lockutils.py:400}}
Dec 09 11:29:06.825055 dv-cinder-817351-6-smb devstack@n-api.service[116180]: DEBUG oslo_concurrency.lockutils [None req-95030ce5-8fc5-4620-85ad-fe5b735ab863 tempest-AttachVolumeShelveTestJSON-463134921 tempest-AttachVolumeShelveTestJSON-463134921-project] Lock "192e98ad-4150-4be6-bb95-e2222ca300d3" acquired by "nova.context.set_target_cell..get_or_set_cached_cell_and_set_connections" :: waited 0.000s {{(pid=116180) inner /usr/local/lib/python3.8/dist-packages/oslo_concurrency/lockutils.py:386}}
Dec 09 11:29:06.830793 dv-cinder-817351-6-smb devstack@n-api.service[116180]: DEBUG oslo_concurrency.lockutils [None req-95030ce5-8fc5-4620-85ad-fe5b735ab863 tempest-AttachVolumeShelveTestJSON-463134921 tempest-AttachVolumeShelveTestJSON-463134921-project] Lock "192e98ad-4150-4be6-bb95-e2222ca300d3" "released" by "nova.context.set_target_cell..get_or_set_cached_cell_and_set_connections" :: held 0.005s {{(pid=116180) inner /usr/local/lib/python3.8/dist-packages/oslo_concurrency/lockutils.py:400}}
Dec 09 11:29:06.963952 dv-cinder-817351-6-smb devstack@n-api.service[116180]: INFO nova.api.openstack.requestlog [None req-95030ce5-8fc5-4620-85ad-fe5b735ab863 tempest-AttachVolumeShelveTestJSON-463134921 tempest-AttachVolumeShelveTestJSON-463134921-project] 10.222.0.31 "POST /compute/v2.1/servers/95f47ad4-b36e-4edf-8457-56d9c6029be5/action" status: 200 len: 28233 microversion: 2.20 time: 0.157490
Dec 09 11:29:06.966354 dv-cinder-817351-6-smb devstack@n-api.service[116180]: [pid: 116180|app: 0|req: 105/209] 10.222.0.31 () {62 vars in 1318 bytes} [Thu Dec 9 11:29:06 2021] POST /compute/v2.1/servers/95f47ad4-b36e-4edf-8457-56d9c6029be5/action => generated 28233 bytes in 161 msecs (HTTP/1.1 200) 9 headers in 361 bytes (1 switches on core 0)
Dec 09 11:29:07.248951 dv-cinder-817351-6-smb devstack@n-api.service[116182]: DEBUG nova.api.openstack.wsgi [None req-335a6ddf-5ccf-4073-85df-e4c5eebfdd79 tempest-ServerRescueNegativeTestJSON-51426054 tempest-ServerRescueNegativeTestJSON-51426054-project] Calling method '>' {{(pid=116182) _process_stack /opt/stack/nova/nova/api/openstack/wsgi.py:513}}
Dec 09 11:29:07.254800 dv-cinder-817351-6-smb devstack@n-api.service[116182]: DEBUG nova.compute.api [None req-335a6ddf-5ccf-4073-85df-e4c5eebfdd79 tempest-ServerRescueNegativeTestJSON-51426054 tempest-ServerRescueNegativeTestJSON-51426054-project] [instance: 1454bc67-c7cc-4774-bf20-5094d2200f0e] Fetching instance by UUID {{(pid=116182) get /opt/stack/nova/nova/compute/api.py:2865}}
Dec 09 11:29:07.270192 dv-cinder-817351-6-smb devstack@n-api.service[116182]: DEBUG oslo_concurrency.lockutils [None req-335a6ddf-5ccf-4073-85df-e4c5eebfdd79 tempest-ServerRescueNegativeTestJSON-51426054 tempest-ServerRescueNegativeTestJSON-51426054-project] Lock "192e98ad-4150-4be6-bb95-e2222ca300d3" acquired by "nova.context.set_target_cell..get_or_set_cached_cell_and_set_connections" :: waited 0.000s {{(pid=116182) inner /usr/local/lib/python3.8/dist-packages/oslo_concurrency/lockutils.py:386}}
Dec 09 11:29:07.272992 dv-cinder-817351-6-smb devstack@n-api.service[116182]: DEBUG oslo_concurrency.lockutils [None req-335a6ddf-5ccf-4073-85df-e4c5eebfdd79 tempest-ServerRescueNegativeTestJSON-51426054 tempest-ServerRescueNegativeTestJSON-51426054-project] Lock "192e98ad-4150-4be6-bb95-e2222ca300d3" "released" by "nova.context.set_target_cell..get_or_set_cached_cell_and_set_connections" :: held 0.002s {{(pid=116182) inner /usr/local/lib/python3.8/dist-packages/oslo_concurrency/lockutils.py:400}}
Dec 09 11:29:07.279805 dv-cinder-817351-6-smb devstack@n-api.service[116182]: DEBUG oslo_concurrency.lockutils [None req-335a6ddf-5ccf-4073-85df-e4c5eebfdd79 tempest-ServerRescueNegativeTestJSON-51426054 tempest-ServerRescueNegativeTestJSON-51426054-project] Lock "192e98ad-4150-4be6-bb95-e2222ca300d3" acquired by "nova.context.set_target_cell..get_or_set_cached_cell_and_set_connections" :: waited 0.000s {{(pid=116182) inner /usr/local/lib/python3.8/dist-packages/oslo_concurrency/lockutils.py:386}}
Dec 09 11:29:07.281137 dv-cinder-817351-6-smb devstack@n-api.service[116182]: DEBUG oslo_concurrency.lockutils [None req-335a6ddf-5ccf-4073-85df-e4c5eebfdd79 tempest-ServerRescueNegativeTestJSON-51426054 tempest-ServerRescueNegativeTestJSON-51426054-project] Lock "192e98ad-4150-4be6-bb95-e2222ca300d3" "released" by "nova.context.set_target_cell..get_or_set_cached_cell_and_set_connections" :: held 0.001s {{(pid=116182) inner /usr/local/lib/python3.8/dist-packages/oslo_concurrency/lockutils.py:400}}
Dec 09 11:29:07.376182 dv-cinder-817351-6-smb devstack@n-api.service[116180]: DEBUG nova.api.openstack.wsgi [None req-da53a434-c50b-4bf3-b351-f4a5a4c70edf tempest-AttachVolumeNegativeTest-852954009 tempest-AttachVolumeNegativeTest-852954009-project] Calling method '>' {{(pid=116180) _process_stack /opt/stack/nova/nova/api/openstack/wsgi.py:513}}
Dec 09 11:29:07.376823 dv-cinder-817351-6-smb devstack@n-api.service[116180]: DEBUG nova.compute.api [None req-da53a434-c50b-4bf3-b351-f4a5a4c70edf tempest-AttachVolumeNegativeTest-852954009 tempest-AttachVolumeNegativeTest-852954009-project] [instance: 51e10a74-efc9-4313-a42f-ce59165ff49c] Fetching instance by UUID {{(pid=116180) get /opt/stack/nova/nova/compute/api.py:2865}}
Dec 09 11:29:07.389473 dv-cinder-817351-6-smb devstack@n-api.service[116180]: DEBUG oslo_concurrency.lockutils [None req-da53a434-c50b-4bf3-b351-f4a5a4c70edf tempest-AttachVolumeNegativeTest-852954009 tempest-AttachVolumeNegativeTest-852954009-project] Lock "192e98ad-4150-4be6-bb95-e2222ca300d3" acquired by "nova.context.set_target_cell..get_or_set_cached_cell_and_set_connections" :: waited 0.004s {{(pid=116180) inner /usr/local/lib/python3.8/dist-packages/oslo_concurrency/lockutils.py:386}}
Dec 09 11:29:07.390244 dv-cinder-817351-6-smb devstack@n-api.service[116180]: DEBUG oslo_concurrency.lockutils [None req-da53a434-c50b-4bf3-b351-f4a5a4c70edf tempest-AttachVolumeNegativeTest-852954009 tempest-AttachVolumeNegativeTest-852954009-project] Lock "192e98ad-4150-4be6-bb95-e2222ca300d3" "released" by "nova.context.set_target_cell..get_or_set_cached_cell_and_set_connections" :: held 0.001s {{(pid=116180) inner /usr/local/lib/python3.8/dist-packages/oslo_concurrency/lockutils.py:400}}
Dec 09 11:29:07.391517 dv-cinder-817351-6-smb devstack@n-api.service[116180]: DEBUG oslo_concurrency.lockutils [None req-da53a434-c50b-4bf3-b351-f4a5a4c70edf tempest-AttachVolumeNegativeTest-852954009 tempest-AttachVolumeNegativeTest-852954009-project] Lock "192e98ad-4150-4be6-bb95-e2222ca300d3" acquired by "nova.context.set_target_cell..get_or_set_cached_cell_and_set_connections" :: waited 0.000s {{(pid=116180) inner /usr/local/lib/python3.8/dist-packages/oslo_concurrency/lockutils.py:386}}
Dec 09 11:29:07.394569 dv-cinder-817351-6-smb devstack@n-api.service[116180]: DEBUG oslo_concurrency.lockutils [None req-da53a434-c50b-4bf3-b351-f4a5a4c70edf tempest-AttachVolumeNegativeTest-852954009 tempest-AttachVolumeNegativeTest-852954009-project] Lock "192e98ad-4150-4be6-bb95-e2222ca300d3" "released" by "nova.context.set_target_cell..get_or_set_cached_cell_and_set_connections" :: held 0.000s {{(pid=116180) inner /usr/local/lib/python3.8/dist-packages/oslo_concurrency/lockutils.py:400}}
Dec 09 11:29:07.589473 dv-cinder-817351-6-smb devstack@n-api.service[116180]: DEBUG nova.policy [None req-da53a434-c50b-4bf3-b351-f4a5a4c70edf tempest-AttachVolumeNegativeTest-852954009 tempest-AttachVolumeNegativeTest-852954009-project] Policy check for os_compute_api:os-extended-server-attributes failed with credentials {'is_admin': False, 'user_id': '0e0f0e84f692454b9d615b8c4b17efd9', 'user_domain_id': 'default', 'system_scope': None, 'domain_id': None, 'project_id': 'aa3ac5f59c384a5fa472edf30278c687', 'project_domain_id': 'default', 'roles': ['member', 'reader'], 'is_admin_project': True, 'service_user_id': None, 'service_user_domain_id': None, 'service_project_id': None, 'service_project_domain_id': None, 'service_roles': []} {{(pid=116180) authorize /opt/stack/nova/nova/policy.py:199}}
Dec 09 11:29:07.609207 dv-cinder-817351-6-smb devstack@n-api.service[116180]: INFO nova.api.openstack.requestlog [None req-da53a434-c50b-4bf3-b351-f4a5a4c70edf tempest-AttachVolumeNegativeTest-852954009 tempest-AttachVolumeNegativeTest-852954009-project] 10.222.0.31 "GET /compute/v2.1/servers/51e10a74-efc9-4313-a42f-ce59165ff49c" status: 200 len: 1214 microversion: 2.1 time: 0.237553
Dec 09 11:29:07.610365 dv-cinder-817351-6-smb devstack@n-api.service[116180]: [pid: 116180|app: 0|req: 106/210] 10.222.0.31 () {58 vars in 1235 bytes} [Thu Dec 9 11:29:07 2021] GET /compute/v2.1/servers/51e10a74-efc9-4313-a42f-ce59165ff49c => generated 1214 bytes in 239 msecs (HTTP/1.1 200) 9 headers in 358 bytes (1 switches on core 0)
Dec 09 11:29:07.639920 dv-cinder-817351-6-smb devstack@n-api.service[116182]: DEBUG nova.policy [None req-335a6ddf-5ccf-4073-85df-e4c5eebfdd79 tempest-ServerRescueNegativeTestJSON-51426054 tempest-ServerRescueNegativeTestJSON-51426054-project] Policy check for os_compute_api:os-extended-server-attributes failed with credentials {'is_admin': False, 'user_id': '1b37987c68d748a6a0e1370f2b495e4b', 'user_domain_id': 'default', 'system_scope': None, 'domain_id': None, 'project_id': 'aa2cf8d2511846fe9576f71a85185856', 'project_domain_id': 'default', 'roles': ['member', 'reader'], 'is_admin_project': True, 'service_user_id': None, 'service_user_domain_id': None, 'service_project_id': None, 'service_project_domain_id': None, 'service_roles': []} {{(pid=116182) authorize /opt/stack/nova/nova/policy.py:199}}
Dec 09 11:29:07.648506 dv-cinder-817351-6-smb devstack@n-api.service[116182]: INFO nova.api.openstack.requestlog [None req-335a6ddf-5ccf-4073-85df-e4c5eebfdd79 tempest-ServerRescueNegativeTestJSON-51426054 tempest-ServerRescueNegativeTestJSON-51426054-project] 10.222.0.31 "GET /compute/v2.1/servers/1454bc67-c7cc-4774-bf20-5094d2200f0e" status: 200 len: 1522 microversion: 2.1 time: 0.412532
Dec 09 11:29:07.649785 dv-cinder-817351-6-smb devstack@n-api.service[116182]: [pid: 116182|app: 0|req: 105/211] 10.222.0.31 () {58 vars in 1235 bytes} [Thu Dec 9 11:29:07 2021] GET /compute/v2.1/servers/1454bc67-c7cc-4774-bf20-5094d2200f0e => generated 1522 bytes in 414 msecs (HTTP/1.1 200) 9 headers in 358 bytes (1 switches on core 0)
Dec 09 11:29:07.978645 dv-cinder-817351-6-smb devstack@n-api.service[116180]: DEBUG nova.api.openstack.wsgi [None req-5d33d0c9-c151-4e0d-8cb0-6ee1c288e2bc tempest-AttachVolumeShelveTestJSON-463134921 tempest-AttachVolumeShelveTestJSON-463134921-project] Action: 'action', calling method: >, body: {"os-getConsoleOutput": {}} {{(pid=116180) _process_stack /opt/stack/nova/nova/api/openstack/wsgi.py:511}}
Dec 09 11:29:07.988526 dv-cinder-817351-6-smb devstack@n-api.service[116180]: DEBUG nova.compute.api [None req-5d33d0c9-c151-4e0d-8cb0-6ee1c288e2bc tempest-AttachVolumeShelveTestJSON-463134921 tempest-AttachVolumeShelveTestJSON-463134921-project] [instance: 95f47ad4-b36e-4edf-8457-56d9c6029be5] Fetching instance by UUID {{(pid=116180) get /opt/stack/nova/nova/compute/api.py:2865}}
Dec 09 11:29:07.998904 dv-cinder-817351-6-smb devstack@n-api.service[116180]: DEBUG oslo_concurrency.lockutils [None req-5d33d0c9-c151-4e0d-8cb0-6ee1c288e2bc tempest-AttachVolumeShelveTestJSON-463134921 tempest-AttachVolumeShelveTestJSON-463134921-project] Lock "192e98ad-4150-4be6-bb95-e2222ca300d3" acquired by "nova.context.set_target_cell..get_or_set_cached_cell_and_set_connections" :: waited 0.000s {{(pid=116180) inner /usr/local/lib/python3.8/dist-packages/oslo_concurrency/lockutils.py:386}}
Dec 09 11:29:07.999564 dv-cinder-817351-6-smb devstack@n-api.service[116180]: DEBUG oslo_concurrency.lockutils [None req-5d33d0c9-c151-4e0d-8cb0-6ee1c288e2bc tempest-AttachVolumeShelveTestJSON-463134921 tempest-AttachVolumeShelveTestJSON-463134921-project] Lock "192e98ad-4150-4be6-bb95-e2222ca300d3" "released" by "nova.context.set_target_cell..get_or_set_cached_cell_and_set_connections" :: held 0.001s {{(pid=116180) inner /usr/local/lib/python3.8/dist-packages/oslo_concurrency/lockutils.py:400}}
Dec 09 11:29:08.000461 dv-cinder-817351-6-smb devstack@n-api.service[116180]: DEBUG oslo_concurrency.lockutils [None req-5d33d0c9-c151-4e0d-8cb0-6ee1c288e2bc tempest-AttachVolumeShelveTestJSON-463134921 tempest-AttachVolumeShelveTestJSON-463134921-project] Lock "192e98ad-4150-4be6-bb95-e2222ca300d3" acquired by "nova.context.set_target_cell..get_or_set_cached_cell_and_set_connections" :: waited 0.000s {{(pid=116180) inner /usr/local/lib/python3.8/dist-packages/oslo_concurrency/lockutils.py:386}}
Dec 09 11:29:08.001228 dv-cinder-817351-6-smb devstack@n-api.service[116180]: DEBUG oslo_concurrency.lockutils [None req-5d33d0c9-c151-4e0d-8cb0-6ee1c288e2bc tempest-AttachVolumeShelveTestJSON-463134921 tempest-AttachVolumeShelveTestJSON-463134921-project] Lock "192e98ad-4150-4be6-bb95-e2222ca300d3" "released" by "nova.context.set_target_cell..get_or_set_cached_cell_and_set_connections" :: held 0.001s {{(pid=116180) inner /usr/local/lib/python3.8/dist-packages/oslo_concurrency/lockutils.py:400}}
Dec 09 11:29:08.159912 dv-cinder-817351-6-smb devstack@n-api.service[116180]: INFO nova.api.openstack.requestlog [None req-5d33d0c9-c151-4e0d-8cb0-6ee1c288e2bc tempest-AttachVolumeShelveTestJSON-463134921 tempest-AttachVolumeShelveTestJSON-463134921-project] 10.222.0.31 "POST /compute/v2.1/servers/95f47ad4-b36e-4edf-8457-56d9c6029be5/action" status: 200 len: 28233 microversion: 2.20 time: 0.187095
Dec 09 11:29:08.166588 dv-cinder-817351-6-smb devstack@n-api.service[116180]: [pid: 116180|app: 0|req: 107/212] 10.222.0.31 () {62 vars in 1318 bytes} [Thu Dec 9 11:29:07 2021] POST /compute/v2.1/servers/95f47ad4-b36e-4edf-8457-56d9c6029be5/action => generated 28233 bytes in 194 msecs (HTTP/1.1 200) 9 headers in 361 bytes (1 switches on core 0)
Dec 09 11:29:08.626962 dv-cinder-817351-6-smb devstack@n-api.service[116182]: DEBUG nova.api.openstack.wsgi [None req-e364da33-7b58-472d-a911-7b36821b0277 tempest-AttachVolumeNegativeTest-852954009 tempest-AttachVolumeNegativeTest-852954009-project] Calling method '>' {{(pid=116182) _process_stack /opt/stack/nova/nova/api/openstack/wsgi.py:513}}
Dec 09 11:29:08.627944 dv-cinder-817351-6-smb devstack@n-api.service[116182]: DEBUG nova.compute.api [None req-e364da33-7b58-472d-a911-7b36821b0277 tempest-AttachVolumeNegativeTest-852954009 tempest-AttachVolumeNegativeTest-852954009-project] [instance: 51e10a74-efc9-4313-a42f-ce59165ff49c] Fetching instance by UUID {{(pid=116182) get /opt/stack/nova/nova/compute/api.py:2865}}
Dec 09 11:29:08.641030 dv-cinder-817351-6-smb devstack@n-api.service[116182]: DEBUG oslo_concurrency.lockutils [None req-e364da33-7b58-472d-a911-7b36821b0277 tempest-AttachVolumeNegativeTest-852954009 tempest-AttachVolumeNegativeTest-852954009-project] Lock "192e98ad-4150-4be6-bb95-e2222ca300d3" acquired by "nova.context.set_target_cell..get_or_set_cached_cell_and_set_connections" :: waited 0.000s {{(pid=116182) inner /usr/local/lib/python3.8/dist-packages/oslo_concurrency/lockutils.py:386}}
Dec 09 11:29:08.649209 dv-cinder-817351-6-smb devstack@n-api.service[116182]: DEBUG oslo_concurrency.lockutils [None req-e364da33-7b58-472d-a911-7b36821b0277 tempest-AttachVolumeNegativeTest-852954009 tempest-AttachVolumeNegativeTest-852954009-project] Lock "192e98ad-4150-4be6-bb95-e2222ca300d3" "released" by "nova.context.set_target_cell..get_or_set_cached_cell_and_set_connections" :: held 0.001s {{(pid=116182) inner /usr/local/lib/python3.8/dist-packages/oslo_concurrency/lockutils.py:400}}
Dec 09 11:29:08.650195 dv-cinder-817351-6-smb devstack@n-api.service[116182]: DEBUG oslo_concurrency.lockutils [None req-e364da33-7b58-472d-a911-7b36821b0277 tempest-AttachVolumeNegativeTest-852954009 tempest-AttachVolumeNegativeTest-852954009-project] Lock "192e98ad-4150-4be6-bb95-e2222ca300d3" acquired by "nova.context.set_target_cell..get_or_set_cached_cell_and_set_connections" :: waited 0.000s {{(pid=116182) inner /usr/local/lib/python3.8/dist-packages/oslo_concurrency/lockutils.py:386}}
Dec 09 11:29:08.650661 dv-cinder-817351-6-smb devstack@n-api.service[116182]: DEBUG oslo_concurrency.lockutils [None req-e364da33-7b58-472d-a911-7b36821b0277 tempest-AttachVolumeNegativeTest-852954009 tempest-AttachVolumeNegativeTest-852954009-project] Lock "192e98ad-4150-4be6-bb95-e2222ca300d3" "released" by "nova.context.set_target_cell..get_or_set_cached_cell_and_set_connections" :: held 0.001s {{(pid=116182) inner /usr/local/lib/python3.8/dist-packages/oslo_concurrency/lockutils.py:400}}
Dec 09 11:29:08.666421 dv-cinder-817351-6-smb devstack@n-api.service[116180]: DEBUG nova.api.openstack.wsgi [None req-d8ce850a-512c-41f6-919b-d69e0ba8dce8 tempest-ServerRescueNegativeTestJSON-51426054 tempest-ServerRescueNegativeTestJSON-51426054-project] Calling method '>' {{(pid=116180) _process_stack /opt/stack/nova/nova/api/openstack/wsgi.py:513}}
Dec 09 11:29:08.667155 dv-cinder-817351-6-smb devstack@n-api.service[116180]: DEBUG nova.compute.api [None req-d8ce850a-512c-41f6-919b-d69e0ba8dce8 tempest-ServerRescueNegativeTestJSON-51426054 tempest-ServerRescueNegativeTestJSON-51426054-project] [instance: 1454bc67-c7cc-4774-bf20-5094d2200f0e] Fetching instance by UUID {{(pid=116180) get /opt/stack/nova/nova/compute/api.py:2865}}
Dec 09 11:29:08.691704 dv-cinder-817351-6-smb devstack@n-api.service[116180]: DEBUG oslo_concurrency.lockutils [None req-d8ce850a-512c-41f6-919b-d69e0ba8dce8 tempest-ServerRescueNegativeTestJSON-51426054 tempest-ServerRescueNegativeTestJSON-51426054-project] Lock "192e98ad-4150-4be6-bb95-e2222ca300d3" acquired by "nova.context.set_target_cell..get_or_set_cached_cell_and_set_connections" :: waited 0.000s {{(pid=116180) inner /usr/local/lib/python3.8/dist-packages/oslo_concurrency/lockutils.py:386}}
Dec 09 11:29:08.692158 dv-cinder-817351-6-smb devstack@n-api.service[116180]: DEBUG oslo_concurrency.lockutils [None req-d8ce850a-512c-41f6-919b-d69e0ba8dce8 tempest-ServerRescueNegativeTestJSON-51426054 tempest-ServerRescueNegativeTestJSON-51426054-project] Lock "192e98ad-4150-4be6-bb95-e2222ca300d3" "released" by "nova.context.set_target_cell..get_or_set_cached_cell_and_set_connections" :: held 0.001s {{(pid=116180) inner /usr/local/lib/python3.8/dist-packages/oslo_concurrency/lockutils.py:400}}
Dec 09 11:29:08.697161 dv-cinder-817351-6-smb devstack@n-api.service[116180]: DEBUG oslo_concurrency.lockutils [None req-d8ce850a-512c-41f6-919b-d69e0ba8dce8 tempest-ServerRescueNegativeTestJSON-51426054 tempest-ServerRescueNegativeTestJSON-51426054-project] Lock "192e98ad-4150-4be6-bb95-e2222ca300d3" acquired by "nova.context.set_target_cell..get_or_set_cached_cell_and_set_connections" :: waited 0.000s {{(pid=116180) inner /usr/local/lib/python3.8/dist-packages/oslo_concurrency/lockutils.py:386}}
Dec 09 11:29:08.702701 dv-cinder-817351-6-smb devstack@n-api.service[116180]: DEBUG oslo_concurrency.lockutils [None req-d8ce850a-512c-41f6-919b-d69e0ba8dce8 tempest-ServerRescueNegativeTestJSON-51426054 tempest-ServerRescueNegativeTestJSON-51426054-project] Lock "192e98ad-4150-4be6-bb95-e2222ca300d3" "released" by "nova.context.set_target_cell..get_or_set_cached_cell_and_set_connections" :: held 0.002s {{(pid=116180) inner /usr/local/lib/python3.8/dist-packages/oslo_concurrency/lockutils.py:400}}
Dec 09 11:29:09.031849 dv-cinder-817351-6-smb devstack@n-api.service[116180]: DEBUG nova.policy [None req-d8ce850a-512c-41f6-919b-d69e0ba8dce8 tempest-ServerRescueNegativeTestJSON-51426054 tempest-ServerRescueNegativeTestJSON-51426054-project] Policy check for os_compute_api:os-extended-server-attributes failed with credentials {'is_admin': False, 'user_id': '1b37987c68d748a6a0e1370f2b495e4b', 'user_domain_id': 'default', 'system_scope': None, 'domain_id': None, 'project_id': 'aa2cf8d2511846fe9576f71a85185856', 'project_domain_id': 'default', 'roles': ['member', 'reader'], 'is_admin_project': True, 'service_user_id': None, 'service_user_domain_id': None, 'service_project_id': None, 'service_project_domain_id': None, 'service_roles': []} {{(pid=116180) authorize /opt/stack/nova/nova/policy.py:199}}
Dec 09 11:29:09.052640 dv-cinder-817351-6-smb devstack@n-api.service[116180]: INFO nova.api.openstack.requestlog [None req-d8ce850a-512c-41f6-919b-d69e0ba8dce8 tempest-ServerRescueNegativeTestJSON-51426054 tempest-ServerRescueNegativeTestJSON-51426054-project] 10.222.0.31 "GET /compute/v2.1/servers/1454bc67-c7cc-4774-bf20-5094d2200f0e" status: 200 len: 1522 microversion: 2.1 time: 0.387010
Dec 09 11:29:09.062132 dv-cinder-817351-6-smb devstack@n-api.service[116180]: [pid: 116180|app: 0|req: 108/213] 10.222.0.31 () {58 vars in 1235 bytes} [Thu Dec 9 11:29:08 2021] GET /compute/v2.1/servers/1454bc67-c7cc-4774-bf20-5094d2200f0e => generated 1522 bytes in 400 msecs (HTTP/1.1 200) 9 headers in 358 bytes (1 switches on core 0)
Dec 09 11:29:09.117501 dv-cinder-817351-6-smb devstack@n-api.service[116182]: DEBUG nova.policy [None req-e364da33-7b58-472d-a911-7b36821b0277 tempest-AttachVolumeNegativeTest-852954009 tempest-AttachVolumeNegativeTest-852954009-project] Policy check for os_compute_api:os-extended-server-attributes failed with credentials {'is_admin': False, 'user_id': '0e0f0e84f692454b9d615b8c4b17efd9', 'user_domain_id': 'default', 'system_scope': None, 'domain_id': None, 'project_id': 'aa3ac5f59c384a5fa472edf30278c687', 'project_domain_id': 'default', 'roles': ['member', 'reader'], 'is_admin_project': True, 'service_user_id': None, 'service_user_domain_id': None, 'service_project_id': None, 'service_project_domain_id': None, 'service_roles': []} {{(pid=116182) authorize /opt/stack/nova/nova/policy.py:199}}
Dec 09 11:29:09.135213 dv-cinder-817351-6-smb devstack@n-api.service[116182]: INFO nova.api.openstack.requestlog [None req-e364da33-7b58-472d-a911-7b36821b0277 tempest-AttachVolumeNegativeTest-852954009 tempest-AttachVolumeNegativeTest-852954009-project] 10.222.0.31 "GET /compute/v2.1/servers/51e10a74-efc9-4313-a42f-ce59165ff49c" status: 200 len: 1276 microversion: 2.1 time: 0.511760
Dec 09 11:29:09.136338 dv-cinder-817351-6-smb devstack@n-api.service[116182]: [pid: 116182|app: 0|req: 106/214] 10.222.0.31 () {58 vars in 1235 bytes} [Thu Dec 9 11:29:08 2021] GET /compute/v2.1/servers/51e10a74-efc9-4313-a42f-ce59165ff49c => generated 1276 bytes in 514 msecs (HTTP/1.1 200) 9 headers in 358 bytes (1 switches on core 0)
Dec 09 11:29:09.175144 dv-cinder-817351-6-smb devstack@n-api.service[116180]: DEBUG nova.api.openstack.wsgi [None req-e47d9901-b8e7-43ed-9f7d-30c3efc6a679 tempest-AttachVolumeShelveTestJSON-463134921 tempest-AttachVolumeShelveTestJSON-463134921-project] Action: 'action', calling method: >, body: {"os-getConsoleOutput": {}} {{(pid=116180) _process_stack /opt/stack/nova/nova/api/openstack/wsgi.py:511}}
Dec 09 11:29:09.176893 dv-cinder-817351-6-smb devstack@n-api.service[116180]: DEBUG nova.compute.api [None req-e47d9901-b8e7-43ed-9f7d-30c3efc6a679 tempest-AttachVolumeShelveTestJSON-463134921 tempest-AttachVolumeShelveTestJSON-463134921-project] [instance: 95f47ad4-b36e-4edf-8457-56d9c6029be5] Fetching instance by UUID {{(pid=116180) get /opt/stack/nova/nova/compute/api.py:2865}}
Dec 09 11:29:09.184586 dv-cinder-817351-6-smb devstack@n-api.service[116180]: DEBUG oslo_concurrency.lockutils [None req-e47d9901-b8e7-43ed-9f7d-30c3efc6a679 tempest-AttachVolumeShelveTestJSON-463134921 tempest-AttachVolumeShelveTestJSON-463134921-project] Lock "192e98ad-4150-4be6-bb95-e2222ca300d3" acquired by "nova.context.set_target_cell..get_or_set_cached_cell_and_set_connections" :: waited 0.000s {{(pid=116180) inner /usr/local/lib/python3.8/dist-packages/oslo_concurrency/lockutils.py:386}}
Dec 09 11:29:09.185038 dv-cinder-817351-6-smb devstack@n-api.service[116180]: DEBUG oslo_concurrency.lockutils [None req-e47d9901-b8e7-43ed-9f7d-30c3efc6a679 tempest-AttachVolumeShelveTestJSON-463134921 tempest-AttachVolumeShelveTestJSON-463134921-project] Lock "192e98ad-4150-4be6-bb95-e2222ca300d3" "released" by "nova.context.set_target_cell..get_or_set_cached_cell_and_set_connections" :: held 0.001s {{(pid=116180) inner /usr/local/lib/python3.8/dist-packages/oslo_concurrency/lockutils.py:400}}
