Feb 09 17:43:53.074456 dv-cinder-817351-13-iscsi devstack@c-api.service[116288]: INFO cinder.api.openstack.wsgi [None req-655cbf03-452c-47b0-b1f4-767bb6446fc4 tempest-VolumesListTestJSON-65215451 tempest-VolumesListTestJSON-65215451-project] http://10.222.0.47/volume/v3/c69424fc107e4133aa36ee855150cec9/volumes/2aa5357a-3815-47d7-b0ea-ead10aac55b2 returned with HTTP 200
Feb 09 17:43:53.075187 dv-cinder-817351-13-iscsi devstack@c-api.service[116288]: [pid: 116288|app: 0|req: 126/255] 10.222.0.47 () {58 vars in 1324 bytes} [Wed Feb 9 17:43:53 2022] GET /volume/v3/c69424fc107e4133aa36ee855150cec9/volumes/2aa5357a-3815-47d7-b0ea-ead10aac55b2 => generated 922 bytes in 38 msecs (HTTP/1.1 200) 7 headers in 285 bytes (1 switches on core 0)
Feb 09 17:43:53.089418 dv-cinder-817351-13-iscsi devstack@c-api.service[116289]: INFO cinder.api.openstack.wsgi [None req-d5725a13-e07f-4144-bdd1-7fa27b7fdae2 tempest-VolumesListTestJSON-65215451 tempest-VolumesListTestJSON-65215451-project] GET http://10.222.0.47/volume/v3/c69424fc107e4133aa36ee855150cec9/volumes
Feb 09 17:43:53.089857 dv-cinder-817351-13-iscsi devstack@c-api.service[116289]: DEBUG cinder.api.openstack.wsgi [None req-d5725a13-e07f-4144-bdd1-7fa27b7fdae2 tempest-VolumesListTestJSON-65215451 tempest-VolumesListTestJSON-65215451-project] Empty body provided in request {{(pid=116289) get_body /opt/stack/cinder/cinder/api/openstack/wsgi.py:715}}
Feb 09 17:43:53.090355 dv-cinder-817351-13-iscsi devstack@c-api.service[116289]: DEBUG cinder.api.openstack.wsgi [None req-d5725a13-e07f-4144-bdd1-7fa27b7fdae2 tempest-VolumesListTestJSON-65215451 tempest-VolumesListTestJSON-65215451-project] Calling method 'index' {{(pid=116289) _process_stack /opt/stack/cinder/cinder/api/openstack/wsgi.py:868}}
Feb 09 17:43:53.091055 dv-cinder-817351-13-iscsi devstack@c-api.service[116289]: DEBUG cinder.api.api_utils [None req-d5725a13-e07f-4144-bdd1-7fa27b7fdae2 tempest-VolumesListTestJSON-65215451 tempest-VolumesListTestJSON-65215451-project] Removing options '' from query. {{(pid=116289) remove_invalid_filter_options /opt/stack/cinder/cinder/api/api_utils.py:73}}
Feb 09 17:43:53.092682 dv-cinder-817351-13-iscsi devstack@c-api.service[116289]: DEBUG cinder.volume.api [None req-d5725a13-e07f-4144-bdd1-7fa27b7fdae2 tempest-VolumesListTestJSON-65215451 tempest-VolumesListTestJSON-65215451-project] Searching by: MultiDict([('no_migration_targets', True)]). {{(pid=116289) get_all /opt/stack/cinder/cinder/volume/api.py:661}}
Feb 09 17:43:53.146255 dv-cinder-817351-13-iscsi devstack@c-api.service[116289]: INFO cinder.volume.api [None req-d5725a13-e07f-4144-bdd1-7fa27b7fdae2 tempest-VolumesListTestJSON-65215451 tempest-VolumesListTestJSON-65215451-project] Get all volumes completed successfully.
Feb 09 17:43:53.146457 dv-cinder-817351-13-iscsi devstack@c-api.service[116289]: INFO cinder.api.openstack.wsgi [None req-d5725a13-e07f-4144-bdd1-7fa27b7fdae2 tempest-VolumesListTestJSON-65215451 tempest-VolumesListTestJSON-65215451-project] http://10.222.0.47/volume/v3/c69424fc107e4133aa36ee855150cec9/volumes returned with HTTP 200
Feb 09 17:43:53.147121 dv-cinder-817351-13-iscsi devstack@c-api.service[116289]: [pid: 116289|app: 0|req: 130/256] 10.222.0.47 () {58 vars in 1213 bytes} [Wed Feb 9 17:43:53 2022] GET /volume/v3/c69424fc107e4133aa36ee855150cec9/volumes => generated 1170 bytes in 61 msecs (HTTP/1.1 200) 7 headers in 286 bytes (1 switches on core 0)
Feb 09 17:43:53.157576 dv-cinder-817351-13-iscsi devstack@c-api.service[116288]: INFO cinder.api.openstack.wsgi [None req-72e4e315-7b5a-411b-8730-f7ae5a4c300e tempest-VolumesListTestJSON-65215451 tempest-VolumesListTestJSON-65215451-project] GET http://10.222.0.47/volume/v3/c69424fc107e4133aa36ee855150cec9/volumes?name=tempest-VolumesListTestJSON-Volume-1717111783
Feb 09 17:43:53.158411 dv-cinder-817351-13-iscsi devstack@c-api.service[116288]: DEBUG cinder.api.openstack.wsgi [None req-72e4e315-7b5a-411b-8730-f7ae5a4c300e tempest-VolumesListTestJSON-65215451 tempest-VolumesListTestJSON-65215451-project] Empty body provided in request {{(pid=116288) get_body /opt/stack/cinder/cinder/api/openstack/wsgi.py:715}}
Feb 09 17:43:53.158876 dv-cinder-817351-13-iscsi devstack@c-api.service[116288]: DEBUG cinder.api.openstack.wsgi [None req-72e4e315-7b5a-411b-8730-f7ae5a4c300e tempest-VolumesListTestJSON-65215451 tempest-VolumesListTestJSON-65215451-project] Calling method 'index' {{(pid=116288) _process_stack /opt/stack/cinder/cinder/api/openstack/wsgi.py:868}}
Feb 09 17:43:53.159663 dv-cinder-817351-13-iscsi devstack@c-api.service[116288]: DEBUG cinder.api.api_utils [None req-72e4e315-7b5a-411b-8730-f7ae5a4c300e tempest-VolumesListTestJSON-65215451 tempest-VolumesListTestJSON-65215451-project] Removing options '' from query. {{(pid=116288) remove_invalid_filter_options /opt/stack/cinder/cinder/api/api_utils.py:73}}
Feb 09 17:43:53.162546 dv-cinder-817351-13-iscsi devstack@c-api.service[116288]: DEBUG cinder.volume.api [None req-72e4e315-7b5a-411b-8730-f7ae5a4c300e tempest-VolumesListTestJSON-65215451 tempest-VolumesListTestJSON-65215451-project] Searching by: MultiDict([('display_name', 'tempest-VolumesListTestJSON-Volume-1717111783'), ('no_migration_targets', True)]). {{(pid=116288) get_all /opt/stack/cinder/cinder/volume/api.py:661}}
Feb 09 17:43:53.210099 dv-cinder-817351-13-iscsi devstack@c-api.service[116288]: INFO cinder.volume.api [None req-72e4e315-7b5a-411b-8730-f7ae5a4c300e tempest-VolumesListTestJSON-65215451 tempest-VolumesListTestJSON-65215451-project] Get all volumes completed successfully.
Feb 09 17:43:53.210989 dv-cinder-817351-13-iscsi devstack@c-api.service[116288]: INFO cinder.api.openstack.wsgi [None req-72e4e315-7b5a-411b-8730-f7ae5a4c300e tempest-VolumesListTestJSON-65215451 tempest-VolumesListTestJSON-65215451-project] http://10.222.0.47/volume/v3/c69424fc107e4133aa36ee855150cec9/volumes?name=tempest-VolumesListTestJSON-Volume-1717111783 returned with HTTP 200
Feb 09 17:43:53.212363 dv-cinder-817351-13-iscsi devstack@c-api.service[116288]: [pid: 116288|app: 0|req: 127/257] 10.222.0.47 () {58 vars in 1314 bytes} [Wed Feb 9 17:43:53 2022] GET /volume/v3/c69424fc107e4133aa36ee855150cec9/volumes?name=tempest-VolumesListTestJSON-Volume-1717111783 => generated 400 bytes in 58 msecs (HTTP/1.1 200) 7 headers in 285 bytes (1 switches on core 0)
Feb 09 17:43:53.222033 dv-cinder-817351-13-iscsi devstack@c-api.service[116289]: INFO cinder.api.openstack.wsgi [None req-cdf6af62-0829-4a7a-b7b3-21edf75c5bec tempest-VolumesListTestJSON-65215451 tempest-VolumesListTestJSON-65215451-project] GET http://10.222.0.47/volume/v3/c69424fc107e4133aa36ee855150cec9/volumes/detail?name=tempest-VolumesListTestJSON-Volume-1717111783
Feb 09 17:43:53.222425 dv-cinder-817351-13-iscsi devstack@c-api.service[116289]: DEBUG cinder.api.openstack.wsgi [None req-cdf6af62-0829-4a7a-b7b3-21edf75c5bec tempest-VolumesListTestJSON-65215451 tempest-VolumesListTestJSON-65215451-project] Empty body provided in request {{(pid=116289) get_body /opt/stack/cinder/cinder/api/openstack/wsgi.py:715}}
Feb 09 17:43:53.223151 dv-cinder-817351-13-iscsi devstack@c-api.service[116289]: DEBUG cinder.api.openstack.wsgi [None req-cdf6af62-0829-4a7a-b7b3-21edf75c5bec tempest-VolumesListTestJSON-65215451 tempest-VolumesListTestJSON-65215451-project] Calling method 'detail' {{(pid=116289) _process_stack /opt/stack/cinder/cinder/api/openstack/wsgi.py:868}}
Feb 09 17:43:53.224474 dv-cinder-817351-13-iscsi devstack@c-api.service[116289]: DEBUG cinder.api.api_utils [None req-cdf6af62-0829-4a7a-b7b3-21edf75c5bec tempest-VolumesListTestJSON-65215451 tempest-VolumesListTestJSON-65215451-project] Removing options '' from query. {{(pid=116289) remove_invalid_filter_options /opt/stack/cinder/cinder/api/api_utils.py:73}}
Feb 09 17:43:53.225335 dv-cinder-817351-13-iscsi devstack@c-api.service[116289]: /usr/local/lib/python3.8/dist-packages/oslo_context/context.py:105: DeprecationWarning: Policy enforcement is depending on the value of is_admin. This key is deprecated. Please update your policy file to use the standard policy values.
Feb 09 17:43:53.225335 dv-cinder-817351-13-iscsi devstack@c-api.service[116289]: warnings.warn('Policy enforcement is depending on the value of '
Feb 09 17:43:53.226334 dv-cinder-817351-13-iscsi devstack@c-api.service[116289]: DEBUG cinder.volume.api [None req-cdf6af62-0829-4a7a-b7b3-21edf75c5bec tempest-VolumesListTestJSON-65215451 tempest-VolumesListTestJSON-65215451-project] Searching by: MultiDict([('display_name', 'tempest-VolumesListTestJSON-Volume-1717111783'), ('no_migration_targets', True)]). {{(pid=116289) get_all /opt/stack/cinder/cinder/volume/api.py:661}}
Feb 09 17:43:53.280301 dv-cinder-817351-13-iscsi devstack@c-api.service[116289]: INFO cinder.volume.api [None req-cdf6af62-0829-4a7a-b7b3-21edf75c5bec tempest-VolumesListTestJSON-65215451 tempest-VolumesListTestJSON-65215451-project] Get all volumes completed successfully.
Feb 09 17:43:53.281675 dv-cinder-817351-13-iscsi devstack@c-api.service[116289]: /usr/local/lib/python3.8/dist-packages/oslo_context/context.py:105: DeprecationWarning: Policy enforcement is depending on the value of is_admin. This key is deprecated. Please update your policy file to use the standard policy values.
Feb 09 17:43:53.281675 dv-cinder-817351-13-iscsi devstack@c-api.service[116289]: warnings.warn('Policy enforcement is depending on the value of '
Feb 09 17:43:53.289774 dv-cinder-817351-13-iscsi devstack@c-api.service[116289]: INFO cinder.api.openstack.wsgi [None req-cdf6af62-0829-4a7a-b7b3-21edf75c5bec tempest-VolumesListTestJSON-65215451 tempest-VolumesListTestJSON-65215451-project] http://10.222.0.47/volume/v3/c69424fc107e4133aa36ee855150cec9/volumes/detail?name=tempest-VolumesListTestJSON-Volume-1717111783 returned with HTTP 200
Feb 09 17:43:53.290553 dv-cinder-817351-13-iscsi devstack@c-api.service[116289]: [pid: 116289|app: 0|req: 131/258] 10.222.0.47 () {58 vars in 1335 bytes} [Wed Feb 9 17:43:53 2022] GET /volume/v3/c69424fc107e4133aa36ee855150cec9/volumes/detail?name=tempest-VolumesListTestJSON-Volume-1717111783 => generated 929 bytes in 72 msecs (HTTP/1.1 200) 7 headers in 285 bytes (1 switches on core 0)
Feb 09 17:43:53.303438 dv-cinder-817351-13-iscsi devstack@c-api.service[116288]: INFO cinder.api.openstack.wsgi [None req-4b5b0204-f29b-4f24-9463-5fe00a6f5e3d tempest-GroupsV314Test-677058086 tempest-GroupsV314Test-677058086-project] GET http://10.222.0.47/volume/v3/cb57f4f071684788bd355d2959a09070/volumes/6457bdf3-cf5a-4e3a-be9f-5f4ef48a4896
Feb 09 17:43:53.303438 dv-cinder-817351-13-iscsi devstack@c-api.service[116288]: DEBUG cinder.api.openstack.wsgi [None req-4b5b0204-f29b-4f24-9463-5fe00a6f5e3d tempest-GroupsV314Test-677058086 tempest-GroupsV314Test-677058086-project] Empty body provided in request {{(pid=116288) get_body /opt/stack/cinder/cinder/api/openstack/wsgi.py:715}}
Feb 09 17:43:53.303956 dv-cinder-817351-13-iscsi devstack@c-api.service[116288]: DEBUG cinder.api.openstack.wsgi [None req-4b5b0204-f29b-4f24-9463-5fe00a6f5e3d tempest-GroupsV314Test-677058086 tempest-GroupsV314Test-677058086-project] Calling method 'show' {{(pid=116288) _process_stack /opt/stack/cinder/cinder/api/openstack/wsgi.py:868}}
Feb 09 17:43:53.307938 dv-cinder-817351-13-iscsi devstack@c-api.service[116289]: INFO cinder.api.openstack.wsgi [None req-0db99729-efa7-4139-9b4b-e620b2b299a2 tempest-VolumesListTestJSON-65215451 tempest-VolumesListTestJSON-65215451-project] GET http://10.222.0.47/volume/v3/c69424fc107e4133aa36ee855150cec9/volumes/detail?limit=1
Feb 09 17:43:53.308512 dv-cinder-817351-13-iscsi devstack@c-api.service[116289]: DEBUG cinder.api.openstack.wsgi [None req-0db99729-efa7-4139-9b4b-e620b2b299a2 tempest-VolumesListTestJSON-65215451 tempest-VolumesListTestJSON-65215451-project] Empty body provided in request {{(pid=116289) get_body /opt/stack/cinder/cinder/api/openstack/wsgi.py:715}}
Feb 09 17:43:53.309106 dv-cinder-817351-13-iscsi devstack@c-api.service[116289]: DEBUG cinder.api.openstack.wsgi [None req-0db99729-efa7-4139-9b4b-e620b2b299a2 tempest-VolumesListTestJSON-65215451 tempest-VolumesListTestJSON-65215451-project] Calling method 'detail' {{(pid=116289) _process_stack /opt/stack/cinder/cinder/api/openstack/wsgi.py:868}}
Feb 09 17:43:53.309912 dv-cinder-817351-13-iscsi devstack@c-api.service[116289]: DEBUG cinder.api.api_utils [None req-0db99729-efa7-4139-9b4b-e620b2b299a2 tempest-VolumesListTestJSON-65215451 tempest-VolumesListTestJSON-65215451-project] Removing options '' from query. {{(pid=116289) remove_invalid_filter_options /opt/stack/cinder/cinder/api/api_utils.py:73}}
Feb 09 17:43:53.311686 dv-cinder-817351-13-iscsi devstack@c-api.service[116289]: DEBUG cinder.volume.api [None req-0db99729-efa7-4139-9b4b-e620b2b299a2 tempest-VolumesListTestJSON-65215451 tempest-VolumesListTestJSON-65215451-project] Searching by: MultiDict([('no_migration_targets', True)]). {{(pid=116289) get_all /opt/stack/cinder/cinder/volume/api.py:661}}
Feb 09 17:43:53.314800 dv-cinder-817351-13-iscsi devstack@c-api.service[116288]: INFO cinder.api.openstack.wsgi [None req-4b5b0204-f29b-4f24-9463-5fe00a6f5e3d tempest-GroupsV314Test-677058086 tempest-GroupsV314Test-677058086-project] http://10.222.0.47/volume/v3/cb57f4f071684788bd355d2959a09070/volumes/6457bdf3-cf5a-4e3a-be9f-5f4ef48a4896 returned with HTTP 404
Feb 09 17:43:53.316002 dv-cinder-817351-13-iscsi devstack@c-api.service[116288]: [pid: 116288|app: 0|req: 128/259] 10.222.0.47 () {60 vars in 1365 bytes} [Wed Feb 9 17:43:53 2022] GET /volume/v3/cb57f4f071684788bd355d2959a09070/volumes/6457bdf3-cf5a-4e3a-be9f-5f4ef48a4896 => generated 109 bytes in 18 msecs (HTTP/1.1 404) 7 headers in 293 bytes (1 switches on core 0)
Feb 09 17:43:53.323935 dv-cinder-817351-13-iscsi devstack@c-api.service[116288]: INFO cinder.api.openstack.wsgi [None req-34abd172-6abf-4202-8b8e-5c58e0f98503 tempest-GroupsV314Test-677058086 tempest-GroupsV314Test-677058086-project] GET http://10.222.0.47/volume/v3/cb57f4f071684788bd355d2959a09070/groups/6cece47a-3d43-4d6e-b70d-5339f9aaf6ce
Feb 09 17:43:53.324627 dv-cinder-817351-13-iscsi devstack@c-api.service[116288]: DEBUG cinder.api.openstack.wsgi [None req-34abd172-6abf-4202-8b8e-5c58e0f98503 tempest-GroupsV314Test-677058086 tempest-GroupsV314Test-677058086-project] Empty body provided in request {{(pid=116288) get_body /opt/stack/cinder/cinder/api/openstack/wsgi.py:715}}
Feb 09 17:43:53.325406 dv-cinder-817351-13-iscsi devstack@c-api.service[116288]: DEBUG cinder.api.openstack.wsgi [None req-34abd172-6abf-4202-8b8e-5c58e0f98503 tempest-GroupsV314Test-677058086 tempest-GroupsV314Test-677058086-project] Calling method 'version_select' {{(pid=116288) _process_stack /opt/stack/cinder/cinder/api/openstack/wsgi.py:868}}
Feb 09 17:43:53.325406 dv-cinder-817351-13-iscsi devstack@c-api.service[116288]: DEBUG cinder.api.v3.groups [None req-34abd172-6abf-4202-8b8e-5c58e0f98503 tempest-GroupsV314Test-677058086 tempest-GroupsV314Test-677058086-project] show called for member 6cece47a-3d43-4d6e-b70d-5339f9aaf6ce {{(pid=116288) show /opt/stack/cinder/cinder/api/v3/groups.py:58}}
Feb 09 17:43:53.330680 dv-cinder-817351-13-iscsi devstack@c-api.service[116288]: INFO cinder.api.openstack.wsgi [None req-34abd172-6abf-4202-8b8e-5c58e0f98503 tempest-GroupsV314Test-677058086 tempest-GroupsV314Test-677058086-project] http://10.222.0.47/volume/v3/cb57f4f071684788bd355d2959a09070/groups/6cece47a-3d43-4d6e-b70d-5339f9aaf6ce returned with HTTP 404
Feb 09 17:43:53.335442 dv-cinder-817351-13-iscsi devstack@c-api.service[116288]: [pid: 116288|app: 0|req: 129/260] 10.222.0.47 () {60 vars in 1362 bytes} [Wed Feb 9 17:43:53 2022] GET /volume/v3/cb57f4f071684788bd355d2959a09070/groups/6cece47a-3d43-4d6e-b70d-5339f9aaf6ce => generated 108 bytes in 12 msecs (HTTP/1.1 404) 7 headers in 293 bytes (1 switches on core 0)
Feb 09 17:43:53.339818 dv-cinder-817351-13-iscsi devstack@c-api.service[116288]: INFO cinder.api.openstack.wsgi [None req-cdcb76cf-179b-4db1-8af2-00ea8e476f7a tempest-GroupsV314Test-677058086 tempest-GroupsV314Test-677058086-project] GET http://10.222.0.47/volume/v3/cb57f4f071684788bd355d2959a09070/volumes/detail
Feb 09 17:43:53.340587 dv-cinder-817351-13-iscsi devstack@c-api.service[116288]: DEBUG cinder.api.openstack.wsgi [None req-cdcb76cf-179b-4db1-8af2-00ea8e476f7a tempest-GroupsV314Test-677058086 tempest-GroupsV314Test-677058086-project] Empty body provided in request {{(pid=116288) get_body /opt/stack/cinder/cinder/api/openstack/wsgi.py:715}}
Feb 09 17:43:53.341130 dv-cinder-817351-13-iscsi devstack@c-api.service[116288]: DEBUG cinder.api.openstack.wsgi [None req-cdcb76cf-179b-4db1-8af2-00ea8e476f7a tempest-GroupsV314Test-677058086 tempest-GroupsV314Test-677058086-project] Calling method 'detail' {{(pid=116288) _process_stack /opt/stack/cinder/cinder/api/openstack/wsgi.py:868}}
Feb 09 17:43:53.341895 dv-cinder-817351-13-iscsi devstack@c-api.service[116288]: DEBUG cinder.api.api_utils [None req-cdcb76cf-179b-4db1-8af2-00ea8e476f7a tempest-GroupsV314Test-677058086 tempest-GroupsV314Test-677058086-project] Removing options '' from query. {{(pid=116288) remove_invalid_filter_options /opt/stack/cinder/cinder/api/api_utils.py:73}}
Feb 09 17:43:53.342841 dv-cinder-817351-13-iscsi devstack@c-api.service[116288]: /usr/local/lib/python3.8/dist-packages/oslo_context/context.py:105: DeprecationWarning: Policy enforcement is depending on the value of is_admin. This key is deprecated. Please update your policy file to use the standard policy values.
Feb 09 17:43:53.342841 dv-cinder-817351-13-iscsi devstack@c-api.service[116288]: warnings.warn('Policy enforcement is depending on the value of '
Feb 09 17:43:53.344203 dv-cinder-817351-13-iscsi devstack@c-api.service[116288]: DEBUG cinder.volume.api [None req-cdcb76cf-179b-4db1-8af2-00ea8e476f7a tempest-GroupsV314Test-677058086 tempest-GroupsV314Test-677058086-project] Searching by: MultiDict([('no_migration_targets', True)]). {{(pid=116288) get_all /opt/stack/cinder/cinder/volume/api.py:661}}
Feb 09 17:43:53.368017 dv-cinder-817351-13-iscsi devstack@c-api.service[116289]: INFO cinder.volume.api [None req-0db99729-efa7-4139-9b4b-e620b2b299a2 tempest-VolumesListTestJSON-65215451 tempest-VolumesListTestJSON-65215451-project] Get all volumes completed successfully.
Feb 09 17:43:53.369679 dv-cinder-817351-13-iscsi devstack@c-api.service[116289]: /usr/local/lib/python3.8/dist-packages/oslo_context/context.py:105: DeprecationWarning: Policy enforcement is depending on the value of is_admin. This key is deprecated. Please update your policy file to use the standard policy values.
Feb 09 17:43:53.369679 dv-cinder-817351-13-iscsi devstack@c-api.service[116289]: warnings.warn('Policy enforcement is depending on the value of '
Feb 09 17:43:53.377909 dv-cinder-817351-13-iscsi devstack@c-api.service[116289]: INFO cinder.api.openstack.wsgi [None req-0db99729-efa7-4139-9b4b-e620b2b299a2 tempest-VolumesListTestJSON-65215451 tempest-VolumesListTestJSON-65215451-project] http://10.222.0.47/volume/v3/c69424fc107e4133aa36ee855150cec9/volumes/detail?limit=1 returned with HTTP 200
Feb 09 17:43:53.380511 dv-cinder-817351-13-iscsi devstack@c-api.service[116289]: [pid: 116289|app: 0|req: 132/261] 10.222.0.47 () {58 vars in 1249 bytes} [Wed Feb 9 17:43:53 2022] GET /volume/v3/c69424fc107e4133aa36ee855150cec9/volumes/detail?limit=1 => generated 1101 bytes in 74 msecs (HTTP/1.1 200) 7 headers in 286 bytes (2 switches on core 0)
Feb 09 17:43:53.394651 dv-cinder-817351-13-iscsi devstack@c-api.service[116289]: INFO cinder.api.openstack.wsgi [None req-a4660971-fb6c-4ecb-a3a9-25e4434df3a5 tempest-VolumesListTestJSON-65215451 tempest-VolumesListTestJSON-65215451-project] GET http://10.222.0.47/volume/v3/c69424fc107e4133aa36ee855150cec9/volumes/detail?limit=1&marker=2aa5357a-3815-47d7-b0ea-ead10aac55b2
Feb 09 17:43:53.395754 dv-cinder-817351-13-iscsi devstack@c-api.service[116289]: DEBUG cinder.api.openstack.wsgi [None req-a4660971-fb6c-4ecb-a3a9-25e4434df3a5 tempest-VolumesListTestJSON-65215451 tempest-VolumesListTestJSON-65215451-project] Empty body provided in request {{(pid=116289) get_body /opt/stack/cinder/cinder/api/openstack/wsgi.py:715}}
Feb 09 17:43:53.396386 dv-cinder-817351-13-iscsi devstack@c-api.service[116289]: DEBUG cinder.api.openstack.wsgi [None req-a4660971-fb6c-4ecb-a3a9-25e4434df3a5 tempest-VolumesListTestJSON-65215451 tempest-VolumesListTestJSON-65215451-project] Calling method 'detail' {{(pid=116289) _process_stack /opt/stack/cinder/cinder/api/openstack/wsgi.py:868}}
Feb 09 17:43:53.396925 dv-cinder-817351-13-iscsi devstack@c-api.service[116288]: INFO cinder.volume.api [None req-cdcb76cf-179b-4db1-8af2-00ea8e476f7a tempest-GroupsV314Test-677058086 tempest-GroupsV314Test-677058086-project] Get all volumes completed successfully.
Feb 09 17:43:53.397048 dv-cinder-817351-13-iscsi devstack@c-api.service[116289]: DEBUG cinder.api.api_utils [None req-a4660971-fb6c-4ecb-a3a9-25e4434df3a5 tempest-VolumesListTestJSON-65215451 tempest-VolumesListTestJSON-65215451-project] Removing options '' from query. {{(pid=116289) remove_invalid_filter_options /opt/stack/cinder/cinder/api/api_utils.py:73}}
Feb 09 17:43:53.398455 dv-cinder-817351-13-iscsi devstack@c-api.service[116288]: WARNING stevedore.named [None req-cdcb76cf-179b-4db1-8af2-00ea8e476f7a tempest-GroupsV314Test-677058086 tempest-GroupsV314Test-677058086-project] Could not load cinder.keymgr.conf_key_mgr.ConfKeyManager
Feb 09 17:43:53.398656 dv-cinder-817351-13-iscsi devstack@c-api.service[116289]: DEBUG cinder.volume.api [None req-a4660971-fb6c-4ecb-a3a9-25e4434df3a5 tempest-VolumesListTestJSON-65215451 tempest-VolumesListTestJSON-65215451-project] Searching by: MultiDict([('no_migration_targets', True)]). {{(pid=116289) get_all /opt/stack/cinder/cinder/volume/api.py:661}}
Feb 09 17:43:53.398970 dv-cinder-817351-13-iscsi devstack@c-api.service[116288]: WARNING castellan.key_manager [None req-cdcb76cf-179b-4db1-8af2-00ea8e476f7a tempest-GroupsV314Test-677058086 tempest-GroupsV314Test-677058086-project] Deprecation Warning : cinder.keymgr.conf_key_mgr.ConfKeyManager is not a stevedore based driver, trying to load it as a class: stevedore.exception.NoMatches: No 'castellan.drivers' driver found, looking for 'cinder.keymgr.conf_key_mgr.ConfKeyManager'
Feb 09 17:43:53.406777 dv-cinder-817351-13-iscsi devstack@c-api.service[116288]: DEBUG oslo_db.sqlalchemy.engines [None req-cdcb76cf-179b-4db1-8af2-00ea8e476f7a tempest-GroupsV314Test-677058086 tempest-GroupsV314Test-677058086-project] MySQL server mode set to STRICT_TRANS_TABLES,STRICT_ALL_TABLES,NO_ZERO_IN_DATE,NO_ZERO_DATE,ERROR_FOR_DIVISION_BY_ZERO,TRADITIONAL,NO_ENGINE_SUBSTITUTION {{(pid=116288) _check_effective_sql_mode /usr/local/lib/python3.8/dist-packages/oslo_db/sqlalchemy/engines.py:314}}
Feb 09 17:43:53.413764 dv-cinder-817351-13-iscsi devstack@c-api.service[116288]: /usr/local/lib/python3.8/dist-packages/oslo_context/context.py:105: DeprecationWarning: Policy enforcement is depending on the value of is_admin. This key is deprecated. Please update your policy file to use the standard policy values.
Feb 09 17:43:53.413764 dv-cinder-817351-13-iscsi devstack@c-api.service[116288]: warnings.warn('Policy enforcement is depending on the value of '
Feb 09 17:43:53.432783 dv-cinder-817351-13-iscsi devstack@c-api.service[116288]: INFO cinder.api.openstack.wsgi [None req-cdcb76cf-179b-4db1-8af2-00ea8e476f7a tempest-GroupsV314Test-677058086 tempest-GroupsV314Test-677058086-project] http://10.222.0.47/volume/v3/cb57f4f071684788bd355d2959a09070/volumes/detail returned with HTTP 200
Feb 09 17:43:53.433715 dv-cinder-817351-13-iscsi devstack@c-api.service[116288]: [pid: 116288|app: 0|req: 130/262] 10.222.0.47 () {60 vars in 1275 bytes} [Wed Feb 9 17:43:53 2022] GET /volume/v3/cb57f4f071684788bd355d2959a09070/volumes/detail => generated 994 bytes in 97 msecs (HTTP/1.1 200) 7 headers in 286 bytes (1 switches on core 0)
Feb 09 17:43:53.448974 dv-cinder-817351-13-iscsi devstack@c-api.service[116288]: INFO cinder.api.openstack.wsgi [None req-595e1462-6ae4-48bf-ae98-c4f6c33cb3b7 tempest-GroupsV314Test-677058086 tempest-GroupsV314Test-677058086-project] POST http://10.222.0.47/volume/v3/cb57f4f071684788bd355d2959a09070/groups/d24bd7c6-4215-40b9-b9d0-6245efdf8c86/action
Feb 09 17:43:53.449724 dv-cinder-817351-13-iscsi devstack@c-api.service[116288]: DEBUG cinder.api.openstack.wsgi [None req-595e1462-6ae4-48bf-ae98-c4f6c33cb3b7 tempest-GroupsV314Test-677058086 tempest-GroupsV314Test-677058086-project] Action body: b'{"delete": {"delete-volumes": true}}' {{(pid=116288) get_method /opt/stack/cinder/cinder/api/openstack/wsgi.py:983}}
Feb 09 17:43:53.450073 dv-cinder-817351-13-iscsi devstack@c-api.service[116288]: DEBUG cinder.api.openstack.wsgi [None req-595e1462-6ae4-48bf-ae98-c4f6c33cb3b7 tempest-GroupsV314Test-677058086 tempest-GroupsV314Test-677058086-project] Action: 'action', calling method: delete_group, body: {"delete": {"delete-volumes": true}} {{(pid=116288) _process_stack /opt/stack/cinder/cinder/api/openstack/wsgi.py:866}}
Feb 09 17:43:53.450875 dv-cinder-817351-13-iscsi devstack@c-api.service[116288]: DEBUG cinder.api.v3.groups [None req-595e1462-6ae4-48bf-ae98-c4f6c33cb3b7 tempest-GroupsV314Test-677058086 tempest-GroupsV314Test-677058086-project] delete called for group d24bd7c6-4215-40b9-b9d0-6245efdf8c86 {{(pid=116288) _delete /opt/stack/cinder/cinder/api/v3/groups.py:117}}
Feb 09 17:43:53.451158 dv-cinder-817351-13-iscsi devstack@c-api.service[116288]: INFO cinder.api.v3.groups [None req-595e1462-6ae4-48bf-ae98-c4f6c33cb3b7 tempest-GroupsV314Test-677058086 tempest-GroupsV314Test-677058086-project] Delete group with id: d24bd7c6-4215-40b9-b9d0-6245efdf8c86
Feb 09 17:43:53.457013 dv-cinder-817351-13-iscsi devstack@c-api.service[116288]: /usr/local/lib/python3.8/dist-packages/oslo_context/context.py:105: DeprecationWarning: Policy enforcement is depending on the value of is_admin. This key is deprecated. Please update your policy file to use the standard policy values.
Feb 09 17:43:53.457013 dv-cinder-817351-13-iscsi devstack@c-api.service[116288]: warnings.warn('Policy enforcement is depending on the value of '
Feb 09 17:43:53.461546 dv-cinder-817351-13-iscsi devstack@c-api.service[116289]: INFO cinder.volume.api [None req-a4660971-fb6c-4ecb-a3a9-25e4434df3a5 tempest-VolumesListTestJSON-65215451 tempest-VolumesListTestJSON-65215451-project] Get all volumes completed successfully.
Feb 09 17:43:53.463665 dv-cinder-817351-13-iscsi devstack@c-api.service[116289]: /usr/local/lib/python3.8/dist-packages/oslo_context/context.py:105: DeprecationWarning: Policy enforcement is depending on the value of is_admin. This key is deprecated. Please update your policy file to use the standard policy values.
Feb 09 17:43:53.463665 dv-cinder-817351-13-iscsi devstack@c-api.service[116289]: warnings.warn('Policy enforcement is depending on the value of '
Feb 09 17:43:53.471709 dv-cinder-817351-13-iscsi devstack@c-api.service[116289]: INFO cinder.api.openstack.wsgi [None req-a4660971-fb6c-4ecb-a3a9-25e4434df3a5 tempest-VolumesListTestJSON-65215451 tempest-VolumesListTestJSON-65215451-project] http://10.222.0.47/volume/v3/c69424fc107e4133aa36ee855150cec9/volumes/detail?limit=1&marker=2aa5357a-3815-47d7-b0ea-ead10aac55b2 returned with HTTP 200
Feb 09 17:43:53.478956 dv-cinder-817351-13-iscsi devstack@c-api.service[116289]: [pid: 116289|app: 0|req: 133/263] 10.222.0.47 () {58 vars in 1337 bytes} [Wed Feb 9 17:43:53 2022] GET /volume/v3/c69424fc107e4133aa36ee855150cec9/volumes/detail?limit=1&marker=2aa5357a-3815-47d7-b0ea-ead10aac55b2 => generated 1105 bytes in 82 msecs (HTTP/1.1 200) 7 headers in 286 bytes (2 switches on core 0)
Feb 09 17:43:53.482684 dv-cinder-817351-13-iscsi devstack@c-api.service[116289]: INFO cinder.api.openstack.wsgi [None req-3846dbea-5f01-4816-ae0a-99c59354c0ef tempest-SnapshotsActionsTest-1676232082 tempest-SnapshotsActionsTest-1676232082-project] GET http://10.222.0.47/volume/v3/a9a60cc15c4c43d59964133d3141e424/snapshots/fbc04e28-0059-4b12-b691-09be31055731
Feb 09 17:43:53.483212 dv-cinder-817351-13-iscsi devstack@c-api.service[116289]: DEBUG cinder.api.openstack.wsgi [None req-3846dbea-5f01-4816-ae0a-99c59354c0ef tempest-SnapshotsActionsTest-1676232082 tempest-SnapshotsActionsTest-1676232082-project] Empty body provided in request {{(pid=116289) get_body /opt/stack/cinder/cinder/api/openstack/wsgi.py:715}}
Feb 09 17:43:53.483754 dv-cinder-817351-13-iscsi devstack@c-api.service[116289]: DEBUG cinder.api.openstack.wsgi [None req-3846dbea-5f01-4816-ae0a-99c59354c0ef tempest-SnapshotsActionsTest-1676232082 tempest-SnapshotsActionsTest-1676232082-project] Calling method 'show' {{(pid=116289) _process_stack /opt/stack/cinder/cinder/api/openstack/wsgi.py:868}}
Feb 09 17:43:53.491645 dv-cinder-817351-13-iscsi devstack@c-api.service[116289]: INFO cinder.api.openstack.wsgi [None req-3846dbea-5f01-4816-ae0a-99c59354c0ef tempest-SnapshotsActionsTest-1676232082 tempest-SnapshotsActionsTest-1676232082-project] http://10.222.0.47/volume/v3/a9a60cc15c4c43d59964133d3141e424/snapshots/fbc04e28-0059-4b12-b691-09be31055731 returned with HTTP 404
Feb 09 17:43:53.492849 dv-cinder-817351-13-iscsi devstack@c-api.service[116289]: [pid: 116289|app: 0|req: 134/264] 10.222.0.47 () {58 vars in 1330 bytes} [Wed Feb 9 17:43:53 2022] GET /volume/v3/a9a60cc15c4c43d59964133d3141e424/snapshots/fbc04e28-0059-4b12-b691-09be31055731 => generated 111 bytes in 19 msecs (HTTP/1.1 404) 7 headers in 292 bytes (1 switches on core 0)
Feb 09 17:43:53.497498 dv-cinder-817351-13-iscsi devstack@c-api.service[116289]: INFO cinder.api.openstack.wsgi [None req-1ba95613-734d-4673-9608-ffe8f13f7c38 tempest-VolumesListTestJSON-65215451 tempest-VolumesListTestJSON-65215451-project] GET http://10.222.0.47/volume/v3/c69424fc107e4133aa36ee855150cec9/volumes/detail?limit=1&marker=29e07e7b-fbec-416b-a929-f0cfc9c47864
Feb 09 17:43:53.497997 dv-cinder-817351-13-iscsi devstack@c-api.service[116289]: DEBUG cinder.api.openstack.wsgi [None req-1ba95613-734d-4673-9608-ffe8f13f7c38 tempest-VolumesListTestJSON-65215451 tempest-VolumesListTestJSON-65215451-project] Empty body provided in request {{(pid=116289) get_body /opt/stack/cinder/cinder/api/openstack/wsgi.py:715}}
Feb 09 17:43:53.498417 dv-cinder-817351-13-iscsi devstack@c-api.service[116289]: DEBUG cinder.api.openstack.wsgi [None req-1ba95613-734d-4673-9608-ffe8f13f7c38 tempest-VolumesListTestJSON-65215451 tempest-VolumesListTestJSON-65215451-project] Calling method 'detail' {{(pid=116289) _process_stack /opt/stack/cinder/cinder/api/openstack/wsgi.py:868}}
Feb 09 17:43:53.499012 dv-cinder-817351-13-iscsi devstack@c-api.service[116289]: DEBUG cinder.api.api_utils [None req-1ba95613-734d-4673-9608-ffe8f13f7c38 tempest-VolumesListTestJSON-65215451 tempest-VolumesListTestJSON-65215451-project] Removing options '' from query. {{(pid=116289) remove_invalid_filter_options /opt/stack/cinder/cinder/api/api_utils.py:73}}
Feb 09 17:43:53.500816 dv-cinder-817351-13-iscsi devstack@c-api.service[116289]: DEBUG cinder.volume.api [None req-1ba95613-734d-4673-9608-ffe8f13f7c38 tempest-VolumesListTestJSON-65215451 tempest-VolumesListTestJSON-65215451-project] Searching by: MultiDict([('no_migration_targets', True)]). {{(pid=116289) get_all /opt/stack/cinder/cinder/volume/api.py:661}}
Feb 09 17:43:53.532511 dv-cinder-817351-13-iscsi devstack@c-api.service[116288]: INFO cinder.api.openstack.wsgi [None req-595e1462-6ae4-48bf-ae98-c4f6c33cb3b7 tempest-GroupsV314Test-677058086 tempest-GroupsV314Test-677058086-project] http://10.222.0.47/volume/v3/cb57f4f071684788bd355d2959a09070/groups/d24bd7c6-4215-40b9-b9d0-6245efdf8c86/action returned with HTTP 202
Feb 09 17:43:53.533410 dv-cinder-817351-13-iscsi devstack@c-api.service[116288]: [pid: 116288|app: 0|req: 131/265] 10.222.0.47 () {62 vars in 1404 bytes} [Wed Feb 9 17:43:53 2022] POST /volume/v3/cb57f4f071684788bd355d2959a09070/groups/d24bd7c6-4215-40b9-b9d0-6245efdf8c86/action => generated 0 bytes in 88 msecs (HTTP/1.1 202) 6 headers in 234 bytes (2 switches on core 0)
Feb 09 17:43:53.538395 dv-cinder-817351-13-iscsi devstack@c-api.service[116288]: INFO cinder.api.openstack.wsgi [None req-54eeda19-b23e-4c36-a7d6-900d90cfeae3 tempest-SnapshotsActionsTest-573626270 tempest-SnapshotsActionsTest-573626270-project-admin] POST http://10.222.0.47/volume/v3/8872b7ba73984844930d573f564c93a6/snapshots/2e54a52e-5889-4314-9e15-89e5f6a8a47d/action
Feb 09 17:43:53.539297 dv-cinder-817351-13-iscsi devstack@c-api.service[116288]: DEBUG cinder.api.openstack.wsgi [None req-54eeda19-b23e-4c36-a7d6-900d90cfeae3 tempest-SnapshotsActionsTest-573626270 tempest-SnapshotsActionsTest-573626270-project-admin] Action body: b'{"os-reset_status": {"status": "available"}}' {{(pid=116288) get_method /opt/stack/cinder/cinder/api/openstack/wsgi.py:983}}
Feb 09 17:43:53.539623 dv-cinder-817351-13-iscsi devstack@c-api.service[116288]: DEBUG cinder.api.openstack.wsgi [None req-54eeda19-b23e-4c36-a7d6-900d90cfeae3 tempest-SnapshotsActionsTest-573626270 tempest-SnapshotsActionsTest-573626270-project-admin] Action: 'action', calling method: _reset_status, body: {"os-reset_status": {"status": "available"}} {{(pid=116288) _process_stack /opt/stack/cinder/cinder/api/openstack/wsgi.py:866}}
Feb 09 17:43:53.540410 dv-cinder-817351-13-iscsi devstack@c-api.service[116288]: DEBUG cinder.api.contrib.admin_actions [None req-54eeda19-b23e-4c36-a7d6-900d90cfeae3 tempest-SnapshotsActionsTest-573626270 tempest-SnapshotsActionsTest-573626270-project-admin] Updating snapshot '2e54a52e-5889-4314-9e15-89e5f6a8a47d' with '{'status': 'available'}' {{(pid=116288) _reset_status /opt/stack/cinder/cinder/api/contrib/admin_actions.py:100}}
Feb 09 17:43:53.557659 dv-cinder-817351-13-iscsi devstack@c-api.service[116288]: /usr/local/lib/python3.8/dist-packages/oslo_context/context.py:105: DeprecationWarning: Policy enforcement is depending on the value of is_admin. This key is deprecated. Please update your policy file to use the standard policy values.
Feb 09 17:43:53.557659 dv-cinder-817351-13-iscsi devstack@c-api.service[116288]: warnings.warn('Policy enforcement is depending on the value of '
Feb 09 17:43:53.571097 dv-cinder-817351-13-iscsi devstack@c-api.service[116289]: INFO cinder.volume.api [None req-1ba95613-734d-4673-9608-ffe8f13f7c38 tempest-VolumesListTestJSON-65215451 tempest-VolumesListTestJSON-65215451-project] Get all volumes completed successfully.
Feb 09 17:43:53.573226 dv-cinder-817351-13-iscsi devstack@c-api.service[116289]: /usr/local/lib/python3.8/dist-packages/oslo_context/context.py:105: DeprecationWarning: Policy enforcement is depending on the value of is_admin. This key is deprecated. Please update your policy file to use the standard policy values.
Feb 09 17:43:53.573226 dv-cinder-817351-13-iscsi devstack@c-api.service[116289]: warnings.warn('Policy enforcement is depending on the value of '
Feb 09 17:43:53.581539 dv-cinder-817351-13-iscsi devstack@c-api.service[116288]: INFO cinder.api.openstack.wsgi [None req-54eeda19-b23e-4c36-a7d6-900d90cfeae3 tempest-SnapshotsActionsTest-573626270 tempest-SnapshotsActionsTest-573626270-project-admin] http://10.222.0.47/volume/v3/8872b7ba73984844930d573f564c93a6/snapshots/2e54a52e-5889-4314-9e15-89e5f6a8a47d/action returned with HTTP 202
Feb 09 17:43:53.583548 dv-cinder-817351-13-iscsi devstack@c-api.service[116288]: [pid: 116288|app: 0|req: 132/266] 10.222.0.47 () {60 vars in 1372 bytes} [Wed Feb 9 17:43:53 2022] POST /volume/v3/8872b7ba73984844930d573f564c93a6/snapshots/2e54a52e-5889-4314-9e15-89e5f6a8a47d/action => generated 0 bytes in 49 msecs (HTTP/1.1 202) 7 headers in 289 bytes (1 switches on core 0)
Feb 09 17:43:53.587764 dv-cinder-817351-13-iscsi devstack@c-api.service[116289]: INFO cinder.api.openstack.wsgi [None req-1ba95613-734d-4673-9608-ffe8f13f7c38 tempest-VolumesListTestJSON-65215451 tempest-VolumesListTestJSON-65215451-project] http://10.222.0.47/volume/v3/c69424fc107e4133aa36ee855150cec9/volumes/detail?limit=1&marker=29e07e7b-fbec-416b-a929-f0cfc9c47864 returned with HTTP 200
Feb 09 17:43:53.587965 dv-cinder-817351-13-iscsi devstack@c-api.service[116288]: INFO cinder.api.openstack.wsgi [None req-6ec37aed-f684-419a-a57c-09fa8d46a464 tempest-GroupsV314Test-677058086 tempest-GroupsV314Test-677058086-project] GET http://10.222.0.47/volume/v3/cb57f4f071684788bd355d2959a09070/volumes/ecf74326-129e-4195-9da8-68208810e639
Feb 09 17:43:53.588572 dv-cinder-817351-13-iscsi devstack@c-api.service[116288]: DEBUG cinder.api.openstack.wsgi [None req-6ec37aed-f684-419a-a57c-09fa8d46a464 tempest-GroupsV314Test-677058086 tempest-GroupsV314Test-677058086-project] Empty body provided in request {{(pid=116288) get_body /opt/stack/cinder/cinder/api/openstack/wsgi.py:715}}
Feb 09 17:43:53.589241 dv-cinder-817351-13-iscsi devstack@c-api.service[116288]: DEBUG cinder.api.openstack.wsgi [None req-6ec37aed-f684-419a-a57c-09fa8d46a464 tempest-GroupsV314Test-677058086 tempest-GroupsV314Test-677058086-project] Calling method 'show' {{(pid=116288) _process_stack /opt/stack/cinder/cinder/api/openstack/wsgi.py:868}}
Feb 09 17:43:53.589939 dv-cinder-817351-13-iscsi devstack@c-api.service[116289]: [pid: 116289|app: 0|req: 135/267] 10.222.0.47 () {58 vars in 1337 bytes} [Wed Feb 9 17:43:53 2022] GET /volume/v3/c69424fc107e4133aa36ee855150cec9/volumes/detail?limit=1&marker=29e07e7b-fbec-416b-a929-f0cfc9c47864 => generated 1105 bytes in 96 msecs (HTTP/1.1 200) 7 headers in 286 bytes (1 switches on core 0)
Feb 09 17:43:53.610289 dv-cinder-817351-13-iscsi devstack@c-api.service[116289]: INFO cinder.api.openstack.wsgi [None req-01128af3-9f9f-463e-8d3a-8e56f9ded01d tempest-SnapshotsActionsTest-1676232082 tempest-SnapshotsActionsTest-1676232082-project] GET http://10.222.0.47/volume/v3/a9a60cc15c4c43d59964133d3141e424/snapshots/2e54a52e-5889-4314-9e15-89e5f6a8a47d
Feb 09 17:43:53.610736 dv-cinder-817351-13-iscsi devstack@c-api.service[116289]: DEBUG cinder.api.openstack.wsgi [None req-01128af3-9f9f-463e-8d3a-8e56f9ded01d tempest-SnapshotsActionsTest-1676232082 tempest-SnapshotsActionsTest-1676232082-project] Empty body provided in request {{(pid=116289) get_body /opt/stack/cinder/cinder/api/openstack/wsgi.py:715}}
Feb 09 17:43:53.611184 dv-cinder-817351-13-iscsi devstack@c-api.service[116289]: DEBUG cinder.api.openstack.wsgi [None req-01128af3-9f9f-463e-8d3a-8e56f9ded01d tempest-SnapshotsActionsTest-1676232082 tempest-SnapshotsActionsTest-1676232082-project] Calling method 'show' {{(pid=116289) _process_stack /opt/stack/cinder/cinder/api/openstack/wsgi.py:868}}
Feb 09 17:43:53.620399 dv-cinder-817351-13-iscsi devstack@c-api.service[116288]: /usr/local/lib/python3.8/dist-packages/oslo_context/context.py:105: DeprecationWarning: Policy enforcement is depending on the value of is_admin. This key is deprecated. Please update your policy file to use the standard policy values.
Feb 09 17:43:53.620399 dv-cinder-817351-13-iscsi devstack@c-api.service[116288]: warnings.warn('Policy enforcement is depending on the value of '
Feb 09 17:43:53.628624 dv-cinder-817351-13-iscsi devstack@c-api.service[116289]: /usr/local/lib/python3.8/dist-packages/oslo_context/context.py:105: DeprecationWarning: Policy enforcement is depending on the value of is_admin. This key is deprecated. Please update your policy file to use the standard policy values.
Feb 09 17:43:53.628624 dv-cinder-817351-13-iscsi devstack@c-api.service[116289]: warnings.warn('Policy enforcement is depending on the value of '
Feb 09 17:43:53.630405 dv-cinder-817351-13-iscsi devstack@c-api.service[116289]: INFO cinder.volume.api [None req-01128af3-9f9f-463e-8d3a-8e56f9ded01d tempest-SnapshotsActionsTest-1676232082 tempest-SnapshotsActionsTest-1676232082-project] Snapshot retrieved successfully.
Feb 09 17:43:53.633669 dv-cinder-817351-13-iscsi devstack@c-api.service[116289]: INFO cinder.api.openstack.wsgi [None req-01128af3-9f9f-463e-8d3a-8e56f9ded01d tempest-SnapshotsActionsTest-1676232082 tempest-SnapshotsActionsTest-1676232082-project] http://10.222.0.47/volume/v3/a9a60cc15c4c43d59964133d3141e424/snapshots/2e54a52e-5889-4314-9e15-89e5f6a8a47d returned with HTTP 200
Feb 09 17:43:53.634251 dv-cinder-817351-13-iscsi devstack@c-api.service[116288]: INFO cinder.volume.api [None req-6ec37aed-f684-419a-a57c-09fa8d46a464 tempest-GroupsV314Test-677058086 tempest-GroupsV314Test-677058086-project] Volume info retrieved successfully.
Feb 09 17:43:53.634364 dv-cinder-817351-13-iscsi devstack@c-api.service[116289]: [pid: 116289|app: 0|req: 136/268] 10.222.0.47 () {58 vars in 1330 bytes} [Wed Feb 9 17:43:53 2022] GET /volume/v3/a9a60cc15c4c43d59964133d3141e424/snapshots/2e54a52e-5889-4314-9e15-89e5f6a8a47d => generated 465 bytes in 39 msecs (HTTP/1.1 200) 7 headers in 285 bytes (1 switches on core 0)
Feb 09 17:43:53.634437 dv-cinder-817351-13-iscsi devstack@c-api.service[116288]: WARNING stevedore.named [None req-6ec37aed-f684-419a-a57c-09fa8d46a464 tempest-GroupsV314Test-677058086 tempest-GroupsV314Test-677058086-project] Could not load cinder.keymgr.conf_key_mgr.ConfKeyManager
Feb 09 17:43:53.634520 dv-cinder-817351-13-iscsi devstack@c-api.service[116288]: WARNING castellan.key_manager [None req-6ec37aed-f684-419a-a57c-09fa8d46a464 tempest-GroupsV314Test-677058086 tempest-GroupsV314Test-677058086-project] Deprecation Warning : cinder.keymgr.conf_key_mgr.ConfKeyManager is not a stevedore based driver, trying to load it as a class: stevedore.exception.NoMatches: No 'castellan.drivers' driver found, looking for 'cinder.keymgr.conf_key_mgr.ConfKeyManager'
Feb 09 17:43:53.637033 dv-cinder-817351-13-iscsi devstack@c-api.service[116289]: INFO cinder.api.openstack.wsgi [None req-ec3cdea3-694a-4c11-a73a-0fc6d24e8ff8 tempest-VolumesListTestJSON-65215451 tempest-VolumesListTestJSON-65215451-project] GET http://10.222.0.47/volume/v3/c69424fc107e4133aa36ee855150cec9/volumes/detail?limit=1&marker=94fd7f75-9a9f-4647-aadd-05f1c7dc3619
Feb 09 17:43:53.637696 dv-cinder-817351-13-iscsi devstack@c-api.service[116289]: DEBUG cinder.api.openstack.wsgi [None req-ec3cdea3-694a-4c11-a73a-0fc6d24e8ff8 tempest-VolumesListTestJSON-65215451 tempest-VolumesListTestJSON-65215451-project] Empty body provided in request {{(pid=116289) get_body /opt/stack/cinder/cinder/api/openstack/wsgi.py:715}}
Feb 09 17:43:53.638324 dv-cinder-817351-13-iscsi devstack@c-api.service[116289]: DEBUG cinder.api.openstack.wsgi [None req-ec3cdea3-694a-4c11-a73a-0fc6d24e8ff8 tempest-VolumesListTestJSON-65215451 tempest-VolumesListTestJSON-65215451-project] Calling method 'detail' {{(pid=116289) _process_stack /opt/stack/cinder/cinder/api/openstack/wsgi.py:868}}
Feb 09 17:43:53.639185 dv-cinder-817351-13-iscsi devstack@c-api.service[116289]: DEBUG cinder.api.api_utils [None req-ec3cdea3-694a-4c11-a73a-0fc6d24e8ff8 tempest-VolumesListTestJSON-65215451 tempest-VolumesListTestJSON-65215451-project] Removing options '' from query. {{(pid=116289) remove_invalid_filter_options /opt/stack/cinder/cinder/api/api_utils.py:73}}
Feb 09 17:43:53.640887 dv-cinder-817351-13-iscsi devstack@c-api.service[116289]: DEBUG cinder.volume.api [None req-ec3cdea3-694a-4c11-a73a-0fc6d24e8ff8 tempest-VolumesListTestJSON-65215451 tempest-VolumesListTestJSON-65215451-project] Searching by: MultiDict([('no_migration_targets', True)]). {{(pid=116289) get_all /opt/stack/cinder/cinder/volume/api.py:661}}
Feb 09 17:43:53.644884 dv-cinder-817351-13-iscsi devstack@c-api.service[116288]: DEBUG oslo_db.sqlalchemy.engines [None req-6ec37aed-f684-419a-a57c-09fa8d46a464 tempest-GroupsV314Test-677058086 tempest-GroupsV314Test-677058086-project] MySQL server mode set to STRICT_TRANS_TABLES,STRICT_ALL_TABLES,NO_ZERO_IN_DATE,NO_ZERO_DATE,ERROR_FOR_DIVISION_BY_ZERO,TRADITIONAL,NO_ENGINE_SUBSTITUTION {{(pid=116288) _check_effective_sql_mode /usr/local/lib/python3.8/dist-packages/oslo_db/sqlalchemy/engines.py:314}}
Feb 09 17:43:53.651018 dv-cinder-817351-13-iscsi devstack@c-api.service[116288]: /usr/local/lib/python3.8/dist-packages/oslo_context/context.py:105: DeprecationWarning: Policy enforcement is depending on the value of is_admin. This key is deprecated. Please update your policy file to use the standard policy values.
Feb 09 17:43:53.651018 dv-cinder-817351-13-iscsi devstack@c-api.service[116288]: warnings.warn('Policy enforcement is depending on the value of '
Feb 09 17:43:53.669754 dv-cinder-817351-13-iscsi devstack@c-api.service[116288]: INFO cinder.api.openstack.wsgi [None req-6ec37aed-f684-419a-a57c-09fa8d46a464 tempest-GroupsV314Test-677058086 tempest-GroupsV314Test-677058086-project] http://10.222.0.47/volume/v3/cb57f4f071684788bd355d2959a09070/volumes/ecf74326-129e-4195-9da8-68208810e639 returned with HTTP 200
Feb 09 17:43:53.679418 dv-cinder-817351-13-iscsi devstack@c-api.service[116288]: [pid: 116288|app: 0|req: 133/269] 10.222.0.47 () {60 vars in 1365 bytes} [Wed Feb 9 17:43:53 2022] GET /volume/v3/cb57f4f071684788bd355d2959a09070/volumes/ecf74326-129e-4195-9da8-68208810e639 => generated 990 bytes in 87 msecs (HTTP/1.1 200) 7 headers in 286 bytes (1 switches on core 0)
Feb 09 17:43:53.679418 dv-cinder-817351-13-iscsi devstack@c-api.service[116288]: INFO cinder.api.openstack.wsgi [None req-66279f27-7b9c-47fc-858d-5360db2f4ed2 tempest-SnapshotsActionsTest-1676232082 tempest-SnapshotsActionsTest-1676232082-project] POST http://10.222.0.47/volume/v3/a9a60cc15c4c43d59964133d3141e424/snapshots
Feb 09 17:43:53.679418 dv-cinder-817351-13-iscsi devstack@c-api.service[116288]: DEBUG cinder.api.openstack.wsgi [None req-66279f27-7b9c-47fc-858d-5360db2f4ed2 tempest-SnapshotsActionsTest-1676232082 tempest-SnapshotsActionsTest-1676232082-project] Action: 'create', calling method: create, body: {"snapshot": {"volume_id": "59d0f94d-982f-4f58-a64e-1e6da77fb99f", "name": "tempest-SnapshotsActionsTest-Snapshot-716164486"}} {{(pid=116288) _process_stack /opt/stack/cinder/cinder/api/openstack/wsgi.py:866}}
Feb 09 17:43:53.691685 dv-cinder-817351-13-iscsi devstack@c-api.service[116288]: /usr/local/lib/python3.8/dist-packages/oslo_context/context.py:105: DeprecationWarning: Policy enforcement is depending on the value of is_admin. This key is deprecated. Please update your policy file to use the standard policy values.
Feb 09 17:43:53.691685 dv-cinder-817351-13-iscsi devstack@c-api.service[116288]: warnings.warn('Policy enforcement is depending on the value of '
Feb 09 17:43:53.695212 dv-cinder-817351-13-iscsi devstack@c-api.service[116288]: INFO cinder.volume.api [None req-66279f27-7b9c-47fc-858d-5360db2f4ed2 tempest-SnapshotsActionsTest-1676232082 tempest-SnapshotsActionsTest-1676232082-project] Volume info retrieved successfully.
Feb 09 17:43:53.695693 dv-cinder-817351-13-iscsi devstack@c-api.service[116288]: INFO cinder.api.v3.snapshots [None req-66279f27-7b9c-47fc-858d-5360db2f4ed2 tempest-SnapshotsActionsTest-1676232082 tempest-SnapshotsActionsTest-1676232082-project] Create snapshot from volume 59d0f94d-982f-4f58-a64e-1e6da77fb99f
Feb 09 17:43:53.719832 dv-cinder-817351-13-iscsi devstack@c-api.service[116289]: INFO cinder.volume.api [None req-ec3cdea3-694a-4c11-a73a-0fc6d24e8ff8 tempest-VolumesListTestJSON-65215451 tempest-VolumesListTestJSON-65215451-project] Get all volumes completed successfully.
Feb 09 17:43:53.725898 dv-cinder-817351-13-iscsi devstack@c-api.service[116289]: INFO cinder.api.openstack.wsgi [None req-ec3cdea3-694a-4c11-a73a-0fc6d24e8ff8 tempest-VolumesListTestJSON-65215451 tempest-VolumesListTestJSON-65215451-project] http://10.222.0.47/volume/v3/c69424fc107e4133aa36ee855150cec9/volumes/detail?limit=1&marker=94fd7f75-9a9f-4647-aadd-05f1c7dc3619 returned with HTTP 200
Feb 09 17:43:53.727221 dv-cinder-817351-13-iscsi devstack@c-api.service[116289]: [pid: 116289|app: 0|req: 137/270] 10.222.0.47 () {58 vars in 1337 bytes} [Wed Feb 9 17:43:53 2022] GET /volume/v3/c69424fc107e4133aa36ee855150cec9/volumes/detail?limit=1&marker=94fd7f75-9a9f-4647-aadd-05f1c7dc3619 => generated 15 bytes in 93 msecs (HTTP/1.1 200) 7 headers in 284 bytes (1 switches on core 0)
Feb 09 17:43:53.745629 dv-cinder-817351-13-iscsi devstack@c-api.service[116289]: INFO cinder.api.openstack.wsgi [None req-30545556-2c80-49ac-934a-f152a25264d7 tempest-VolumesListTestJSON-65215451 tempest-VolumesListTestJSON-65215451-project] GET http://10.222.0.47/volume/v3/c69424fc107e4133aa36ee855150cec9/volumes/detail?limit=2&status=available&sort_dir=asc&sort_key=id
Feb 09 17:43:53.747468 dv-cinder-817351-13-iscsi devstack@c-api.service[116289]: DEBUG cinder.api.openstack.wsgi [None req-30545556-2c80-49ac-934a-f152a25264d7 tempest-VolumesListTestJSON-65215451 tempest-VolumesListTestJSON-65215451-project] Empty body provided in request {{(pid=116289) get_body /opt/stack/cinder/cinder/api/openstack/wsgi.py:715}}
Feb 09 17:43:53.748166 dv-cinder-817351-13-iscsi devstack@c-api.service[116289]: DEBUG cinder.api.openstack.wsgi [None req-30545556-2c80-49ac-934a-f152a25264d7 tempest-VolumesListTestJSON-65215451 tempest-VolumesListTestJSON-65215451-project] Calling method 'detail' {{(pid=116289) _process_stack /opt/stack/cinder/cinder/api/openstack/wsgi.py:868}}
Feb 09 17:43:53.749362 dv-cinder-817351-13-iscsi devstack@c-api.service[116289]: DEBUG cinder.api.api_utils [None req-30545556-2c80-49ac-934a-f152a25264d7 tempest-VolumesListTestJSON-65215451 tempest-VolumesListTestJSON-65215451-project] Removing options '' from query. {{(pid=116289) remove_invalid_filter_options /opt/stack/cinder/cinder/api/api_utils.py:73}}
Feb 09 17:43:53.750068 dv-cinder-817351-13-iscsi devstack@c-api.service[116289]: DEBUG cinder.volume.api [None req-30545556-2c80-49ac-934a-f152a25264d7 tempest-VolumesListTestJSON-65215451 tempest-VolumesListTestJSON-65215451-project] Could not evaluate value available, assuming string {{(pid=116289) check_volume_filters /opt/stack/cinder/cinder/volume/api.py:2286}}
