Feb 07 11:44:27.000821 dv-cinder-817351-12-smb neutron-server[109199]: DEBUG neutron_lib.callbacks.manager [None req-2795b369-df12-44ec-8945-43338130fbce admin admin] Publish callbacks ['neutron.plugins.ml2.ovo_rpc._ObjectChangeHandler.handle_event-1693205'] for security_group (0844db05-3c8f-4978-bd9e-e18d3bb93dbf), after_create {{(pid=109199) _notify_loop /usr/local/lib/python3.8/dist-packages/neutron_lib/callbacks/manager.py:176}}
Feb 07 11:44:27.055888 dv-cinder-817351-12-smb neutron-server[109202]: DEBUG neutron.db.l3_hamode_db [None req-2fe24254-b4e2-47ae-beba-2d2f54adfc91 None None] neutron.services.l3_router.l3_router_plugin.L3RouterPlugin method _process_sync_ha_data called with arguments (, [{'id': 'f8c71e23-2869-40b5-a71a-3319760fa7e4', 'name': 'tempest-AttachVolumeShelveTestJSON-1739714249-router', 'tenant_id': 'b961b8bdcc414d999b83249b476f1547', 'admin_state_up': True, 'status': 'ACTIVE', 'external_gateway_info': {'network_id': '91d78b2d-dc65-4809-aba9-1b83010ad375', 'external_fixed_ips': [{'subnet_id': '3d56a21e-0963-445f-b8ae-759b4df04172', 'ip_address': '172.28.0.254'}], 'enable_snat': True}, 'gw_port_id': 'd2869dc8-b096-463c-bc81-dc4298bd449b', 'description': '', 'availability_zones': ['nova'], 'distributed': False, 'ha': False, 'ha_vr_id': 0, 'availability_zone_hints': [], 'routes': [], 'flavor_id': None, 'tags': [], 'created_at': '2022-02-07T11:43:58Z', 'updated_at': '2022-02-07T11:44:03Z', 'revision_number': 4, 'project_id': 'b961b8bdcc414d999b83249b476f1547', 'gw_port': {'id': 'd2869dc8-b096-463c-bc81-dc4298bd449b', 'name': '', 'network_id': '91d78b2d-dc65-4809-aba9-1b83010ad375', 'tenant_id': '', 'mac_address': 'fa:16:3e:33:42:54', 'admin_state_up': True, 'status': 'ACTIVE', 'device_id': 'f8c71e23-2869-40b5-a71a-3319760fa7e4', 'device_owner': 'network:router_gateway', 'standard_attr_id': 224, 'fixed_ips': [{'subnet_id': '3d56a21e-0963-445f-b8ae-759b4df04172', 'ip_address': '172.28.0.254', 'prefixlen': 24}], 'allowed_address_pairs': [], 'extra_dhcp_opts': [], 'security_groups': [], 'description': '', 'binding:vnic_type': 'normal', 'binding:profile': {}, 'binding:host_id': 'dv-cinder-817351-12-smb', 'binding:vif_type': 'ovs', 'binding:vif_details': {'connectivity': 'l2', 'port_filter': True, 'ovs_hybrid_plug': False, 'datapath_type': 'system', 'bridge_name': 'br-int', 'bound_drivers': {'0': 'openvswitch'}}, 'port_security_enabled': False, 'tags': [], 'created_at': '2022-02-07T11:43:59Z', 'updated_at': '2022-02-07T11:44:05Z', 'revision_number': 4, 'project_id': '', 'subnets': [{'id': '3d56a21e-0963-445f-b8ae-759b4df04172', 'cidr': '172.28.0.0/24', 'gateway_ip': '172.28.0.1', 'dns_nameservers': [], 'ipv6_ra_mode': None, 'subnetpool_id': None}], 'extra_subnets': [], 'address_scopes': {4: None, 6: None}, 'mtu': 1500}, 'enable_snat': True, 'gw_port_host': 'dv-cinder-817351-12-smb', '_floatingips': [{'id': 'b3a22ff4-8aef-4ca9-a006-6fd51499bff9', 'tenant_id': 'b961b8bdcc414d999b83249b476f1547', 'floating_ip_address': '172.28.0.144', 'floating_network_id': '91d78b2d-dc65-4809-aba9-1b83010ad375', 'router_id': 'f8c71e23-2869-40b5-a71a-3319760fa7e4', 'port_id': '6a995278-ba58-45ae-82cb-3c4d13e2c86b', 'fixed_ip_address': '172.20.0.10', 'status': 'DOWN', 'standard_attr_id': 272, 'description': '', 'qos_policy_id': None, 'qos_network_policy_id': None, 'port_details': {'name': '', 'network_id': '1d55cb01-5858-4d6f-93df-8373a9bc7bc7', 'mac_address': 'fa:16:3e:7f:16:b7', 'admin_state_up': True, 'status': 'ACTIVE', 'device_id': 'e0ff7632-2046-4660-aaeb-719c2276468f', 'device_owner': 'compute:nova'}, 'dns_domain': '', 'dns_name': '', 'tags': [], 'created_at': '2022-02-07T11:44:07Z', 'updated_at': '2022-02-07T11:44:24Z', 'revision_number': 1, 'project_id': 'b961b8bdcc414d999b83249b476f1547', 'fixed_ip_address_scope': None}], '_interfaces': [{'id': 'c4de0b79-9910-4d4c-9d7e-d05e4f671210', 'name': '', 'network_id': '1d55cb01-5858-4d6f-93df-8373a9bc7bc7', 'tenant_id': 'b961b8bdcc414d999b83249b476f1547', 'mac_address': 'fa:16:3e:c2:30:96', 'admin_state_up': True, 'status': 'ACTIVE', 'device_id': 'f8c71e23-2869-40b5-a71a-3319760fa7e4', 'device_owner': 'network:router_interface', 'standard_attr_id': 245, 'fixed_ips': [{'subnet_id': '5c085963-ff18-4454-a134-86dd822b809f', 'ip_address': '172.20.0.1', 'prefixlen': 28}], 'allowed_address_pairs': [], 'extra_dhcp_opts': [], 'security_groups': [], 'description': '', 'binding:vnic_type': 'normal', 'binding:profile': {}, 'binding:host_id': 'dv-cinder-817351-12-smb', 'binding:vif_type': 'ovs', 'binding:vif_details': {'connectivity': 'l2', 'port_filter': True, 'ovs_hybrid_plug': False, 'datapath_type': 'system', 'bridge_name': 'br-int', 'bound_drivers': {'0': 'openvswitch'}}, 'port_security_enabled': False, 'tags': [], 'created_at': '2022-02-07T11:44:02Z', 'updated_at': '2022-02-07T11:44:08Z', 'revision_number': 5, 'project_id': 'b961b8bdcc414d999b83249b476f1547', 'subnets': [{'id': '5c085963-ff18-4454-a134-86dd822b809f', 'cidr': '172.20.0.0/28', 'gateway_ip': '172.20.0.1', 'dns_nameservers': [], 'ipv6_ra_mode': None, 'subnetpool_id': None}], 'extra_subnets': [], 'address_scopes': {4: None, 6: None}, 'mtu': 1500}]}], 'dv-cinder-817351-12-smb', False) {} {{(pid=109202) wrapper /usr/local/lib/python3.8/dist-packages/oslo_log/helpers.py:65}}
Feb 07 11:44:27.069921 dv-cinder-817351-12-smb neutron-server[109199]: DEBUG neutron.api.rpc.handlers.resources_rpc [None req-2795b369-df12-44ec-8945-43338130fbce admin admin] Pushing event updated for resources: {'SecurityGroup': ['ID=0844db05-3c8f-4978-bd9e-e18d3bb93dbf,revision_number=1']} {{(pid=109199) push /opt/stack/neutron/neutron/api/rpc/handlers/resources_rpc.py:237}}
Feb 07 11:44:27.075570 dv-cinder-817351-12-smb neutron-server[109199]: INFO neutron.wsgi [None req-2795b369-df12-44ec-8945-43338130fbce admin admin] 10.222.0.62 "GET /v2.0/security-groups?tenant_id=35d4c64054cd4132ac75fd7074e4d716&name=default HTTP/1.1" status: 200 len: 2996 time: 0.3305092
Feb 07 11:44:27.078076 dv-cinder-817351-12-smb neutron-server[109200]: DEBUG neutron.wsgi [-] (109200) accepted ('10.222.0.62', 34730) {{(pid=109200) server /usr/local/lib/python3.8/dist-packages/eventlet/wsgi.py:1004}}
Feb 07 11:44:27.094872 dv-cinder-817351-12-smb neutron-server[109202]: DEBUG neutron.api.rpc.handlers.l3_rpc [None req-2fe24254-b4e2-47ae-beba-2d2f54adfc91 None None] The sync data for ids ['f8c71e23-2869-40b5-a71a-3319760fa7e4'] in dv-cinder-817351-12-smb is: [{'id': 'f8c71e23-2869-40b5-a71a-3319760fa7e4', 'name': 'tempest-AttachVolumeShelveTestJSON-1739714249-router', 'tenant_id': 'b961b8bdcc414d999b83249b476f1547', 'admin_state_up': True, 'status': 'ACTIVE', 'external_gateway_info': {'network_id': '91d78b2d-dc65-4809-aba9-1b83010ad375', 'external_fixed_ips': [{'subnet_id': '3d56a21e-0963-445f-b8ae-759b4df04172', 'ip_address': '172.28.0.254'}], 'enable_snat': True}, 'gw_port_id': 'd2869dc8-b096-463c-bc81-dc4298bd449b', 'description': '', 'availability_zones': ['nova'], 'distributed': False, 'ha': False, 'ha_vr_id': 0, 'availability_zone_hints': [], 'routes': [], 'flavor_id': None, 'tags': [], 'created_at': '2022-02-07T11:43:58Z', 'updated_at': '2022-02-07T11:44:03Z', 'revision_number': 4, 'project_id': 'b961b8bdcc414d999b83249b476f1547', 'gw_port': {'id': 'd2869dc8-b096-463c-bc81-dc4298bd449b', 'name': '', 'network_id': '91d78b2d-dc65-4809-aba9-1b83010ad375', 'tenant_id': '', 'mac_address': 'fa:16:3e:33:42:54', 'admin_state_up': True, 'status': 'ACTIVE', 'device_id': 'f8c71e23-2869-40b5-a71a-3319760fa7e4', 'device_owner': 'network:router_gateway', 'standard_attr_id': 224, 'fixed_ips': [{'subnet_id': '3d56a21e-0963-445f-b8ae-759b4df04172', 'ip_address': '172.28.0.254', 'prefixlen': 24}], 'allowed_address_pairs': [], 'extra_dhcp_opts': [], 'security_groups': [], 'description': '', 'binding:vnic_type': 'normal', 'binding:profile': {}, 'binding:host_id': 'dv-cinder-817351-12-smb', 'binding:vif_type': 'ovs', 'binding:vif_details': {'connectivity': 'l2', 'port_filter': True, 'ovs_hybrid_plug': False, 'datapath_type': 'system', 'bridge_name': 'br-int', 'bound_drivers': {'0': 'openvswitch'}}, 'port_security_enabled': False, 'tags': [], 'created_at': '2022-02-07T11:43:59Z', 'updated_at': '2022-02-07T11:44:05Z', 'revision_number': 4, 'project_id': '', 'subnets': [{'id': '3d56a21e-0963-445f-b8ae-759b4df04172', 'cidr': '172.28.0.0/24', 'gateway_ip': '172.28.0.1', 'dns_nameservers': [], 'ipv6_ra_mode': None, 'subnetpool_id': None}], 'extra_subnets': [], 'address_scopes': {4: None, 6: None}, 'mtu': 1500}, 'enable_snat': True, 'gw_port_host': 'dv-cinder-817351-12-smb', '_floatingips': [{'id': 'b3a22ff4-8aef-4ca9-a006-6fd51499bff9', 'tenant_id': 'b961b8bdcc414d999b83249b476f1547', 'floating_ip_address': '172.28.0.144', 'floating_network_id': '91d78b2d-dc65-4809-aba9-1b83010ad375', 'router_id': 'f8c71e23-2869-40b5-a71a-3319760fa7e4', 'port_id': '6a995278-ba58-45ae-82cb-3c4d13e2c86b', 'fixed_ip_address': '172.20.0.10', 'status': 'DOWN', 'standard_attr_id': 272, 'description': '', 'qos_policy_id': None, 'qos_network_policy_id': None, 'port_details': {'name': '', 'network_id': '1d55cb01-5858-4d6f-93df-8373a9bc7bc7', 'mac_address': 'fa:16:3e:7f:16:b7', 'admin_state_up': True, 'status': 'ACTIVE', 'device_id': 'e0ff7632-2046-4660-aaeb-719c2276468f', 'device_owner': 'compute:nova'}, 'dns_domain': '', 'dns_name': '', 'tags': [], 'created_at': '2022-02-07T11:44:07Z', 'updated_at': '2022-02-07T11:44:24Z', 'revision_number': 1, 'project_id': 'b961b8bdcc414d999b83249b476f1547', 'fixed_ip_address_scope': None}], '_interfaces': [{'id': 'c4de0b79-9910-4d4c-9d7e-d05e4f671210', 'name': '', 'network_id': '1d55cb01-5858-4d6f-93df-8373a9bc7bc7', 'tenant_id': 'b961b8bdcc414d999b83249b476f1547', 'mac_address': 'fa:16:3e:c2:30:96', 'admin_state_up': True, 'status': 'ACTIVE', 'device_id': 'f8c71e23-2869-40b5-a71a-3319760fa7e4', 'device_owner': 'network:router_interface', 'standard_attr_id': 245, 'fixed_ips': [{'subnet_id': '5c085963-ff18-4454-a134-86dd822b809f', 'ip_address': '172.20.0.1', 'prefixlen': 28}], 'allowed_address_pairs': [], 'extra_dhcp_opts': [], 'security_groups': [], 'description': '', 'binding:vnic_type': 'normal', 'binding:profile': {}, 'binding:host_id': 'dv-cinder-817351-12-smb', 'binding:vif_type': 'ovs', 'binding:vif_details': {'connectivity': 'l2', 'port_filter': True, 'ovs_hybrid_plug': False, 'datapath_type': 'system', 'bridge_name': 'br-int', 'bound_drivers': {'0': 'openvswitch'}}, 'port_security_enabled': False, 'tags': [], 'created_at': '2022-02-07T11:44:02Z', 'updated_at': '2022-02-07T11:44:08Z', 'revision_number': 5, 'project_id': 'b961b8bdcc414d999b83249b476f1547', 'subnets': [{'id': '5c085963-ff18-4454-a134-86dd822b809f', 'cidr': '172.20.0.0/28', 'gateway_ip': '172.20.0.1', 'dns_nameservers': [], 'ipv6_ra_mode': None, 'subnetpool_id': None}], 'extra_subnets': [], 'address_scopes': {4: None, 6: None}, 'mtu': 1500}]}] {{(pid=109202) sync_routers /opt/stack/neutron/neutron/api/rpc/handlers/l3_rpc.py:137}}
Feb 07 11:44:27.111367 dv-cinder-817351-12-smb neutron-server[109200]: DEBUG neutron_lib.callbacks.manager [None req-943698ab-f283-494a-999c-afeb3ae7900c admin admin] Publish callbacks [] for security_group (None), before_create {{(pid=109200) _notify_loop /usr/local/lib/python3.8/dist-packages/neutron_lib/callbacks/manager.py:176}}
Feb 07 11:44:27.184729 dv-cinder-817351-12-smb neutron-server[109200]: DEBUG neutron_lib.callbacks.manager [None req-363ac81f-8b45-433a-94f8-21bc4fa22161 admin admin] Publish callbacks [] for security_group (0844db05-3c8f-4978-bd9e-e18d3bb93dbf), before_delete {{(pid=109200) _notify_loop /usr/local/lib/python3.8/dist-packages/neutron_lib/callbacks/manager.py:176}}
Feb 07 11:44:27.219495 dv-cinder-817351-12-smb neutron-server[109200]: DEBUG neutron_lib.callbacks.manager [None req-363ac81f-8b45-433a-94f8-21bc4fa22161 admin admin] Publish callbacks [] for security_group (0844db05-3c8f-4978-bd9e-e18d3bb93dbf), precommit_delete {{(pid=109200) _notify_loop /usr/local/lib/python3.8/dist-packages/neutron_lib/callbacks/manager.py:176}}
Feb 07 11:44:27.272498 dv-cinder-817351-12-smb neutron-server[109200]: DEBUG neutron_lib.callbacks.manager [None req-943698ab-f283-494a-999c-afeb3ae7900c admin admin] Publish callbacks [] for security_group (daa4d6fe-0a8e-4dc6-908d-d3e6892b2326), precommit_create {{(pid=109200) _notify_loop /usr/local/lib/python3.8/dist-packages/neutron_lib/callbacks/manager.py:176}}
Feb 07 11:44:27.277713 dv-cinder-817351-12-smb neutron-server[109200]: DEBUG neutron_lib.callbacks.manager [None req-943698ab-f283-494a-999c-afeb3ae7900c admin admin] Publish callbacks ['neutron.plugins.ml2.ovo_rpc._ObjectChangeHandler.handle_event-1693205'] for security_group (daa4d6fe-0a8e-4dc6-908d-d3e6892b2326), after_create {{(pid=109200) _notify_loop /usr/local/lib/python3.8/dist-packages/neutron_lib/callbacks/manager.py:176}}
Feb 07 11:44:27.343193 dv-cinder-817351-12-smb neutron-server[109200]: INFO neutron.wsgi [None req-943698ab-f283-494a-999c-afeb3ae7900c admin admin] 10.222.0.62 "GET /v2.0/security-groups?tenant_id=4ca9ce210d014bdf98cb0d0e4906ef18&name=default HTTP/1.1" status: 200 len: 2996 time: 0.4955170
Feb 07 11:44:27.346140 dv-cinder-817351-12-smb neutron-server[109199]: DEBUG neutron.wsgi [-] (109199) accepted ('10.222.0.62', 34740) {{(pid=109199) server /usr/local/lib/python3.8/dist-packages/eventlet/wsgi.py:1004}}
Feb 07 11:44:27.361433 dv-cinder-817351-12-smb neutron-server[109200]: DEBUG neutron_lib.callbacks.manager [None req-363ac81f-8b45-433a-94f8-21bc4fa22161 admin admin] Publish callbacks ['neutron.plugins.ml2.ovo_rpc._ObjectChangeHandler.handle_event-1693205'] for security_group (0844db05-3c8f-4978-bd9e-e18d3bb93dbf), after_delete {{(pid=109200) _notify_loop /usr/local/lib/python3.8/dist-packages/neutron_lib/callbacks/manager.py:176}}
Feb 07 11:44:27.364012 dv-cinder-817351-12-smb neutron-server[109200]: DEBUG neutron_lib.callbacks.manager [None req-363ac81f-8b45-433a-94f8-21bc4fa22161 admin admin] Publish callbacks [] for security_group (None), before_response {{(pid=109200) _notify_loop /usr/local/lib/python3.8/dist-packages/neutron_lib/callbacks/manager.py:176}}
Feb 07 11:44:27.368392 dv-cinder-817351-12-smb neutron-server[109200]: INFO neutron.wsgi [None req-363ac81f-8b45-433a-94f8-21bc4fa22161 admin admin] 10.222.0.62 "DELETE /v2.0/security-groups/0844db05-3c8f-4978-bd9e-e18d3bb93dbf HTTP/1.1" status: 204 len: 168 time: 0.2893143
Feb 07 11:44:27.370361 dv-cinder-817351-12-smb neutron-server[109200]: DEBUG neutron.api.rpc.handlers.resources_rpc [None req-943698ab-f283-494a-999c-afeb3ae7900c admin admin] Pushing event updated for resources: {'SecurityGroup': ['ID=daa4d6fe-0a8e-4dc6-908d-d3e6892b2326,revision_number=1']} {{(pid=109200) push /opt/stack/neutron/neutron/api/rpc/handlers/resources_rpc.py:237}}
Feb 07 11:44:27.403715 dv-cinder-817351-12-smb neutron-server[109200]: DEBUG neutron.api.rpc.handlers.resources_rpc [None req-363ac81f-8b45-433a-94f8-21bc4fa22161 admin admin] Pushing event deleted for resources: {'SecurityGroup': ['ID=0844db05-3c8f-4978-bd9e-e18d3bb93dbf,revision_number=None']} {{(pid=109200) push /opt/stack/neutron/neutron/api/rpc/handlers/resources_rpc.py:237}}
Feb 07 11:44:27.446940 dv-cinder-817351-12-smb neutron-server[109201]: DEBUG neutron.api.rpc.handlers.l3_rpc [None req-a637176a-2ec1-4827-b8b2-97b8474e9e42 None None] New status for floating IP b3a22ff4-8aef-4ca9-a006-6fd51499bff9: ACTIVE {{(pid=109201) update_floatingip_statuses /opt/stack/neutron/neutron/api/rpc/handlers/l3_rpc.py:270}}
Feb 07 11:44:27.447416 dv-cinder-817351-12-smb neutron-server[109200]: DEBUG neutron.pecan_wsgi.hooks.policy_enforcement [req-8db0d5fb-1b3e-4652-acf4-bec7c7945949 req-7e882808-a065-4bb3-ac3f-cf2aceaac5f2 tempest-AttachVolumeShelveTestJSON-667336758 tempest-AttachVolumeShelveTestJSON-667336758-project] Attributes excluded by policy engine: ['standard_attr_id', 'binding:profile', 'binding:host_id', 'binding:vif_type', 'binding:vif_details'] {{(pid=109200) _exclude_attributes_by_policy /opt/stack/neutron/neutron/pecan_wsgi/hooks/policy_enforcement.py:255}}
Feb 07 11:44:27.448762 dv-cinder-817351-12-smb neutron-server[109200]: INFO neutron.wsgi [req-8db0d5fb-1b3e-4652-acf4-bec7c7945949 req-7e882808-a065-4bb3-ac3f-cf2aceaac5f2 tempest-AttachVolumeShelveTestJSON-667336758 tempest-AttachVolumeShelveTestJSON-667336758-project] 10.222.0.62 "GET /v2.0/ports?device_id=e0ff7632-2046-4660-aaeb-719c2276468f HTTP/1.1" status: 200 len: 946 time: 0.1368024
Feb 07 11:44:27.472228 dv-cinder-817351-12-smb neutron-server[109199]: DEBUG neutron_lib.callbacks.manager [None req-16fd5f85-5a2e-46ee-8ab6-6b31d503a2e4 admin admin] Publish callbacks [] for security_group (daa4d6fe-0a8e-4dc6-908d-d3e6892b2326), before_delete {{(pid=109199) _notify_loop /usr/local/lib/python3.8/dist-packages/neutron_lib/callbacks/manager.py:176}}
Feb 07 11:44:27.520618 dv-cinder-817351-12-smb neutron-server[109199]: DEBUG neutron_lib.callbacks.manager [None req-16fd5f85-5a2e-46ee-8ab6-6b31d503a2e4 admin admin] Publish callbacks [] for security_group (daa4d6fe-0a8e-4dc6-908d-d3e6892b2326), precommit_delete {{(pid=109199) _notify_loop /usr/local/lib/python3.8/dist-packages/neutron_lib/callbacks/manager.py:176}}
Feb 07 11:44:27.601742 dv-cinder-817351-12-smb neutron-server[109200]: INFO neutron.wsgi [req-8db0d5fb-1b3e-4652-acf4-bec7c7945949 req-4001d1c3-672c-4b40-9eb2-90c14fd2fa22 tempest-AttachVolumeShelveTestJSON-667336758 tempest-AttachVolumeShelveTestJSON-667336758-project] 10.222.0.62 "GET /v2.0/security-groups?id=12bb5c0c-8f6e-4e59-93f0-accc83b2cc74&fields=id&fields=name HTTP/1.1" status: 200 len: 312 time: 0.1369581
Feb 07 11:44:27.602762 dv-cinder-817351-12-smb neutron-server[109200]: DEBUG neutron.wsgi [-] (109200) accepted ('10.222.0.62', 34750) {{(pid=109200) server /usr/local/lib/python3.8/dist-packages/eventlet/wsgi.py:1004}}
Feb 07 11:44:27.706142 dv-cinder-817351-12-smb neutron-server[109199]: DEBUG neutron_lib.callbacks.manager [None req-16fd5f85-5a2e-46ee-8ab6-6b31d503a2e4 admin admin] Publish callbacks ['neutron.plugins.ml2.ovo_rpc._ObjectChangeHandler.handle_event-1693205'] for security_group (daa4d6fe-0a8e-4dc6-908d-d3e6892b2326), after_delete {{(pid=109199) _notify_loop /usr/local/lib/python3.8/dist-packages/neutron_lib/callbacks/manager.py:176}}
Feb 07 11:44:27.709749 dv-cinder-817351-12-smb neutron-server[109199]: DEBUG neutron_lib.callbacks.manager [None req-16fd5f85-5a2e-46ee-8ab6-6b31d503a2e4 admin admin] Publish callbacks [] for security_group (None), before_response {{(pid=109199) _notify_loop /usr/local/lib/python3.8/dist-packages/neutron_lib/callbacks/manager.py:176}}
Feb 07 11:44:27.716498 dv-cinder-817351-12-smb neutron-server[109199]: INFO neutron.wsgi [None req-16fd5f85-5a2e-46ee-8ab6-6b31d503a2e4 admin admin] 10.222.0.62 "DELETE /v2.0/security-groups/daa4d6fe-0a8e-4dc6-908d-d3e6892b2326 HTTP/1.1" status: 204 len: 168 time: 0.3667815
Feb 07 11:44:27.760496 dv-cinder-817351-12-smb neutron-server[109199]: DEBUG neutron.pecan_wsgi.hooks.policy_enforcement [req-a3964b05-6b8b-4f81-b4b3-04e7de5609e6 req-83d85a69-a157-4b42-bcaf-e4f46f4cfadd tempest-VolumesActionsTest-1499457225 tempest-VolumesActionsTest-1499457225-project] Attributes excluded by policy engine: ['standard_attr_id', 'binding:profile', 'binding:host_id', 'binding:vif_type', 'binding:vif_details'] {{(pid=109199) _exclude_attributes_by_policy /opt/stack/neutron/neutron/pecan_wsgi/hooks/policy_enforcement.py:255}}
Feb 07 11:44:27.770692 dv-cinder-817351-12-smb neutron-server[109199]: INFO neutron.wsgi [req-a3964b05-6b8b-4f81-b4b3-04e7de5609e6 req-83d85a69-a157-4b42-bcaf-e4f46f4cfadd tempest-VolumesActionsTest-1499457225 tempest-VolumesActionsTest-1499457225-project] 10.222.0.62 "GET /v2.0/ports?device_id=ffe23059-3c65-45d2-8d0a-0a2a2dd64c89 HTTP/1.1" status: 200 len: 945 time: 0.1548941
Feb 07 11:44:27.783763 dv-cinder-817351-12-smb neutron-server[109199]: DEBUG neutron.api.rpc.handlers.resources_rpc [None req-16fd5f85-5a2e-46ee-8ab6-6b31d503a2e4 admin admin] Pushing event deleted for resources: {'SecurityGroup': ['ID=daa4d6fe-0a8e-4dc6-908d-d3e6892b2326,revision_number=None']} {{(pid=109199) push /opt/stack/neutron/neutron/api/rpc/handlers/resources_rpc.py:237}}
Feb 07 11:44:27.863661 dv-cinder-817351-12-smb neutron-server[109199]: INFO neutron.wsgi [req-a3964b05-6b8b-4f81-b4b3-04e7de5609e6 req-16abac20-da52-4e80-8f08-ee27fd788b92 tempest-VolumesActionsTest-1499457225 tempest-VolumesActionsTest-1499457225-project] 10.222.0.62 "GET /v2.0/security-groups?id=392a6b79-ac37-45ae-b1e5-0ef01ac06eab&fields=id&fields=name HTTP/1.1" status: 200 len: 286 time: 0.0850933
Feb 07 11:44:27.870593 dv-cinder-817351-12-smb neutron-server[109200]: DEBUG neutron.pecan_wsgi.hooks.policy_enforcement [req-d4650616-941d-4787-8e2e-c2e7dbfe98dd req-06ef2d5d-8aa2-43b9-a8b5-3bec8443e60e tempest-ServerRescueNegativeTestJSON-694157425 tempest-ServerRescueNegativeTestJSON-694157425-project] Attributes excluded by policy engine: ['standard_attr_id', 'binding:profile', 'binding:host_id', 'binding:vif_type', 'binding:vif_details'] {{(pid=109200) _exclude_attributes_by_policy /opt/stack/neutron/neutron/pecan_wsgi/hooks/policy_enforcement.py:255}}
Feb 07 11:44:27.879130 dv-cinder-817351-12-smb neutron-server[109200]: INFO neutron.wsgi [req-d4650616-941d-4787-8e2e-c2e7dbfe98dd req-06ef2d5d-8aa2-43b9-a8b5-3bec8443e60e tempest-ServerRescueNegativeTestJSON-694157425 tempest-ServerRescueNegativeTestJSON-694157425-project] 10.222.0.62 "GET /v2.0/ports?device_id=9c6362e1-6211-42ee-9c0c-b8b50aa11416 HTTP/1.1" status: 200 len: 945 time: 0.1033709
Feb 07 11:44:27.910436 dv-cinder-817351-12-smb neutron-server[109200]: DEBUG neutron.api.v2.base [None req-99d33e29-0400-4377-ae9e-881f09784f41 admin admin] Request body: {'network': {'name': 'tempest-VolumesActionsTest-1525588164-network', 'tenant_id': '831353790ef344d2b0f066e1e0951a01'}} {{(pid=109200) prepare_request_body /opt/stack/neutron/neutron/api/v2/base.py:729}}
Feb 07 11:44:27.955309 dv-cinder-817351-12-smb neutron-server[109200]: INFO neutron.wsgi [req-d4650616-941d-4787-8e2e-c2e7dbfe98dd req-9428f6f2-04e7-4a05-80f4-9dc6e66088ef tempest-ServerRescueNegativeTestJSON-694157425 tempest-ServerRescueNegativeTestJSON-694157425-project] 10.222.0.62 "GET /v2.0/security-groups?id=e185f756-b697-4f43-90fd-3a4af1e2efc8&fields=id&fields=name HTTP/1.1" status: 200 len: 286 time: 0.0752153
Feb 07 11:44:27.965033 dv-cinder-817351-12-smb neutron-server[109200]: DEBUG neutron.pecan_wsgi.hooks.quota_enforcement [None req-99d33e29-0400-4377-ae9e-881f09784f41 admin admin] Made reservation on behalf of 831353790ef344d2b0f066e1e0951a01 for: {'network': 1} {{(pid=109200) before /opt/stack/neutron/neutron/pecan_wsgi/hooks/quota_enforcement.py:53}}
Feb 07 11:44:27.968725 dv-cinder-817351-12-smb neutron-server[109200]: DEBUG neutron_lib.callbacks.manager [None req-99d33e29-0400-4377-ae9e-881f09784f41 admin admin] Publish callbacks ['neutron.plugins.ml2.plugin.SecurityGroupDbMixin._ensure_default_security_group_handler-3480218'] for network (None), before_create {{(pid=109200) _notify_loop /usr/local/lib/python3.8/dist-packages/neutron_lib/callbacks/manager.py:176}}
Feb 07 11:44:27.981360 dv-cinder-817351-12-smb neutron-server[109200]: DEBUG neutron_lib.callbacks.manager [None req-99d33e29-0400-4377-ae9e-881f09784f41 admin admin] Publish callbacks [] for security_group (None), before_create {{(pid=109200) _notify_loop /usr/local/lib/python3.8/dist-packages/neutron_lib/callbacks/manager.py:176}}
Feb 07 11:44:28.093999 dv-cinder-817351-12-smb neutron-server[109200]: DEBUG neutron_lib.callbacks.manager [None req-99d33e29-0400-4377-ae9e-881f09784f41 admin admin] Publish callbacks [] for security_group (5edae691-8026-47bc-94a7-fe8274dc6b28), precommit_create {{(pid=109200) _notify_loop /usr/local/lib/python3.8/dist-packages/neutron_lib/callbacks/manager.py:176}}
Feb 07 11:44:28.101093 dv-cinder-817351-12-smb neutron-server[109200]: DEBUG neutron_lib.callbacks.manager [None req-99d33e29-0400-4377-ae9e-881f09784f41 admin admin] Publish callbacks ['neutron.plugins.ml2.ovo_rpc._ObjectChangeHandler.handle_event-1693205'] for security_group (5edae691-8026-47bc-94a7-fe8274dc6b28), after_create {{(pid=109200) _notify_loop /usr/local/lib/python3.8/dist-packages/neutron_lib/callbacks/manager.py:176}}
Feb 07 11:44:28.138590 dv-cinder-817351-12-smb neutron-server[109200]: DEBUG neutron.plugins.ml2.drivers.helpers [None req-99d33e29-0400-4377-ae9e-881f09784f41 admin admin] vlan segment allocate from pool success with {'vlan_id': 630, 'physical_network': 'physnet1'} {{(pid=109200) allocate_partially_specified_segment /opt/stack/neutron/neutron/plugins/ml2/drivers/helpers.py:153}}
Feb 07 11:44:28.138934 dv-cinder-817351-12-smb neutron-server[109200]: DEBUG neutron.api.rpc.handlers.resources_rpc [None req-99d33e29-0400-4377-ae9e-881f09784f41 admin admin] Pushing event updated for resources: {'SecurityGroup': ['ID=5edae691-8026-47bc-94a7-fe8274dc6b28,revision_number=1']} {{(pid=109200) push /opt/stack/neutron/neutron/api/rpc/handlers/resources_rpc.py:237}}
Feb 07 11:44:28.151167 dv-cinder-817351-12-smb neutron-server[109200]: DEBUG neutron_lib.callbacks.manager [None req-99d33e29-0400-4377-ae9e-881f09784f41 admin admin] Publish callbacks ['neutron.plugins.ml2.plugin.Ml2Plugin._handle_segment_change-3575813'] for segment (88244af7-213d-474d-be6a-cb7d270889f4), precommit_create {{(pid=109200) _notify_loop /usr/local/lib/python3.8/dist-packages/neutron_lib/callbacks/manager.py:176}}
Feb 07 11:44:28.151167 dv-cinder-817351-12-smb neutron-server[109200]: INFO neutron.db.segments_db [None req-99d33e29-0400-4377-ae9e-881f09784f41 admin admin] Added segment 88244af7-213d-474d-be6a-cb7d270889f4 of type vlan for network 5622d16c-d45c-41a8-8660-00d939131ac1
Feb 07 11:44:28.220336 dv-cinder-817351-12-smb neutron-server[109200]: DEBUG neutron_lib.callbacks.manager [None req-99d33e29-0400-4377-ae9e-881f09784f41 admin admin] Publish callbacks ['neutron.services.auto_allocate.db._ensure_external_network_default_value_callback-8738673967117'] for network (5622d16c-d45c-41a8-8660-00d939131ac1), precommit_create {{(pid=109200) _notify_loop /usr/local/lib/python3.8/dist-packages/neutron_lib/callbacks/manager.py:176}}
Feb 07 11:44:28.256370 dv-cinder-817351-12-smb neutron-server[109200]: DEBUG neutron_lib.callbacks.manager [None req-99d33e29-0400-4377-ae9e-881f09784f41 admin admin] Publish callbacks ['neutron.plugins.ml2.ovo_rpc._ObjectChangeHandler.handle_event-1693250', 'neutron.api.rpc.agentnotifiers.dhcp_rpc_agent_api.DhcpAgentNotifyAPI._native_event_send_dhcp_notification-1615009'] for network (5622d16c-d45c-41a8-8660-00d939131ac1), after_create {{(pid=109200) _notify_loop /usr/local/lib/python3.8/dist-packages/neutron_lib/callbacks/manager.py:176}}
Feb 07 11:44:28.257347 dv-cinder-817351-12-smb neutron-server[109200]: DEBUG neutron.pecan_wsgi.hooks.policy_enforcement [None req-99d33e29-0400-4377-ae9e-881f09784f41 admin admin] Attributes excluded by policy engine: ['standard_attr_id', 'vlan_transparent'] {{(pid=109200) _exclude_attributes_by_policy /opt/stack/neutron/neutron/pecan_wsgi/hooks/policy_enforcement.py:255}}
Feb 07 11:44:28.258166 dv-cinder-817351-12-smb neutron-server[109200]: DEBUG neutron_lib.callbacks.manager [None req-99d33e29-0400-4377-ae9e-881f09784f41 admin admin] Publish callbacks ['neutron.api.rpc.agentnotifiers.dhcp_rpc_agent_api.DhcpAgentNotifyAPI._send_dhcp_notification-1615059'] for network (None), before_response {{(pid=109200) _notify_loop /usr/local/lib/python3.8/dist-packages/neutron_lib/callbacks/manager.py:176}}
Feb 07 11:44:28.354649 dv-cinder-817351-12-smb neutron-server[109200]: INFO neutron.wsgi [None req-99d33e29-0400-4377-ae9e-881f09784f41 admin admin] 10.222.0.62 "POST /v2.0/networks HTTP/1.1" status: 201 len: 882 time: 0.7505755
Feb 07 11:44:28.357879 dv-cinder-817351-12-smb neutron-server[109200]: DEBUG neutron.wsgi [-] (109200) accepted ('10.222.0.62', 34792) {{(pid=109200) server /usr/local/lib/python3.8/dist-packages/eventlet/wsgi.py:1004}}
Feb 07 11:44:28.363661 dv-cinder-817351-12-smb neutron-server[109200]: DEBUG neutron.api.v2.base [None req-cd09f892-a0f6-4643-9ba6-83c30f42ec57 admin admin] Request body: {'subnet': {'network_id': '5622d16c-d45c-41a8-8660-00d939131ac1', 'cidr': '172.20.0.0/28', 'name': 'tempest-VolumesActionsTest-1525588164-subnet', 'tenant_id': '831353790ef344d2b0f066e1e0951a01', 'enable_dhcp': False, 'ip_version': 4}} {{(pid=109200) prepare_request_body /opt/stack/neutron/neutron/api/v2/base.py:729}}
Feb 07 11:44:28.379235 dv-cinder-817351-12-smb neutron-server[109200]: DEBUG neutron.api.rpc.handlers.resources_rpc [None req-99d33e29-0400-4377-ae9e-881f09784f41 admin admin] Pushing event updated for resources: {'Network': ['ID=5622d16c-d45c-41a8-8660-00d939131ac1,revision_number=1']} {{(pid=109200) push /opt/stack/neutron/neutron/api/rpc/handlers/resources_rpc.py:237}}
Feb 07 11:44:28.395431 dv-cinder-817351-12-smb neutron-server[109201]: DEBUG neutron.plugins.ml2.rpc [None req-05742ac4-fc52-474d-885d-76d43f9a48a3 None None] Network 5622d16c-d45c-41a8-8660-00d939131ac1 details requested by agent ovs-agent-dv-cinder-817351-12-smb with host dv-cinder-817351-12-smb {{(pid=109201) get_network_details /opt/stack/neutron/neutron/plugins/ml2/rpc.py:248}}
Feb 07 11:44:28.396698 dv-cinder-817351-12-smb neutron-server[109200]: DEBUG neutron.pecan_wsgi.hooks.quota_enforcement [None req-cd09f892-a0f6-4643-9ba6-83c30f42ec57 admin admin] Made reservation on behalf of 831353790ef344d2b0f066e1e0951a01 for: {'subnet': 1} {{(pid=109200) before /opt/stack/neutron/neutron/pecan_wsgi/hooks/quota_enforcement.py:53}}
Feb 07 11:44:28.399248 dv-cinder-817351-12-smb neutron-server[109200]: DEBUG neutron_lib.callbacks.manager [None req-cd09f892-a0f6-4643-9ba6-83c30f42ec57 admin admin] Publish callbacks ['neutron.services.segments.plugin.SegmentHostRoutes.host_routes_before_create-15864434'] for subnet (None), before_create {{(pid=109200) _notify_loop /usr/local/lib/python3.8/dist-packages/neutron_lib/callbacks/manager.py:176}}
Feb 07 11:44:28.597857 dv-cinder-817351-12-smb neutron-server[109200]: DEBUG neutron_lib.callbacks.manager [None req-cd09f892-a0f6-4643-9ba6-83c30f42ec57 admin admin] Publish callbacks ['neutron.plugins.ml2.ovo_rpc._ObjectChangeHandler.handle_event-217124', 'neutron.api.rpc.agentnotifiers.dhcp_rpc_agent_api.DhcpAgentNotifyAPI._native_event_send_dhcp_notification-1615009', 'neutron.services.segments.plugin.NovaSegmentNotifier._notify_subnet_created-15962875', 'neutron.services.segments.plugin.SegmentHostRoutes.host_routes_after_create-15864396'] for subnet (2cad6f87-cdfa-4543-8c03-37d97bae5016), after_create {{(pid=109200) _notify_loop /usr/local/lib/python3.8/dist-packages/neutron_lib/callbacks/manager.py:176}}
Feb 07 11:44:28.667363 dv-cinder-817351-12-smb neutron-server[109200]: DEBUG neutron.plugins.ml2.drivers.mech_agent [None req-cd09f892-a0f6-4643-9ba6-83c30f42ec57 admin admin] Checking segment: {'id': '88244af7-213d-474d-be6a-cb7d270889f4', 'network_type': 'vlan', 'physical_network': 'physnet1', 'segmentation_id': 630, 'network_id': '5622d16c-d45c-41a8-8660-00d939131ac1'} for mappings: {'physnet1': 'br-data'} with network types: ['local', 'flat', 'vlan'] {{(pid=109200) check_segment_for_agent /opt/stack/neutron/neutron/plugins/ml2/drivers/mech_agent.py:373}}
Feb 07 11:44:28.667889 dv-cinder-817351-12-smb neutron-server[109200]: DEBUG neutron.scheduler.dhcp_agent_scheduler [None req-cd09f892-a0f6-4643-9ba6-83c30f42ec57 admin admin] Network hostable DHCP agents. Network: 5622d16c-d45c-41a8-8660-00d939131ac1, hostable agents: ['5fde7add-25fa-445f-9440-40b77b538936'], hosted agents: [] {{(pid=109200) _get_network_hostable_dhcp_agents /opt/stack/neutron/neutron/scheduler/dhcp_agent_scheduler.py:329}}
Feb 07 11:44:28.673085 dv-cinder-817351-12-smb neutron-server[109200]: DEBUG neutron.api.rpc.handlers.resources_rpc [None req-cd09f892-a0f6-4643-9ba6-83c30f42ec57 admin admin] Pushing event updated for resources: {'Subnet': ['ID=2cad6f87-cdfa-4543-8c03-37d97bae5016,revision_number=0']} {{(pid=109200) push /opt/stack/neutron/neutron/api/rpc/handlers/resources_rpc.py:237}}
Feb 07 11:44:28.711259 dv-cinder-817351-12-smb neutron-server[109200]: DEBUG neutron.scheduler.dhcp_agent_scheduler [None req-cd09f892-a0f6-4643-9ba6-83c30f42ec57 admin admin] Network 5622d16c-d45c-41a8-8660-00d939131ac1 is scheduled to be hosted by DHCP agent 5fde7add-25fa-445f-9440-40b77b538936 with binding_index 1 {{(pid=109200) bind /opt/stack/neutron/neutron/scheduler/dhcp_agent_scheduler.py:227}}
Feb 07 11:44:28.724346 dv-cinder-817351-12-smb neutron-server[109200]: DEBUG neutron.scheduler.base_scheduler [None req-cd09f892-a0f6-4643-9ba6-83c30f42ec57 admin admin] Resources bound (agent type, host, resource id): (DHCP agent, dv-cinder-817351-12-smb, 5622d16c-d45c-41a8-8660-00d939131ac1) {{(pid=109200) schedule /opt/stack/neutron/neutron/scheduler/base_scheduler.py:57}}
Feb 07 11:44:28.733863 dv-cinder-817351-12-smb neutron-server[109200]: DEBUG neutron.pecan_wsgi.hooks.policy_enforcement [None req-cd09f892-a0f6-4643-9ba6-83c30f42ec57 admin admin] Attributes excluded by policy engine: ['standard_attr_id', 'shared', 'segment_id', 'network'] {{(pid=109200) _exclude_attributes_by_policy /opt/stack/neutron/neutron/pecan_wsgi/hooks/policy_enforcement.py:255}}
Feb 07 11:44:28.734712 dv-cinder-817351-12-smb neutron-server[109200]: DEBUG neutron_lib.callbacks.manager [None req-cd09f892-a0f6-4643-9ba6-83c30f42ec57 admin admin] Publish callbacks ['neutron.api.rpc.agentnotifiers.dhcp_rpc_agent_api.DhcpAgentNotifyAPI._send_dhcp_notification-1615059'] for subnet (None), before_response {{(pid=109200) _notify_loop /usr/local/lib/python3.8/dist-packages/neutron_lib/callbacks/manager.py:176}}
Feb 07 11:44:28.739779 dv-cinder-817351-12-smb neutron-server[109201]: DEBUG neutron.api.rpc.handlers.dhcp_rpc [None req-fe01b027-245c-4fa6-8fbe-01b2cd404e89 None None] Network 5622d16c-d45c-41a8-8660-00d939131ac1 requested from dv-cinder-817351-12-smb {{(pid=109201) get_network_info /opt/stack/neutron/neutron/api/rpc/handlers/dhcp_rpc.py:191}}
Feb 07 11:44:28.770188 dv-cinder-817351-12-smb neutron-server[109200]: INFO neutron.wsgi [None req-cd09f892-a0f6-4643-9ba6-83c30f42ec57 admin admin] 10.222.0.62 "POST /v2.0/subnets HTTP/1.1" status: 201 len: 846 time: 0.4073238
Feb 07 11:44:28.892823 dv-cinder-817351-12-smb neutron-server[109201]: DEBUG neutron.api.rpc.handlers.dhcp_rpc [None req-4441de9f-7312-4797-8479-264e18a2d10f None None] Network 5622d16c-d45c-41a8-8660-00d939131ac1 requested from dv-cinder-817351-12-smb {{(pid=109201) get_network_info /opt/stack/neutron/neutron/api/rpc/handlers/dhcp_rpc.py:191}}
Feb 07 11:44:29.003416 dv-cinder-817351-12-smb neutron-server[109200]: DEBUG neutron.pecan_wsgi.hooks.policy_enforcement [req-95e2819d-9c1d-4526-a0aa-2b46238e4174 req-2e06399c-63d0-4777-aebd-1974cfdcb77c tempest-VolumesActionsTest-1499457225 tempest-VolumesActionsTest-1499457225-project] Attributes excluded by policy engine: ['standard_attr_id', 'binding:profile', 'binding:host_id', 'binding:vif_type', 'binding:vif_details'] {{(pid=109200) _exclude_attributes_by_policy /opt/stack/neutron/neutron/pecan_wsgi/hooks/policy_enforcement.py:255}}
Feb 07 11:44:29.004994 dv-cinder-817351-12-smb neutron-server[109200]: INFO neutron.wsgi [req-95e2819d-9c1d-4526-a0aa-2b46238e4174 req-2e06399c-63d0-4777-aebd-1974cfdcb77c tempest-VolumesActionsTest-1499457225 tempest-VolumesActionsTest-1499457225-project] 10.222.0.62 "GET /v2.0/ports?device_id=ffe23059-3c65-45d2-8d0a-0a2a2dd64c89 HTTP/1.1" status: 200 len: 945 time: 0.0803833
Feb 07 11:44:29.081283 dv-cinder-817351-12-smb neutron-server[109200]: INFO neutron.wsgi [req-95e2819d-9c1d-4526-a0aa-2b46238e4174 req-f7b46688-4d30-4326-b0fe-7e5fcb2f26b7 tempest-VolumesActionsTest-1499457225 tempest-VolumesActionsTest-1499457225-project] 10.222.0.62 "GET /v2.0/security-groups?id=392a6b79-ac37-45ae-b1e5-0ef01ac06eab&fields=id&fields=name HTTP/1.1" status: 200 len: 286 time: 0.0640066
Feb 07 11:44:29.123814 dv-cinder-817351-12-smb neutron-server[109199]: DEBUG neutron.pecan_wsgi.hooks.policy_enforcement [req-55968d29-77cd-4780-8bbb-09e29e2979ff req-a6e88f30-c025-485e-884c-9d874ad84b29 tempest-ServerRescueNegativeTestJSON-694157425 tempest-ServerRescueNegativeTestJSON-694157425-project] Attributes excluded by policy engine: ['standard_attr_id', 'binding:profile', 'binding:host_id', 'binding:vif_type', 'binding:vif_details'] {{(pid=109199) _exclude_attributes_by_policy /opt/stack/neutron/neutron/pecan_wsgi/hooks/policy_enforcement.py:255}}
Feb 07 11:44:29.126651 dv-cinder-817351-12-smb neutron-server[109199]: INFO neutron.wsgi [req-55968d29-77cd-4780-8bbb-09e29e2979ff req-a6e88f30-c025-485e-884c-9d874ad84b29 tempest-ServerRescueNegativeTestJSON-694157425 tempest-ServerRescueNegativeTestJSON-694157425-project] 10.222.0.62 "GET /v2.0/ports?device_id=9c6362e1-6211-42ee-9c0c-b8b50aa11416 HTTP/1.1" status: 200 len: 945 time: 0.0683999
Feb 07 11:44:29.202779 dv-cinder-817351-12-smb neutron-server[109199]: INFO neutron.wsgi [req-55968d29-77cd-4780-8bbb-09e29e2979ff req-8e89dd84-b018-4d1f-8077-da3c2598a373 tempest-ServerRescueNegativeTestJSON-694157425 tempest-ServerRescueNegativeTestJSON-694157425-project] 10.222.0.62 "GET /v2.0/security-groups?id=e185f756-b697-4f43-90fd-3a4af1e2efc8&fields=id&fields=name HTTP/1.1" status: 200 len: 286 time: 0.0676391
Feb 07 11:44:29.666909 dv-cinder-817351-12-smb neutron-server[109199]: DEBUG neutron.wsgi [-] (109199) accepted ('10.222.0.62', 34870) {{(pid=109199) server /usr/local/lib/python3.8/dist-packages/eventlet/wsgi.py:1004}}
Feb 07 11:44:29.672676 dv-cinder-817351-12-smb neutron-server[109199]: DEBUG neutron.api.v2.base [None req-e4970bc3-b096-4001-ab13-b96b43057404 admin admin] Request body: {'network': {'name': 'tempest-VolumesActionsTest-1544986002-network', 'tenant_id': 'e5c7c5067e0f4be2928ae03897ebefbb'}} {{(pid=109199) prepare_request_body /opt/stack/neutron/neutron/api/v2/base.py:729}}
Feb 07 11:44:29.692101 dv-cinder-817351-12-smb neutron-server[109199]: DEBUG neutron.pecan_wsgi.hooks.quota_enforcement [None req-e4970bc3-b096-4001-ab13-b96b43057404 admin admin] Made reservation on behalf of e5c7c5067e0f4be2928ae03897ebefbb for: {'network': 1} {{(pid=109199) before /opt/stack/neutron/neutron/pecan_wsgi/hooks/quota_enforcement.py:53}}
Feb 07 11:44:29.694789 dv-cinder-817351-12-smb neutron-server[109199]: DEBUG neutron_lib.callbacks.manager [None req-e4970bc3-b096-4001-ab13-b96b43057404 admin admin] Publish callbacks ['neutron.plugins.ml2.plugin.SecurityGroupDbMixin._ensure_default_security_group_handler-3480218'] for network (None), before_create {{(pid=109199) _notify_loop /usr/local/lib/python3.8/dist-packages/neutron_lib/callbacks/manager.py:176}}
Feb 07 11:44:29.705111 dv-cinder-817351-12-smb neutron-server[109199]: DEBUG neutron_lib.callbacks.manager [None req-e4970bc3-b096-4001-ab13-b96b43057404 admin admin] Publish callbacks [] for security_group (None), before_create {{(pid=109199) _notify_loop /usr/local/lib/python3.8/dist-packages/neutron_lib/callbacks/manager.py:176}}
Feb 07 11:44:29.789916 dv-cinder-817351-12-smb neutron-server[109199]: DEBUG neutron_lib.callbacks.manager [None req-e4970bc3-b096-4001-ab13-b96b43057404 admin admin] Publish callbacks [] for security_group (849ab761-e5c3-445f-ae69-fba217f70713), precommit_create {{(pid=109199) _notify_loop /usr/local/lib/python3.8/dist-packages/neutron_lib/callbacks/manager.py:176}}
Feb 07 11:44:29.796921 dv-cinder-817351-12-smb neutron-server[109199]: DEBUG neutron_lib.callbacks.manager [None req-e4970bc3-b096-4001-ab13-b96b43057404 admin admin] Publish callbacks ['neutron.plugins.ml2.ovo_rpc._ObjectChangeHandler.handle_event-1693205'] for security_group (849ab761-e5c3-445f-ae69-fba217f70713), after_create {{(pid=109199) _notify_loop /usr/local/lib/python3.8/dist-packages/neutron_lib/callbacks/manager.py:176}}
Feb 07 11:44:29.823381 dv-cinder-817351-12-smb neutron-server[109199]: DEBUG neutron.plugins.ml2.drivers.helpers [None req-e4970bc3-b096-4001-ab13-b96b43057404 admin admin] vlan segment allocate from pool success with {'vlan_id': 618, 'physical_network': 'physnet1'} {{(pid=109199) allocate_partially_specified_segment /opt/stack/neutron/neutron/plugins/ml2/drivers/helpers.py:153}}
Feb 07 11:44:29.834223 dv-cinder-817351-12-smb neutron-server[109199]: DEBUG neutron.api.rpc.handlers.resources_rpc [None req-e4970bc3-b096-4001-ab13-b96b43057404 admin admin] Pushing event updated for resources: {'SecurityGroup': ['ID=849ab761-e5c3-445f-ae69-fba217f70713,revision_number=1']} {{(pid=109199) push /opt/stack/neutron/neutron/api/rpc/handlers/resources_rpc.py:237}}
Feb 07 11:44:29.842661 dv-cinder-817351-12-smb neutron-server[109199]: DEBUG neutron_lib.callbacks.manager [None req-e4970bc3-b096-4001-ab13-b96b43057404 admin admin] Publish callbacks ['neutron.plugins.ml2.plugin.Ml2Plugin._handle_segment_change-3575813'] for segment (02de7f52-b6fb-4a92-bb88-d828bff107a7), precommit_create {{(pid=109199) _notify_loop /usr/local/lib/python3.8/dist-packages/neutron_lib/callbacks/manager.py:176}}
Feb 07 11:44:29.843010 dv-cinder-817351-12-smb neutron-server[109199]: INFO neutron.db.segments_db [None req-e4970bc3-b096-4001-ab13-b96b43057404 admin admin] Added segment 02de7f52-b6fb-4a92-bb88-d828bff107a7 of type vlan for network 4aa07561-24dd-4662-aeea-1e3e35d651a8
Feb 07 11:44:29.886314 dv-cinder-817351-12-smb neutron-server[109199]: DEBUG neutron_lib.callbacks.manager [None req-e4970bc3-b096-4001-ab13-b96b43057404 admin admin] Publish callbacks ['neutron.services.auto_allocate.db._ensure_external_network_default_value_callback-8738673967117'] for network (4aa07561-24dd-4662-aeea-1e3e35d651a8), precommit_create {{(pid=109199) _notify_loop /usr/local/lib/python3.8/dist-packages/neutron_lib/callbacks/manager.py:176}}
Feb 07 11:44:29.913313 dv-cinder-817351-12-smb neutron-server[109199]: DEBUG neutron_lib.callbacks.manager [None req-e4970bc3-b096-4001-ab13-b96b43057404 admin admin] Publish callbacks ['neutron.plugins.ml2.ovo_rpc._ObjectChangeHandler.handle_event-1693250', 'neutron.api.rpc.agentnotifiers.dhcp_rpc_agent_api.DhcpAgentNotifyAPI._native_event_send_dhcp_notification-1615009'] for network (4aa07561-24dd-4662-aeea-1e3e35d651a8), after_create {{(pid=109199) _notify_loop /usr/local/lib/python3.8/dist-packages/neutron_lib/callbacks/manager.py:176}}
Feb 07 11:44:29.914310 dv-cinder-817351-12-smb neutron-server[109199]: DEBUG neutron.pecan_wsgi.hooks.policy_enforcement [None req-e4970bc3-b096-4001-ab13-b96b43057404 admin admin] Attributes excluded by policy engine: ['standard_attr_id', 'vlan_transparent'] {{(pid=109199) _exclude_attributes_by_policy /opt/stack/neutron/neutron/pecan_wsgi/hooks/policy_enforcement.py:255}}
Feb 07 11:44:29.914939 dv-cinder-817351-12-smb neutron-server[109199]: DEBUG neutron_lib.callbacks.manager [None req-e4970bc3-b096-4001-ab13-b96b43057404 admin admin] Publish callbacks ['neutron.api.rpc.agentnotifiers.dhcp_rpc_agent_api.DhcpAgentNotifyAPI._send_dhcp_notification-1615059'] for network (None), before_response {{(pid=109199) _notify_loop /usr/local/lib/python3.8/dist-packages/neutron_lib/callbacks/manager.py:176}}
Feb 07 11:44:29.966067 dv-cinder-817351-12-smb neutron-server[109199]: INFO neutron.wsgi [None req-e4970bc3-b096-4001-ab13-b96b43057404 admin admin] 10.222.0.62 "POST /v2.0/networks HTTP/1.1" status: 201 len: 882 time: 0.2978537
Feb 07 11:44:29.969327 dv-cinder-817351-12-smb neutron-server[109200]: DEBUG neutron.wsgi [-] (109200) accepted ('10.222.0.62', 34882) {{(pid=109200) server /usr/local/lib/python3.8/dist-packages/eventlet/wsgi.py:1004}}
Feb 07 11:44:29.974167 dv-cinder-817351-12-smb neutron-server[109200]: DEBUG neutron.api.v2.base [None req-8b2bf3b5-c49b-4b11-8d93-10bdd822954b admin admin] Request body: {'subnet': {'network_id': '4aa07561-24dd-4662-aeea-1e3e35d651a8', 'cidr': '172.20.0.0/28', 'name': 'tempest-VolumesActionsTest-1544986002-subnet', 'tenant_id': 'e5c7c5067e0f4be2928ae03897ebefbb', 'enable_dhcp': False, 'ip_version': 4}} {{(pid=109200) prepare_request_body /opt/stack/neutron/neutron/api/v2/base.py:729}}
Feb 07 11:44:29.985835 dv-cinder-817351-12-smb neutron-server[109199]: DEBUG neutron.api.rpc.handlers.resources_rpc [None req-e4970bc3-b096-4001-ab13-b96b43057404 admin admin] Pushing event updated for resources: {'Network': ['ID=4aa07561-24dd-4662-aeea-1e3e35d651a8,revision_number=1']} {{(pid=109199) push /opt/stack/neutron/neutron/api/rpc/handlers/resources_rpc.py:237}}
Feb 07 11:44:29.995677 dv-cinder-817351-12-smb neutron-server[109201]: DEBUG neutron.plugins.ml2.rpc [None req-05742ac4-fc52-474d-885d-76d43f9a48a3 None None] Network 4aa07561-24dd-4662-aeea-1e3e35d651a8 details requested by agent ovs-agent-dv-cinder-817351-12-smb with host dv-cinder-817351-12-smb {{(pid=109201) get_network_details /opt/stack/neutron/neutron/plugins/ml2/rpc.py:248}}
Feb 07 11:44:30.002137 dv-cinder-817351-12-smb neutron-server[109200]: DEBUG neutron.pecan_wsgi.hooks.quota_enforcement [None req-8b2bf3b5-c49b-4b11-8d93-10bdd822954b admin admin] Made reservation on behalf of e5c7c5067e0f4be2928ae03897ebefbb for: {'subnet': 1} {{(pid=109200) before /opt/stack/neutron/neutron/pecan_wsgi/hooks/quota_enforcement.py:53}}
Feb 07 11:44:30.004631 dv-cinder-817351-12-smb neutron-server[109200]: DEBUG neutron_lib.callbacks.manager [None req-8b2bf3b5-c49b-4b11-8d93-10bdd822954b admin admin] Publish callbacks ['neutron.services.segments.plugin.SegmentHostRoutes.host_routes_before_create-15864434'] for subnet (None), before_create {{(pid=109200) _notify_loop /usr/local/lib/python3.8/dist-packages/neutron_lib/callbacks/manager.py:176}}
Feb 07 11:44:30.346686 dv-cinder-817351-12-smb neutron-server[109200]: DEBUG neutron.pecan_wsgi.hooks.policy_enforcement [req-2e2a6ae6-a0fb-4d73-83f3-b3840575d73b req-5f732ffc-11ea-42de-91cb-1b171f454a74 tempest-VolumesActionsTest-1499457225 tempest-VolumesActionsTest-1499457225-project] Attributes excluded by policy engine: ['standard_attr_id', 'binding:profile', 'binding:host_id', 'binding:vif_type', 'binding:vif_details'] {{(pid=109200) _exclude_attributes_by_policy /opt/stack/neutron/neutron/pecan_wsgi/hooks/policy_enforcement.py:255}}
Feb 07 11:44:30.348175 dv-cinder-817351-12-smb neutron-server[109200]: INFO neutron.wsgi [req-2e2a6ae6-a0fb-4d73-83f3-b3840575d73b req-5f732ffc-11ea-42de-91cb-1b171f454a74 tempest-VolumesActionsTest-1499457225 tempest-VolumesActionsTest-1499457225-project] 10.222.0.62 "GET /v2.0/ports?device_id=ffe23059-3c65-45d2-8d0a-0a2a2dd64c89 HTTP/1.1" status: 200 len: 945 time: 0.0998859
Feb 07 11:44:30.381763 dv-cinder-817351-12-smb neutron-server[109199]: DEBUG neutron.pecan_wsgi.hooks.policy_enforcement [req-b5bd83c1-0c0c-486e-b994-40c218e5e4eb req-7447ce3b-0024-48d9-99fa-ae8d11b3942c tempest-ServerRescueNegativeTestJSON-694157425 tempest-ServerRescueNegativeTestJSON-694157425-project] Attributes excluded by policy engine: ['standard_attr_id', 'binding:profile', 'binding:host_id', 'binding:vif_type', 'binding:vif_details'] {{(pid=109199) _exclude_attributes_by_policy /opt/stack/neutron/neutron/pecan_wsgi/hooks/policy_enforcement.py:255}}
Feb 07 11:44:30.383606 dv-cinder-817351-12-smb neutron-server[109199]: INFO neutron.wsgi [req-b5bd83c1-0c0c-486e-b994-40c218e5e4eb req-7447ce3b-0024-48d9-99fa-ae8d11b3942c tempest-ServerRescueNegativeTestJSON-694157425 tempest-ServerRescueNegativeTestJSON-694157425-project] 10.222.0.62 "GET /v2.0/ports?device_id=9c6362e1-6211-42ee-9c0c-b8b50aa11416 HTTP/1.1" status: 200 len: 945 time: 0.1007538
Feb 07 11:44:30.487629 dv-cinder-817351-12-smb neutron-server[109199]: INFO neutron.wsgi [req-b5bd83c1-0c0c-486e-b994-40c218e5e4eb req-0f8ab47a-68a1-42ec-81fc-e413b39de3a8 tempest-ServerRescueNegativeTestJSON-694157425 tempest-ServerRescueNegativeTestJSON-694157425-project] 10.222.0.62 "GET /v2.0/security-groups?id=e185f756-b697-4f43-90fd-3a4af1e2efc8&fields=id&fields=name HTTP/1.1" status: 200 len: 286 time: 0.0859549
Feb 07 11:44:30.497769 dv-cinder-817351-12-smb neutron-server[109200]: INFO neutron.wsgi [req-2e2a6ae6-a0fb-4d73-83f3-b3840575d73b req-1f1cc815-d52f-469d-a398-e3ee5e5095c0 tempest-VolumesActionsTest-1499457225 tempest-VolumesActionsTest-1499457225-project] 10.222.0.62 "GET /v2.0/security-groups?id=392a6b79-ac37-45ae-b1e5-0ef01ac06eab&fields=id&fields=name HTTP/1.1" status: 200 len: 286 time: 0.1377721
Feb 07 11:44:30.519619 dv-cinder-817351-12-smb neutron-server[109200]: DEBUG neutron_lib.callbacks.manager [None req-8b2bf3b5-c49b-4b11-8d93-10bdd822954b admin admin] Publish callbacks ['neutron.plugins.ml2.ovo_rpc._ObjectChangeHandler.handle_event-217124', 'neutron.api.rpc.agentnotifiers.dhcp_rpc_agent_api.DhcpAgentNotifyAPI._native_event_send_dhcp_notification-1615009', 'neutron.services.segments.plugin.NovaSegmentNotifier._notify_subnet_created-15962875', 'neutron.services.segments.plugin.SegmentHostRoutes.host_routes_after_create-15864396'] for subnet (f66e448a-4be5-421c-b512-f7a13cdccb6c), after_create {{(pid=109200) _notify_loop /usr/local/lib/python3.8/dist-packages/neutron_lib/callbacks/manager.py:176}}
Feb 07 11:44:30.584931 dv-cinder-817351-12-smb neutron-server[109200]: DEBUG neutron.api.rpc.handlers.resources_rpc [None req-8b2bf3b5-c49b-4b11-8d93-10bdd822954b admin admin] Pushing event updated for resources: {'Subnet': ['ID=f66e448a-4be5-421c-b512-f7a13cdccb6c,revision_number=0']} {{(pid=109200) push /opt/stack/neutron/neutron/api/rpc/handlers/resources_rpc.py:237}}
