Feb 07 11:44:27.729474 dv-cinder-817351-12-smb devstack@n-api.service[122921]: DEBUG oslo_concurrency.lockutils [None req-d4650616-941d-4787-8e2e-c2e7dbfe98dd tempest-ServerRescueNegativeTestJSON-694157425 tempest-ServerRescueNegativeTestJSON-694157425-project] Lock "ecfc84ec-05cf-45cd-8e9a-098f1a60366d" "released" by "nova.context.set_target_cell..get_or_set_cached_cell_and_set_connections" :: held 0.000s {{(pid=122921) inner /usr/local/lib/python3.8/dist-packages/oslo_concurrency/lockutils.py:400}}
Feb 07 11:44:27.866332 dv-cinder-817351-12-smb devstack@n-api.service[122922]: DEBUG nova.policy [None req-a3964b05-6b8b-4f81-b4b3-04e7de5609e6 tempest-VolumesActionsTest-1499457225 tempest-VolumesActionsTest-1499457225-project] Policy check for os_compute_api:os-extended-server-attributes failed with credentials {'is_admin': False, 'user_id': '748dfd32e57f43bcba4e9f4b809cfd41', 'user_domain_id': 'default', 'system_scope': None, 'domain_id': None, 'project_id': '94e5ec2ff83845c2b47c7c6d272fd0bc', 'project_domain_id': 'default', 'roles': ['reader', 'member'], 'is_admin_project': True, 'service_user_id': None, 'service_user_domain_id': None, 'service_project_id': None, 'service_project_domain_id': None, 'service_roles': []} {{(pid=122922) authorize /opt/stack/nova/nova/policy.py:199}}
Feb 07 11:44:27.875641 dv-cinder-817351-12-smb devstack@n-api.service[122922]: INFO nova.api.openstack.requestlog [None req-a3964b05-6b8b-4f81-b4b3-04e7de5609e6 tempest-VolumesActionsTest-1499457225 tempest-VolumesActionsTest-1499457225-project] 10.222.0.62 "GET /compute/v2.1/servers/ffe23059-3c65-45d2-8d0a-0a2a2dd64c89" status: 200 len: 1497 microversion: 2.1 time: 0.374902
Feb 07 11:44:27.876227 dv-cinder-817351-12-smb devstack@n-api.service[122922]: [pid: 122922|app: 0|req: 76/177] 10.222.0.62 () {58 vars in 1235 bytes} [Mon Feb 7 11:44:27 2022] GET /compute/v2.1/servers/ffe23059-3c65-45d2-8d0a-0a2a2dd64c89 => generated 1497 bytes in 376 msecs (HTTP/1.1 200) 9 headers in 358 bytes (1 switches on core 0)
Feb 07 11:44:27.951433 dv-cinder-817351-12-smb devstack@n-api.service[122921]: DEBUG nova.policy [None req-d4650616-941d-4787-8e2e-c2e7dbfe98dd tempest-ServerRescueNegativeTestJSON-694157425 tempest-ServerRescueNegativeTestJSON-694157425-project] Policy check for os_compute_api:os-extended-server-attributes failed with credentials {'is_admin': False, 'user_id': '4817259732e347e09e9026c2c3de91fc', 'user_domain_id': 'default', 'system_scope': None, 'domain_id': None, 'project_id': '1f1ade56fc0f4d88bdf3ee1c907341fc', 'project_domain_id': 'default', 'roles': ['reader', 'member'], 'is_admin_project': True, 'service_user_id': None, 'service_user_domain_id': None, 'service_project_id': None, 'service_project_domain_id': None, 'service_roles': []} {{(pid=122921) authorize /opt/stack/nova/nova/policy.py:199}}
Feb 07 11:44:27.959544 dv-cinder-817351-12-smb devstack@n-api.service[122921]: INFO nova.api.openstack.requestlog [None req-d4650616-941d-4787-8e2e-c2e7dbfe98dd tempest-ServerRescueNegativeTestJSON-694157425 tempest-ServerRescueNegativeTestJSON-694157425-project] 10.222.0.62 "GET /compute/v2.1/servers/9c6362e1-6211-42ee-9c0c-b8b50aa11416" status: 200 len: 1521 microversion: 2.1 time: 0.247455
Feb 07 11:44:27.961639 dv-cinder-817351-12-smb devstack@n-api.service[122921]: [pid: 122921|app: 0|req: 102/178] 10.222.0.62 () {58 vars in 1235 bytes} [Mon Feb 7 11:44:27 2022] GET /compute/v2.1/servers/9c6362e1-6211-42ee-9c0c-b8b50aa11416 => generated 1521 bytes in 252 msecs (HTTP/1.1 200) 9 headers in 358 bytes (1 switches on core 0)
Feb 07 11:44:28.681300 dv-cinder-817351-12-smb devstack@n-api.service[122922]: DEBUG nova.api.openstack.wsgi [None req-b97d0097-0b67-4b6e-9d90-c19127f72d8e tempest-VolumesActionsTest-1499457225 tempest-VolumesActionsTest-1499457225-project] Calling method '>' {{(pid=122922) _process_stack /opt/stack/nova/nova/api/openstack/wsgi.py:513}}
Feb 07 11:44:28.682541 dv-cinder-817351-12-smb devstack@n-api.service[122922]: DEBUG nova.compute.api [None req-b97d0097-0b67-4b6e-9d90-c19127f72d8e tempest-VolumesActionsTest-1499457225 tempest-VolumesActionsTest-1499457225-project] [instance: ffe23059-3c65-45d2-8d0a-0a2a2dd64c89] Fetching instance by UUID {{(pid=122922) get /opt/stack/nova/nova/compute/api.py:2866}}
Feb 07 11:44:28.690805 dv-cinder-817351-12-smb devstack@n-api.service[122922]: DEBUG oslo_concurrency.lockutils [None req-b97d0097-0b67-4b6e-9d90-c19127f72d8e tempest-VolumesActionsTest-1499457225 tempest-VolumesActionsTest-1499457225-project] Lock "ecfc84ec-05cf-45cd-8e9a-098f1a60366d" acquired by "nova.context.set_target_cell..get_or_set_cached_cell_and_set_connections" :: waited 0.000s {{(pid=122922) inner /usr/local/lib/python3.8/dist-packages/oslo_concurrency/lockutils.py:386}}
Feb 07 11:44:28.693399 dv-cinder-817351-12-smb devstack@n-api.service[122922]: DEBUG oslo_concurrency.lockutils [None req-b97d0097-0b67-4b6e-9d90-c19127f72d8e tempest-VolumesActionsTest-1499457225 tempest-VolumesActionsTest-1499457225-project] Lock "ecfc84ec-05cf-45cd-8e9a-098f1a60366d" "released" by "nova.context.set_target_cell..get_or_set_cached_cell_and_set_connections" :: held 0.003s {{(pid=122922) inner /usr/local/lib/python3.8/dist-packages/oslo_concurrency/lockutils.py:400}}
Feb 07 11:44:28.696814 dv-cinder-817351-12-smb devstack@n-api.service[122922]: DEBUG oslo_concurrency.lockutils [None req-b97d0097-0b67-4b6e-9d90-c19127f72d8e tempest-VolumesActionsTest-1499457225 tempest-VolumesActionsTest-1499457225-project] Lock "ecfc84ec-05cf-45cd-8e9a-098f1a60366d" acquired by "nova.context.set_target_cell..get_or_set_cached_cell_and_set_connections" :: waited 0.000s {{(pid=122922) inner /usr/local/lib/python3.8/dist-packages/oslo_concurrency/lockutils.py:386}}
Feb 07 11:44:28.697296 dv-cinder-817351-12-smb devstack@n-api.service[122922]: DEBUG oslo_concurrency.lockutils [None req-b97d0097-0b67-4b6e-9d90-c19127f72d8e tempest-VolumesActionsTest-1499457225 tempest-VolumesActionsTest-1499457225-project] Lock "ecfc84ec-05cf-45cd-8e9a-098f1a60366d" "released" by "nova.context.set_target_cell..get_or_set_cached_cell_and_set_connections" :: held 0.003s {{(pid=122922) inner /usr/local/lib/python3.8/dist-packages/oslo_concurrency/lockutils.py:400}}
Feb 07 11:44:28.736283 dv-cinder-817351-12-smb devstack@n-api.service[122922]: DEBUG nova.compute.api [None req-b97d0097-0b67-4b6e-9d90-c19127f72d8e tempest-VolumesActionsTest-1499457225 tempest-VolumesActionsTest-1499457225-project] [instance: ffe23059-3c65-45d2-8d0a-0a2a2dd64c89] Going to try to terminate instance {{(pid=122922) delete /opt/stack/nova/nova/compute/api.py:2615}}
Feb 07 11:44:28.859895 dv-cinder-817351-12-smb devstack@n-api.service[122922]: INFO nova.api.openstack.requestlog [None req-b97d0097-0b67-4b6e-9d90-c19127f72d8e tempest-VolumesActionsTest-1499457225 tempest-VolumesActionsTest-1499457225-project] 10.222.0.62 "DELETE /compute/v2.1/servers/ffe23059-3c65-45d2-8d0a-0a2a2dd64c89" status: 204 len: 0 microversion: 2.1 time: 0.182025
Feb 07 11:44:28.860728 dv-cinder-817351-12-smb devstack@n-api.service[122922]: [pid: 122922|app: 0|req: 77/179] 10.222.0.62 () {58 vars in 1238 bytes} [Mon Feb 7 11:44:28 2022] DELETE /compute/v2.1/servers/ffe23059-3c65-45d2-8d0a-0a2a2dd64c89 => generated 0 bytes in 184 msecs (HTTP/1.1 204) 9 headers in 363 bytes (1 switches on core 0)
Feb 07 11:44:28.869238 dv-cinder-817351-12-smb devstack@n-api.service[122921]: DEBUG nova.api.openstack.wsgi [None req-95e2819d-9c1d-4526-a0aa-2b46238e4174 tempest-VolumesActionsTest-1499457225 tempest-VolumesActionsTest-1499457225-project] Calling method '>' {{(pid=122921) _process_stack /opt/stack/nova/nova/api/openstack/wsgi.py:513}}
Feb 07 11:44:28.870035 dv-cinder-817351-12-smb devstack@n-api.service[122921]: DEBUG nova.compute.api [None req-95e2819d-9c1d-4526-a0aa-2b46238e4174 tempest-VolumesActionsTest-1499457225 tempest-VolumesActionsTest-1499457225-project] [instance: ffe23059-3c65-45d2-8d0a-0a2a2dd64c89] Fetching instance by UUID {{(pid=122921) get /opt/stack/nova/nova/compute/api.py:2866}}
Feb 07 11:44:28.877088 dv-cinder-817351-12-smb devstack@n-api.service[122921]: DEBUG oslo_concurrency.lockutils [None req-95e2819d-9c1d-4526-a0aa-2b46238e4174 tempest-VolumesActionsTest-1499457225 tempest-VolumesActionsTest-1499457225-project] Lock "ecfc84ec-05cf-45cd-8e9a-098f1a60366d" acquired by "nova.context.set_target_cell..get_or_set_cached_cell_and_set_connections" :: waited 0.000s {{(pid=122921) inner /usr/local/lib/python3.8/dist-packages/oslo_concurrency/lockutils.py:386}}
Feb 07 11:44:28.877662 dv-cinder-817351-12-smb devstack@n-api.service[122921]: DEBUG oslo_concurrency.lockutils [None req-95e2819d-9c1d-4526-a0aa-2b46238e4174 tempest-VolumesActionsTest-1499457225 tempest-VolumesActionsTest-1499457225-project] Lock "ecfc84ec-05cf-45cd-8e9a-098f1a60366d" "released" by "nova.context.set_target_cell..get_or_set_cached_cell_and_set_connections" :: held 0.001s {{(pid=122921) inner /usr/local/lib/python3.8/dist-packages/oslo_concurrency/lockutils.py:400}}
Feb 07 11:44:28.878870 dv-cinder-817351-12-smb devstack@n-api.service[122921]: DEBUG oslo_concurrency.lockutils [None req-95e2819d-9c1d-4526-a0aa-2b46238e4174 tempest-VolumesActionsTest-1499457225 tempest-VolumesActionsTest-1499457225-project] Lock "ecfc84ec-05cf-45cd-8e9a-098f1a60366d" acquired by "nova.context.set_target_cell..get_or_set_cached_cell_and_set_connections" :: waited 0.000s {{(pid=122921) inner /usr/local/lib/python3.8/dist-packages/oslo_concurrency/lockutils.py:386}}
Feb 07 11:44:28.879545 dv-cinder-817351-12-smb devstack@n-api.service[122921]: DEBUG oslo_concurrency.lockutils [None req-95e2819d-9c1d-4526-a0aa-2b46238e4174 tempest-VolumesActionsTest-1499457225 tempest-VolumesActionsTest-1499457225-project] Lock "ecfc84ec-05cf-45cd-8e9a-098f1a60366d" "released" by "nova.context.set_target_cell..get_or_set_cached_cell_and_set_connections" :: held 0.001s {{(pid=122921) inner /usr/local/lib/python3.8/dist-packages/oslo_concurrency/lockutils.py:400}}
Feb 07 11:44:28.984956 dv-cinder-817351-12-smb devstack@n-api.service[122922]: DEBUG nova.api.openstack.wsgi [None req-55968d29-77cd-4780-8bbb-09e29e2979ff tempest-ServerRescueNegativeTestJSON-694157425 tempest-ServerRescueNegativeTestJSON-694157425-project] Calling method '>' {{(pid=122922) _process_stack /opt/stack/nova/nova/api/openstack/wsgi.py:513}}
Feb 07 11:44:28.987346 dv-cinder-817351-12-smb devstack@n-api.service[122922]: DEBUG nova.compute.api [None req-55968d29-77cd-4780-8bbb-09e29e2979ff tempest-ServerRescueNegativeTestJSON-694157425 tempest-ServerRescueNegativeTestJSON-694157425-project] [instance: 9c6362e1-6211-42ee-9c0c-b8b50aa11416] Fetching instance by UUID {{(pid=122922) get /opt/stack/nova/nova/compute/api.py:2866}}
Feb 07 11:44:28.997424 dv-cinder-817351-12-smb devstack@n-api.service[122922]: DEBUG oslo_concurrency.lockutils [None req-55968d29-77cd-4780-8bbb-09e29e2979ff tempest-ServerRescueNegativeTestJSON-694157425 tempest-ServerRescueNegativeTestJSON-694157425-project] Lock "ecfc84ec-05cf-45cd-8e9a-098f1a60366d" acquired by "nova.context.set_target_cell..get_or_set_cached_cell_and_set_connections" :: waited 0.000s {{(pid=122922) inner /usr/local/lib/python3.8/dist-packages/oslo_concurrency/lockutils.py:386}}
Feb 07 11:44:28.999684 dv-cinder-817351-12-smb devstack@n-api.service[122922]: DEBUG oslo_concurrency.lockutils [None req-55968d29-77cd-4780-8bbb-09e29e2979ff tempest-ServerRescueNegativeTestJSON-694157425 tempest-ServerRescueNegativeTestJSON-694157425-project] Lock "ecfc84ec-05cf-45cd-8e9a-098f1a60366d" "released" by "nova.context.set_target_cell..get_or_set_cached_cell_and_set_connections" :: held 0.003s {{(pid=122922) inner /usr/local/lib/python3.8/dist-packages/oslo_concurrency/lockutils.py:400}}
Feb 07 11:44:29.000764 dv-cinder-817351-12-smb devstack@n-api.service[122922]: DEBUG oslo_concurrency.lockutils [None req-55968d29-77cd-4780-8bbb-09e29e2979ff tempest-ServerRescueNegativeTestJSON-694157425 tempest-ServerRescueNegativeTestJSON-694157425-project] Lock "ecfc84ec-05cf-45cd-8e9a-098f1a60366d" acquired by "nova.context.set_target_cell..get_or_set_cached_cell_and_set_connections" :: waited 0.000s {{(pid=122922) inner /usr/local/lib/python3.8/dist-packages/oslo_concurrency/lockutils.py:386}}
Feb 07 11:44:29.001492 dv-cinder-817351-12-smb devstack@n-api.service[122922]: DEBUG oslo_concurrency.lockutils [None req-55968d29-77cd-4780-8bbb-09e29e2979ff tempest-ServerRescueNegativeTestJSON-694157425 tempest-ServerRescueNegativeTestJSON-694157425-project] Lock "ecfc84ec-05cf-45cd-8e9a-098f1a60366d" "released" by "nova.context.set_target_cell..get_or_set_cached_cell_and_set_connections" :: held 0.001s {{(pid=122922) inner /usr/local/lib/python3.8/dist-packages/oslo_concurrency/lockutils.py:400}}
Feb 07 11:44:29.072518 dv-cinder-817351-12-smb devstack@n-api.service[122921]: DEBUG nova.policy [None req-95e2819d-9c1d-4526-a0aa-2b46238e4174 tempest-VolumesActionsTest-1499457225 tempest-VolumesActionsTest-1499457225-project] Policy check for os_compute_api:os-extended-server-attributes failed with credentials {'is_admin': False, 'user_id': '748dfd32e57f43bcba4e9f4b809cfd41', 'user_domain_id': 'default', 'system_scope': None, 'domain_id': None, 'project_id': '94e5ec2ff83845c2b47c7c6d272fd0bc', 'project_domain_id': 'default', 'roles': ['reader', 'member'], 'is_admin_project': True, 'service_user_id': None, 'service_user_domain_id': None, 'service_project_id': None, 'service_project_domain_id': None, 'service_roles': []} {{(pid=122921) authorize /opt/stack/nova/nova/policy.py:199}}
Feb 07 11:44:29.086084 dv-cinder-817351-12-smb devstack@n-api.service[122921]: INFO nova.api.openstack.requestlog [None req-95e2819d-9c1d-4526-a0aa-2b46238e4174 tempest-VolumesActionsTest-1499457225 tempest-VolumesActionsTest-1499457225-project] 10.222.0.62 "GET /compute/v2.1/servers/ffe23059-3c65-45d2-8d0a-0a2a2dd64c89" status: 200 len: 1503 microversion: 2.1 time: 0.220936
Feb 07 11:44:29.086679 dv-cinder-817351-12-smb devstack@n-api.service[122921]: [pid: 122921|app: 0|req: 103/180] 10.222.0.62 () {58 vars in 1235 bytes} [Mon Feb 7 11:44:28 2022] GET /compute/v2.1/servers/ffe23059-3c65-45d2-8d0a-0a2a2dd64c89 => generated 1503 bytes in 222 msecs (HTTP/1.1 200) 9 headers in 358 bytes (1 switches on core 0)
Feb 07 11:44:29.206216 dv-cinder-817351-12-smb devstack@n-api.service[122922]: DEBUG nova.policy [None req-55968d29-77cd-4780-8bbb-09e29e2979ff tempest-ServerRescueNegativeTestJSON-694157425 tempest-ServerRescueNegativeTestJSON-694157425-project] Policy check for os_compute_api:os-extended-server-attributes failed with credentials {'is_admin': False, 'user_id': '4817259732e347e09e9026c2c3de91fc', 'user_domain_id': 'default', 'system_scope': None, 'domain_id': None, 'project_id': '1f1ade56fc0f4d88bdf3ee1c907341fc', 'project_domain_id': 'default', 'roles': ['reader', 'member'], 'is_admin_project': True, 'service_user_id': None, 'service_user_domain_id': None, 'service_project_id': None, 'service_project_domain_id': None, 'service_roles': []} {{(pid=122922) authorize /opt/stack/nova/nova/policy.py:199}}
Feb 07 11:44:29.215501 dv-cinder-817351-12-smb devstack@n-api.service[122922]: INFO nova.api.openstack.requestlog [None req-55968d29-77cd-4780-8bbb-09e29e2979ff tempest-ServerRescueNegativeTestJSON-694157425 tempest-ServerRescueNegativeTestJSON-694157425-project] 10.222.0.62 "GET /compute/v2.1/servers/9c6362e1-6211-42ee-9c0c-b8b50aa11416" status: 200 len: 1521 microversion: 2.1 time: 0.237728
Feb 07 11:44:29.225191 dv-cinder-817351-12-smb devstack@n-api.service[122922]: [pid: 122922|app: 0|req: 78/181] 10.222.0.62 () {58 vars in 1235 bytes} [Mon Feb 7 11:44:28 2022] GET /compute/v2.1/servers/9c6362e1-6211-42ee-9c0c-b8b50aa11416 => generated 1521 bytes in 240 msecs (HTTP/1.1 200) 9 headers in 358 bytes (1 switches on core 0)
Feb 07 11:44:30.106555 dv-cinder-817351-12-smb devstack@n-api.service[122921]: DEBUG nova.api.openstack.wsgi [None req-2e2a6ae6-a0fb-4d73-83f3-b3840575d73b tempest-VolumesActionsTest-1499457225 tempest-VolumesActionsTest-1499457225-project] Calling method '>' {{(pid=122921) _process_stack /opt/stack/nova/nova/api/openstack/wsgi.py:513}}
Feb 07 11:44:30.108268 dv-cinder-817351-12-smb devstack@n-api.service[122921]: DEBUG nova.compute.api [None req-2e2a6ae6-a0fb-4d73-83f3-b3840575d73b tempest-VolumesActionsTest-1499457225 tempest-VolumesActionsTest-1499457225-project] [instance: ffe23059-3c65-45d2-8d0a-0a2a2dd64c89] Fetching instance by UUID {{(pid=122921) get /opt/stack/nova/nova/compute/api.py:2866}}
Feb 07 11:44:30.118671 dv-cinder-817351-12-smb devstack@n-api.service[122921]: DEBUG oslo_concurrency.lockutils [None req-2e2a6ae6-a0fb-4d73-83f3-b3840575d73b tempest-VolumesActionsTest-1499457225 tempest-VolumesActionsTest-1499457225-project] Lock "ecfc84ec-05cf-45cd-8e9a-098f1a60366d" acquired by "nova.context.set_target_cell..get_or_set_cached_cell_and_set_connections" :: waited 0.000s {{(pid=122921) inner /usr/local/lib/python3.8/dist-packages/oslo_concurrency/lockutils.py:386}}
Feb 07 11:44:30.119646 dv-cinder-817351-12-smb devstack@n-api.service[122921]: DEBUG oslo_concurrency.lockutils [None req-2e2a6ae6-a0fb-4d73-83f3-b3840575d73b tempest-VolumesActionsTest-1499457225 tempest-VolumesActionsTest-1499457225-project] Lock "ecfc84ec-05cf-45cd-8e9a-098f1a60366d" "released" by "nova.context.set_target_cell..get_or_set_cached_cell_and_set_connections" :: held 0.001s {{(pid=122921) inner /usr/local/lib/python3.8/dist-packages/oslo_concurrency/lockutils.py:400}}
Feb 07 11:44:30.120758 dv-cinder-817351-12-smb devstack@n-api.service[122921]: DEBUG oslo_concurrency.lockutils [None req-2e2a6ae6-a0fb-4d73-83f3-b3840575d73b tempest-VolumesActionsTest-1499457225 tempest-VolumesActionsTest-1499457225-project] Lock "ecfc84ec-05cf-45cd-8e9a-098f1a60366d" acquired by "nova.context.set_target_cell..get_or_set_cached_cell_and_set_connections" :: waited 0.000s {{(pid=122921) inner /usr/local/lib/python3.8/dist-packages/oslo_concurrency/lockutils.py:386}}
Feb 07 11:44:30.123907 dv-cinder-817351-12-smb devstack@n-api.service[122921]: DEBUG oslo_concurrency.lockutils [None req-2e2a6ae6-a0fb-4d73-83f3-b3840575d73b tempest-VolumesActionsTest-1499457225 tempest-VolumesActionsTest-1499457225-project] Lock "ecfc84ec-05cf-45cd-8e9a-098f1a60366d" "released" by "nova.context.set_target_cell..get_or_set_cached_cell_and_set_connections" :: held 0.001s {{(pid=122921) inner /usr/local/lib/python3.8/dist-packages/oslo_concurrency/lockutils.py:400}}
Feb 07 11:44:30.234414 dv-cinder-817351-12-smb devstack@n-api.service[122922]: DEBUG nova.api.openstack.wsgi [None req-b5bd83c1-0c0c-486e-b994-40c218e5e4eb tempest-ServerRescueNegativeTestJSON-694157425 tempest-ServerRescueNegativeTestJSON-694157425-project] Calling method '>' {{(pid=122922) _process_stack /opt/stack/nova/nova/api/openstack/wsgi.py:513}}
Feb 07 11:44:30.236013 dv-cinder-817351-12-smb devstack@n-api.service[122922]: DEBUG nova.compute.api [None req-b5bd83c1-0c0c-486e-b994-40c218e5e4eb tempest-ServerRescueNegativeTestJSON-694157425 tempest-ServerRescueNegativeTestJSON-694157425-project] [instance: 9c6362e1-6211-42ee-9c0c-b8b50aa11416] Fetching instance by UUID {{(pid=122922) get /opt/stack/nova/nova/compute/api.py:2866}}
Feb 07 11:44:30.244444 dv-cinder-817351-12-smb devstack@n-api.service[122922]: DEBUG oslo_concurrency.lockutils [None req-b5bd83c1-0c0c-486e-b994-40c218e5e4eb tempest-ServerRescueNegativeTestJSON-694157425 tempest-ServerRescueNegativeTestJSON-694157425-project] Lock "ecfc84ec-05cf-45cd-8e9a-098f1a60366d" acquired by "nova.context.set_target_cell..get_or_set_cached_cell_and_set_connections" :: waited 0.000s {{(pid=122922) inner /usr/local/lib/python3.8/dist-packages/oslo_concurrency/lockutils.py:386}}
Feb 07 11:44:30.245486 dv-cinder-817351-12-smb devstack@n-api.service[122922]: DEBUG oslo_concurrency.lockutils [None req-b5bd83c1-0c0c-486e-b994-40c218e5e4eb tempest-ServerRescueNegativeTestJSON-694157425 tempest-ServerRescueNegativeTestJSON-694157425-project] Lock "ecfc84ec-05cf-45cd-8e9a-098f1a60366d" "released" by "nova.context.set_target_cell..get_or_set_cached_cell_and_set_connections" :: held 0.001s {{(pid=122922) inner /usr/local/lib/python3.8/dist-packages/oslo_concurrency/lockutils.py:400}}
Feb 07 11:44:30.247307 dv-cinder-817351-12-smb devstack@n-api.service[122922]: DEBUG oslo_concurrency.lockutils [None req-b5bd83c1-0c0c-486e-b994-40c218e5e4eb tempest-ServerRescueNegativeTestJSON-694157425 tempest-ServerRescueNegativeTestJSON-694157425-project] Lock "ecfc84ec-05cf-45cd-8e9a-098f1a60366d" acquired by "nova.context.set_target_cell..get_or_set_cached_cell_and_set_connections" :: waited 0.001s {{(pid=122922) inner /usr/local/lib/python3.8/dist-packages/oslo_concurrency/lockutils.py:386}}
Feb 07 11:44:30.248087 dv-cinder-817351-12-smb devstack@n-api.service[122922]: DEBUG oslo_concurrency.lockutils [None req-b5bd83c1-0c0c-486e-b994-40c218e5e4eb tempest-ServerRescueNegativeTestJSON-694157425 tempest-ServerRescueNegativeTestJSON-694157425-project] Lock "ecfc84ec-05cf-45cd-8e9a-098f1a60366d" "released" by "nova.context.set_target_cell..get_or_set_cached_cell_and_set_connections" :: held 0.001s {{(pid=122922) inner /usr/local/lib/python3.8/dist-packages/oslo_concurrency/lockutils.py:400}}
Feb 07 11:44:30.483317 dv-cinder-817351-12-smb devstack@n-api.service[122922]: DEBUG nova.policy [None req-b5bd83c1-0c0c-486e-b994-40c218e5e4eb tempest-ServerRescueNegativeTestJSON-694157425 tempest-ServerRescueNegativeTestJSON-694157425-project] Policy check for os_compute_api:os-extended-server-attributes failed with credentials {'is_admin': False, 'user_id': '4817259732e347e09e9026c2c3de91fc', 'user_domain_id': 'default', 'system_scope': None, 'domain_id': None, 'project_id': '1f1ade56fc0f4d88bdf3ee1c907341fc', 'project_domain_id': 'default', 'roles': ['reader', 'member'], 'is_admin_project': True, 'service_user_id': None, 'service_user_domain_id': None, 'service_project_id': None, 'service_project_domain_id': None, 'service_roles': []} {{(pid=122922) authorize /opt/stack/nova/nova/policy.py:199}}
Feb 07 11:44:30.492334 dv-cinder-817351-12-smb devstack@n-api.service[122922]: INFO nova.api.openstack.requestlog [None req-b5bd83c1-0c0c-486e-b994-40c218e5e4eb tempest-ServerRescueNegativeTestJSON-694157425 tempest-ServerRescueNegativeTestJSON-694157425-project] 10.222.0.62 "GET /compute/v2.1/servers/9c6362e1-6211-42ee-9c0c-b8b50aa11416" status: 200 len: 1521 microversion: 2.1 time: 0.263486
Feb 07 11:44:30.493586 dv-cinder-817351-12-smb devstack@n-api.service[122922]: [pid: 122922|app: 0|req: 79/182] 10.222.0.62 () {58 vars in 1235 bytes} [Mon Feb 7 11:44:30 2022] GET /compute/v2.1/servers/9c6362e1-6211-42ee-9c0c-b8b50aa11416 => generated 1521 bytes in 265 msecs (HTTP/1.1 200) 9 headers in 358 bytes (2 switches on core 0)
Feb 07 11:44:30.500780 dv-cinder-817351-12-smb devstack@n-api.service[122921]: DEBUG nova.policy [None req-2e2a6ae6-a0fb-4d73-83f3-b3840575d73b tempest-VolumesActionsTest-1499457225 tempest-VolumesActionsTest-1499457225-project] Policy check for os_compute_api:os-extended-server-attributes failed with credentials {'is_admin': False, 'user_id': '748dfd32e57f43bcba4e9f4b809cfd41', 'user_domain_id': 'default', 'system_scope': None, 'domain_id': None, 'project_id': '94e5ec2ff83845c2b47c7c6d272fd0bc', 'project_domain_id': 'default', 'roles': ['reader', 'member'], 'is_admin_project': True, 'service_user_id': None, 'service_user_domain_id': None, 'service_project_id': None, 'service_project_domain_id': None, 'service_roles': []} {{(pid=122921) authorize /opt/stack/nova/nova/policy.py:199}}
Feb 07 11:44:30.509844 dv-cinder-817351-12-smb devstack@n-api.service[122921]: INFO nova.api.openstack.requestlog [None req-2e2a6ae6-a0fb-4d73-83f3-b3840575d73b tempest-VolumesActionsTest-1499457225 tempest-VolumesActionsTest-1499457225-project] 10.222.0.62 "GET /compute/v2.1/servers/ffe23059-3c65-45d2-8d0a-0a2a2dd64c89" status: 200 len: 1503 microversion: 2.1 time: 0.409326
Feb 07 11:44:30.510724 dv-cinder-817351-12-smb devstack@n-api.service[122921]: [pid: 122921|app: 0|req: 104/183] 10.222.0.62 () {58 vars in 1235 bytes} [Mon Feb 7 11:44:30 2022] GET /compute/v2.1/servers/ffe23059-3c65-45d2-8d0a-0a2a2dd64c89 => generated 1503 bytes in 411 msecs (HTTP/1.1 200) 9 headers in 358 bytes (1 switches on core 0)
Feb 07 11:44:31.080848 dv-cinder-817351-12-smb devstack@n-api.service[122922]: DEBUG nova.api.openstack.wsgi [None req-10209162-e793-4d38-8f8e-74ca44bcaeaa tempest-VolumesActionsTest-1541862497 tempest-VolumesActionsTest-1541862497-project] Action: 'create', calling method: >, body: {"server": {"name": "tempest-VolumesActionsTest-instance-970106954", "imageRef": "89dc467b-235d-430d-8313-2367224633dd", "flavorRef": "452", "networks": [{"uuid": "5622d16c-d45c-41a8-8660-00d939131ac1"}]}} {{(pid=122922) _process_stack /opt/stack/nova/nova/api/openstack/wsgi.py:511}}
Feb 07 11:44:31.168651 dv-cinder-817351-12-smb devstack@n-api.service[122922]: DEBUG nova.network.neutron [None req-10209162-e793-4d38-8f8e-74ca44bcaeaa tempest-VolumesActionsTest-1541862497 tempest-VolumesActionsTest-1541862497-project] validate_networks() for [('5622d16c-d45c-41a8-8660-00d939131ac1', None, None, None, None, None)] {{(pid=122922) validate_networks /opt/stack/nova/nova/network/neutron.py:2494}}
Feb 07 11:44:31.510126 dv-cinder-817351-12-smb devstack@n-api.service[122921]: DEBUG nova.api.openstack.wsgi [None req-e4cffdaf-366e-4b2a-be81-6d5016600b62 tempest-ServerRescueNegativeTestJSON-694157425 tempest-ServerRescueNegativeTestJSON-694157425-project] Calling method '>' {{(pid=122921) _process_stack /opt/stack/nova/nova/api/openstack/wsgi.py:513}}
Feb 07 11:44:31.510782 dv-cinder-817351-12-smb devstack@n-api.service[122921]: DEBUG nova.compute.api [None req-e4cffdaf-366e-4b2a-be81-6d5016600b62 tempest-ServerRescueNegativeTestJSON-694157425 tempest-ServerRescueNegativeTestJSON-694157425-project] [instance: 9c6362e1-6211-42ee-9c0c-b8b50aa11416] Fetching instance by UUID {{(pid=122921) get /opt/stack/nova/nova/compute/api.py:2866}}
Feb 07 11:44:31.517040 dv-cinder-817351-12-smb devstack@n-api.service[122921]: DEBUG oslo_concurrency.lockutils [None req-e4cffdaf-366e-4b2a-be81-6d5016600b62 tempest-ServerRescueNegativeTestJSON-694157425 tempest-ServerRescueNegativeTestJSON-694157425-project] Lock "ecfc84ec-05cf-45cd-8e9a-098f1a60366d" acquired by "nova.context.set_target_cell..get_or_set_cached_cell_and_set_connections" :: waited 0.000s {{(pid=122921) inner /usr/local/lib/python3.8/dist-packages/oslo_concurrency/lockutils.py:386}}
Feb 07 11:44:31.517483 dv-cinder-817351-12-smb devstack@n-api.service[122921]: DEBUG oslo_concurrency.lockutils [None req-e4cffdaf-366e-4b2a-be81-6d5016600b62 tempest-ServerRescueNegativeTestJSON-694157425 tempest-ServerRescueNegativeTestJSON-694157425-project] Lock "ecfc84ec-05cf-45cd-8e9a-098f1a60366d" "released" by "nova.context.set_target_cell..get_or_set_cached_cell_and_set_connections" :: held 0.001s {{(pid=122921) inner /usr/local/lib/python3.8/dist-packages/oslo_concurrency/lockutils.py:400}}
Feb 07 11:44:31.518299 dv-cinder-817351-12-smb devstack@n-api.service[122921]: DEBUG oslo_concurrency.lockutils [None req-e4cffdaf-366e-4b2a-be81-6d5016600b62 tempest-ServerRescueNegativeTestJSON-694157425 tempest-ServerRescueNegativeTestJSON-694157425-project] Lock "ecfc84ec-05cf-45cd-8e9a-098f1a60366d" acquired by "nova.context.set_target_cell..get_or_set_cached_cell_and_set_connections" :: waited 0.000s {{(pid=122921) inner /usr/local/lib/python3.8/dist-packages/oslo_concurrency/lockutils.py:386}}
Feb 07 11:44:31.518788 dv-cinder-817351-12-smb devstack@n-api.service[122921]: DEBUG oslo_concurrency.lockutils [None req-e4cffdaf-366e-4b2a-be81-6d5016600b62 tempest-ServerRescueNegativeTestJSON-694157425 tempest-ServerRescueNegativeTestJSON-694157425-project] Lock "ecfc84ec-05cf-45cd-8e9a-098f1a60366d" "released" by "nova.context.set_target_cell..get_or_set_cached_cell_and_set_connections" :: held 0.000s {{(pid=122921) inner /usr/local/lib/python3.8/dist-packages/oslo_concurrency/lockutils.py:400}}
Feb 07 11:44:31.676446 dv-cinder-817351-12-smb devstack@n-api.service[122921]: DEBUG nova.policy [None req-e4cffdaf-366e-4b2a-be81-6d5016600b62 tempest-ServerRescueNegativeTestJSON-694157425 tempest-ServerRescueNegativeTestJSON-694157425-project] Policy check for os_compute_api:os-extended-server-attributes failed with credentials {'is_admin': False, 'user_id': '4817259732e347e09e9026c2c3de91fc', 'user_domain_id': 'default', 'system_scope': None, 'domain_id': None, 'project_id': '1f1ade56fc0f4d88bdf3ee1c907341fc', 'project_domain_id': 'default', 'roles': ['reader', 'member'], 'is_admin_project': True, 'service_user_id': None, 'service_user_domain_id': None, 'service_project_id': None, 'service_project_domain_id': None, 'service_roles': []} {{(pid=122921) authorize /opt/stack/nova/nova/policy.py:199}}
Feb 07 11:44:31.682980 dv-cinder-817351-12-smb devstack@n-api.service[122922]: DEBUG nova.virt.hardware [None req-10209162-e793-4d38-8f8e-74ca44bcaeaa tempest-VolumesActionsTest-1541862497 tempest-VolumesActionsTest-1541862497-project] Flavor limits 0:0:0 {{(pid=122922) get_cpu_topology_constraints /opt/stack/nova/nova/virt/hardware.py:343}}
Feb 07 11:44:31.683722 dv-cinder-817351-12-smb devstack@n-api.service[122921]: INFO nova.api.openstack.requestlog [None req-e4cffdaf-366e-4b2a-be81-6d5016600b62 tempest-ServerRescueNegativeTestJSON-694157425 tempest-ServerRescueNegativeTestJSON-694157425-project] 10.222.0.62 "GET /compute/v2.1/servers/9c6362e1-6211-42ee-9c0c-b8b50aa11416" status: 200 len: 1521 microversion: 2.1 time: 0.177260
Feb 07 11:44:31.683994 dv-cinder-817351-12-smb devstack@n-api.service[122922]: DEBUG nova.virt.hardware [None req-10209162-e793-4d38-8f8e-74ca44bcaeaa tempest-VolumesActionsTest-1541862497 tempest-VolumesActionsTest-1541862497-project] Image limits 0:0:0 {{(pid=122922) get_cpu_topology_constraints /opt/stack/nova/nova/virt/hardware.py:347}}
Feb 07 11:44:31.684329 dv-cinder-817351-12-smb devstack@n-api.service[122922]: DEBUG nova.virt.hardware [None req-10209162-e793-4d38-8f8e-74ca44bcaeaa tempest-VolumesActionsTest-1541862497 tempest-VolumesActionsTest-1541862497-project] Flavor pref 0:0:0 {{(pid=122922) get_cpu_topology_constraints /opt/stack/nova/nova/virt/hardware.py:383}}
Feb 07 11:44:31.684607 dv-cinder-817351-12-smb devstack@n-api.service[122921]: [pid: 122921|app: 0|req: 105/184] 10.222.0.62 () {58 vars in 1235 bytes} [Mon Feb 7 11:44:31 2022] GET /compute/v2.1/servers/9c6362e1-6211-42ee-9c0c-b8b50aa11416 => generated 1521 bytes in 179 msecs (HTTP/1.1 200) 9 headers in 358 bytes (2 switches on core 0)
Feb 07 11:44:31.685288 dv-cinder-817351-12-smb devstack@n-api.service[122922]: DEBUG nova.virt.hardware [None req-10209162-e793-4d38-8f8e-74ca44bcaeaa tempest-VolumesActionsTest-1541862497 tempest-VolumesActionsTest-1541862497-project] Image pref 0:0:0 {{(pid=122922) get_cpu_topology_constraints /opt/stack/nova/nova/virt/hardware.py:387}}
Feb 07 11:44:31.685872 dv-cinder-817351-12-smb devstack@n-api.service[122922]: DEBUG nova.virt.hardware [None req-10209162-e793-4d38-8f8e-74ca44bcaeaa tempest-VolumesActionsTest-1541862497 tempest-VolumesActionsTest-1541862497-project] Chose sockets=0, cores=0, threads=0; limits were sockets=65536, cores=65536, threads=65536 {{(pid=122922) get_cpu_topology_constraints /opt/stack/nova/nova/virt/hardware.py:425}}
Feb 07 11:44:31.692731 dv-cinder-817351-12-smb devstack@n-api.service[122921]: DEBUG nova.api.openstack.wsgi [None req-bedbcb12-9ba4-40d5-93e8-e6c2b9ee11a4 tempest-VolumesActionsTest-1499457225 tempest-VolumesActionsTest-1499457225-project] Calling method '>' {{(pid=122921) _process_stack /opt/stack/nova/nova/api/openstack/wsgi.py:513}}
Feb 07 11:44:31.693332 dv-cinder-817351-12-smb devstack@n-api.service[122921]: DEBUG nova.compute.api [None req-bedbcb12-9ba4-40d5-93e8-e6c2b9ee11a4 tempest-VolumesActionsTest-1499457225 tempest-VolumesActionsTest-1499457225-project] [instance: ffe23059-3c65-45d2-8d0a-0a2a2dd64c89] Fetching instance by UUID {{(pid=122921) get /opt/stack/nova/nova/compute/api.py:2866}}
Feb 07 11:44:31.698609 dv-cinder-817351-12-smb devstack@n-api.service[122922]: DEBUG oslo_concurrency.lockutils [None req-10209162-e793-4d38-8f8e-74ca44bcaeaa tempest-VolumesActionsTest-1541862497 tempest-VolumesActionsTest-1541862497-project] Lock "00000000-0000-0000-0000-000000000000" acquired by "nova.context.set_target_cell..get_or_set_cached_cell_and_set_connections" :: waited 0.000s {{(pid=122922) inner /usr/local/lib/python3.8/dist-packages/oslo_concurrency/lockutils.py:386}}
Feb 07 11:44:31.699054 dv-cinder-817351-12-smb devstack@n-api.service[122922]: DEBUG oslo_concurrency.lockutils [None req-10209162-e793-4d38-8f8e-74ca44bcaeaa tempest-VolumesActionsTest-1541862497 tempest-VolumesActionsTest-1541862497-project] Lock "00000000-0000-0000-0000-000000000000" "released" by "nova.context.set_target_cell..get_or_set_cached_cell_and_set_connections" :: held 0.001s {{(pid=122922) inner /usr/local/lib/python3.8/dist-packages/oslo_concurrency/lockutils.py:400}}
Feb 07 11:44:31.699363 dv-cinder-817351-12-smb devstack@n-api.service[122921]: DEBUG oslo_concurrency.lockutils [None req-bedbcb12-9ba4-40d5-93e8-e6c2b9ee11a4 tempest-VolumesActionsTest-1499457225 tempest-VolumesActionsTest-1499457225-project] Lock "ecfc84ec-05cf-45cd-8e9a-098f1a60366d" acquired by "nova.context.set_target_cell..get_or_set_cached_cell_and_set_connections" :: waited 0.000s {{(pid=122921) inner /usr/local/lib/python3.8/dist-packages/oslo_concurrency/lockutils.py:386}}
Feb 07 11:44:31.700120 dv-cinder-817351-12-smb devstack@n-api.service[122921]: DEBUG oslo_concurrency.lockutils [None req-bedbcb12-9ba4-40d5-93e8-e6c2b9ee11a4 tempest-VolumesActionsTest-1499457225 tempest-VolumesActionsTest-1499457225-project] Lock "ecfc84ec-05cf-45cd-8e9a-098f1a60366d" "released" by "nova.context.set_target_cell..get_or_set_cached_cell_and_set_connections" :: held 0.001s {{(pid=122921) inner /usr/local/lib/python3.8/dist-packages/oslo_concurrency/lockutils.py:400}}
Feb 07 11:44:31.700319 dv-cinder-817351-12-smb devstack@n-api.service[122922]: DEBUG oslo_concurrency.lockutils [None req-10209162-e793-4d38-8f8e-74ca44bcaeaa tempest-VolumesActionsTest-1541862497 tempest-VolumesActionsTest-1541862497-project] Lock "ecfc84ec-05cf-45cd-8e9a-098f1a60366d" acquired by "nova.context.set_target_cell..get_or_set_cached_cell_and_set_connections" :: waited 0.000s {{(pid=122922) inner /usr/local/lib/python3.8/dist-packages/oslo_concurrency/lockutils.py:386}}
Feb 07 11:44:31.700927 dv-cinder-817351-12-smb devstack@n-api.service[122922]: DEBUG oslo_concurrency.lockutils [None req-10209162-e793-4d38-8f8e-74ca44bcaeaa tempest-VolumesActionsTest-1541862497 tempest-VolumesActionsTest-1541862497-project] Lock "ecfc84ec-05cf-45cd-8e9a-098f1a60366d" "released" by "nova.context.set_target_cell..get_or_set_cached_cell_and_set_connections" :: held 0.001s {{(pid=122922) inner /usr/local/lib/python3.8/dist-packages/oslo_concurrency/lockutils.py:400}}
Feb 07 11:44:31.701131 dv-cinder-817351-12-smb devstack@n-api.service[122921]: DEBUG oslo_concurrency.lockutils [None req-bedbcb12-9ba4-40d5-93e8-e6c2b9ee11a4 tempest-VolumesActionsTest-1499457225 tempest-VolumesActionsTest-1499457225-project] Lock "ecfc84ec-05cf-45cd-8e9a-098f1a60366d" acquired by "nova.context.set_target_cell..get_or_set_cached_cell_and_set_connections" :: waited 0.000s {{(pid=122921) inner /usr/local/lib/python3.8/dist-packages/oslo_concurrency/lockutils.py:386}}
Feb 07 11:44:31.701477 dv-cinder-817351-12-smb devstack@n-api.service[122921]: DEBUG oslo_concurrency.lockutils [None req-bedbcb12-9ba4-40d5-93e8-e6c2b9ee11a4 tempest-VolumesActionsTest-1499457225 tempest-VolumesActionsTest-1499457225-project] Lock "ecfc84ec-05cf-45cd-8e9a-098f1a60366d" "released" by "nova.context.set_target_cell..get_or_set_cached_cell_and_set_connections" :: held 0.000s {{(pid=122921) inner /usr/local/lib/python3.8/dist-packages/oslo_concurrency/lockutils.py:400}}
Feb 07 11:44:31.717875 dv-cinder-817351-12-smb devstack@n-api.service[122922]: DEBUG nova.quota [None req-10209162-e793-4d38-8f8e-74ca44bcaeaa tempest-VolumesActionsTest-1541862497 tempest-VolumesActionsTest-1541862497-project] Getting quotas for project 831353790ef344d2b0f066e1e0951a01. Resources: {'instances', 'ram', 'cores'} {{(pid=122922) _get_quotas /opt/stack/nova/nova/quota.py:387}}
Feb 07 11:44:31.721903 dv-cinder-817351-12-smb devstack@n-api.service[122922]: DEBUG nova.quota [None req-10209162-e793-4d38-8f8e-74ca44bcaeaa tempest-VolumesActionsTest-1541862497 tempest-VolumesActionsTest-1541862497-project] Getting quotas for user a5694104b8aa45348401a607110075c5 and project 831353790ef344d2b0f066e1e0951a01. Resources: {'instances', 'ram', 'cores'} {{(pid=122922) _get_quotas /opt/stack/nova/nova/quota.py:377}}
Feb 07 11:44:31.734119 dv-cinder-817351-12-smb devstack@n-api.service[122922]: DEBUG nova.compute.api [None req-10209162-e793-4d38-8f8e-74ca44bcaeaa tempest-VolumesActionsTest-1541862497 tempest-VolumesActionsTest-1541862497-project] Going to run 1 instances... {{(pid=122922) _provision_instances /opt/stack/nova/nova/compute/api.py:1351}}
Feb 07 11:44:31.735060 dv-cinder-817351-12-smb devstack@n-api.service[122921]: DEBUG oslo_concurrency.lockutils [None req-bedbcb12-9ba4-40d5-93e8-e6c2b9ee11a4 tempest-VolumesActionsTest-1499457225 tempest-VolumesActionsTest-1499457225-project] Lock "ecfc84ec-05cf-45cd-8e9a-098f1a60366d" acquired by "nova.context.set_target_cell..get_or_set_cached_cell_and_set_connections" :: waited 0.000s {{(pid=122921) inner /usr/local/lib/python3.8/dist-packages/oslo_concurrency/lockutils.py:386}}
Feb 07 11:44:31.735519 dv-cinder-817351-12-smb devstack@n-api.service[122921]: DEBUG oslo_concurrency.lockutils [None req-bedbcb12-9ba4-40d5-93e8-e6c2b9ee11a4 tempest-VolumesActionsTest-1499457225 tempest-VolumesActionsTest-1499457225-project] Lock "ecfc84ec-05cf-45cd-8e9a-098f1a60366d" "released" by "nova.context.set_target_cell..get_or_set_cached_cell_and_set_connections" :: held 0.001s {{(pid=122921) inner /usr/local/lib/python3.8/dist-packages/oslo_concurrency/lockutils.py:400}}
Feb 07 11:44:31.735977 dv-cinder-817351-12-smb devstack@n-api.service[122921]: DEBUG nova.objects.instance [None req-bedbcb12-9ba4-40d5-93e8-e6c2b9ee11a4 tempest-VolumesActionsTest-1499457225 tempest-VolumesActionsTest-1499457225-project] Lazy-loading 'fault' on Instance uuid ffe23059-3c65-45d2-8d0a-0a2a2dd64c89 {{(pid=122921) obj_load_attr /opt/stack/nova/nova/objects/instance.py:1099}}
Feb 07 11:44:31.736460 dv-cinder-817351-12-smb devstack@n-api.service[122922]: DEBUG nova.compute.api [None req-10209162-e793-4d38-8f8e-74ca44bcaeaa tempest-VolumesActionsTest-1541862497 tempest-VolumesActionsTest-1541862497-project] [instance: 38f0bfb7-3bdb-45de-a3bd-e4b978641913] block_device_mapping [BlockDeviceMapping(attachment_id=,boot_index=0,connection_info=None,created_at=,delete_on_termination=True,deleted=,deleted_at=,destination_type='local',device_name=None,device_type='disk',disk_bus=None,guest_format=None,id=,image_id='89dc467b-235d-430d-8313-2367224633dd',instance=,instance_uuid=,no_device=False,snapshot_id=None,source_type='image',tag=None,updated_at=,uuid=,volume_id=None,volume_size=None,volume_type=None)] {{(pid=122922) _bdm_validate_set_size_and_instance /opt/stack/nova/nova/compute/api.py:1758}}
Feb 07 11:44:31.779660 dv-cinder-817351-12-smb devstack@n-api.service[122921]: DEBUG nova.policy [None req-bedbcb12-9ba4-40d5-93e8-e6c2b9ee11a4 tempest-VolumesActionsTest-1499457225 tempest-VolumesActionsTest-1499457225-project] Policy check for os_compute_api:os-extended-server-attributes failed with credentials {'is_admin': False, 'user_id': '748dfd32e57f43bcba4e9f4b809cfd41', 'user_domain_id': 'default', 'system_scope': None, 'domain_id': None, 'project_id': '94e5ec2ff83845c2b47c7c6d272fd0bc', 'project_domain_id': 'default', 'roles': ['reader', 'member'], 'is_admin_project': True, 'service_user_id': None, 'service_user_domain_id': None, 'service_project_id': None, 'service_project_domain_id': None, 'service_roles': []} {{(pid=122921) authorize /opt/stack/nova/nova/policy.py:199}}
Feb 07 11:44:31.784793 dv-cinder-817351-12-smb devstack@n-api.service[122922]: INFO nova.api.openstack.requestlog [None req-10209162-e793-4d38-8f8e-74ca44bcaeaa tempest-VolumesActionsTest-1541862497 tempest-VolumesActionsTest-1541862497-project] 10.222.0.62 "POST /compute/v2.1/servers" status: 202 len: 380 microversion: 2.1 time: 0.857333
Feb 07 11:44:31.785608 dv-cinder-817351-12-smb devstack@n-api.service[122922]: [pid: 122922|app: 0|req: 80/185] 10.222.0.62 () {60 vars in 1146 bytes} [Mon Feb 7 11:44:30 2022] POST /compute/v2.1/servers => generated 380 bytes in 859 msecs (HTTP/1.1 202) 10 headers in 451 bytes (2 switches on core 0)
Feb 07 11:44:31.788228 dv-cinder-817351-12-smb devstack@n-api.service[122921]: INFO nova.api.openstack.requestlog [None req-bedbcb12-9ba4-40d5-93e8-e6c2b9ee11a4 tempest-VolumesActionsTest-1499457225 tempest-VolumesActionsTest-1499457225-project] 10.222.0.62 "GET /compute/v2.1/servers/ffe23059-3c65-45d2-8d0a-0a2a2dd64c89" status: 200 len: 1303 microversion: 2.1 time: 0.102514
Feb 07 11:44:31.788786 dv-cinder-817351-12-smb devstack@n-api.service[122921]: [pid: 122921|app: 0|req: 106/186] 10.222.0.62 () {58 vars in 1235 bytes} [Mon Feb 7 11:44:31 2022] GET /compute/v2.1/servers/ffe23059-3c65-45d2-8d0a-0a2a2dd64c89 => generated 1303 bytes in 104 msecs (HTTP/1.1 200) 9 headers in 358 bytes (1 switches on core 0)
Feb 07 11:44:31.794630 dv-cinder-817351-12-smb devstack@n-api.service[122922]: DEBUG nova.api.openstack.wsgi [req-08ef5abd-2342-40ae-b1e4-f987a94f6942 req-ec72b591-54c4-4596-80b7-d06c3e58c297 service nova] Action: 'create', calling method: >, body: {"events": [{"server_uuid": "ffe23059-3c65-45d2-8d0a-0a2a2dd64c89", "name": "network-vif-deleted", "tag": "ec047838-ae70-4731-9d14-794f4eb59a2c"}]} {{(pid=122922) _process_stack /opt/stack/nova/nova/api/openstack/wsgi.py:511}}
Feb 07 11:44:31.796452 dv-cinder-817351-12-smb devstack@n-api.service[122922]: /usr/local/lib/python3.8/dist-packages/oslo_policy/policy.py:1119: UserWarning: Policy "os_compute_api:os-server-external-events:create": "rule:system_admin_api" failed scope check. The token used to make the request was project scoped but the policy requires ['system'] scope. This behavior may change in the future where using the intended scope is required
Feb 07 11:44:31.796452 dv-cinder-817351-12-smb devstack@n-api.service[122922]: warnings.warn(msg)
Feb 07 11:44:31.802149 dv-cinder-817351-12-smb devstack@n-api.service[122921]: DEBUG nova.api.openstack.wsgi [None req-b1b47635-4557-42a1-8185-d8e96dae4bdb tempest-VolumesActionsTest-1541862497 tempest-VolumesActionsTest-1541862497-project] Calling method '>' {{(pid=122921) _process_stack /opt/stack/nova/nova/api/openstack/wsgi.py:513}}
Feb 07 11:44:31.802776 dv-cinder-817351-12-smb devstack@n-api.service[122921]: DEBUG nova.compute.api [None req-b1b47635-4557-42a1-8185-d8e96dae4bdb tempest-VolumesActionsTest-1541862497 tempest-VolumesActionsTest-1541862497-project] [instance: 38f0bfb7-3bdb-45de-a3bd-e4b978641913] Fetching instance by UUID {{(pid=122921) get /opt/stack/nova/nova/compute/api.py:2866}}
Feb 07 11:44:31.804655 dv-cinder-817351-12-smb devstack@n-api.service[122922]: DEBUG oslo_concurrency.lockutils [req-08ef5abd-2342-40ae-b1e4-f987a94f6942 req-ec72b591-54c4-4596-80b7-d06c3e58c297 service nova] Lock "ecfc84ec-05cf-45cd-8e9a-098f1a60366d" acquired by "nova.context.set_target_cell..get_or_set_cached_cell_and_set_connections" :: waited 0.000s {{(pid=122922) inner /usr/local/lib/python3.8/dist-packages/oslo_concurrency/lockutils.py:386}}
Feb 07 11:44:31.805103 dv-cinder-817351-12-smb devstack@n-api.service[122922]: DEBUG oslo_concurrency.lockutils [req-08ef5abd-2342-40ae-b1e4-f987a94f6942 req-ec72b591-54c4-4596-80b7-d06c3e58c297 service nova] Lock "ecfc84ec-05cf-45cd-8e9a-098f1a60366d" "released" by "nova.context.set_target_cell..get_or_set_cached_cell_and_set_connections" :: held 0.001s {{(pid=122922) inner /usr/local/lib/python3.8/dist-packages/oslo_concurrency/lockutils.py:400}}
Feb 07 11:44:31.817439 dv-cinder-817351-12-smb devstack@n-api.service[122922]: INFO nova.api.openstack.compute.server_external_events [req-08ef5abd-2342-40ae-b1e4-f987a94f6942 req-ec72b591-54c4-4596-80b7-d06c3e58c297 service nova] Creating event network-vif-deleted:ec047838-ae70-4731-9d14-794f4eb59a2c for instance ffe23059-3c65-45d2-8d0a-0a2a2dd64c89 on hv-cinder-81735
Feb 07 11:44:31.822893 dv-cinder-817351-12-smb devstack@n-api.service[122922]: INFO nova.api.openstack.requestlog [req-08ef5abd-2342-40ae-b1e4-f987a94f6942 req-ec72b591-54c4-4596-80b7-d06c3e58c297 service nova] 10.222.0.62 "POST /compute/v2.1/os-server-external-events" status: 200 len: 183 microversion: 2.1 time: 0.031940
Feb 07 11:44:31.823655 dv-cinder-817351-12-smb devstack@n-api.service[122922]: [pid: 122922|app: 0|req: 81/187] 10.222.0.62 () {64 vars in 1317 bytes} [Mon Feb 7 11:44:31 2022] POST /compute/v2.1/os-server-external-events => generated 183 bytes in 38 msecs (HTTP/1.1 200) 9 headers in 357 bytes (1 switches on core 0)
Feb 07 11:44:31.856866 dv-cinder-817351-12-smb devstack@n-api.service[122921]: DEBUG nova.policy [None req-b1b47635-4557-42a1-8185-d8e96dae4bdb tempest-VolumesActionsTest-1541862497 tempest-VolumesActionsTest-1541862497-project] Policy check for os_compute_api:os-extended-server-attributes failed with credentials {'is_admin': False, 'user_id': 'a5694104b8aa45348401a607110075c5', 'user_domain_id': 'default', 'system_scope': None, 'domain_id': None, 'project_id': '831353790ef344d2b0f066e1e0951a01', 'project_domain_id': 'default', 'roles': ['reader', 'member'], 'is_admin_project': True, 'service_user_id': None, 'service_user_domain_id': None, 'service_project_id': None, 'service_project_domain_id': None, 'service_roles': []} {{(pid=122921) authorize /opt/stack/nova/nova/policy.py:199}}
Feb 07 11:44:31.863502 dv-cinder-817351-12-smb devstack@n-api.service[122921]: INFO nova.api.openstack.requestlog [None req-b1b47635-4557-42a1-8185-d8e96dae4bdb tempest-VolumesActionsTest-1541862497 tempest-VolumesActionsTest-1541862497-project] 10.222.0.62 "GET /compute/v2.1/servers/38f0bfb7-3bdb-45de-a3bd-e4b978641913" status: 200 len: 1213 microversion: 2.1 time: 0.071903
Feb 07 11:44:31.864026 dv-cinder-817351-12-smb devstack@n-api.service[122921]: [pid: 122921|app: 0|req: 107/188] 10.222.0.62 () {58 vars in 1235 bytes} [Mon Feb 7 11:44:31 2022] GET /compute/v2.1/servers/38f0bfb7-3bdb-45de-a3bd-e4b978641913 => generated 1213 bytes in 73 msecs (HTTP/1.1 200) 9 headers in 358 bytes (2 switches on core 0)
Feb 07 11:44:32.701343 dv-cinder-817351-12-smb devstack@n-api.service[122922]: DEBUG nova.api.openstack.wsgi [None req-6ffe4d08-a909-4ebf-917c-418a85225358 tempest-ServerRescueNegativeTestJSON-694157425 tempest-ServerRescueNegativeTestJSON-694157425-project] Calling method '>' {{(pid=122922) _process_stack /opt/stack/nova/nova/api/openstack/wsgi.py:513}}
Feb 07 11:44:32.702145 dv-cinder-817351-12-smb devstack@n-api.service[122922]: DEBUG nova.compute.api [None req-6ffe4d08-a909-4ebf-917c-418a85225358 tempest-ServerRescueNegativeTestJSON-694157425 tempest-ServerRescueNegativeTestJSON-694157425-project] [instance: 9c6362e1-6211-42ee-9c0c-b8b50aa11416] Fetching instance by UUID {{(pid=122922) get /opt/stack/nova/nova/compute/api.py:2866}}
Feb 07 11:44:32.707984 dv-cinder-817351-12-smb devstack@n-api.service[122922]: DEBUG oslo_concurrency.lockutils [None req-6ffe4d08-a909-4ebf-917c-418a85225358 tempest-ServerRescueNegativeTestJSON-694157425 tempest-ServerRescueNegativeTestJSON-694157425-project] Lock "ecfc84ec-05cf-45cd-8e9a-098f1a60366d" acquired by "nova.context.set_target_cell..get_or_set_cached_cell_and_set_connections" :: waited 0.000s {{(pid=122922) inner /usr/local/lib/python3.8/dist-packages/oslo_concurrency/lockutils.py:386}}
Feb 07 11:44:32.708429 dv-cinder-817351-12-smb devstack@n-api.service[122922]: DEBUG oslo_concurrency.lockutils [None req-6ffe4d08-a909-4ebf-917c-418a85225358 tempest-ServerRescueNegativeTestJSON-694157425 tempest-ServerRescueNegativeTestJSON-694157425-project] Lock "ecfc84ec-05cf-45cd-8e9a-098f1a60366d" "released" by "nova.context.set_target_cell..get_or_set_cached_cell_and_set_connections" :: held 0.000s {{(pid=122922) inner /usr/local/lib/python3.8/dist-packages/oslo_concurrency/lockutils.py:400}}
Feb 07 11:44:32.709205 dv-cinder-817351-12-smb devstack@n-api.service[122922]: DEBUG oslo_concurrency.lockutils [None req-6ffe4d08-a909-4ebf-917c-418a85225358 tempest-ServerRescueNegativeTestJSON-694157425 tempest-ServerRescueNegativeTestJSON-694157425-project] Lock "ecfc84ec-05cf-45cd-8e9a-098f1a60366d" acquired by "nova.context.set_target_cell..get_or_set_cached_cell_and_set_connections" :: waited 0.000s {{(pid=122922) inner /usr/local/lib/python3.8/dist-packages/oslo_concurrency/lockutils.py:386}}
Feb 07 11:44:32.709662 dv-cinder-817351-12-smb devstack@n-api.service[122922]: DEBUG oslo_concurrency.lockutils [None req-6ffe4d08-a909-4ebf-917c-418a85225358 tempest-ServerRescueNegativeTestJSON-694157425 tempest-ServerRescueNegativeTestJSON-694157425-project] Lock "ecfc84ec-05cf-45cd-8e9a-098f1a60366d" "released" by "nova.context.set_target_cell..get_or_set_cached_cell_and_set_connections" :: held 0.000s {{(pid=122922) inner /usr/local/lib/python3.8/dist-packages/oslo_concurrency/lockutils.py:400}}
Feb 07 11:44:32.804344 dv-cinder-817351-12-smb devstack@n-api.service[122921]: DEBUG nova.api.openstack.wsgi [None req-44e8b32c-3987-4c34-ba28-60ba365c2b75 tempest-VolumesActionsTest-1499457225 tempest-VolumesActionsTest-1499457225-project] Calling method '>' {{(pid=122921) _process_stack /opt/stack/nova/nova/api/openstack/wsgi.py:513}}
