Feb 06 13:36:32.021673 dv-cinder-817351-11-smb neutron-server[103104]: DEBUG neutron.api.rpc.handlers.resources_rpc [None req-20cbe2d7-19e5-458d-aca5-d0dbf75c08e4 None None] Pushing event updated for resources: {'Port': ['ID=53fa4c47-7c80-4a5b-9ba4-2da3fe91e46e,revision_number=5']} {{(pid=103104) push /opt/stack/neutron/neutron/api/rpc/handlers/resources_rpc.py:237}}
Feb 06 13:36:32.108792 dv-cinder-817351-11-smb neutron-server[103102]: DEBUG neutron_lib.callbacks.manager [None req-50da342e-6738-4b6b-875f-bee13c35f27e admin admin] Publish callbacks ['neutron.plugins.ml2.ovo_rpc._ObjectChangeHandler.handle_event-2081511'] for security_group (22c207f4-cc75-4879-9b55-e17e9a065d5a), after_delete {{(pid=103102) _notify_loop /usr/local/lib/python3.8/dist-packages/neutron_lib/callbacks/manager.py:176}}
Feb 06 13:36:32.113480 dv-cinder-817351-11-smb neutron-server[103102]: DEBUG neutron_lib.callbacks.manager [None req-50da342e-6738-4b6b-875f-bee13c35f27e admin admin] Publish callbacks [] for security_group (None), before_response {{(pid=103102) _notify_loop /usr/local/lib/python3.8/dist-packages/neutron_lib/callbacks/manager.py:176}}
Feb 06 13:36:32.113480 dv-cinder-817351-11-smb neutron-server[103102]: INFO neutron.wsgi [None req-50da342e-6738-4b6b-875f-bee13c35f27e admin admin] 10.222.0.32 "DELETE /v2.0/security-groups/22c207f4-cc75-4879-9b55-e17e9a065d5a HTTP/1.1" status: 204 len: 168 time: 0.2648473
Feb 06 13:36:32.131434 dv-cinder-817351-11-smb neutron-server[103102]: DEBUG neutron.api.rpc.handlers.resources_rpc [None req-50da342e-6738-4b6b-875f-bee13c35f27e admin admin] Pushing event deleted for resources: {'SecurityGroup': ['ID=22c207f4-cc75-4879-9b55-e17e9a065d5a,revision_number=None']} {{(pid=103102) push /opt/stack/neutron/neutron/api/rpc/handlers/resources_rpc.py:237}}
Feb 06 13:36:32.239415 dv-cinder-817351-11-smb neutron-server[103103]: DEBUG neutron.pecan_wsgi.hooks.policy_enforcement [req-2be35b4d-25fe-4bcd-a78f-59df75b2c4bc req-7861c02a-070c-4fe8-8bb2-669dad6d0120 tempest-AttachVolumeShelveTestJSON-331635762 tempest-AttachVolumeShelveTestJSON-331635762-project] Attributes excluded by policy engine: ['standard_attr_id', 'binding:profile', 'binding:host_id', 'binding:vif_type', 'binding:vif_details'] {{(pid=103103) _exclude_attributes_by_policy /opt/stack/neutron/neutron/pecan_wsgi/hooks/policy_enforcement.py:255}}
Feb 06 13:36:32.239781 dv-cinder-817351-11-smb neutron-server[103103]: INFO neutron.wsgi [req-2be35b4d-25fe-4bcd-a78f-59df75b2c4bc req-7861c02a-070c-4fe8-8bb2-669dad6d0120 tempest-AttachVolumeShelveTestJSON-331635762 tempest-AttachVolumeShelveTestJSON-331635762-project] 10.222.0.32 "GET /v2.0/ports?device_id=249528a5-cf76-4179-b589-34ce10b4538c HTTP/1.1" status: 200 len: 943 time: 0.0604837
Feb 06 13:36:32.288235 dv-cinder-817351-11-smb neutron-server[103103]: INFO neutron.wsgi [req-2be35b4d-25fe-4bcd-a78f-59df75b2c4bc req-a2911b4d-c5ef-4609-9cb7-39bb4805cf45 tempest-AttachVolumeShelveTestJSON-331635762 tempest-AttachVolumeShelveTestJSON-331635762-project] 10.222.0.32 "GET /v2.0/security-groups?id=54dbcf65-aba0-411f-931f-361ffadccba0&fields=id&fields=name HTTP/1.1" status: 200 len: 312 time: 0.0418096
Feb 06 13:36:32.384823 dv-cinder-817351-11-smb neutron-server[103102]: DEBUG neutron.pecan_wsgi.hooks.policy_enforcement [req-4ba1091a-933e-4b16-8eb6-688d526bb81a req-629c9d6e-86ac-4b7f-8927-235a41b92888 tempest-DeleteServersTestJSON-2103369679 tempest-DeleteServersTestJSON-2103369679-project] Attributes excluded by policy engine: ['standard_attr_id', 'binding:profile', 'binding:host_id', 'binding:vif_type', 'binding:vif_details'] {{(pid=103102) _exclude_attributes_by_policy /opt/stack/neutron/neutron/pecan_wsgi/hooks/policy_enforcement.py:255}}
Feb 06 13:36:32.385807 dv-cinder-817351-11-smb neutron-server[103102]: INFO neutron.wsgi [req-4ba1091a-933e-4b16-8eb6-688d526bb81a req-629c9d6e-86ac-4b7f-8927-235a41b92888 tempest-DeleteServersTestJSON-2103369679 tempest-DeleteServersTestJSON-2103369679-project] 10.222.0.32 "GET /v2.0/ports?device_id=a8440a90-c9cc-4175-9d3f-0c34e645a610 HTTP/1.1" status: 200 len: 946 time: 0.0545368
Feb 06 13:36:32.447845 dv-cinder-817351-11-smb neutron-server[103102]: INFO neutron.wsgi [req-4ba1091a-933e-4b16-8eb6-688d526bb81a req-980bd04b-4027-4c5b-bedd-861d53f8bcb8 tempest-DeleteServersTestJSON-2103369679 tempest-DeleteServersTestJSON-2103369679-project] 10.222.0.32 "GET /v2.0/security-groups?id=190418a3-7344-470d-ad37-338528e04f60&fields=id&fields=name HTTP/1.1" status: 200 len: 286 time: 0.0562968
Feb 06 13:36:32.537302 dv-cinder-817351-11-smb neutron-server[103103]: DEBUG neutron.pecan_wsgi.hooks.policy_enforcement [req-55f42336-50d5-4bb2-9b37-9e98a6e64bd4 req-110555c6-335d-47d9-a16e-5d5ccf994062 service neutron] Attributes excluded by policy engine: ['standard_attr_id'] {{(pid=103103) _exclude_attributes_by_policy /opt/stack/neutron/neutron/pecan_wsgi/hooks/policy_enforcement.py:255}}
Feb 06 13:36:32.539096 dv-cinder-817351-11-smb neutron-server[103103]: INFO neutron.wsgi [req-55f42336-50d5-4bb2-9b37-9e98a6e64bd4 req-110555c6-335d-47d9-a16e-5d5ccf994062 service neutron] 10.222.0.37 "GET /v2.0/ports?device_id=a8440a90-c9cc-4175-9d3f-0c34e645a610 HTTP/1.1" status: 200 len: 1130 time: 0.0743964
Feb 06 13:36:32.563324 dv-cinder-817351-11-smb neutron-server[103103]: DEBUG neutron_lib.callbacks.manager [req-55f42336-50d5-4bb2-9b37-9e98a6e64bd4 req-329c7bd3-d4f8-40b7-9d9c-e34d23e03e58 service neutron] Publish callbacks [] for security_group (None), before_create {{(pid=103103) _notify_loop /usr/local/lib/python3.8/dist-packages/neutron_lib/callbacks/manager.py:176}}
Feb 06 13:36:32.638522 dv-cinder-817351-11-smb neutron-server[103103]: DEBUG neutron_lib.callbacks.manager [req-55f42336-50d5-4bb2-9b37-9e98a6e64bd4 req-329c7bd3-d4f8-40b7-9d9c-e34d23e03e58 service neutron] Publish callbacks [] for security_group (06dd8c98-94d2-437f-92a4-1c483a1f3507), precommit_create {{(pid=103103) _notify_loop /usr/local/lib/python3.8/dist-packages/neutron_lib/callbacks/manager.py:176}}
Feb 06 13:36:32.736638 dv-cinder-817351-11-smb neutron-server[103103]: DEBUG neutron_lib.callbacks.manager [req-55f42336-50d5-4bb2-9b37-9e98a6e64bd4 req-329c7bd3-d4f8-40b7-9d9c-e34d23e03e58 service neutron] Publish callbacks ['neutron.plugins.ml2.ovo_rpc._ObjectChangeHandler.handle_event-2081511'] for security_group (06dd8c98-94d2-437f-92a4-1c483a1f3507), after_create {{(pid=103103) _notify_loop /usr/local/lib/python3.8/dist-packages/neutron_lib/callbacks/manager.py:176}}
Feb 06 13:36:32.786583 dv-cinder-817351-11-smb neutron-server[103103]: INFO neutron.wsgi [req-55f42336-50d5-4bb2-9b37-9e98a6e64bd4 req-329c7bd3-d4f8-40b7-9d9c-e34d23e03e58 service neutron] 10.222.0.37 "GET /v2.0/security-groups?id=190418a3-7344-470d-ad37-338528e04f60&fields=id&fields=name HTTP/1.1" status: 200 len: 286 time: 0.2362082
Feb 06 13:36:32.796570 dv-cinder-817351-11-smb neutron-server[103103]: DEBUG neutron.api.rpc.handlers.resources_rpc [None req-329c7bd3-d4f8-40b7-9d9c-e34d23e03e58 service neutron] Pushing event updated for resources: {'SecurityGroup': ['ID=06dd8c98-94d2-437f-92a4-1c483a1f3507,revision_number=1']} {{(pid=103103) push /opt/stack/neutron/neutron/api/rpc/handlers/resources_rpc.py:237}}
Feb 06 13:36:32.812110 dv-cinder-817351-11-smb neutron-server[103103]: DEBUG neutron.pecan_wsgi.hooks.policy_enforcement [req-434e711b-5288-4cdd-b14a-3d7f7c1fd5ec req-07dbc271-b4a8-49ae-bb93-f94e455757ca tempest-AttachVolumeTestJSON-29981679 tempest-AttachVolumeTestJSON-29981679-project] Attributes excluded by policy engine: ['standard_attr_id', 'binding:profile', 'binding:host_id', 'binding:vif_type', 'binding:vif_details'] {{(pid=103103) _exclude_attributes_by_policy /opt/stack/neutron/neutron/pecan_wsgi/hooks/policy_enforcement.py:255}}
Feb 06 13:36:32.812110 dv-cinder-817351-11-smb neutron-server[103103]: INFO neutron.wsgi [req-434e711b-5288-4cdd-b14a-3d7f7c1fd5ec req-07dbc271-b4a8-49ae-bb93-f94e455757ca tempest-AttachVolumeTestJSON-29981679 tempest-AttachVolumeTestJSON-29981679-project] 10.222.0.32 "GET /v2.0/ports?device_id=c723438d-b257-4bdd-9323-3eeeff92b811 HTTP/1.1" status: 200 len: 944 time: 0.1040027
Feb 06 13:36:32.861563 dv-cinder-817351-11-smb neutron-server[103103]: INFO neutron.wsgi [req-434e711b-5288-4cdd-b14a-3d7f7c1fd5ec req-35f01506-5fa0-4d80-9931-cba3b6738c1f tempest-AttachVolumeTestJSON-29981679 tempest-AttachVolumeTestJSON-29981679-project] 10.222.0.32 "GET /v2.0/security-groups?id=fddf64fe-4c49-4655-806f-945700737dad&fields=id&fields=name HTTP/1.1" status: 200 len: 313 time: 0.0474362
Feb 06 13:36:32.939714 dv-cinder-817351-11-smb neutron-server[103102]: DEBUG neutron.pecan_wsgi.hooks.policy_enforcement [req-d9e13dd9-b0a5-4c9c-87a6-1cfc86403b35 req-9257a7db-f8c6-467f-88ae-5af926a5c764 tempest-ServerRescueNegativeTestJSON-2124321988 tempest-ServerRescueNegativeTestJSON-2124321988-project] Attributes excluded by policy engine: ['standard_attr_id', 'binding:profile', 'binding:host_id', 'binding:vif_type', 'binding:vif_details'] {{(pid=103102) _exclude_attributes_by_policy /opt/stack/neutron/neutron/pecan_wsgi/hooks/policy_enforcement.py:255}}
Feb 06 13:36:32.941249 dv-cinder-817351-11-smb neutron-server[103102]: INFO neutron.wsgi [req-d9e13dd9-b0a5-4c9c-87a6-1cfc86403b35 req-9257a7db-f8c6-467f-88ae-5af926a5c764 tempest-ServerRescueNegativeTestJSON-2124321988 tempest-ServerRescueNegativeTestJSON-2124321988-project] 10.222.0.32 "GET /v2.0/ports?device_id=a1bc89ff-cf44-403b-a0e8-7c9cdde27b11 HTTP/1.1" status: 200 len: 943 time: 0.0583193
Feb 06 13:36:32.993129 dv-cinder-817351-11-smb neutron-server[103102]: INFO neutron.wsgi [req-d9e13dd9-b0a5-4c9c-87a6-1cfc86403b35 req-ce8967cd-e008-4739-a452-8c7a629f1e60 tempest-ServerRescueNegativeTestJSON-2124321988 tempest-ServerRescueNegativeTestJSON-2124321988-project] 10.222.0.32 "GET /v2.0/security-groups?id=f5f6aaa5-6a02-49de-8f16-46ed6c737fd4&fields=id&fields=name HTTP/1.1" status: 200 len: 286 time: 0.0455959
Feb 06 13:36:33.035392 dv-cinder-817351-11-smb neutron-server[103102]: DEBUG neutron.wsgi [-] (103102) accepted ('10.222.0.32', 39286) {{(pid=103102) server /usr/local/lib/python3.8/dist-packages/eventlet/wsgi.py:1004}}
Feb 06 13:36:33.048888 dv-cinder-817351-11-smb neutron-server[103102]: DEBUG neutron_lib.callbacks.manager [None req-2321375d-7f7c-4464-8d38-5bdc44d2aeb1 admin admin] Publish callbacks [] for security_group (None), before_create {{(pid=103102) _notify_loop /usr/local/lib/python3.8/dist-packages/neutron_lib/callbacks/manager.py:176}}
Feb 06 13:36:33.122565 dv-cinder-817351-11-smb neutron-server[103102]: DEBUG neutron_lib.callbacks.manager [None req-2321375d-7f7c-4464-8d38-5bdc44d2aeb1 admin admin] Publish callbacks [] for security_group (79837a8a-2954-4297-ba13-b07f45059a7d), precommit_create {{(pid=103102) _notify_loop /usr/local/lib/python3.8/dist-packages/neutron_lib/callbacks/manager.py:176}}
Feb 06 13:36:33.250235 dv-cinder-817351-11-smb neutron-server[103102]: DEBUG neutron_lib.callbacks.manager [None req-2321375d-7f7c-4464-8d38-5bdc44d2aeb1 admin admin] Publish callbacks ['neutron.plugins.ml2.ovo_rpc._ObjectChangeHandler.handle_event-2081511'] for security_group (79837a8a-2954-4297-ba13-b07f45059a7d), after_create {{(pid=103102) _notify_loop /usr/local/lib/python3.8/dist-packages/neutron_lib/callbacks/manager.py:176}}
Feb 06 13:36:33.290431 dv-cinder-817351-11-smb neutron-server[103102]: DEBUG neutron.api.rpc.handlers.resources_rpc [None req-2321375d-7f7c-4464-8d38-5bdc44d2aeb1 admin admin] Pushing event updated for resources: {'SecurityGroup': ['ID=79837a8a-2954-4297-ba13-b07f45059a7d,revision_number=1']} {{(pid=103102) push /opt/stack/neutron/neutron/api/rpc/handlers/resources_rpc.py:237}}
Feb 06 13:36:33.294783 dv-cinder-817351-11-smb neutron-server[103102]: INFO neutron.wsgi [None req-2321375d-7f7c-4464-8d38-5bdc44d2aeb1 admin admin] 10.222.0.32 "GET /v2.0/security-groups?tenant_id=96288485eb2540c2bdbbbf4f8e627367&name=default HTTP/1.1" status: 200 len: 2996 time: 0.2582598
Feb 06 13:36:33.298763 dv-cinder-817351-11-smb neutron-server[103102]: DEBUG neutron.wsgi [-] (103102) accepted ('10.222.0.32', 39294) {{(pid=103102) server /usr/local/lib/python3.8/dist-packages/eventlet/wsgi.py:1004}}
Feb 06 13:36:33.322899 dv-cinder-817351-11-smb neutron-server[103104]: DEBUG neutron.plugins.ml2.rpc [None req-20cbe2d7-19e5-458d-aca5-d0dbf75c08e4 None None] Device a13bb5d7-35b2-45fb-ac35-563bcf51786b details requested by agent hyperv_hv-cinder-81735 with host hv-cinder-81735 {{(pid=103104) get_device_details /opt/stack/neutron/neutron/plugins/ml2/rpc.py:102}}
Feb 06 13:36:33.354524 dv-cinder-817351-11-smb neutron-server[103102]: DEBUG neutron_lib.callbacks.manager [None req-bff790bc-d9cb-406b-9925-1562245178f3 admin admin] Publish callbacks [] for security_group (79837a8a-2954-4297-ba13-b07f45059a7d), before_delete {{(pid=103102) _notify_loop /usr/local/lib/python3.8/dist-packages/neutron_lib/callbacks/manager.py:176}}
Feb 06 13:36:33.364318 dv-cinder-817351-11-smb neutron-server[103104]: DEBUG neutron.plugins.ml2.rpc [None req-20cbe2d7-19e5-458d-aca5-d0dbf75c08e4 None None] Device c4a6ecb7-0b7f-4672-9f64-6dec13c0eb4f up at agent hyperv_hv-cinder-81735 {{(pid=103104) update_device_up /opt/stack/neutron/neutron/plugins/ml2/rpc.py:296}}
Feb 06 13:36:33.391622 dv-cinder-817351-11-smb neutron-server[103102]: DEBUG neutron_lib.callbacks.manager [None req-bff790bc-d9cb-406b-9925-1562245178f3 admin admin] Publish callbacks [] for security_group (79837a8a-2954-4297-ba13-b07f45059a7d), precommit_delete {{(pid=103102) _notify_loop /usr/local/lib/python3.8/dist-packages/neutron_lib/callbacks/manager.py:176}}
Feb 06 13:36:33.463377 dv-cinder-817351-11-smb neutron-server[103103]: DEBUG neutron.pecan_wsgi.hooks.policy_enforcement [req-4b7c9d39-a26b-43f5-a307-4e9d7a537b07 req-da4fc13f-98aa-4fb1-a877-bc3424eaabea tempest-AttachVolumeShelveTestJSON-331635762 tempest-AttachVolumeShelveTestJSON-331635762-project] Attributes excluded by policy engine: ['standard_attr_id', 'binding:profile', 'binding:host_id', 'binding:vif_type', 'binding:vif_details'] {{(pid=103103) _exclude_attributes_by_policy /opt/stack/neutron/neutron/pecan_wsgi/hooks/policy_enforcement.py:255}}
Feb 06 13:36:33.463377 dv-cinder-817351-11-smb neutron-server[103103]: INFO neutron.wsgi [req-4b7c9d39-a26b-43f5-a307-4e9d7a537b07 req-da4fc13f-98aa-4fb1-a877-bc3424eaabea tempest-AttachVolumeShelveTestJSON-331635762 tempest-AttachVolumeShelveTestJSON-331635762-project] 10.222.0.32 "GET /v2.0/ports?device_id=249528a5-cf76-4179-b589-34ce10b4538c HTTP/1.1" status: 200 len: 943 time: 0.0920746
Feb 06 13:36:33.532167 dv-cinder-817351-11-smb neutron-server[103103]: INFO neutron.wsgi [req-4b7c9d39-a26b-43f5-a307-4e9d7a537b07 req-e7a75971-2c1b-4782-bd59-4e698e19cad5 tempest-AttachVolumeShelveTestJSON-331635762 tempest-AttachVolumeShelveTestJSON-331635762-project] 10.222.0.32 "GET /v2.0/security-groups?id=54dbcf65-aba0-411f-931f-361ffadccba0&fields=id&fields=name HTTP/1.1" status: 200 len: 312 time: 0.0583649
Feb 06 13:36:33.534082 dv-cinder-817351-11-smb neutron-server[103104]: DEBUG neutron.plugins.ml2.db [None req-20cbe2d7-19e5-458d-aca5-d0dbf75c08e4 None None] For port a13bb5d7-35b2-45fb-ac35-563bcf51786b, host hv-cinder-81735, got binding levels [PortBindingLevel(driver='hyperv',host='hv-cinder-81735',level=0,port_id=a13bb5d7-35b2-45fb-ac35-563bcf51786b,segment=NetworkSegment(5895c57f-6c91-4518-b252-a28de9bf786a),segment_id=5895c57f-6c91-4518-b252-a28de9bf786a)] {{(pid=103104) get_binding_level_objs /opt/stack/neutron/neutron/plugins/ml2/db.py:74}}
Feb 06 13:36:33.546763 dv-cinder-817351-11-smb neutron-server[103104]: DEBUG neutron.plugins.ml2.rpc [None req-20cbe2d7-19e5-458d-aca5-d0dbf75c08e4 None None] Returning: {'device': 'a13bb5d7-35b2-45fb-ac35-563bcf51786b', 'network_id': '4c984c63-9da4-42d9-b555-2e7edd3e890c', 'port_id': 'a13bb5d7-35b2-45fb-ac35-563bcf51786b', 'mac_address': 'fa:16:3e:0e:12:33', 'admin_state_up': True, 'network_type': 'vlan', 'segmentation_id': 86, 'physical_network': 'physnet1', 'mtu': 1500, 'fixed_ips': [{'subnet_id': 'dd88daf9-f1eb-4557-8ea1-8a43354183f1', 'ip_address': '172.20.0.2'}], 'device_owner': 'compute:nova', 'allowed_address_pairs': [], 'port_security_enabled': True, 'qos_policy_id': None, 'network_qos_policy_id': None, 'profile': {}, 'propagate_uplink_status': False} {{(pid=103104) _get_device_details /opt/stack/neutron/neutron/plugins/ml2/rpc.py:184}}
Feb 06 13:36:33.581187 dv-cinder-817351-11-smb neutron-server[103102]: DEBUG neutron.pecan_wsgi.hooks.policy_enforcement [req-bd14c5ed-0cfd-4275-a49b-ad955c12dddd req-17e86a46-e048-4b5f-aa08-47a2a4cedbf5 tempest-DeleteServersTestJSON-2103369679 tempest-DeleteServersTestJSON-2103369679-project] Attributes excluded by policy engine: ['standard_attr_id', 'binding:profile', 'binding:host_id', 'binding:vif_type', 'binding:vif_details'] {{(pid=103102) _exclude_attributes_by_policy /opt/stack/neutron/neutron/pecan_wsgi/hooks/policy_enforcement.py:255}}
Feb 06 13:36:33.582867 dv-cinder-817351-11-smb neutron-server[103102]: INFO neutron.wsgi [req-bd14c5ed-0cfd-4275-a49b-ad955c12dddd req-17e86a46-e048-4b5f-aa08-47a2a4cedbf5 tempest-DeleteServersTestJSON-2103369679 tempest-DeleteServersTestJSON-2103369679-project] 10.222.0.32 "GET /v2.0/ports?device_id=a8440a90-c9cc-4175-9d3f-0c34e645a610 HTTP/1.1" status: 200 len: 946 time: 0.0530047
Feb 06 13:36:33.587125 dv-cinder-817351-11-smb neutron-server[103104]: DEBUG neutron.plugins.ml2.plugin [None req-20cbe2d7-19e5-458d-aca5-d0dbf75c08e4 None None] Current status of the port a13bb5d7-35b2-45fb-ac35-563bcf51786b is: DOWN; New status is: BUILD {{(pid=103104) _update_individual_port_db_status /opt/stack/neutron/neutron/plugins/ml2/plugin.py:2238}}
Feb 06 13:36:33.590807 dv-cinder-817351-11-smb neutron-server[103104]: DEBUG neutron_lib.callbacks.manager [None req-20cbe2d7-19e5-458d-aca5-d0dbf75c08e4 None None] Publish callbacks ['neutron.plugins.ml2.plugin.SecurityGroupDbMixin._ensure_default_security_group_handler-988809'] for port (a13bb5d7-35b2-45fb-ac35-563bcf51786b), before_update {{(pid=103104) _notify_loop /usr/local/lib/python3.8/dist-packages/neutron_lib/callbacks/manager.py:176}}
Feb 06 13:36:33.600361 dv-cinder-817351-11-smb neutron-server[103104]: DEBUG neutron.notifiers.nova [None req-20cbe2d7-19e5-458d-aca5-d0dbf75c08e4 None None] Ignoring state change previous_port_status: DOWN current_port_status: BUILD port_id a13bb5d7-35b2-45fb-ac35-563bcf51786b {{(pid=103104) record_port_status_changed /opt/stack/neutron/neutron/notifiers/nova.py:228}}
Feb 06 13:36:33.614815 dv-cinder-817351-11-smb neutron-server[103102]: DEBUG neutron_lib.callbacks.manager [None req-bff790bc-d9cb-406b-9925-1562245178f3 admin admin] Publish callbacks ['neutron.plugins.ml2.ovo_rpc._ObjectChangeHandler.handle_event-2081511'] for security_group (79837a8a-2954-4297-ba13-b07f45059a7d), after_delete {{(pid=103102) _notify_loop /usr/local/lib/python3.8/dist-packages/neutron_lib/callbacks/manager.py:176}}
Feb 06 13:36:33.618364 dv-cinder-817351-11-smb neutron-server[103102]: DEBUG neutron_lib.callbacks.manager [None req-bff790bc-d9cb-406b-9925-1562245178f3 admin admin] Publish callbacks [] for security_group (None), before_response {{(pid=103102) _notify_loop /usr/local/lib/python3.8/dist-packages/neutron_lib/callbacks/manager.py:176}}
Feb 06 13:36:33.619523 dv-cinder-817351-11-smb neutron-server[103102]: INFO neutron.wsgi [None req-bff790bc-d9cb-406b-9925-1562245178f3 admin admin] 10.222.0.32 "DELETE /v2.0/security-groups/79837a8a-2954-4297-ba13-b07f45059a7d HTTP/1.1" status: 204 len: 168 time: 0.3199203
Feb 06 13:36:33.625295 dv-cinder-817351-11-smb neutron-server[103104]: DEBUG neutron.plugins.ml2.db [None req-20cbe2d7-19e5-458d-aca5-d0dbf75c08e4 None None] For port a13bb5d7-35b2-45fb-ac35-563bcf51786b, host hv-cinder-81735, got binding levels [PortBindingLevel(driver='hyperv',host='hv-cinder-81735',level=0,port_id=a13bb5d7-35b2-45fb-ac35-563bcf51786b,segment=NetworkSegment(5895c57f-6c91-4518-b252-a28de9bf786a),segment_id=5895c57f-6c91-4518-b252-a28de9bf786a)] {{(pid=103104) get_binding_level_objs /opt/stack/neutron/neutron/plugins/ml2/db.py:74}}
Feb 06 13:36:33.638839 dv-cinder-817351-11-smb neutron-server[103102]: DEBUG neutron.api.rpc.handlers.resources_rpc [None req-bff790bc-d9cb-406b-9925-1562245178f3 admin admin] Pushing event deleted for resources: {'SecurityGroup': ['ID=79837a8a-2954-4297-ba13-b07f45059a7d,revision_number=None']} {{(pid=103102) push /opt/stack/neutron/neutron/api/rpc/handlers/resources_rpc.py:237}}
Feb 06 13:36:33.644802 dv-cinder-817351-11-smb neutron-server[103102]: INFO neutron.wsgi [req-bd14c5ed-0cfd-4275-a49b-ad955c12dddd req-e4baf861-6413-4a6f-b63e-b93000cf5171 tempest-DeleteServersTestJSON-2103369679 tempest-DeleteServersTestJSON-2103369679-project] 10.222.0.32 "GET /v2.0/security-groups?id=190418a3-7344-470d-ad37-338528e04f60&fields=id&fields=name HTTP/1.1" status: 200 len: 286 time: 0.0552692
Feb 06 13:36:33.683746 dv-cinder-817351-11-smb neutron-server[103104]: DEBUG neutron.db.provisioning_blocks [None req-20cbe2d7-19e5-458d-aca5-d0dbf75c08e4 None None] Provisioning for port c4a6ecb7-0b7f-4672-9f64-6dec13c0eb4f completed by entity L2. {{(pid=103104) provisioning_complete /opt/stack/neutron/neutron/db/provisioning_blocks.py:133}}
Feb 06 13:36:33.693507 dv-cinder-817351-11-smb neutron-server[103104]: DEBUG neutron.db.provisioning_blocks [None req-20cbe2d7-19e5-458d-aca5-d0dbf75c08e4 None None] Provisioning complete for port c4a6ecb7-0b7f-4672-9f64-6dec13c0eb4f triggered by entity L2. {{(pid=103104) provisioning_complete /opt/stack/neutron/neutron/db/provisioning_blocks.py:139}}
Feb 06 13:36:33.733474 dv-cinder-817351-11-smb neutron-server[103104]: DEBUG neutron_lib.callbacks.manager [None req-20cbe2d7-19e5-458d-aca5-d0dbf75c08e4 None None] Publish callbacks ['neutron.plugins.ml2.plugin.Ml2Plugin._port_provisioned-1015006'] for port (c4a6ecb7-0b7f-4672-9f64-6dec13c0eb4f), provisioning_complete {{(pid=103104) _notify_loop /usr/local/lib/python3.8/dist-packages/neutron_lib/callbacks/manager.py:176}}
Feb 06 13:36:33.774310 dv-cinder-817351-11-smb neutron-server[103104]: DEBUG neutron_lib.callbacks.manager [None req-20cbe2d7-19e5-458d-aca5-d0dbf75c08e4 None None] Publish callbacks ['neutron.plugins.ml2.plugin.SecurityGroupServerNotifierRpcMixin._notify_sg_on_port_change-988709', 'neutron.plugins.ml2.ovo_rpc._ObjectChangeHandler.handle_event-469535', 'neutron.api.rpc.agentnotifiers.dhcp_rpc_agent_api.DhcpAgentNotifyAPI._native_event_send_dhcp_notification-1631120', 'neutron.db.l3_db.L3RpcNotifierMixin._notify_gateway_port_ip_changed-8730214205453', 'neutron.db.l3_dvrscheduler_db._notify_l3_agent_port_update-8730213865692', 'neutron.db.l3_hascheduler_db._notify_l3_agent_ha_port_update-8730213865710'] for port (a13bb5d7-35b2-45fb-ac35-563bcf51786b), after_update {{(pid=103104) _notify_loop /usr/local/lib/python3.8/dist-packages/neutron_lib/callbacks/manager.py:176}}
Feb 06 13:36:33.775482 dv-cinder-817351-11-smb neutron-server[103104]: DEBUG neutron.plugins.ml2.plugin [None req-20cbe2d7-19e5-458d-aca5-d0dbf75c08e4 None None] Current status of the port c4a6ecb7-0b7f-4672-9f64-6dec13c0eb4f is: BUILD; New status is: ACTIVE {{(pid=103104) _update_individual_port_db_status /opt/stack/neutron/neutron/plugins/ml2/plugin.py:2238}}
Feb 06 13:36:33.775861 dv-cinder-817351-11-smb neutron-server[103104]: DEBUG neutron_lib.callbacks.manager [None req-20cbe2d7-19e5-458d-aca5-d0dbf75c08e4 None None] Publish callbacks ['neutron.plugins.ml2.plugin.SecurityGroupDbMixin._ensure_default_security_group_handler-988809'] for port (c4a6ecb7-0b7f-4672-9f64-6dec13c0eb4f), before_update {{(pid=103104) _notify_loop /usr/local/lib/python3.8/dist-packages/neutron_lib/callbacks/manager.py:176}}
Feb 06 13:36:33.954048 dv-cinder-817351-11-smb neutron-server[103105]: DEBUG neutron.db.agents_db [None req-6045b1f5-28e8-4371-82b2-dee8a3d9a8e4 None None] Agent healthcheck: found 6 active agents {{(pid=103105) agent_health_check /opt/stack/neutron/neutron/db/agents_db.py:317}}
Feb 06 13:36:33.958996 dv-cinder-817351-11-smb neutron-server[103104]: DEBUG neutron.plugins.ml2.db [None req-20cbe2d7-19e5-458d-aca5-d0dbf75c08e4 None None] For port c4a6ecb7-0b7f-4672-9f64-6dec13c0eb4f, host hv-cinder-81735, got binding levels [PortBindingLevel(driver='hyperv',host='hv-cinder-81735',level=0,port_id=c4a6ecb7-0b7f-4672-9f64-6dec13c0eb4f,segment=NetworkSegment(5895c57f-6c91-4518-b252-a28de9bf786a),segment_id=5895c57f-6c91-4518-b252-a28de9bf786a)] {{(pid=103104) get_binding_level_objs /opt/stack/neutron/neutron/plugins/ml2/db.py:74}}
Feb 06 13:36:33.960363 dv-cinder-817351-11-smb neutron-server[103104]: DEBUG neutron.api.rpc.handlers.resources_rpc [None req-20cbe2d7-19e5-458d-aca5-d0dbf75c08e4 None None] Pushing event updated for resources: {'Port': ['ID=a13bb5d7-35b2-45fb-ac35-563bcf51786b,revision_number=4']} {{(pid=103104) push /opt/stack/neutron/neutron/api/rpc/handlers/resources_rpc.py:237}}
Feb 06 13:36:33.990765 dv-cinder-817351-11-smb neutron-server[103103]: DEBUG neutron.pecan_wsgi.hooks.policy_enforcement [req-637d1bfe-3a10-49ab-8077-ccb3258adf5e req-11a60b0d-7789-4c3a-943b-bff4ccb18963 tempest-AttachVolumeTestJSON-29981679 tempest-AttachVolumeTestJSON-29981679-project] Attributes excluded by policy engine: ['standard_attr_id', 'binding:profile', 'binding:host_id', 'binding:vif_type', 'binding:vif_details'] {{(pid=103103) _exclude_attributes_by_policy /opt/stack/neutron/neutron/pecan_wsgi/hooks/policy_enforcement.py:255}}
Feb 06 13:36:33.992427 dv-cinder-817351-11-smb neutron-server[103103]: INFO neutron.wsgi [req-637d1bfe-3a10-49ab-8077-ccb3258adf5e req-11a60b0d-7789-4c3a-943b-bff4ccb18963 tempest-AttachVolumeTestJSON-29981679 tempest-AttachVolumeTestJSON-29981679-project] 10.222.0.32 "GET /v2.0/ports?device_id=c723438d-b257-4bdd-9323-3eeeff92b811 HTTP/1.1" status: 200 len: 944 time: 0.0570529
Feb 06 13:36:34.007324 dv-cinder-817351-11-smb neutron-server[103104]: DEBUG neutron.notifiers.nova [-] Sending events: [{'server_uuid': 'a4370e26-9c7a-4cc9-963b-96f0102fe8f9', 'name': 'network-vif-plugged', 'status': 'completed', 'tag': 'c4a6ecb7-0b7f-4672-9f64-6dec13c0eb4f'}] {{(pid=103104) send_events /opt/stack/neutron/neutron/notifiers/nova.py:266}}
Feb 06 13:36:34.010315 dv-cinder-817351-11-smb neutron-server[103104]: DEBUG novaclient.v2.client [-] REQ: curl -g -i --cacert "/opt/stack/data/ca-bundle.pem" -X POST http://10.222.0.32/compute/v2.1/os-server-external-events -H "Accept: application/json" -H "Content-Type: application/json" -H "User-Agent: python-novaclient" -H "X-Auth-Token: {SHA256}e3b2fe33bbabb1950350333113bc6480a67b4c6a685239a51c00481769b6700e" -H "X-OpenStack-Nova-API-Version: 2.1" -H "X-OpenStack-Request-ID: req-f0092819-1f8a-4877-9f3d-cd87ded608b3" -d '{"events": [{"server_uuid": "a4370e26-9c7a-4cc9-963b-96f0102fe8f9", "name": "network-vif-plugged", "status": "completed", "tag": "c4a6ecb7-0b7f-4672-9f64-6dec13c0eb4f"}]}' {{(pid=103104) _http_log_request /usr/local/lib/python3.8/dist-packages/keystoneauth1/session.py:519}}
Feb 06 13:36:34.040486 dv-cinder-817351-11-smb neutron-server[103103]: INFO neutron.wsgi [req-637d1bfe-3a10-49ab-8077-ccb3258adf5e req-6cac3ef4-6b16-445f-ba8d-2dbbed07d2c6 tempest-AttachVolumeTestJSON-29981679 tempest-AttachVolumeTestJSON-29981679-project] 10.222.0.32 "GET /v2.0/security-groups?id=fddf64fe-4c49-4655-806f-945700737dad&fields=id&fields=name HTTP/1.1" status: 200 len: 313 time: 0.0424283
Feb 06 13:36:34.048437 dv-cinder-817351-11-smb neutron-server[103104]: DEBUG novaclient.v2.client [-] RESP: [200] Connection: close Content-Length: 183 Content-Type: application/json Date: Sun, 06 Feb 2022 13:36:34 GMT OpenStack-API-Version: compute 2.1 Server: Apache/2.4.41 (Ubuntu) Vary: OpenStack-API-Version,X-OpenStack-Nova-API-Version X-OpenStack-Nova-API-Version: 2.1 x-compute-request-id: req-69799479-9a19-4149-8395-07d717f6a686 x-openstack-request-id: req-69799479-9a19-4149-8395-07d717f6a686 {{(pid=103104) _http_log_response /usr/local/lib/python3.8/dist-packages/keystoneauth1/session.py:550}}
Feb 06 13:36:34.048763 dv-cinder-817351-11-smb neutron-server[103104]: DEBUG novaclient.v2.client [-] RESP BODY: {"events": [{"server_uuid": "a4370e26-9c7a-4cc9-963b-96f0102fe8f9", "name": "network-vif-plugged", "status": "completed", "tag": "c4a6ecb7-0b7f-4672-9f64-6dec13c0eb4f", "code": 200}]} {{(pid=103104) _http_log_response /usr/local/lib/python3.8/dist-packages/keystoneauth1/session.py:582}}
Feb 06 13:36:34.049022 dv-cinder-817351-11-smb neutron-server[103104]: DEBUG novaclient.v2.client [-] POST call to compute for http://10.222.0.32/compute/v2.1/os-server-external-events used request id req-69799479-9a19-4149-8395-07d717f6a686 {{(pid=103104) request /usr/local/lib/python3.8/dist-packages/keystoneauth1/session.py:954}}
Feb 06 13:36:34.049430 dv-cinder-817351-11-smb neutron-server[103104]: INFO neutron.notifiers.nova [-] Nova event response: {'server_uuid': 'a4370e26-9c7a-4cc9-963b-96f0102fe8f9', 'name': 'network-vif-plugged', 'status': 'completed', 'tag': 'c4a6ecb7-0b7f-4672-9f64-6dec13c0eb4f', 'code': 200}
Feb 06 13:36:34.068733 dv-cinder-817351-11-smb neutron-server[103104]: DEBUG neutron_lib.callbacks.manager [None req-20cbe2d7-19e5-458d-aca5-d0dbf75c08e4 None None] Publish callbacks ['neutron.plugins.ml2.plugin.SecurityGroupServerNotifierRpcMixin._notify_sg_on_port_change-988709', 'neutron.plugins.ml2.ovo_rpc._ObjectChangeHandler.handle_event-469535', 'neutron.api.rpc.agentnotifiers.dhcp_rpc_agent_api.DhcpAgentNotifyAPI._native_event_send_dhcp_notification-1631120', 'neutron.db.l3_db.L3RpcNotifierMixin._notify_gateway_port_ip_changed-8730214205453', 'neutron.db.l3_dvrscheduler_db._notify_l3_agent_port_update-8730213865692', 'neutron.db.l3_hascheduler_db._notify_l3_agent_ha_port_update-8730213865710'] for port (c4a6ecb7-0b7f-4672-9f64-6dec13c0eb4f), after_update {{(pid=103104) _notify_loop /usr/local/lib/python3.8/dist-packages/neutron_lib/callbacks/manager.py:176}}
Feb 06 13:36:34.138862 dv-cinder-817351-11-smb neutron-server[103104]: DEBUG neutron.api.rpc.handlers.resources_rpc [None req-20cbe2d7-19e5-458d-aca5-d0dbf75c08e4 None None] Pushing event updated for resources: {'Port': ['ID=c4a6ecb7-0b7f-4672-9f64-6dec13c0eb4f,revision_number=5']} {{(pid=103104) push /opt/stack/neutron/neutron/api/rpc/handlers/resources_rpc.py:237}}
Feb 06 13:36:34.154717 dv-cinder-817351-11-smb neutron-server[103102]: DEBUG neutron.pecan_wsgi.hooks.policy_enforcement [req-0b282d62-4201-4654-8311-40d4fedee396 req-92950a6d-35be-4fcf-a08c-66ecefb50878 tempest-ServerRescueNegativeTestJSON-2124321988 tempest-ServerRescueNegativeTestJSON-2124321988-project] Attributes excluded by policy engine: ['standard_attr_id', 'binding:profile', 'binding:host_id', 'binding:vif_type', 'binding:vif_details'] {{(pid=103102) _exclude_attributes_by_policy /opt/stack/neutron/neutron/pecan_wsgi/hooks/policy_enforcement.py:255}}
Feb 06 13:36:34.156332 dv-cinder-817351-11-smb neutron-server[103102]: INFO neutron.wsgi [req-0b282d62-4201-4654-8311-40d4fedee396 req-92950a6d-35be-4fcf-a08c-66ecefb50878 tempest-ServerRescueNegativeTestJSON-2124321988 tempest-ServerRescueNegativeTestJSON-2124321988-project] 10.222.0.32 "GET /v2.0/ports?device_id=a1bc89ff-cf44-403b-a0e8-7c9cdde27b11 HTTP/1.1" status: 200 len: 944 time: 0.0599153
Feb 06 13:36:34.206030 dv-cinder-817351-11-smb neutron-server[103102]: INFO neutron.wsgi [req-0b282d62-4201-4654-8311-40d4fedee396 req-623231eb-d211-4d39-8047-767359680d55 tempest-ServerRescueNegativeTestJSON-2124321988 tempest-ServerRescueNegativeTestJSON-2124321988-project] 10.222.0.32 "GET /v2.0/security-groups?id=f5f6aaa5-6a02-49de-8f16-46ed6c737fd4&fields=id&fields=name HTTP/1.1" status: 200 len: 286 time: 0.0439684
Feb 06 13:36:34.358295 dv-cinder-817351-11-smb neutron-server[103104]: DEBUG neutron.plugins.ml2.db [None req-20cbe2d7-19e5-458d-aca5-d0dbf75c08e4 None None] get_ports_and_sgs() called for port_ids ['a13bb5d7-35b2-45fb-ac35-563bcf51786b'] {{(pid=103104) get_ports_and_sgs /opt/stack/neutron/neutron/plugins/ml2/db.py:156}}
Feb 06 13:36:34.409799 dv-cinder-817351-11-smb neutron-server[103102]: DEBUG neutron.wsgi [-] (103102) accepted ('10.222.0.32', 39330) {{(pid=103102) server /usr/local/lib/python3.8/dist-packages/eventlet/wsgi.py:1004}}
Feb 06 13:36:34.432202 dv-cinder-817351-11-smb neutron-server[103103]: DEBUG neutron.pecan_wsgi.hooks.policy_enforcement [req-945a1af7-c89a-4959-befe-da067e3ed5f1 req-f017ee0b-8671-4b6e-8aff-b65f4d58b5b8 service neutron] Attributes excluded by policy engine: ['standard_attr_id'] {{(pid=103103) _exclude_attributes_by_policy /opt/stack/neutron/neutron/pecan_wsgi/hooks/policy_enforcement.py:255}}
Feb 06 13:36:34.433867 dv-cinder-817351-11-smb neutron-server[103103]: INFO neutron.wsgi [req-945a1af7-c89a-4959-befe-da067e3ed5f1 req-f017ee0b-8671-4b6e-8aff-b65f4d58b5b8 service neutron] 10.222.0.37 "GET /v2.0/ports?device_id=a4370e26-9c7a-4cc9-963b-96f0102fe8f9 HTTP/1.1" status: 200 len: 1129 time: 0.0520699
Feb 06 13:36:34.530068 dv-cinder-817351-11-smb neutron-server[103103]: INFO neutron.wsgi [req-945a1af7-c89a-4959-befe-da067e3ed5f1 req-9dbe1862-cc38-4866-9df2-1be624a25853 service neutron] 10.222.0.37 "GET /v2.0/security-groups?id=f5f6aaa5-6a02-49de-8f16-46ed6c737fd4&fields=id&fields=name HTTP/1.1" status: 200 len: 286 time: 0.0412869
Feb 06 13:36:34.557378 dv-cinder-817351-11-smb neutron-server[103102]: DEBUG neutron_lib.callbacks.manager [None req-9d26c809-dc5e-4e7e-894d-8a3407582bd8 admin admin] Publish callbacks [] for security_group (None), before_create {{(pid=103102) _notify_loop /usr/local/lib/python3.8/dist-packages/neutron_lib/callbacks/manager.py:176}}
Feb 06 13:36:34.642823 dv-cinder-817351-11-smb neutron-server[103102]: DEBUG neutron_lib.callbacks.manager [None req-9d26c809-dc5e-4e7e-894d-8a3407582bd8 admin admin] Publish callbacks [] for security_group (f17be30e-c0a8-4393-ae76-2044ab8b8b93), precommit_create {{(pid=103102) _notify_loop /usr/local/lib/python3.8/dist-packages/neutron_lib/callbacks/manager.py:176}}
Feb 06 13:36:34.682814 dv-cinder-817351-11-smb neutron-server[103103]: DEBUG neutron.pecan_wsgi.hooks.policy_enforcement [req-26d57f2f-4bd5-436c-8214-2f413e151ced req-1e22787a-052d-4df6-917e-e1cd040bf317 tempest-AttachVolumeShelveTestJSON-331635762 tempest-AttachVolumeShelveTestJSON-331635762-project] Attributes excluded by policy engine: ['standard_attr_id', 'binding:profile', 'binding:host_id', 'binding:vif_type', 'binding:vif_details'] {{(pid=103103) _exclude_attributes_by_policy /opt/stack/neutron/neutron/pecan_wsgi/hooks/policy_enforcement.py:255}}
Feb 06 13:36:34.689920 dv-cinder-817351-11-smb neutron-server[103103]: INFO neutron.wsgi [req-26d57f2f-4bd5-436c-8214-2f413e151ced req-1e22787a-052d-4df6-917e-e1cd040bf317 tempest-AttachVolumeShelveTestJSON-331635762 tempest-AttachVolumeShelveTestJSON-331635762-project] 10.222.0.32 "GET /v2.0/ports?device_id=249528a5-cf76-4179-b589-34ce10b4538c HTTP/1.1" status: 200 len: 943 time: 0.0705323
Feb 06 13:36:34.730957 dv-cinder-817351-11-smb neutron-server[103102]: DEBUG neutron_lib.callbacks.manager [None req-9d26c809-dc5e-4e7e-894d-8a3407582bd8 admin admin] Publish callbacks ['neutron.plugins.ml2.ovo_rpc._ObjectChangeHandler.handle_event-2081511'] for security_group (f17be30e-c0a8-4393-ae76-2044ab8b8b93), after_create {{(pid=103102) _notify_loop /usr/local/lib/python3.8/dist-packages/neutron_lib/callbacks/manager.py:176}}
Feb 06 13:36:34.740136 dv-cinder-817351-11-smb neutron-server[103103]: INFO neutron.wsgi [req-26d57f2f-4bd5-436c-8214-2f413e151ced req-ca90dd67-0dfb-4f16-bf09-fc7e0ae663cd tempest-AttachVolumeShelveTestJSON-331635762 tempest-AttachVolumeShelveTestJSON-331635762-project] 10.222.0.32 "GET /v2.0/security-groups?id=54dbcf65-aba0-411f-931f-361ffadccba0&fields=id&fields=name HTTP/1.1" status: 200 len: 312 time: 0.0493507
Feb 06 13:36:34.798441 dv-cinder-817351-11-smb neutron-server[103102]: INFO neutron.wsgi [None req-9d26c809-dc5e-4e7e-894d-8a3407582bd8 admin admin] 10.222.0.32 "GET /v2.0/security-groups?tenant_id=1062256bb4be4cb3ba11a278309b37f7&name=default HTTP/1.1" status: 200 len: 2996 time: 0.3876333
Feb 06 13:36:34.799121 dv-cinder-817351-11-smb neutron-server[103102]: DEBUG neutron.api.rpc.handlers.resources_rpc [None req-9d26c809-dc5e-4e7e-894d-8a3407582bd8 admin admin] Pushing event updated for resources: {'SecurityGroup': ['ID=f17be30e-c0a8-4393-ae76-2044ab8b8b93,revision_number=1']} {{(pid=103102) push /opt/stack/neutron/neutron/api/rpc/handlers/resources_rpc.py:237}}
Feb 06 13:36:34.801260 dv-cinder-817351-11-smb neutron-server[103103]: DEBUG neutron.wsgi [-] (103103) accepted ('10.222.0.32', 39352) {{(pid=103103) server /usr/local/lib/python3.8/dist-packages/eventlet/wsgi.py:1004}}
Feb 06 13:36:34.834678 dv-cinder-817351-11-smb neutron-server[103102]: DEBUG neutron.pecan_wsgi.hooks.policy_enforcement [req-9ca805e9-4a0b-4d88-9616-1ff98992025a req-d2ad8d54-6ee1-4b65-b6fd-09e0761c9849 tempest-DeleteServersTestJSON-2103369679 tempest-DeleteServersTestJSON-2103369679-project] Attributes excluded by policy engine: ['standard_attr_id', 'binding:profile', 'binding:host_id', 'binding:vif_type', 'binding:vif_details'] {{(pid=103102) _exclude_attributes_by_policy /opt/stack/neutron/neutron/pecan_wsgi/hooks/policy_enforcement.py:255}}
Feb 06 13:36:34.836735 dv-cinder-817351-11-smb neutron-server[103102]: INFO neutron.wsgi [req-9ca805e9-4a0b-4d88-9616-1ff98992025a req-d2ad8d54-6ee1-4b65-b6fd-09e0761c9849 tempest-DeleteServersTestJSON-2103369679 tempest-DeleteServersTestJSON-2103369679-project] 10.222.0.32 "GET /v2.0/ports?device_id=a8440a90-c9cc-4175-9d3f-0c34e645a610 HTTP/1.1" status: 200 len: 946 time: 0.1003895
Feb 06 13:36:34.862293 dv-cinder-817351-11-smb neutron-server[103103]: DEBUG neutron_lib.callbacks.manager [None req-2aa7632d-c7a6-4ed9-9d81-5bef06ae1e79 admin admin] Publish callbacks [] for security_group (f17be30e-c0a8-4393-ae76-2044ab8b8b93), before_delete {{(pid=103103) _notify_loop /usr/local/lib/python3.8/dist-packages/neutron_lib/callbacks/manager.py:176}}
Feb 06 13:36:34.890891 dv-cinder-817351-11-smb neutron-server[103103]: DEBUG neutron_lib.callbacks.manager [None req-2aa7632d-c7a6-4ed9-9d81-5bef06ae1e79 admin admin] Publish callbacks [] for security_group (f17be30e-c0a8-4393-ae76-2044ab8b8b93), precommit_delete {{(pid=103103) _notify_loop /usr/local/lib/python3.8/dist-packages/neutron_lib/callbacks/manager.py:176}}
Feb 06 13:36:34.893251 dv-cinder-817351-11-smb neutron-server[103102]: INFO neutron.wsgi [req-9ca805e9-4a0b-4d88-9616-1ff98992025a req-20275a48-1dd2-4fe8-be37-6a4c3b1d934e tempest-DeleteServersTestJSON-2103369679 tempest-DeleteServersTestJSON-2103369679-project] 10.222.0.32 "GET /v2.0/security-groups?id=190418a3-7344-470d-ad37-338528e04f60&fields=id&fields=name HTTP/1.1" status: 200 len: 286 time: 0.0474639
Feb 06 13:36:35.039799 dv-cinder-817351-11-smb neutron-server[103103]: DEBUG neutron_lib.callbacks.manager [None req-2aa7632d-c7a6-4ed9-9d81-5bef06ae1e79 admin admin] Publish callbacks ['neutron.plugins.ml2.ovo_rpc._ObjectChangeHandler.handle_event-2081511'] for security_group (f17be30e-c0a8-4393-ae76-2044ab8b8b93), after_delete {{(pid=103103) _notify_loop /usr/local/lib/python3.8/dist-packages/neutron_lib/callbacks/manager.py:176}}
Feb 06 13:36:35.042567 dv-cinder-817351-11-smb neutron-server[103103]: DEBUG neutron_lib.callbacks.manager [None req-2aa7632d-c7a6-4ed9-9d81-5bef06ae1e79 admin admin] Publish callbacks [] for security_group (None), before_response {{(pid=103103) _notify_loop /usr/local/lib/python3.8/dist-packages/neutron_lib/callbacks/manager.py:176}}
Feb 06 13:36:35.043788 dv-cinder-817351-11-smb neutron-server[103103]: INFO neutron.wsgi [None req-2aa7632d-c7a6-4ed9-9d81-5bef06ae1e79 admin admin] 10.222.0.32 "DELETE /v2.0/security-groups/f17be30e-c0a8-4393-ae76-2044ab8b8b93 HTTP/1.1" status: 204 len: 168 time: 0.2412596
Feb 06 13:36:35.051607 dv-cinder-817351-11-smb neutron-server[103103]: DEBUG neutron.api.rpc.handlers.resources_rpc [None req-2aa7632d-c7a6-4ed9-9d81-5bef06ae1e79 admin admin] Pushing event deleted for resources: {'SecurityGroup': ['ID=f17be30e-c0a8-4393-ae76-2044ab8b8b93,revision_number=None']} {{(pid=103103) push /opt/stack/neutron/neutron/api/rpc/handlers/resources_rpc.py:237}}
Feb 06 13:36:35.175052 dv-cinder-817351-11-smb neutron-server[103103]: DEBUG neutron.pecan_wsgi.hooks.policy_enforcement [req-74b6b76e-f810-42a7-9af0-efddd91f1970 req-0a3ae57e-4b3e-4452-be5d-71affece7366 tempest-AttachVolumeTestJSON-29981679 tempest-AttachVolumeTestJSON-29981679-project] Attributes excluded by policy engine: ['standard_attr_id', 'binding:profile', 'binding:host_id', 'binding:vif_type', 'binding:vif_details'] {{(pid=103103) _exclude_attributes_by_policy /opt/stack/neutron/neutron/pecan_wsgi/hooks/policy_enforcement.py:255}}
Feb 06 13:36:35.182713 dv-cinder-817351-11-smb neutron-server[103103]: INFO neutron.wsgi [req-74b6b76e-f810-42a7-9af0-efddd91f1970 req-0a3ae57e-4b3e-4452-be5d-71affece7366 tempest-AttachVolumeTestJSON-29981679 tempest-AttachVolumeTestJSON-29981679-project] 10.222.0.32 "GET /v2.0/ports?device_id=c723438d-b257-4bdd-9323-3eeeff92b811 HTTP/1.1" status: 200 len: 944 time: 0.0648358
Feb 06 13:36:35.230006 dv-cinder-817351-11-smb neutron-server[103103]: INFO neutron.wsgi [req-74b6b76e-f810-42a7-9af0-efddd91f1970 req-dfe82ee9-67b5-4d6e-a3f4-49733fc40809 tempest-AttachVolumeTestJSON-29981679 tempest-AttachVolumeTestJSON-29981679-project] 10.222.0.32 "GET /v2.0/security-groups?id=fddf64fe-4c49-4655-806f-945700737dad&fields=id&fields=name HTTP/1.1" status: 200 len: 313 time: 0.0464129
Feb 06 13:36:35.340952 dv-cinder-817351-11-smb neutron-server[103104]: DEBUG neutron.plugins.ml2.rpc [None req-20cbe2d7-19e5-458d-aca5-d0dbf75c08e4 None None] Device b594a819-3444-4920-8a75-a3bc9a3982a4 details requested by agent hyperv_hv-cinder-81735 with host hv-cinder-81735 {{(pid=103104) get_device_details /opt/stack/neutron/neutron/plugins/ml2/rpc.py:102}}
Feb 06 13:36:35.343022 dv-cinder-817351-11-smb neutron-server[103102]: DEBUG neutron.pecan_wsgi.hooks.policy_enforcement [req-9f0e7fc1-dbfe-46b1-85c1-52b0a21e367d req-6c9e0288-6705-4bfc-9c7f-82a023916d1a tempest-ServerRescueNegativeTestJSON-2124321988 tempest-ServerRescueNegativeTestJSON-2124321988-project] Attributes excluded by policy engine: ['standard_attr_id', 'binding:profile', 'binding:host_id', 'binding:vif_type', 'binding:vif_details'] {{(pid=103102) _exclude_attributes_by_policy /opt/stack/neutron/neutron/pecan_wsgi/hooks/policy_enforcement.py:255}}
Feb 06 13:36:35.350684 dv-cinder-817351-11-smb neutron-server[103102]: INFO neutron.wsgi [req-9f0e7fc1-dbfe-46b1-85c1-52b0a21e367d req-6c9e0288-6705-4bfc-9c7f-82a023916d1a tempest-ServerRescueNegativeTestJSON-2124321988 tempest-ServerRescueNegativeTestJSON-2124321988-project] 10.222.0.32 "GET /v2.0/ports?device_id=a1bc89ff-cf44-403b-a0e8-7c9cdde27b11 HTTP/1.1" status: 200 len: 944 time: 0.0636094
Feb 06 13:36:35.412756 dv-cinder-817351-11-smb neutron-server[103102]: INFO neutron.wsgi [req-9f0e7fc1-dbfe-46b1-85c1-52b0a21e367d req-d6e5fafa-fd69-4f4f-a236-478d50e896a5 tempest-ServerRescueNegativeTestJSON-2124321988 tempest-ServerRescueNegativeTestJSON-2124321988-project] 10.222.0.32 "GET /v2.0/security-groups?id=f5f6aaa5-6a02-49de-8f16-46ed6c737fd4&fields=id&fields=name HTTP/1.1" status: 200 len: 286 time: 0.0553784
Feb 06 13:36:35.465169 dv-cinder-817351-11-smb neutron-server[103104]: DEBUG neutron.plugins.ml2.db [None req-20cbe2d7-19e5-458d-aca5-d0dbf75c08e4 None None] For port b594a819-3444-4920-8a75-a3bc9a3982a4, host hv-cinder-81735, got binding levels [PortBindingLevel(driver='hyperv',host='hv-cinder-81735',level=0,port_id=b594a819-3444-4920-8a75-a3bc9a3982a4,segment=NetworkSegment(4ff29d0c-c6f8-4805-aab9-c1071e6f715d),segment_id=4ff29d0c-c6f8-4805-aab9-c1071e6f715d)] {{(pid=103104) get_binding_level_objs /opt/stack/neutron/neutron/plugins/ml2/db.py:74}}
Feb 06 13:36:35.476171 dv-cinder-817351-11-smb neutron-server[103104]: DEBUG neutron.plugins.ml2.rpc [None req-20cbe2d7-19e5-458d-aca5-d0dbf75c08e4 None None] Returning: {'device': 'b594a819-3444-4920-8a75-a3bc9a3982a4', 'network_id': '277c9222-233c-4b1e-9db3-ddc77206e5b3', 'port_id': 'b594a819-3444-4920-8a75-a3bc9a3982a4', 'mac_address': 'fa:16:3e:f7:48:89', 'admin_state_up': True, 'network_type': 'vlan', 'segmentation_id': 95, 'physical_network': 'physnet1', 'mtu': 1500, 'fixed_ips': [{'subnet_id': 'c778cec9-f306-4a99-90d3-af8df0079ff2', 'ip_address': '172.20.0.9'}], 'device_owner': 'compute:nova', 'allowed_address_pairs': [], 'port_security_enabled': True, 'qos_policy_id': None, 'network_qos_policy_id': None, 'profile': {}, 'propagate_uplink_status': False} {{(pid=103104) _get_device_details /opt/stack/neutron/neutron/plugins/ml2/rpc.py:184}}
Feb 06 13:36:35.517501 dv-cinder-817351-11-smb neutron-server[103104]: DEBUG neutron.plugins.ml2.plugin [None req-20cbe2d7-19e5-458d-aca5-d0dbf75c08e4 None None] Current status of the port b594a819-3444-4920-8a75-a3bc9a3982a4 is: DOWN; New status is: BUILD {{(pid=103104) _update_individual_port_db_status /opt/stack/neutron/neutron/plugins/ml2/plugin.py:2238}}
Feb 06 13:36:35.517893 dv-cinder-817351-11-smb neutron-server[103104]: DEBUG neutron_lib.callbacks.manager [None req-20cbe2d7-19e5-458d-aca5-d0dbf75c08e4 None None] Publish callbacks ['neutron.plugins.ml2.plugin.SecurityGroupDbMixin._ensure_default_security_group_handler-988809'] for port (b594a819-3444-4920-8a75-a3bc9a3982a4), before_update {{(pid=103104) _notify_loop /usr/local/lib/python3.8/dist-packages/neutron_lib/callbacks/manager.py:176}}
Feb 06 13:36:35.530133 dv-cinder-817351-11-smb neutron-server[103104]: DEBUG neutron.notifiers.nova [None req-20cbe2d7-19e5-458d-aca5-d0dbf75c08e4 None None] Ignoring state change previous_port_status: DOWN current_port_status: BUILD port_id b594a819-3444-4920-8a75-a3bc9a3982a4 {{(pid=103104) record_port_status_changed /opt/stack/neutron/neutron/notifiers/nova.py:228}}
Feb 06 13:36:35.549946 dv-cinder-817351-11-smb neutron-server[103104]: DEBUG neutron.plugins.ml2.db [None req-20cbe2d7-19e5-458d-aca5-d0dbf75c08e4 None None] For port b594a819-3444-4920-8a75-a3bc9a3982a4, host hv-cinder-81735, got binding levels [PortBindingLevel(driver='hyperv',host='hv-cinder-81735',level=0,port_id=b594a819-3444-4920-8a75-a3bc9a3982a4,segment=NetworkSegment(4ff29d0c-c6f8-4805-aab9-c1071e6f715d),segment_id=4ff29d0c-c6f8-4805-aab9-c1071e6f715d)] {{(pid=103104) get_binding_level_objs /opt/stack/neutron/neutron/plugins/ml2/db.py:74}}
Feb 06 13:36:35.639779 dv-cinder-817351-11-smb neutron-server[103104]: DEBUG neutron_lib.callbacks.manager [None req-20cbe2d7-19e5-458d-aca5-d0dbf75c08e4 None None] Publish callbacks ['neutron.plugins.ml2.plugin.SecurityGroupServerNotifierRpcMixin._notify_sg_on_port_change-988709', 'neutron.plugins.ml2.ovo_rpc._ObjectChangeHandler.handle_event-469535', 'neutron.api.rpc.agentnotifiers.dhcp_rpc_agent_api.DhcpAgentNotifyAPI._native_event_send_dhcp_notification-1631120', 'neutron.db.l3_db.L3RpcNotifierMixin._notify_gateway_port_ip_changed-8730214205453', 'neutron.db.l3_dvrscheduler_db._notify_l3_agent_port_update-8730213865692', 'neutron.db.l3_hascheduler_db._notify_l3_agent_ha_port_update-8730213865710'] for port (b594a819-3444-4920-8a75-a3bc9a3982a4), after_update {{(pid=103104) _notify_loop /usr/local/lib/python3.8/dist-packages/neutron_lib/callbacks/manager.py:176}}
Feb 06 13:36:35.640448 dv-cinder-817351-11-smb neutron-server[103104]: DEBUG neutron.plugins.ml2.rpc [None req-20cbe2d7-19e5-458d-aca5-d0dbf75c08e4 None None] Device 46b03c4e-0837-4644-8ac1-bc6d5d8c09ca details requested by agent hyperv_hv-cinder-81735 with host hv-cinder-81735 {{(pid=103104) get_device_details /opt/stack/neutron/neutron/plugins/ml2/rpc.py:102}}
Feb 06 13:36:35.737113 dv-cinder-817351-11-smb neutron-server[103104]: DEBUG neutron.api.rpc.handlers.resources_rpc [None req-20cbe2d7-19e5-458d-aca5-d0dbf75c08e4 None None] Pushing event updated for resources: {'Port': ['ID=b594a819-3444-4920-8a75-a3bc9a3982a4,revision_number=4']} {{(pid=103104) push /opt/stack/neutron/neutron/api/rpc/handlers/resources_rpc.py:237}}
Feb 06 13:36:35.803914 dv-cinder-817351-11-smb neutron-server[103104]: DEBUG neutron.plugins.ml2.db [None req-20cbe2d7-19e5-458d-aca5-d0dbf75c08e4 None None] For port 46b03c4e-0837-4644-8ac1-bc6d5d8c09ca, host hv-cinder-81735, got binding levels [PortBindingLevel(driver='hyperv',host='hv-cinder-81735',level=0,port_id=46b03c4e-0837-4644-8ac1-bc6d5d8c09ca,segment=NetworkSegment(42610e56-1cab-4336-9677-a1a9267e8853),segment_id=42610e56-1cab-4336-9677-a1a9267e8853)] {{(pid=103104) get_binding_level_objs /opt/stack/neutron/neutron/plugins/ml2/db.py:74}}
Feb 06 13:36:35.816844 dv-cinder-817351-11-smb neutron-server[103104]: DEBUG neutron.plugins.ml2.rpc [None req-20cbe2d7-19e5-458d-aca5-d0dbf75c08e4 None None] Returning: {'device': '46b03c4e-0837-4644-8ac1-bc6d5d8c09ca', 'network_id': '8aa53387-e383-47bb-80fd-4a68db3fe8e2', 'port_id': '46b03c4e-0837-4644-8ac1-bc6d5d8c09ca', 'mac_address': 'fa:16:3e:3e:08:8e', 'admin_state_up': True, 'network_type': 'vlan', 'segmentation_id': 56, 'physical_network': 'physnet1', 'mtu': 1500, 'fixed_ips': [{'subnet_id': '2721ae7c-2e5f-44da-af8e-9dc97057be21', 'ip_address': '172.20.0.12'}], 'device_owner': 'compute:nova', 'allowed_address_pairs': [], 'port_security_enabled': True, 'qos_policy_id': None, 'network_qos_policy_id': None, 'profile': {}, 'propagate_uplink_status': False} {{(pid=103104) _get_device_details /opt/stack/neutron/neutron/plugins/ml2/rpc.py:184}}
Feb 06 13:36:35.828156 dv-cinder-817351-11-smb neutron-server[103103]: DEBUG neutron.wsgi [-] (103103) accepted ('10.222.0.32', 39394) {{(pid=103103) server /usr/local/lib/python3.8/dist-packages/eventlet/wsgi.py:1004}}
