Feb 06 13:23:10.099921 dv-cinder-817351-11-iscsi neutron-server[102428]: DEBUG neutron.wsgi [-] (102428) accepted ('10.222.0.24', 40032) {{(pid=102428) server /usr/local/lib/python3.8/dist-packages/eventlet/wsgi.py:1004}}
Feb 06 13:23:10.112398 dv-cinder-817351-11-iscsi neutron-server[102428]: DEBUG neutron_lib.callbacks.manager [None req-2e458f13-adc2-423e-ba78-1a6055748b0e tempest-AttachVolumeShelveTestJSON-1016067411 tempest-AttachVolumeShelveTestJSON-1016067411-project] Publish callbacks [] for security_group (e0b24aff-d28d-4a98-bc94-4a7e09e9def5), precommit_create {{(pid=102428) _notify_loop /usr/local/lib/python3.8/dist-packages/neutron_lib/callbacks/manager.py:176}}
Feb 06 13:23:10.129970 dv-cinder-817351-11-iscsi neutron-server[102428]: DEBUG neutron_lib.callbacks.manager [None req-2e458f13-adc2-423e-ba78-1a6055748b0e tempest-AttachVolumeShelveTestJSON-1016067411 tempest-AttachVolumeShelveTestJSON-1016067411-project] Publish callbacks ['neutron.plugins.ml2.ovo_rpc._ObjectChangeHandler.handle_event-477939'] for security_group (e0b24aff-d28d-4a98-bc94-4a7e09e9def5), after_create {{(pid=102428) _notify_loop /usr/local/lib/python3.8/dist-packages/neutron_lib/callbacks/manager.py:176}}
Feb 06 13:23:10.135826 dv-cinder-817351-11-iscsi neutron-server[102427]: DEBUG neutron.plugins.ml2.db [req-f720ec7c-8b3e-4e35-b282-3169df0219ad req-d433cc78-27c5-4bb0-9110-a4d9ff7ee230 service neutron] For port cd9384fe-2544-4364-8bed-35bc3aec106d, host hv-cinder-81735, cleared binding levels {{(pid=102427) clear_binding_levels /opt/stack/neutron/neutron/plugins/ml2/db.py:87}}
Feb 06 13:23:10.139945 dv-cinder-817351-11-iscsi neutron-server[102428]: INFO neutron.wsgi [None req-c0fb9461-90fc-47a7-a024-0b42cddf7f6c admin admin] 10.222.0.24 "GET /v2.0/security-groups?tenant_id=2af6659a47e04c758f9d106b58ccd962&name=default HTTP/1.1" status: 200 len: 2996 time: 0.6636560
Feb 06 13:23:10.144525 dv-cinder-817351-11-iscsi neutron-server[102429]: DEBUG neutron.api.rpc.handlers.resources_rpc [None req-9e908ad3-0db0-469f-b0f8-e092ecb4bd73 None None] Pushing event updated for resources: {'Port': ['ID=1ee8d0d2-1443-408e-bbb7-c8397a581fa3,revision_number=5']} {{(pid=102429) push /opt/stack/neutron/neutron/api/rpc/handlers/resources_rpc.py:237}}
Feb 06 13:23:10.148238 dv-cinder-817351-11-iscsi neutron-server[102428]: DEBUG neutron.wsgi [-] (102428) accepted ('10.222.0.24', 40038) {{(pid=102428) server /usr/local/lib/python3.8/dist-packages/eventlet/wsgi.py:1004}}
Feb 06 13:23:10.148977 dv-cinder-817351-11-iscsi neutron-server[102428]: DEBUG neutron.plugins.ml2.managers [req-501e8073-43e7-48e9-8734-98c986a3b4c9 req-97829cc3-ffdf-4dea-8b3e-286a04b55070 service neutron] Attempting to bind port 6109822a-427c-4277-b8ac-fba7870ab516 on host hv-cinder-81735 for vnic_type normal with profile {{(pid=102428) bind_port /opt/stack/neutron/neutron/plugins/ml2/managers.py:795}}
Feb 06 13:23:10.149408 dv-cinder-817351-11-iscsi neutron-server[102428]: DEBUG neutron.plugins.ml2.managers [req-501e8073-43e7-48e9-8734-98c986a3b4c9 req-97829cc3-ffdf-4dea-8b3e-286a04b55070 service neutron] Attempting to bind port 6109822a-427c-4277-b8ac-fba7870ab516 by drivers openvswitch,hyperv on host hv-cinder-81735 at level 0 using segments [{'id': '10ca08ed-62b5-44d9-b5be-878581985fb2', 'network_type': 'vlan', 'physical_network': 'physnet1', 'segmentation_id': 184, 'network_id': '41533264-7d4a-4264-8a38-3486903f35b4'}] {{(pid=102428) _bind_port_level /opt/stack/neutron/neutron/plugins/ml2/managers.py:820}}
Feb 06 13:23:10.149880 dv-cinder-817351-11-iscsi neutron-server[102428]: DEBUG neutron.plugins.ml2.drivers.mech_agent [req-501e8073-43e7-48e9-8734-98c986a3b4c9 req-97829cc3-ffdf-4dea-8b3e-286a04b55070 service neutron] Attempting to bind port 6109822a-427c-4277-b8ac-fba7870ab516 on network 41533264-7d4a-4264-8a38-3486903f35b4 {{(pid=102428) bind_port /opt/stack/neutron/neutron/plugins/ml2/drivers/mech_agent.py:91}}
Feb 06 13:23:10.156073 dv-cinder-817351-11-iscsi neutron-server[102429]: DEBUG neutron.db.provisioning_blocks [None req-605d9d59-d5b2-4b8a-95db-802193e2624a None None] Provisioning complete for port 1ee8d0d2-1443-408e-bbb7-c8397a581fa3 triggered by entity DHCP. {{(pid=102429) provisioning_complete /opt/stack/neutron/neutron/db/provisioning_blocks.py:139}}
Feb 06 13:23:10.156331 dv-cinder-817351-11-iscsi neutron-server[102429]: DEBUG neutron_lib.callbacks.manager [None req-605d9d59-d5b2-4b8a-95db-802193e2624a None None] Publish callbacks ['neutron.plugins.ml2.plugin.Ml2Plugin._port_provisioned-32970952'] for port (1ee8d0d2-1443-408e-bbb7-c8397a581fa3), provisioning_complete {{(pid=102429) _notify_loop /usr/local/lib/python3.8/dist-packages/neutron_lib/callbacks/manager.py:176}}
Feb 06 13:23:10.203043 dv-cinder-817351-11-iscsi neutron-server[102427]: DEBUG neutron.pecan_wsgi.hooks.quota_enforcement [req-31052f0b-1b3b-4b2b-aaf8-beb31815e7fe req-c2975268-5420-469b-ba95-265321906123 tempest-ServerRescueNegativeTestJSON-1857722779 tempest-ServerRescueNegativeTestJSON-1857722779-project] Made reservation on behalf of 730c56ac3cc04255a9897e856f65f8ca for: {'port': 1} {{(pid=102427) before /opt/stack/neutron/neutron/pecan_wsgi/hooks/quota_enforcement.py:53}}
Feb 06 13:23:10.207452 dv-cinder-817351-11-iscsi neutron-server[102428]: DEBUG neutron.plugins.ml2.drivers.mech_agent [req-501e8073-43e7-48e9-8734-98c986a3b4c9 req-97829cc3-ffdf-4dea-8b3e-286a04b55070 service neutron] Port 6109822a-427c-4277-b8ac-fba7870ab516 on network 41533264-7d4a-4264-8a38-3486903f35b4 not bound, no agent of type Open vSwitch agent registered on host hv-cinder-81735 {{(pid=102428) bind_port /opt/stack/neutron/neutron/plugins/ml2/drivers/mech_agent.py:103}}
Feb 06 13:23:10.208010 dv-cinder-817351-11-iscsi neutron-server[102428]: DEBUG neutron.plugins.ml2.drivers.mech_agent [req-501e8073-43e7-48e9-8734-98c986a3b4c9 req-97829cc3-ffdf-4dea-8b3e-286a04b55070 service neutron] Attempting to bind port 6109822a-427c-4277-b8ac-fba7870ab516 on network 41533264-7d4a-4264-8a38-3486903f35b4 {{(pid=102428) bind_port /opt/stack/neutron/neutron/plugins/ml2/drivers/mech_agent.py:91}}
Feb 06 13:23:10.215562 dv-cinder-817351-11-iscsi neutron-server[102427]: DEBUG neutron_lib.callbacks.manager [req-31052f0b-1b3b-4b2b-aaf8-beb31815e7fe req-c2975268-5420-469b-ba95-265321906123 tempest-ServerRescueNegativeTestJSON-1857722779 tempest-ServerRescueNegativeTestJSON-1857722779-project] Publish callbacks ['neutron.plugins.ml2.plugin.SecurityGroupDbMixin._ensure_default_security_group_handler-32967071'] for port (None), before_create {{(pid=102427) _notify_loop /usr/local/lib/python3.8/dist-packages/neutron_lib/callbacks/manager.py:176}}
Feb 06 13:23:10.225777 dv-cinder-817351-11-iscsi neutron-server[102427]: DEBUG neutron.plugins.ml2.db [req-f720ec7c-8b3e-4e35-b282-3169df0219ad req-d433cc78-27c5-4bb0-9110-a4d9ff7ee230 service neutron] For port cd9384fe-2544-4364-8bed-35bc3aec106d, host hv-cinder-81735, set binding levels [PortBindingLevel(driver='hyperv',host='hv-cinder-81735',level=0,port_id=cd9384fe-2544-4364-8bed-35bc3aec106d,segment=NetworkSegment(11eb43ca-75a3-47af-92a8-28e772fe5976),segment_id=11eb43ca-75a3-47af-92a8-28e772fe5976)] {{(pid=102427) set_binding_levels /opt/stack/neutron/neutron/plugins/ml2/db.py:59}}
Feb 06 13:23:10.241117 dv-cinder-817351-11-iscsi neutron-server[102428]: DEBUG neutron_lib.callbacks.manager [None req-2e458f13-adc2-423e-ba78-1a6055748b0e tempest-AttachVolumeShelveTestJSON-1016067411 tempest-AttachVolumeShelveTestJSON-1016067411-project] Publish callbacks [] for security_group (None), before_response {{(pid=102428) _notify_loop /usr/local/lib/python3.8/dist-packages/neutron_lib/callbacks/manager.py:176}}
Feb 06 13:23:10.246250 dv-cinder-817351-11-iscsi neutron-server[102428]: INFO neutron.wsgi [None req-2e458f13-adc2-423e-ba78-1a6055748b0e tempest-AttachVolumeShelveTestJSON-1016067411 tempest-AttachVolumeShelveTestJSON-1016067411-project] 10.222.0.24 "POST /v2.0/security-groups HTTP/1.1" status: 201 len: 1796 time: 0.4204783
Feb 06 13:23:10.250179 dv-cinder-817351-11-iscsi neutron-server[102428]: DEBUG neutron.wsgi [-] (102428) accepted ('10.222.0.24', 40040) {{(pid=102428) server /usr/local/lib/python3.8/dist-packages/eventlet/wsgi.py:1004}}
Feb 06 13:23:10.251143 dv-cinder-817351-11-iscsi neutron-server[102428]: DEBUG neutron.plugins.ml2.drivers.mech_agent [req-501e8073-43e7-48e9-8734-98c986a3b4c9 req-97829cc3-ffdf-4dea-8b3e-286a04b55070 service neutron] Checking agent: {'id': '3d465a26-0e28-46f1-8bc8-331e4a0f64e1', 'agent_type': 'HyperV agent', 'binary': 'neutron-hyperv-agent', 'topic': 'N/A', 'host': 'hv-cinder-81735', 'admin_state_up': True, 'created_at': datetime.datetime(2022, 2, 6, 13, 20, 59), 'started_at': datetime.datetime(2022, 2, 6, 13, 20, 59), 'heartbeat_timestamp': datetime.datetime(2022, 2, 6, 13, 22, 59), 'description': None, 'resources_synced': None, 'availability_zone': None, 'alive': True, 'configurations': {'vswitch_mappings': {'physnet1$': 'br-data'}}, 'resource_versions': {}} {{(pid=102428) bind_port /opt/stack/neutron/neutron/plugins/ml2/drivers/mech_agent.py:110}}
Feb 06 13:23:10.252095 dv-cinder-817351-11-iscsi neutron-server[102428]: DEBUG neutron.plugins.ml2.drivers.mech_agent [req-501e8073-43e7-48e9-8734-98c986a3b4c9 req-97829cc3-ffdf-4dea-8b3e-286a04b55070 service neutron] Checking segment: {'id': '10ca08ed-62b5-44d9-b5be-878581985fb2', 'network_type': 'vlan', 'physical_network': 'physnet1', 'segmentation_id': 184, 'network_id': '41533264-7d4a-4264-8a38-3486903f35b4'} for mappings: {'physnet1$': 'br-data'} with network types: ['local', 'flat', 'vlan'] {{(pid=102428) check_segment_for_agent /opt/stack/neutron/neutron/plugins/ml2/drivers/mech_agent.py:373}}
Feb 06 13:23:10.252214 dv-cinder-817351-11-iscsi neutron-server[102428]: DEBUG neutron.plugins.ml2.drivers.mech_agent [req-501e8073-43e7-48e9-8734-98c986a3b4c9 req-97829cc3-ffdf-4dea-8b3e-286a04b55070 service neutron] Bound using segment: {'id': '10ca08ed-62b5-44d9-b5be-878581985fb2', 'network_type': 'vlan', 'physical_network': 'physnet1', 'segmentation_id': 184, 'network_id': '41533264-7d4a-4264-8a38-3486903f35b4'} {{(pid=102428) bind_port /opt/stack/neutron/neutron/plugins/ml2/drivers/mech_agent.py:120}}
Feb 06 13:23:10.252825 dv-cinder-817351-11-iscsi neutron-server[102428]: DEBUG neutron.plugins.ml2.managers [req-501e8073-43e7-48e9-8734-98c986a3b4c9 req-97829cc3-ffdf-4dea-8b3e-286a04b55070 service neutron] Bound port: 6109822a-427c-4277-b8ac-fba7870ab516, host: hv-cinder-81735, vif_type: hyperv, vif_details: {"connectivity": "legacy", "port_filter": false}, binding_levels: [{'bound_driver': 'hyperv', 'bound_segment': {'id': '10ca08ed-62b5-44d9-b5be-878581985fb2', 'network_type': 'vlan', 'physical_network': 'physnet1', 'segmentation_id': 184, 'network_id': '41533264-7d4a-4264-8a38-3486903f35b4'}}] {{(pid=102428) _bind_port_level /opt/stack/neutron/neutron/plugins/ml2/managers.py:932}}
Feb 06 13:23:10.253361 dv-cinder-817351-11-iscsi neutron-server[102428]: DEBUG neutron_lib.callbacks.manager [req-501e8073-43e7-48e9-8734-98c986a3b4c9 req-97829cc3-ffdf-4dea-8b3e-286a04b55070 service neutron] Publish callbacks ['neutron.plugins.ml2.plugin.SecurityGroupDbMixin._ensure_default_security_group_handler-32967071'] for port (6109822a-427c-4277-b8ac-fba7870ab516), before_update {{(pid=102428) _notify_loop /usr/local/lib/python3.8/dist-packages/neutron_lib/callbacks/manager.py:176}}
Feb 06 13:23:10.268949 dv-cinder-817351-11-iscsi neutron-server[102428]: DEBUG neutron.api.v2.base [None req-2da0822e-f046-4c3d-b1fa-6172ad31c731 tempest-AttachVolumeShelveTestJSON-1016067411 tempest-AttachVolumeShelveTestJSON-1016067411-project] Request body: {'security_group_rule': {'security_group_id': 'e0b24aff-d28d-4a98-bc94-4a7e09e9def5', 'protocol': 'tcp', 'ethertype': 'IPv4', 'port_range_min': 22, 'port_range_max': 22, 'direction': 'ingress'}} {{(pid=102428) prepare_request_body /opt/stack/neutron/neutron/api/v2/base.py:729}}
Feb 06 13:23:10.290365 dv-cinder-817351-11-iscsi neutron-server[102428]: DEBUG neutron.api.rpc.handlers.resources_rpc [None req-2e458f13-adc2-423e-ba78-1a6055748b0e tempest-AttachVolumeShelveTestJSON-1016067411 tempest-AttachVolumeShelveTestJSON-1016067411-project] Pushing event updated for resources: {'SecurityGroup': ['ID=e0b24aff-d28d-4a98-bc94-4a7e09e9def5,revision_number=1']} {{(pid=102428) push /opt/stack/neutron/neutron/api/rpc/handlers/resources_rpc.py:237}}
Feb 06 13:23:10.357215 dv-cinder-817351-11-iscsi neutron-server[102427]: DEBUG neutron_lib.callbacks.manager [req-8b446169-523c-4ebf-896c-26fabc10b0fe req-c10fe574-4b16-4771-b445-cfe67dd19de2 service neutron] Publish callbacks ['neutron.plugins.ml2.plugin.SecurityGroupServerNotifierRpcMixin._notify_sg_on_port_change-32966963', 'neutron.plugins.ml2.ovo_rpc._ObjectChangeHandler.handle_event-113296', 'neutron.api.rpc.agentnotifiers.dhcp_rpc_agent_api.DhcpAgentNotifyAPI._native_event_send_dhcp_notification-33154724', 'neutron.db.l3_db.L3RpcNotifierMixin._notify_gateway_port_ip_changed-8780070614285', 'neutron.db.l3_dvrscheduler_db._notify_l3_agent_port_update-8780070292929', 'neutron.db.l3_hascheduler_db._notify_l3_agent_ha_port_update-8780070292947', 'neutron.services.segments.plugin.NovaSegmentNotifier._notify_port_updated-2856811'] for port (d71f5685-b283-4e58-8481-2bc704c82866), after_update {{(pid=102427) _notify_loop /usr/local/lib/python3.8/dist-packages/neutron_lib/callbacks/manager.py:176}}
Feb 06 13:23:10.403408 dv-cinder-817351-11-iscsi neutron-server[102427]: DEBUG neutron_lib.callbacks.manager [req-f720ec7c-8b3e-4e35-b282-3169df0219ad req-d433cc78-27c5-4bb0-9110-a4d9ff7ee230 service neutron] Publish callbacks ['neutron.plugins.ml2.plugin.SecurityGroupServerNotifierRpcMixin._notify_sg_on_port_change-32966963', 'neutron.plugins.ml2.ovo_rpc._ObjectChangeHandler.handle_event-113296', 'neutron.api.rpc.agentnotifiers.dhcp_rpc_agent_api.DhcpAgentNotifyAPI._native_event_send_dhcp_notification-33154724', 'neutron.db.l3_db.L3RpcNotifierMixin._notify_gateway_port_ip_changed-8780070614285', 'neutron.db.l3_dvrscheduler_db._notify_l3_agent_port_update-8780070292929', 'neutron.db.l3_hascheduler_db._notify_l3_agent_ha_port_update-8780070292947', 'neutron.services.segments.plugin.NovaSegmentNotifier._notify_port_updated-2856811'] for port (cd9384fe-2544-4364-8bed-35bc3aec106d), after_update {{(pid=102427) _notify_loop /usr/local/lib/python3.8/dist-packages/neutron_lib/callbacks/manager.py:176}}
Feb 06 13:23:10.419645 dv-cinder-817351-11-iscsi neutron-server[102428]: DEBUG neutron_lib.callbacks.manager [None req-1fd9572c-970f-4a61-8c02-0de423f56ac0 admin admin] Publish callbacks [] for security_group (28c20250-40e4-40e8-b77d-05660b671fca), before_delete {{(pid=102428) _notify_loop /usr/local/lib/python3.8/dist-packages/neutron_lib/callbacks/manager.py:176}}
Feb 06 13:23:10.427324 dv-cinder-817351-11-iscsi neutron-server[102428]: DEBUG neutron_lib.callbacks.manager [None req-2da0822e-f046-4c3d-b1fa-6172ad31c731 tempest-AttachVolumeShelveTestJSON-1016067411 tempest-AttachVolumeShelveTestJSON-1016067411-project] Publish callbacks [] for security_group_rule (3da6297e-2c1b-4ea5-a60d-8e6c52fe34f2), before_create {{(pid=102428) _notify_loop /usr/local/lib/python3.8/dist-packages/neutron_lib/callbacks/manager.py:176}}
Feb 06 13:23:10.483834 dv-cinder-817351-11-iscsi neutron-server[102428]: DEBUG neutron_lib.callbacks.manager [None req-1fd9572c-970f-4a61-8c02-0de423f56ac0 admin admin] Publish callbacks [] for security_group (28c20250-40e4-40e8-b77d-05660b671fca), precommit_delete {{(pid=102428) _notify_loop /usr/local/lib/python3.8/dist-packages/neutron_lib/callbacks/manager.py:176}}
Feb 06 13:23:10.486278 dv-cinder-817351-11-iscsi neutron-server[102428]: DEBUG neutron.plugins.ml2.db [req-501e8073-43e7-48e9-8734-98c986a3b4c9 req-97829cc3-ffdf-4dea-8b3e-286a04b55070 service neutron] For port 6109822a-427c-4277-b8ac-fba7870ab516, host hv-cinder-81735, cleared binding levels {{(pid=102428) clear_binding_levels /opt/stack/neutron/neutron/plugins/ml2/db.py:87}}
Feb 06 13:23:10.547912 dv-cinder-817351-11-iscsi neutron-server[102429]: DEBUG neutron.plugins.ml2.plugin [None req-605d9d59-d5b2-4b8a-95db-802193e2624a None None] Current status of the port 1ee8d0d2-1443-408e-bbb7-c8397a581fa3 is: ACTIVE; New status is: ACTIVE {{(pid=102429) _update_individual_port_db_status /opt/stack/neutron/neutron/plugins/ml2/plugin.py:2238}}
Feb 06 13:23:10.552845 dv-cinder-817351-11-iscsi neutron-server[102427]: DEBUG neutron.pecan_wsgi.hooks.policy_enforcement [req-1f460936-aa1c-452b-97ad-0070da4254ed req-93d1a07b-3c2a-4c22-bb60-2491040ff014 tempest-DeleteServersTestJSON-1123823449 tempest-DeleteServersTestJSON-1123823449-project] Attributes excluded by policy engine: ['standard_attr_id', 'binding:profile', 'binding:host_id', 'binding:vif_type', 'binding:vif_details'] {{(pid=102427) _exclude_attributes_by_policy /opt/stack/neutron/neutron/pecan_wsgi/hooks/policy_enforcement.py:255}}
Feb 06 13:23:10.568295 dv-cinder-817351-11-iscsi neutron-server[102427]: INFO neutron.wsgi [req-1f460936-aa1c-452b-97ad-0070da4254ed req-93d1a07b-3c2a-4c22-bb60-2491040ff014 tempest-DeleteServersTestJSON-1123823449 tempest-DeleteServersTestJSON-1123823449-project] 10.222.0.24 "GET /v2.0/ports?device_id=efc202cd-1ab6-42e7-9d32-a0e17b7fd699 HTTP/1.1" status: 200 len: 943 time: 0.8788562
Feb 06 13:23:10.568891 dv-cinder-817351-11-iscsi neutron-server[102428]: DEBUG neutron.plugins.ml2.db [req-501e8073-43e7-48e9-8734-98c986a3b4c9 req-97829cc3-ffdf-4dea-8b3e-286a04b55070 service neutron] For port 6109822a-427c-4277-b8ac-fba7870ab516, host hv-cinder-81735, set binding levels [PortBindingLevel(driver='hyperv',host='hv-cinder-81735',level=0,port_id=6109822a-427c-4277-b8ac-fba7870ab516,segment=NetworkSegment(10ca08ed-62b5-44d9-b5be-878581985fb2),segment_id=10ca08ed-62b5-44d9-b5be-878581985fb2)] {{(pid=102428) set_binding_levels /opt/stack/neutron/neutron/plugins/ml2/db.py:59}}
Feb 06 13:23:10.615343 dv-cinder-817351-11-iscsi neutron-server[102428]: DEBUG neutron_lib.callbacks.manager [req-501e8073-43e7-48e9-8734-98c986a3b4c9 req-97829cc3-ffdf-4dea-8b3e-286a04b55070 service neutron] Publish callbacks ['neutron.plugins.ml2.plugin.SecurityGroupServerNotifierRpcMixin._notify_sg_on_port_change-32966963', 'neutron.plugins.ml2.ovo_rpc._ObjectChangeHandler.handle_event-113296', 'neutron.api.rpc.agentnotifiers.dhcp_rpc_agent_api.DhcpAgentNotifyAPI._native_event_send_dhcp_notification-33154724', 'neutron.db.l3_db.L3RpcNotifierMixin._notify_gateway_port_ip_changed-8780070614285', 'neutron.db.l3_dvrscheduler_db._notify_l3_agent_port_update-8780070292929', 'neutron.db.l3_hascheduler_db._notify_l3_agent_ha_port_update-8780070292947', 'neutron.services.segments.plugin.NovaSegmentNotifier._notify_port_updated-935415'] for port (6109822a-427c-4277-b8ac-fba7870ab516), after_update {{(pid=102428) _notify_loop /usr/local/lib/python3.8/dist-packages/neutron_lib/callbacks/manager.py:176}}
Feb 06 13:23:10.644604 dv-cinder-817351-11-iscsi neutron-server[102429]: DEBUG neutron_lib.callbacks.manager [None req-b208ea46-cdb4-4d04-963b-e990bf20700d None None] Publish callbacks ['neutron.services.segments.db._update_segment_host_mapping_for_agent-8780070833071', 'neutron.plugins.ml2.plugin.Ml2Plugin._retry_binding_revived_agents-32970918'] for agent (d3976c10-fea9-42c5-a364-b1a621d0a532), after_update {{(pid=102429) _notify_loop /usr/local/lib/python3.8/dist-packages/neutron_lib/callbacks/manager.py:176}}
Feb 06 13:23:10.649668 dv-cinder-817351-11-iscsi neutron-server[102427]: DEBUG neutron.pecan_wsgi.hooks.policy_enforcement [req-f720ec7c-8b3e-4e35-b282-3169df0219ad req-d433cc78-27c5-4bb0-9110-a4d9ff7ee230 service neutron] Attributes excluded by policy engine: ['standard_attr_id'] {{(pid=102427) _exclude_attributes_by_policy /opt/stack/neutron/neutron/pecan_wsgi/hooks/policy_enforcement.py:255}}
Feb 06 13:23:10.650296 dv-cinder-817351-11-iscsi neutron-server[102427]: DEBUG neutron_lib.callbacks.manager [req-f720ec7c-8b3e-4e35-b282-3169df0219ad req-d433cc78-27c5-4bb0-9110-a4d9ff7ee230 service neutron] Publish callbacks ['neutron.notifiers.nova.Notifier._send_nova_notification-33525107', 'neutron.api.rpc.agentnotifiers.dhcp_rpc_agent_api.DhcpAgentNotifyAPI._send_dhcp_notification-33154774'] for port (None), before_response {{(pid=102427) _notify_loop /usr/local/lib/python3.8/dist-packages/neutron_lib/callbacks/manager.py:176}}
Feb 06 13:23:10.651837 dv-cinder-817351-11-iscsi neutron-server[102427]: INFO neutron.wsgi [req-f720ec7c-8b3e-4e35-b282-3169df0219ad req-d433cc78-27c5-4bb0-9110-a4d9ff7ee230 service neutron] 10.222.0.15 "PUT /v2.0/ports/cd9384fe-2544-4364-8bed-35bc3aec106d HTTP/1.1" status: 200 len: 1093 time: 6.3923993
Feb 06 13:23:10.653837 dv-cinder-817351-11-iscsi neutron-server[102427]: DEBUG neutron.notifiers.nova [-] Sending events: [{'name': 'network-changed', 'server_uuid': 'efc202cd-1ab6-42e7-9d32-a0e17b7fd699', 'tag': 'cd9384fe-2544-4364-8bed-35bc3aec106d'}] {{(pid=102427) send_events /opt/stack/neutron/neutron/notifiers/nova.py:266}}
Feb 06 13:23:10.721748 dv-cinder-817351-11-iscsi neutron-server[102428]: DEBUG neutron_lib.callbacks.manager [None req-2da0822e-f046-4c3d-b1fa-6172ad31c731 tempest-AttachVolumeShelveTestJSON-1016067411 tempest-AttachVolumeShelveTestJSON-1016067411-project] Publish callbacks [] for security_group_rule (3da6297e-2c1b-4ea5-a60d-8e6c52fe34f2), precommit_create {{(pid=102428) _notify_loop /usr/local/lib/python3.8/dist-packages/neutron_lib/callbacks/manager.py:176}}
Feb 06 13:23:10.763899 dv-cinder-817351-11-iscsi neutron-server[102428]: DEBUG neutron_lib.callbacks.manager [None req-2da0822e-f046-4c3d-b1fa-6172ad31c731 tempest-AttachVolumeShelveTestJSON-1016067411 tempest-AttachVolumeShelveTestJSON-1016067411-project] Publish callbacks ['neutron.plugins.ml2.ovo_rpc._ObjectChangeHandler.handle_event-477858'] for security_group_rule (3da6297e-2c1b-4ea5-a60d-8e6c52fe34f2), after_create {{(pid=102428) _notify_loop /usr/local/lib/python3.8/dist-packages/neutron_lib/callbacks/manager.py:176}}
Feb 06 13:23:10.784473 dv-cinder-817351-11-iscsi neutron-server[102428]: DEBUG neutron_lib.callbacks.manager [None req-abeb906a-b7fd-4efb-9412-46f964e0b4c6 admin admin] Publish callbacks [] for security_group (None), before_create {{(pid=102428) _notify_loop /usr/local/lib/python3.8/dist-packages/neutron_lib/callbacks/manager.py:176}}
Feb 06 13:23:10.806961 dv-cinder-817351-11-iscsi neutron-server[102428]: DEBUG neutron.pecan_wsgi.hooks.policy_enforcement [req-501e8073-43e7-48e9-8734-98c986a3b4c9 req-97829cc3-ffdf-4dea-8b3e-286a04b55070 service neutron] Attributes excluded by policy engine: ['standard_attr_id'] {{(pid=102428) _exclude_attributes_by_policy /opt/stack/neutron/neutron/pecan_wsgi/hooks/policy_enforcement.py:255}}
Feb 06 13:23:10.807983 dv-cinder-817351-11-iscsi neutron-server[102428]: DEBUG neutron_lib.callbacks.manager [req-501e8073-43e7-48e9-8734-98c986a3b4c9 req-97829cc3-ffdf-4dea-8b3e-286a04b55070 service neutron] Publish callbacks ['neutron.notifiers.nova.Notifier._send_nova_notification-33525107', 'neutron.api.rpc.agentnotifiers.dhcp_rpc_agent_api.DhcpAgentNotifyAPI._send_dhcp_notification-33154774'] for port (None), before_response {{(pid=102428) _notify_loop /usr/local/lib/python3.8/dist-packages/neutron_lib/callbacks/manager.py:176}}
Feb 06 13:23:10.809376 dv-cinder-817351-11-iscsi neutron-server[102427]: DEBUG neutron.pecan_wsgi.hooks.policy_enforcement [req-8b446169-523c-4ebf-896c-26fabc10b0fe req-c10fe574-4b16-4771-b445-cfe67dd19de2 service neutron] Attributes excluded by policy engine: ['standard_attr_id'] {{(pid=102427) _exclude_attributes_by_policy /opt/stack/neutron/neutron/pecan_wsgi/hooks/policy_enforcement.py:255}}
Feb 06 13:23:10.809548 dv-cinder-817351-11-iscsi neutron-server[102428]: INFO neutron.wsgi [req-501e8073-43e7-48e9-8734-98c986a3b4c9 req-97829cc3-ffdf-4dea-8b3e-286a04b55070 service neutron] 10.222.0.15 "PUT /v2.0/ports/6109822a-427c-4277-b8ac-fba7870ab516 HTTP/1.1" status: 200 len: 1093 time: 2.6220617
Feb 06 13:23:10.811834 dv-cinder-817351-11-iscsi neutron-server[102428]: DEBUG neutron.notifiers.nova [-] Sending events: [{'name': 'network-changed', 'server_uuid': '8c9e42f6-b769-4ccd-a839-9fe6d4175988', 'tag': '6109822a-427c-4277-b8ac-fba7870ab516'}] {{(pid=102428) send_events /opt/stack/neutron/neutron/notifiers/nova.py:266}}
Feb 06 13:23:10.813127 dv-cinder-817351-11-iscsi neutron-server[102427]: DEBUG neutron_lib.callbacks.manager [req-8b446169-523c-4ebf-896c-26fabc10b0fe req-c10fe574-4b16-4771-b445-cfe67dd19de2 service neutron] Publish callbacks ['neutron.notifiers.nova.Notifier._send_nova_notification-33525107', 'neutron.api.rpc.agentnotifiers.dhcp_rpc_agent_api.DhcpAgentNotifyAPI._send_dhcp_notification-33154774'] for port (None), before_response {{(pid=102427) _notify_loop /usr/local/lib/python3.8/dist-packages/neutron_lib/callbacks/manager.py:176}}
Feb 06 13:23:10.820912 dv-cinder-817351-11-iscsi neutron-server[102427]: INFO neutron.wsgi [req-8b446169-523c-4ebf-896c-26fabc10b0fe req-c10fe574-4b16-4771-b445-cfe67dd19de2 service neutron] 10.222.0.15 "PUT /v2.0/ports/d71f5685-b283-4e58-8481-2bc704c82866 HTTP/1.1" status: 200 len: 1093 time: 5.8112919
Feb 06 13:23:10.896973 dv-cinder-817351-11-iscsi neutron-server[102428]: DEBUG neutron_lib.callbacks.manager [None req-2da0822e-f046-4c3d-b1fa-6172ad31c731 tempest-AttachVolumeShelveTestJSON-1016067411 tempest-AttachVolumeShelveTestJSON-1016067411-project] Publish callbacks [] for security_group_rule (None), before_response {{(pid=102428) _notify_loop /usr/local/lib/python3.8/dist-packages/neutron_lib/callbacks/manager.py:176}}
Feb 06 13:23:10.902771 dv-cinder-817351-11-iscsi neutron-server[102428]: INFO neutron.wsgi [None req-2da0822e-f046-4c3d-b1fa-6172ad31c731 tempest-AttachVolumeShelveTestJSON-1016067411 tempest-AttachVolumeShelveTestJSON-1016067411-project] 10.222.0.24 "POST /v2.0/security-group-rules HTTP/1.1" status: 201 len: 764 time: 0.6353319
Feb 06 13:23:10.912187 dv-cinder-817351-11-iscsi neutron-server[102428]: DEBUG neutron.wsgi [-] (102428) accepted ('10.222.0.24', 40056) {{(pid=102428) server /usr/local/lib/python3.8/dist-packages/eventlet/wsgi.py:1004}}
Feb 06 13:23:10.931609 dv-cinder-817351-11-iscsi neutron-server[102428]: DEBUG neutron.api.rpc.handlers.resources_rpc [None req-2da0822e-f046-4c3d-b1fa-6172ad31c731 tempest-AttachVolumeShelveTestJSON-1016067411 tempest-AttachVolumeShelveTestJSON-1016067411-project] Pushing event updated for resources: {'SecurityGroupRule': ['ID=3da6297e-2c1b-4ea5-a60d-8e6c52fe34f2,revision_number=0']} {{(pid=102428) push /opt/stack/neutron/neutron/api/rpc/handlers/resources_rpc.py:237}}
Feb 06 13:23:10.964295 dv-cinder-817351-11-iscsi neutron-server[102428]: DEBUG neutron.api.v2.base [None req-0d1833c8-769e-47d1-92e5-e4d4b9fc97a5 tempest-AttachVolumeShelveTestJSON-1016067411 tempest-AttachVolumeShelveTestJSON-1016067411-project] Request body: {'security_group_rule': {'security_group_id': 'e0b24aff-d28d-4a98-bc94-4a7e09e9def5', 'protocol': 'icmp', 'ethertype': 'IPv4', 'direction': 'ingress'}} {{(pid=102428) prepare_request_body /opt/stack/neutron/neutron/api/v2/base.py:729}}
Feb 06 13:23:10.987778 dv-cinder-817351-11-iscsi neutron-server[102427]: INFO neutron.wsgi [req-1f460936-aa1c-452b-97ad-0070da4254ed req-77b589fb-5d52-478c-bd1c-69351db1f43b tempest-DeleteServersTestJSON-1123823449 tempest-DeleteServersTestJSON-1123823449-project] 10.222.0.24 "GET /v2.0/security-groups?id=340bcc56-73eb-4cfe-be10-9ca68ccfb88b&fields=id&fields=name HTTP/1.1" status: 200 len: 286 time: 0.4185963
Feb 06 13:23:11.009291 dv-cinder-817351-11-iscsi neutron-server[102428]: DEBUG neutron_lib.callbacks.manager [None req-1fd9572c-970f-4a61-8c02-0de423f56ac0 admin admin] Publish callbacks ['neutron.plugins.ml2.ovo_rpc._ObjectChangeHandler.handle_event-477939'] for security_group (28c20250-40e4-40e8-b77d-05660b671fca), after_delete {{(pid=102428) _notify_loop /usr/local/lib/python3.8/dist-packages/neutron_lib/callbacks/manager.py:176}}
Feb 06 13:23:11.012087 dv-cinder-817351-11-iscsi neutron-server[102428]: DEBUG neutron_lib.callbacks.manager [None req-1fd9572c-970f-4a61-8c02-0de423f56ac0 admin admin] Publish callbacks [] for security_group (None), before_response {{(pid=102428) _notify_loop /usr/local/lib/python3.8/dist-packages/neutron_lib/callbacks/manager.py:176}}
Feb 06 13:23:11.015519 dv-cinder-817351-11-iscsi neutron-server[102428]: INFO neutron.wsgi [None req-1fd9572c-970f-4a61-8c02-0de423f56ac0 admin admin] 10.222.0.24 "DELETE /v2.0/security-groups/28c20250-40e4-40e8-b77d-05660b671fca HTTP/1.1" status: 204 len: 168 time: 0.8609657
Feb 06 13:23:11.040693 dv-cinder-817351-11-iscsi neutron-server[102428]: DEBUG neutron.api.rpc.handlers.resources_rpc [None req-97829cc3-ffdf-4dea-8b3e-286a04b55070 service neutron] Pushing event updated for resources: {'Port': ['ID=6109822a-427c-4277-b8ac-fba7870ab516,revision_number=3']} {{(pid=102428) push /opt/stack/neutron/neutron/api/rpc/handlers/resources_rpc.py:237}}
Feb 06 13:23:11.072825 dv-cinder-817351-11-iscsi neutron-server[102428]: DEBUG neutron.api.rpc.handlers.resources_rpc [None req-1fd9572c-970f-4a61-8c02-0de423f56ac0 admin admin] Pushing event deleted for resources: {'SecurityGroup': ['ID=28c20250-40e4-40e8-b77d-05660b671fca,revision_number=None']} {{(pid=102428) push /opt/stack/neutron/neutron/api/rpc/handlers/resources_rpc.py:237}}
Feb 06 13:23:11.108415 dv-cinder-817351-11-iscsi neutron-server[102428]: DEBUG neutron_lib.callbacks.manager [None req-0d1833c8-769e-47d1-92e5-e4d4b9fc97a5 tempest-AttachVolumeShelveTestJSON-1016067411 tempest-AttachVolumeShelveTestJSON-1016067411-project] Publish callbacks [] for security_group_rule (0888fb1f-a32c-4ee0-8279-3b66caef18e3), before_create {{(pid=102428) _notify_loop /usr/local/lib/python3.8/dist-packages/neutron_lib/callbacks/manager.py:176}}
Feb 06 13:23:11.167283 dv-cinder-817351-11-iscsi neutron-server[102428]: DEBUG neutron.pecan_wsgi.hooks.policy_enforcement [req-8b446169-523c-4ebf-896c-26fabc10b0fe req-f3cb0a49-6c35-4961-b28c-4e92b7a56fee service neutron] Attributes excluded by policy engine: ['standard_attr_id'] {{(pid=102428) _exclude_attributes_by_policy /opt/stack/neutron/neutron/pecan_wsgi/hooks/policy_enforcement.py:255}}
Feb 06 13:23:11.168986 dv-cinder-817351-11-iscsi neutron-server[102427]: DEBUG novaclient.v2.client [-] REQ: curl -g -i --cacert "/opt/stack/data/ca-bundle.pem" -X POST http://10.222.0.24/compute/v2.1/os-server-external-events -H "Accept: application/json" -H "Content-Type: application/json" -H "User-Agent: python-novaclient" -H "X-Auth-Token: {SHA256}0691ea18979a84a0de2c6e341819eebf5838f4e7aeec43c8ecb0ed60a81c1e92" -H "X-OpenStack-Nova-API-Version: 2.1" -H "X-OpenStack-Request-ID: req-6c33f437-70f3-4943-a8d0-af2c5f825003" -d '{"events": [{"name": "network-changed", "server_uuid": "efc202cd-1ab6-42e7-9d32-a0e17b7fd699", "tag": "cd9384fe-2544-4364-8bed-35bc3aec106d"}]}' {{(pid=102427) _http_log_request /usr/local/lib/python3.8/dist-packages/keystoneauth1/session.py:519}}
Feb 06 13:23:11.169389 dv-cinder-817351-11-iscsi neutron-server[102428]: INFO neutron.wsgi [req-8b446169-523c-4ebf-896c-26fabc10b0fe req-f3cb0a49-6c35-4961-b28c-4e92b7a56fee service neutron] 10.222.0.15 "GET /v2.0/ports?tenant_id=05bf1936c5e1452281604c7e97068642&device_id=e64aec9b-6d8c-4c99-9495-572d7dbbd81e HTTP/1.1" status: 200 len: 1127 time: 0.2560856
Feb 06 13:23:11.203031 dv-cinder-817351-11-iscsi neutron-server[102428]: DEBUG novaclient.v2.client [-] REQ: curl -g -i --cacert "/opt/stack/data/ca-bundle.pem" -X POST http://10.222.0.24/compute/v2.1/os-server-external-events -H "Accept: application/json" -H "Content-Type: application/json" -H "User-Agent: python-novaclient" -H "X-Auth-Token: {SHA256}5fa6162bb77a4d92a00dfe66a8918fe9238fc654819d18772011db0f8434eea4" -H "X-OpenStack-Nova-API-Version: 2.1" -H "X-OpenStack-Request-ID: req-8685e51d-e679-40bb-b200-452be3dc4e73" -d '{"events": [{"name": "network-changed", "server_uuid": "8c9e42f6-b769-4ccd-a839-9fe6d4175988", "tag": "6109822a-427c-4277-b8ac-fba7870ab516"}]}' {{(pid=102428) _http_log_request /usr/local/lib/python3.8/dist-packages/keystoneauth1/session.py:519}}
Feb 06 13:23:11.280461 dv-cinder-817351-11-iscsi neutron-server[102428]: INFO neutron.wsgi [req-8b446169-523c-4ebf-896c-26fabc10b0fe req-9a2484c9-05e1-4825-9295-3d0fcb10ca93 service neutron] 10.222.0.15 "GET /v2.0/floatingips?fixed_ip_address=172.20.0.3&port_id=d71f5685-b283-4e58-8481-2bc704c82866 HTTP/1.1" status: 200 len: 217 time: 0.0976126
Feb 06 13:23:11.318886 dv-cinder-817351-11-iscsi neutron-server[102427]: DEBUG neutron.api.rpc.handlers.resources_rpc [None req-c10fe574-4b16-4771-b445-cfe67dd19de2 service neutron] Pushing event updated for resources: {'Port': ['ID=d71f5685-b283-4e58-8481-2bc704c82866,revision_number=3']} {{(pid=102427) push /opt/stack/neutron/neutron/api/rpc/handlers/resources_rpc.py:237}}
Feb 06 13:23:11.392584 dv-cinder-817351-11-iscsi neutron-server[102429]: DEBUG neutron.plugins.ml2.rpc [None req-ee1b5f31-678c-416d-8d42-7157ae18a000 None None] Device 1ee8d0d2-1443-408e-bbb7-c8397a581fa3 up at agent ovs-agent-dv-cinder-817351-11-iscsi {{(pid=102429) update_device_up /opt/stack/neutron/neutron/plugins/ml2/rpc.py:296}}
Feb 06 13:23:11.474717 dv-cinder-817351-11-iscsi neutron-server[102428]: DEBUG neutron_lib.callbacks.manager [None req-abeb906a-b7fd-4efb-9412-46f964e0b4c6 admin admin] Publish callbacks [] for security_group (c7c2c220-921b-4d87-a53b-827a0449c8fa), precommit_create {{(pid=102428) _notify_loop /usr/local/lib/python3.8/dist-packages/neutron_lib/callbacks/manager.py:176}}
Feb 06 13:23:11.503588 dv-cinder-817351-11-iscsi neutron-server[102428]: DEBUG neutron_lib.callbacks.manager [None req-abeb906a-b7fd-4efb-9412-46f964e0b4c6 admin admin] Publish callbacks ['neutron.plugins.ml2.ovo_rpc._ObjectChangeHandler.handle_event-477939'] for security_group (c7c2c220-921b-4d87-a53b-827a0449c8fa), after_create {{(pid=102428) _notify_loop /usr/local/lib/python3.8/dist-packages/neutron_lib/callbacks/manager.py:176}}
Feb 06 13:23:11.509301 dv-cinder-817351-11-iscsi neutron-server[102429]: DEBUG neutron.db.provisioning_blocks [None req-ee1b5f31-678c-416d-8d42-7157ae18a000 None None] Provisioning complete for port 1ee8d0d2-1443-408e-bbb7-c8397a581fa3 triggered by entity L2. {{(pid=102429) provisioning_complete /opt/stack/neutron/neutron/db/provisioning_blocks.py:139}}
Feb 06 13:23:11.509710 dv-cinder-817351-11-iscsi neutron-server[102429]: DEBUG neutron_lib.callbacks.manager [None req-ee1b5f31-678c-416d-8d42-7157ae18a000 None None] Publish callbacks ['neutron.plugins.ml2.plugin.Ml2Plugin._port_provisioned-32970952'] for port (1ee8d0d2-1443-408e-bbb7-c8397a581fa3), provisioning_complete {{(pid=102429) _notify_loop /usr/local/lib/python3.8/dist-packages/neutron_lib/callbacks/manager.py:176}}
Feb 06 13:23:11.528290 dv-cinder-817351-11-iscsi neutron-server[102427]: INFO neutron.wsgi [req-5f5a5b3a-672f-4f84-811b-135928973a6d req-53bca04b-e23b-4d29-a3a4-9343c21500ee tempest-ServerRescueNegativeTestJSON-1857722779 tempest-ServerRescueNegativeTestJSON-1857722779-project] 10.222.0.24 "GET /v2.0/ports?device_id=7615816a-a8c5-4c7e-97a3-e6531af530c0 HTTP/1.1" status: 200 len: 210 time: 0.3324676
Feb 06 13:23:11.533797 dv-cinder-817351-11-iscsi neutron-server[102428]: DEBUG neutron_lib.callbacks.manager [None req-0d1833c8-769e-47d1-92e5-e4d4b9fc97a5 tempest-AttachVolumeShelveTestJSON-1016067411 tempest-AttachVolumeShelveTestJSON-1016067411-project] Publish callbacks [] for security_group_rule (0888fb1f-a32c-4ee0-8279-3b66caef18e3), precommit_create {{(pid=102428) _notify_loop /usr/local/lib/python3.8/dist-packages/neutron_lib/callbacks/manager.py:176}}
Feb 06 13:23:11.553216 dv-cinder-817351-11-iscsi neutron-server[102427]: DEBUG neutron.pecan_wsgi.hooks.policy_enforcement [req-4dc3d5cb-4ad5-4c40-bcb6-780024b32bed req-ac111317-e9da-4fa8-8e5a-1ac7e47ed2be tempest-AttachVolumeNegativeTest-415043081 tempest-AttachVolumeNegativeTest-415043081-project] Attributes excluded by policy engine: ['standard_attr_id', 'binding:profile', 'binding:host_id', 'binding:vif_type', 'binding:vif_details'] {{(pid=102427) _exclude_attributes_by_policy /opt/stack/neutron/neutron/pecan_wsgi/hooks/policy_enforcement.py:255}}
Feb 06 13:23:11.556722 dv-cinder-817351-11-iscsi neutron-server[102427]: INFO neutron.wsgi [req-4dc3d5cb-4ad5-4c40-bcb6-780024b32bed req-ac111317-e9da-4fa8-8e5a-1ac7e47ed2be tempest-AttachVolumeNegativeTest-415043081 tempest-AttachVolumeNegativeTest-415043081-project] 10.222.0.24 "GET /v2.0/ports?device_id=e64aec9b-6d8c-4c99-9495-572d7dbbd81e HTTP/1.1" status: 200 len: 943 time: 0.9557905
Feb 06 13:23:11.586219 dv-cinder-817351-11-iscsi neutron-server[102428]: DEBUG neutron_lib.callbacks.manager [None req-0d1833c8-769e-47d1-92e5-e4d4b9fc97a5 tempest-AttachVolumeShelveTestJSON-1016067411 tempest-AttachVolumeShelveTestJSON-1016067411-project] Publish callbacks ['neutron.plugins.ml2.ovo_rpc._ObjectChangeHandler.handle_event-477858'] for security_group_rule (0888fb1f-a32c-4ee0-8279-3b66caef18e3), after_create {{(pid=102428) _notify_loop /usr/local/lib/python3.8/dist-packages/neutron_lib/callbacks/manager.py:176}}
Feb 06 13:23:11.595986 dv-cinder-817351-11-iscsi neutron-server[102427]: DEBUG neutron.pecan_wsgi.hooks.policy_enforcement [req-f720ec7c-8b3e-4e35-b282-3169df0219ad req-5784727e-72cb-497d-b3de-11af47e046ff service neutron] Attributes excluded by policy engine: ['standard_attr_id'] {{(pid=102427) _exclude_attributes_by_policy /opt/stack/neutron/neutron/pecan_wsgi/hooks/policy_enforcement.py:255}}
Feb 06 13:23:11.614151 dv-cinder-817351-11-iscsi neutron-server[102427]: INFO neutron.wsgi [req-f720ec7c-8b3e-4e35-b282-3169df0219ad req-5784727e-72cb-497d-b3de-11af47e046ff service neutron] 10.222.0.15 "GET /v2.0/ports?tenant_id=5c56cbb71fa34ab691772923f0d55e65&device_id=efc202cd-1ab6-42e7-9d32-a0e17b7fd699 HTTP/1.1" status: 200 len: 1127 time: 0.7729437
Feb 06 13:23:11.639861 dv-cinder-817351-11-iscsi neutron-server[102428]: DEBUG neutron.pecan_wsgi.hooks.policy_enforcement [req-8b446169-523c-4ebf-896c-26fabc10b0fe req-d8e4692f-9fb5-4eb5-a03f-b3ca13ce566d service neutron] Attributes excluded by policy engine: ['standard_attr_id', 'shared', 'segment_id'] {{(pid=102428) _exclude_attributes_by_policy /opt/stack/neutron/neutron/pecan_wsgi/hooks/policy_enforcement.py:255}}
Feb 06 13:23:11.640805 dv-cinder-817351-11-iscsi neutron-server[102427]: DEBUG neutron.pecan_wsgi.hooks.policy_enforcement [req-501e8073-43e7-48e9-8734-98c986a3b4c9 req-ff4dd1db-6c9f-4959-98bf-526deeaff636 service neutron] Attributes excluded by policy engine: ['standard_attr_id'] {{(pid=102427) _exclude_attributes_by_policy /opt/stack/neutron/neutron/pecan_wsgi/hooks/policy_enforcement.py:255}}
Feb 06 13:23:11.642058 dv-cinder-817351-11-iscsi neutron-server[102427]: INFO neutron.wsgi [req-501e8073-43e7-48e9-8734-98c986a3b4c9 req-ff4dd1db-6c9f-4959-98bf-526deeaff636 service neutron] 10.222.0.15 "GET /v2.0/ports?tenant_id=730c56ac3cc04255a9897e856f65f8ca&device_id=8c9e42f6-b769-4ccd-a839-9fe6d4175988 HTTP/1.1" status: 200 len: 1127 time: 0.6796339
Feb 06 13:23:11.645403 dv-cinder-817351-11-iscsi neutron-server[102428]: INFO neutron.wsgi [req-8b446169-523c-4ebf-896c-26fabc10b0fe req-d8e4692f-9fb5-4eb5-a03f-b3ca13ce566d service neutron] 10.222.0.15 "GET /v2.0/subnets?id=f455e34d-e167-4c59-892a-d515645b9f43 HTTP/1.1" status: 200 len: 855 time: 0.3431289
Feb 06 13:23:11.709454 dv-cinder-817351-11-iscsi neutron-server[102429]: DEBUG neutron.plugins.ml2.plugin [None req-ee1b5f31-678c-416d-8d42-7157ae18a000 None None] Current status of the port 1ee8d0d2-1443-408e-bbb7-c8397a581fa3 is: ACTIVE; New status is: ACTIVE {{(pid=102429) _update_individual_port_db_status /opt/stack/neutron/neutron/plugins/ml2/plugin.py:2238}}
Feb 06 13:23:11.746550 dv-cinder-817351-11-iscsi neutron-server[102428]: INFO neutron.wsgi [None req-abeb906a-b7fd-4efb-9412-46f964e0b4c6 admin admin] 10.222.0.24 "GET /v2.0/security-groups?tenant_id=cc744da370aa43b698aee53b570c6c31&name=default HTTP/1.1" status: 200 len: 2996 time: 1.6368592
Feb 06 13:23:11.747566 dv-cinder-817351-11-iscsi neutron-server[102428]: DEBUG neutron.api.rpc.handlers.resources_rpc [None req-abeb906a-b7fd-4efb-9412-46f964e0b4c6 admin admin] Pushing event updated for resources: {'SecurityGroup': ['ID=c7c2c220-921b-4d87-a53b-827a0449c8fa,revision_number=1']} {{(pid=102428) push /opt/stack/neutron/neutron/api/rpc/handlers/resources_rpc.py:237}}
Feb 06 13:23:11.769989 dv-cinder-817351-11-iscsi neutron-server[102428]: DEBUG neutron.wsgi [-] (102428) accepted ('10.222.0.24', 40092) {{(pid=102428) server /usr/local/lib/python3.8/dist-packages/eventlet/wsgi.py:1004}}
Feb 06 13:23:11.772220 dv-cinder-817351-11-iscsi neutron-server[102428]: DEBUG neutron.api.rpc.handlers.resources_rpc [None req-0d1833c8-769e-47d1-92e5-e4d4b9fc97a5 tempest-AttachVolumeShelveTestJSON-1016067411 tempest-AttachVolumeShelveTestJSON-1016067411-project] Pushing event updated for resources: {'SecurityGroupRule': ['ID=0888fb1f-a32c-4ee0-8279-3b66caef18e3,revision_number=0']} {{(pid=102428) push /opt/stack/neutron/neutron/api/rpc/handlers/resources_rpc.py:237}}
Feb 06 13:23:11.784029 dv-cinder-817351-11-iscsi neutron-server[102428]: INFO neutron.wsgi [req-8b446169-523c-4ebf-896c-26fabc10b0fe req-6a1b66ed-e4f7-4f81-a5a6-c530c47a54d4 service neutron] 10.222.0.15 "GET /v2.0/ports?network_id=25a9ab7c-0782-4192-aa3c-2cec125c10c2&device_owner=network%3Adhcp HTTP/1.1" status: 200 len: 210 time: 0.0990467
Feb 06 13:23:11.787685 dv-cinder-817351-11-iscsi neutron-server[102428]: DEBUG neutron_lib.callbacks.manager [None req-0d1833c8-769e-47d1-92e5-e4d4b9fc97a5 tempest-AttachVolumeShelveTestJSON-1016067411 tempest-AttachVolumeShelveTestJSON-1016067411-project] Publish callbacks [] for security_group_rule (None), before_response {{(pid=102428) _notify_loop /usr/local/lib/python3.8/dist-packages/neutron_lib/callbacks/manager.py:176}}
Feb 06 13:23:11.788961 dv-cinder-817351-11-iscsi neutron-server[102428]: INFO neutron.wsgi [None req-0d1833c8-769e-47d1-92e5-e4d4b9fc97a5 tempest-AttachVolumeShelveTestJSON-1016067411 tempest-AttachVolumeShelveTestJSON-1016067411-project] 10.222.0.24 "POST /v2.0/security-group-rules HTTP/1.1" status: 201 len: 769 time: 0.8737731
Feb 06 13:23:11.796157 dv-cinder-817351-11-iscsi neutron-server[102428]: DEBUG neutron.wsgi [-] (102428) accepted ('10.222.0.24', 40094) {{(pid=102428) server /usr/local/lib/python3.8/dist-packages/eventlet/wsgi.py:1004}}
Feb 06 13:23:11.829246 dv-cinder-817351-11-iscsi neutron-server[102428]: DEBUG neutron.api.v2.base [None req-7a9d16ed-9a2c-4f3e-9a72-dc9069c7a538 tempest-AttachVolumeShelveTestJSON-1016067411 tempest-AttachVolumeShelveTestJSON-1016067411-project] Request body: {'floatingip': {'floating_network_id': '2ca058d5-17c2-46b9-8864-f728f29a1c5c'}} {{(pid=102428) prepare_request_body /opt/stack/neutron/neutron/api/v2/base.py:729}}
Feb 06 13:23:11.865914 dv-cinder-817351-11-iscsi neutron-server[102427]: DEBUG neutron.db.db_base_plugin_common [req-31052f0b-1b3b-4b2b-aaf8-beb31815e7fe req-c2975268-5420-469b-ba95-265321906123 tempest-ServerRescueNegativeTestJSON-1857722779 tempest-ServerRescueNegativeTestJSON-1857722779-project] Allocated IP 172.20.0.12 (41533264-7d4a-4264-8a38-3486903f35b4/54ebea05-7f44-4d75-a9a0-32bebe3f4f6b/61246751-50df-4666-bb3d-298fce93b011) {{(pid=102427) _store_ip_allocation /opt/stack/neutron/neutron/db/db_base_plugin_common.py:131}}
Feb 06 13:23:11.913756 dv-cinder-817351-11-iscsi neutron-server[102427]: INFO neutron.wsgi [req-f720ec7c-8b3e-4e35-b282-3169df0219ad req-69c31668-a3ff-475f-a093-9cdca229ebd3 service neutron] 10.222.0.15 "GET /v2.0/floatingips?fixed_ip_address=172.20.0.4&port_id=cd9384fe-2544-4364-8bed-35bc3aec106d HTTP/1.1" status: 200 len: 217 time: 0.3020525
Feb 06 13:23:11.972944 dv-cinder-817351-11-iscsi neutron-server[102427]: INFO neutron.wsgi [req-501e8073-43e7-48e9-8734-98c986a3b4c9 req-ade97b69-37e6-4e38-b1b7-990384a21436 service neutron] 10.222.0.15 "GET /v2.0/floatingips?fixed_ip_address=172.20.0.7&port_id=6109822a-427c-4277-b8ac-fba7870ab516 HTTP/1.1" status: 200 len: 217 time: 0.1341827
Feb 06 13:23:11.985263 dv-cinder-817351-11-iscsi neutron-server[102427]: DEBUG neutron.api.rpc.handlers.resources_rpc [None req-d433cc78-27c5-4bb0-9110-a4d9ff7ee230 service neutron] Pushing event updated for resources: {'Port': ['ID=cd9384fe-2544-4364-8bed-35bc3aec106d,revision_number=3']} {{(pid=102427) push /opt/stack/neutron/neutron/api/rpc/handlers/resources_rpc.py:237}}
Feb 06 13:23:12.008433 dv-cinder-817351-11-iscsi neutron-server[102429]: DEBUG neutron_lib.callbacks.manager [None req-ee1b5f31-678c-416d-8d42-7157ae18a000 None None] Publish callbacks ['neutron.services.segments.db._update_segment_host_mapping_for_agent-8780070833071', 'neutron.plugins.ml2.plugin.Ml2Plugin._retry_binding_revived_agents-32970918'] for agent (19f6a66e-7e6d-49e2-824f-31888707c34c), after_update {{(pid=102429) _notify_loop /usr/local/lib/python3.8/dist-packages/neutron_lib/callbacks/manager.py:176}}
Feb 06 13:23:12.049566 dv-cinder-817351-11-iscsi neutron-server[102428]: INFO neutron.wsgi [req-8b446169-523c-4ebf-896c-26fabc10b0fe req-efe01e91-6cb6-4ad7-9ca9-2bac40871c3a service neutron] 10.222.0.15 "GET /v2.0/networks/25a9ab7c-0782-4192-aa3c-2cec125c10c2?fields=segments HTTP/1.1" status: 200 len: 212 time: 0.2539802
Feb 06 13:23:12.069692 dv-cinder-817351-11-iscsi neutron-server[102428]: DEBUG neutron_lib.callbacks.manager [None req-7a9d16ed-9a2c-4f3e-9a72-dc9069c7a538 tempest-AttachVolumeShelveTestJSON-1016067411 tempest-AttachVolumeShelveTestJSON-1016067411-project] Publish callbacks [] for floatingip (None), before_create {{(pid=102428) _notify_loop /usr/local/lib/python3.8/dist-packages/neutron_lib/callbacks/manager.py:176}}
Feb 06 13:23:12.080761 dv-cinder-817351-11-iscsi neutron-server[102427]: DEBUG neutron.pecan_wsgi.hooks.policy_enforcement [req-501e8073-43e7-48e9-8734-98c986a3b4c9 req-ebdb5d2f-5e12-4c38-a2ff-b5fa064852ad service neutron] Attributes excluded by policy engine: ['standard_attr_id', 'shared', 'segment_id'] {{(pid=102427) _exclude_attributes_by_policy /opt/stack/neutron/neutron/pecan_wsgi/hooks/policy_enforcement.py:255}}
Feb 06 13:23:12.083296 dv-cinder-817351-11-iscsi neutron-server[102427]: INFO neutron.wsgi [req-501e8073-43e7-48e9-8734-98c986a3b4c9 req-ebdb5d2f-5e12-4c38-a2ff-b5fa064852ad service neutron] 10.222.0.15 "GET /v2.0/subnets?id=54ebea05-7f44-4d75-a9a0-32bebe3f4f6b HTTP/1.1" status: 200 len: 858 time: 0.0684085
Feb 06 13:23:12.085586 dv-cinder-817351-11-iscsi neutron-server[102427]: DEBUG novaclient.v2.client [-] RESP: [200] Connection: close Content-Length: 179 Content-Type: application/json Date: Sun, 06 Feb 2022 13:23:11 GMT OpenStack-API-Version: compute 2.1 Server: Apache/2.4.41 (Ubuntu) Vary: OpenStack-API-Version,X-OpenStack-Nova-API-Version X-OpenStack-Nova-API-Version: 2.1 x-compute-request-id: req-efaaa90a-65ad-4612-a049-f2a647620df1 x-openstack-request-id: req-efaaa90a-65ad-4612-a049-f2a647620df1 {{(pid=102427) _http_log_response /usr/local/lib/python3.8/dist-packages/keystoneauth1/session.py:550}}
Feb 06 13:23:12.086121 dv-cinder-817351-11-iscsi neutron-server[102427]: DEBUG novaclient.v2.client [-] RESP BODY: {"events": [{"name": "network-changed", "server_uuid": "efc202cd-1ab6-42e7-9d32-a0e17b7fd699", "tag": "cd9384fe-2544-4364-8bed-35bc3aec106d", "status": "completed", "code": 200}]} {{(pid=102427) _http_log_response /usr/local/lib/python3.8/dist-packages/keystoneauth1/session.py:582}}
Feb 06 13:23:12.086782 dv-cinder-817351-11-iscsi neutron-server[102427]: DEBUG novaclient.v2.client [-] POST call to compute for http://10.222.0.24/compute/v2.1/os-server-external-events used request id req-efaaa90a-65ad-4612-a049-f2a647620df1 {{(pid=102427) request /usr/local/lib/python3.8/dist-packages/keystoneauth1/session.py:954}}
Feb 06 13:23:12.087831 dv-cinder-817351-11-iscsi neutron-server[102427]: INFO neutron.notifiers.nova [-] Nova event response: {'name': 'network-changed', 'server_uuid': 'efc202cd-1ab6-42e7-9d32-a0e17b7fd699', 'tag': 'cd9384fe-2544-4364-8bed-35bc3aec106d', 'status': 'completed', 'code': 200}
Feb 06 13:23:12.122095 dv-cinder-817351-11-iscsi neutron-server[102428]: DEBUG neutron_lib.callbacks.manager [None req-bd6b1c60-7989-4342-994f-575831ebedb2 admin admin] Publish callbacks [] for security_group (c7c2c220-921b-4d87-a53b-827a0449c8fa), before_delete {{(pid=102428) _notify_loop /usr/local/lib/python3.8/dist-packages/neutron_lib/callbacks/manager.py:176}}
Feb 06 13:23:12.222037 dv-cinder-817351-11-iscsi neutron-server[102428]: DEBUG neutron_lib.callbacks.manager [None req-bd6b1c60-7989-4342-994f-575831ebedb2 admin admin] Publish callbacks [] for security_group (c7c2c220-921b-4d87-a53b-827a0449c8fa), precommit_delete {{(pid=102428) _notify_loop /usr/local/lib/python3.8/dist-packages/neutron_lib/callbacks/manager.py:176}}
Feb 06 13:23:12.253392 dv-cinder-817351-11-iscsi neutron-server[102427]: DEBUG neutron.pecan_wsgi.hooks.policy_enforcement [req-f720ec7c-8b3e-4e35-b282-3169df0219ad req-65f586ed-4190-4596-966e-4c539d4dbfd8 service neutron] Attributes excluded by policy engine: ['standard_attr_id', 'shared', 'segment_id'] {{(pid=102427) _exclude_attributes_by_policy /opt/stack/neutron/neutron/pecan_wsgi/hooks/policy_enforcement.py:255}}
Feb 06 13:23:12.255610 dv-cinder-817351-11-iscsi neutron-server[102427]: INFO neutron.wsgi [req-f720ec7c-8b3e-4e35-b282-3169df0219ad req-65f586ed-4190-4596-966e-4c539d4dbfd8 service neutron] 10.222.0.15 "GET /v2.0/subnets?id=af7080ef-3f72-4125-8c75-706257721aca HTTP/1.1" status: 200 len: 851 time: 0.2608566
Feb 06 13:23:12.257639 dv-cinder-817351-11-iscsi neutron-server[102427]: INFO neutron.wsgi [req-501e8073-43e7-48e9-8734-98c986a3b4c9 req-b669ab66-6e8f-4861-bfea-3c30df087133 service neutron] 10.222.0.15 "GET /v2.0/ports?network_id=41533264-7d4a-4264-8a38-3486903f35b4&device_owner=network%3Adhcp HTTP/1.1" status: 200 len: 210 time: 0.1554437
