Apr 06 14:23:21.226790 dv-cinder-817135-8-smb neutron-server[103254]: DEBUG novaclient.v2.client [-] RESP BODY: {"events": [{"name": "network-changed", "server_uuid": "ba990da2-40b8-4fd2-a3ff-90ad5a07205f", "tag": "40c0a0ac-f802-449e-91f3-77e094bc6bb9", "status": "completed", "code": 200}]} {{(pid=103254) _http_log_response /usr/local/lib/python3.8/dist-packages/keystoneauth1/session.py:582}}
Apr 06 14:23:21.227455 dv-cinder-817135-8-smb neutron-server[103254]: DEBUG novaclient.v2.client [-] POST call to compute for http://10.222.0.86/compute/v2.1/os-server-external-events used request id req-78f38ec5-c44d-49cb-8a75-88c7dc0ce438 {{(pid=103254) request /usr/local/lib/python3.8/dist-packages/keystoneauth1/session.py:954}}
Apr 06 14:23:21.228206 dv-cinder-817135-8-smb neutron-server[103254]: INFO neutron.notifiers.nova [-] Nova event matching ['req-78f38ec5-c44d-49cb-8a75-88c7dc0ce438'] response: {'name': 'network-changed', 'server_uuid': 'ba990da2-40b8-4fd2-a3ff-90ad5a07205f', 'tag': '40c0a0ac-f802-449e-91f3-77e094bc6bb9', 'status': 'completed', 'code': 200}
Apr 06 14:23:21.233899 dv-cinder-817135-8-smb neutron-server[103254]: DEBUG neutron.api.rpc.handlers.resources_rpc [None req-08a84719-440f-4a0a-9067-b9383a6a1eff service neutron] Pushing event updated for resources: {'Port': ['ID=40c0a0ac-f802-449e-91f3-77e094bc6bb9,revision_number=3']} {{(pid=103254) push /opt/stack/neutron/neutron/api/rpc/handlers/resources_rpc.py:237}}
Apr 06 14:23:21.301517 dv-cinder-817135-8-smb neutron-server[103255]: DEBUG neutron.notifiers.nova [-] Sending events: [{'server_uuid': 'a9416cd9-906b-457d-a970-cf9e45017aa9', 'name': 'network-vif-plugged', 'status': 'completed', 'tag': 'decb89a1-665b-4820-b223-ff2bf15b6774'}] {{(pid=103255) send_events /opt/stack/neutron/neutron/notifiers/nova.py:271}}
Apr 06 14:23:21.304193 dv-cinder-817135-8-smb neutron-server[103255]: DEBUG novaclient.v2.client [-] REQ: curl -g -i --cacert "/opt/stack/data/ca-bundle.pem" -X POST http://10.222.0.86/compute/v2.1/os-server-external-events -H "Accept: application/json" -H "Content-Type: application/json" -H "User-Agent: python-novaclient" -H "X-Auth-Token: {SHA256}fe6a9429d5e968698a1607c6374c2d9b50d12f4857aa2d5e8f014dc861e52adc" -H "X-OpenStack-Nova-API-Version: 2.1" -H "X-OpenStack-Request-ID: req-55854b29-321a-44ec-b788-d633bb0deeba" -d '{"events": [{"server_uuid": "a9416cd9-906b-457d-a970-cf9e45017aa9", "name": "network-vif-plugged", "status": "completed", "tag": "decb89a1-665b-4820-b223-ff2bf15b6774"}]}' {{(pid=103255) _http_log_request /usr/local/lib/python3.8/dist-packages/keystoneauth1/session.py:519}}
Apr 06 14:23:21.367854 dv-cinder-817135-8-smb neutron-server[103255]: DEBUG novaclient.v2.client [-] RESP: [200] Connection: close Content-Length: 183 Content-Type: application/json Date: Wed, 06 Apr 2022 14:23:21 GMT OpenStack-API-Version: compute 2.1 Server: Apache/2.4.41 (Ubuntu) Vary: OpenStack-API-Version,X-OpenStack-Nova-API-Version X-OpenStack-Nova-API-Version: 2.1 x-compute-request-id: req-93107e46-fa3e-4e08-8dcd-7c0baa779e96 x-openstack-request-id: req-93107e46-fa3e-4e08-8dcd-7c0baa779e96 {{(pid=103255) _http_log_response /usr/local/lib/python3.8/dist-packages/keystoneauth1/session.py:550}}
Apr 06 14:23:21.368256 dv-cinder-817135-8-smb neutron-server[103255]: DEBUG novaclient.v2.client [-] RESP BODY: {"events": [{"server_uuid": "a9416cd9-906b-457d-a970-cf9e45017aa9", "name": "network-vif-plugged", "status": "completed", "tag": "decb89a1-665b-4820-b223-ff2bf15b6774", "code": 200}]} {{(pid=103255) _http_log_response /usr/local/lib/python3.8/dist-packages/keystoneauth1/session.py:582}}
Apr 06 14:23:21.368608 dv-cinder-817135-8-smb neutron-server[103255]: DEBUG novaclient.v2.client [-] POST call to compute for http://10.222.0.86/compute/v2.1/os-server-external-events used request id req-93107e46-fa3e-4e08-8dcd-7c0baa779e96 {{(pid=103255) request /usr/local/lib/python3.8/dist-packages/keystoneauth1/session.py:954}}
Apr 06 14:23:21.369023 dv-cinder-817135-8-smb neutron-server[103255]: INFO neutron.notifiers.nova [-] Nova event matching ['req-93107e46-fa3e-4e08-8dcd-7c0baa779e96'] response: {'server_uuid': 'a9416cd9-906b-457d-a970-cf9e45017aa9', 'name': 'network-vif-plugged', 'status': 'completed', 'tag': 'decb89a1-665b-4820-b223-ff2bf15b6774', 'code': 200}
Apr 06 14:23:21.418128 dv-cinder-817135-8-smb neutron-server[103253]: DEBUG neutron.pecan_wsgi.hooks.policy_enforcement [req-5f3b05b6-e05d-49a4-8a26-ee9059a66334 req-91674ea4-3495-488c-8a71-c86de4ea9e2f tempest-ServerRescueNegativeTestJSON-2101112667 tempest-ServerRescueNegativeTestJSON-2101112667-project] Attributes excluded by policy engine: ['standard_attr_id', 'binding:profile', 'binding:host_id', 'binding:vif_type', 'binding:vif_details'] {{(pid=103253) _exclude_attributes_by_policy /opt/stack/neutron/neutron/pecan_wsgi/hooks/policy_enforcement.py:255}}
Apr 06 14:23:21.419795 dv-cinder-817135-8-smb neutron-server[103253]: INFO neutron.wsgi [req-5f3b05b6-e05d-49a4-8a26-ee9059a66334 req-91674ea4-3495-488c-8a71-c86de4ea9e2f tempest-ServerRescueNegativeTestJSON-2101112667 tempest-ServerRescueNegativeTestJSON-2101112667-project] 10.222.0.86 "GET /v2.0/ports?device_id=68fed6a3-78f4-4ebc-a94c-f04ddef61dac HTTP/1.1" status: 200 len: 945 time: 0.0644834
Apr 06 14:23:21.530179 dv-cinder-817135-8-smb neutron-server[103253]: INFO neutron.wsgi [req-5f3b05b6-e05d-49a4-8a26-ee9059a66334 req-7c1bc3ea-9e05-4aea-9f38-95c0b742b5ca tempest-ServerRescueNegativeTestJSON-2101112667 tempest-ServerRescueNegativeTestJSON-2101112667-project] 10.222.0.86 "GET /v2.0/security-groups?id=033f513d-f835-486d-8075-bb3681c94e77&fields=id&fields=name HTTP/1.1" status: 200 len: 286 time: 0.1000135
Apr 06 14:23:21.600442 dv-cinder-817135-8-smb neutron-server[103254]: DEBUG neutron.pecan_wsgi.hooks.policy_enforcement [req-1951c094-9994-4a57-af16-ef5c6161084a req-00dc39a3-7228-4187-85c2-cdb618c62a1d service neutron] Attributes excluded by policy engine: ['standard_attr_id'] {{(pid=103254) _exclude_attributes_by_policy /opt/stack/neutron/neutron/pecan_wsgi/hooks/policy_enforcement.py:255}}
Apr 06 14:23:21.602219 dv-cinder-817135-8-smb neutron-server[103254]: INFO neutron.wsgi [req-1951c094-9994-4a57-af16-ef5c6161084a req-00dc39a3-7228-4187-85c2-cdb618c62a1d service neutron] 10.222.0.76 "GET /v2.0/ports?tenant_id=2e6fc8390b3042c299fd931f8006356c&device_id=ba990da2-40b8-4fd2-a3ff-90ad5a07205f HTTP/1.1" status: 200 len: 1127 time: 0.0543838
Apr 06 14:23:21.711320 dv-cinder-817135-8-smb neutron-server[103254]: INFO neutron.wsgi [req-1951c094-9994-4a57-af16-ef5c6161084a req-360bdf69-fd2b-4989-9bc2-b4b007d303f4 service neutron] 10.222.0.76 "GET /v2.0/floatingips?fixed_ip_address=172.20.0.7&port_id=40c0a0ac-f802-449e-91f3-77e094bc6bb9 HTTP/1.1" status: 200 len: 217 time: 0.0908401
Apr 06 14:23:21.821719 dv-cinder-817135-8-smb neutron-server[103253]: DEBUG neutron.pecan_wsgi.hooks.policy_enforcement [req-2d85fa15-412e-4e58-a7db-de7edb11ffe2 req-4dbe8d0a-eee2-4275-a08e-57be64e4fb03 service neutron] Attributes excluded by policy engine: ['standard_attr_id'] {{(pid=103253) _exclude_attributes_by_policy /opt/stack/neutron/neutron/pecan_wsgi/hooks/policy_enforcement.py:255}}
Apr 06 14:23:21.823947 dv-cinder-817135-8-smb neutron-server[103254]: DEBUG neutron.pecan_wsgi.hooks.policy_enforcement [req-1951c094-9994-4a57-af16-ef5c6161084a req-1330fd53-df97-4a83-98ce-ce3cbb79b027 service neutron] Attributes excluded by policy engine: ['standard_attr_id', 'shared', 'segment_id'] {{(pid=103254) _exclude_attributes_by_policy /opt/stack/neutron/neutron/pecan_wsgi/hooks/policy_enforcement.py:255}}
Apr 06 14:23:21.824913 dv-cinder-817135-8-smb neutron-server[103253]: INFO neutron.wsgi [req-2d85fa15-412e-4e58-a7db-de7edb11ffe2 req-4dbe8d0a-eee2-4275-a08e-57be64e4fb03 service neutron] 10.222.0.76 "GET /v2.0/ports?device_id=a9416cd9-906b-457d-a970-cf9e45017aa9 HTTP/1.1" status: 200 len: 1129 time: 0.0887644
Apr 06 14:23:21.825475 dv-cinder-817135-8-smb neutron-server[103254]: INFO neutron.wsgi [req-1951c094-9994-4a57-af16-ef5c6161084a req-1330fd53-df97-4a83-98ce-ce3cbb79b027 service neutron] 10.222.0.76 "GET /v2.0/subnets?id=e3cc6c26-5332-43d8-9afc-4e0c2052cb32 HTTP/1.1" status: 200 len: 848 time: 0.0889940
Apr 06 14:23:21.946102 dv-cinder-817135-8-smb neutron-server[103254]: INFO neutron.wsgi [req-1951c094-9994-4a57-af16-ef5c6161084a req-0eae3137-887d-4f0f-a566-d3e097a66cdb service neutron] 10.222.0.76 "GET /v2.0/ports?network_id=56bf76fd-a3f9-4be8-8c00-caa3b7dac244&device_owner=network%3Adhcp HTTP/1.1" status: 200 len: 210 time: 0.0520599
Apr 06 14:23:21.989581 dv-cinder-817135-8-smb neutron-server[103253]: INFO neutron.wsgi [req-2d85fa15-412e-4e58-a7db-de7edb11ffe2 req-4981c7a3-e3b2-4e1c-ab50-4a70b0094ea7 service neutron] 10.222.0.76 "GET /v2.0/security-groups?id=a257f486-b7aa-4926-b650-221a329cf1e1&fields=id&fields=name HTTP/1.1" status: 200 len: 312 time: 0.0968418
Apr 06 14:23:22.037941 dv-cinder-817135-8-smb neutron-server[103253]: DEBUG neutron.pecan_wsgi.hooks.policy_enforcement [req-30a31702-724f-4ab4-abc9-99fb5fbe614d req-d7f51a16-255f-4de4-a601-756bcbabf2a1 tempest-AttachVolumeNegativeTest-758753361 tempest-AttachVolumeNegativeTest-758753361-project] Attributes excluded by policy engine: ['standard_attr_id', 'binding:profile', 'binding:host_id', 'binding:vif_type', 'binding:vif_details'] {{(pid=103253) _exclude_attributes_by_policy /opt/stack/neutron/neutron/pecan_wsgi/hooks/policy_enforcement.py:255}}
Apr 06 14:23:22.039615 dv-cinder-817135-8-smb neutron-server[103253]: INFO neutron.wsgi [req-30a31702-724f-4ab4-abc9-99fb5fbe614d req-d7f51a16-255f-4de4-a601-756bcbabf2a1 tempest-AttachVolumeNegativeTest-758753361 tempest-AttachVolumeNegativeTest-758753361-project] 10.222.0.86 "GET /v2.0/ports?device_id=a9416cd9-906b-457d-a970-cf9e45017aa9 HTTP/1.1" status: 200 len: 945 time: 0.1218228
Apr 06 14:23:22.107867 dv-cinder-817135-8-smb neutron-server[103253]: INFO neutron.wsgi [req-30a31702-724f-4ab4-abc9-99fb5fbe614d req-c96f859e-ba7f-465b-b2db-eb644f41f449 tempest-AttachVolumeNegativeTest-758753361 tempest-AttachVolumeNegativeTest-758753361-project] 10.222.0.86 "GET /v2.0/security-groups?id=a257f486-b7aa-4926-b650-221a329cf1e1&fields=id&fields=name HTTP/1.1" status: 200 len: 312 time: 0.0555995
Apr 06 14:23:22.143895 dv-cinder-817135-8-smb neutron-server[103254]: DEBUG neutron.pecan_wsgi.hooks.policy_enforcement [req-b3b65f3e-4bdd-49eb-b511-4b5e3b9fb14c req-0879defb-fd7d-4f64-9196-a8dccbb40c1f tempest-VolumesActionsTest-309183706 tempest-VolumesActionsTest-309183706-project] Attributes excluded by policy engine: ['standard_attr_id', 'binding:profile', 'binding:host_id', 'binding:vif_type', 'binding:vif_details'] {{(pid=103254) _exclude_attributes_by_policy /opt/stack/neutron/neutron/pecan_wsgi/hooks/policy_enforcement.py:255}}
Apr 06 14:23:22.146241 dv-cinder-817135-8-smb neutron-server[103254]: INFO neutron.wsgi [req-b3b65f3e-4bdd-49eb-b511-4b5e3b9fb14c req-0879defb-fd7d-4f64-9196-a8dccbb40c1f tempest-VolumesActionsTest-309183706 tempest-VolumesActionsTest-309183706-project] 10.222.0.86 "GET /v2.0/ports?device_id=ba990da2-40b8-4fd2-a3ff-90ad5a07205f HTTP/1.1" status: 200 len: 943 time: 0.1130686
Apr 06 14:23:22.231015 dv-cinder-817135-8-smb neutron-server[103254]: INFO neutron.wsgi [req-b3b65f3e-4bdd-49eb-b511-4b5e3b9fb14c req-61824371-92d7-4105-b52b-acc3950d4f24 tempest-VolumesActionsTest-309183706 tempest-VolumesActionsTest-309183706-project] 10.222.0.86 "GET /v2.0/security-groups?id=bebe05b0-c3b1-41aa-bf43-1b30d47b0e56&fields=id&fields=name HTTP/1.1" status: 200 len: 286 time: 0.0779798
Apr 06 14:23:22.280362 dv-cinder-817135-8-smb neutron-server[103253]: DEBUG neutron.pecan_wsgi.hooks.policy_enforcement [req-05bee5b7-1ee4-4662-a884-03302d5cb96d req-f2cfe058-46af-4467-8a79-bafd3fa86375 tempest-DeleteServersTestJSON-222828493 tempest-DeleteServersTestJSON-222828493-project] Attributes excluded by policy engine: ['standard_attr_id', 'binding:profile', 'binding:host_id', 'binding:vif_type', 'binding:vif_details'] {{(pid=103253) _exclude_attributes_by_policy /opt/stack/neutron/neutron/pecan_wsgi/hooks/policy_enforcement.py:255}}
Apr 06 14:23:22.288167 dv-cinder-817135-8-smb neutron-server[103253]: INFO neutron.wsgi [req-05bee5b7-1ee4-4662-a884-03302d5cb96d req-f2cfe058-46af-4467-8a79-bafd3fa86375 tempest-DeleteServersTestJSON-222828493 tempest-DeleteServersTestJSON-222828493-project] 10.222.0.86 "GET /v2.0/ports?device_id=e1021b23-6d27-4521-9563-569a3a160af1 HTTP/1.1" status: 200 len: 945 time: 0.1072364
Apr 06 14:23:22.345927 dv-cinder-817135-8-smb neutron-server[103253]: INFO neutron.wsgi [req-05bee5b7-1ee4-4662-a884-03302d5cb96d req-cdf73716-659b-441c-9d1f-94863f2843ce tempest-DeleteServersTestJSON-222828493 tempest-DeleteServersTestJSON-222828493-project] 10.222.0.86 "GET /v2.0/security-groups?id=788d214c-f789-43e8-98e4-c78da7f4b6ef&fields=id&fields=name HTTP/1.1" status: 200 len: 286 time: 0.0565078
Apr 06 14:23:22.686652 dv-cinder-817135-8-smb neutron-server[103254]: DEBUG neutron.pecan_wsgi.hooks.policy_enforcement [req-4438d8bb-df05-4e85-a1e0-33c0578963e9 req-8818d728-5fc2-497d-bab0-e3d3b009f553 tempest-ServerRescueNegativeTestJSON-2101112667 tempest-ServerRescueNegativeTestJSON-2101112667-project] Attributes excluded by policy engine: ['standard_attr_id', 'binding:profile', 'binding:host_id', 'binding:vif_type', 'binding:vif_details'] {{(pid=103254) _exclude_attributes_by_policy /opt/stack/neutron/neutron/pecan_wsgi/hooks/policy_enforcement.py:255}}
Apr 06 14:23:22.690792 dv-cinder-817135-8-smb neutron-server[103254]: INFO neutron.wsgi [req-4438d8bb-df05-4e85-a1e0-33c0578963e9 req-8818d728-5fc2-497d-bab0-e3d3b009f553 tempest-ServerRescueNegativeTestJSON-2101112667 tempest-ServerRescueNegativeTestJSON-2101112667-project] 10.222.0.86 "GET /v2.0/ports?device_id=68fed6a3-78f4-4ebc-a94c-f04ddef61dac HTTP/1.1" status: 200 len: 945 time: 0.0710397
Apr 06 14:23:22.757677 dv-cinder-817135-8-smb neutron-server[103254]: INFO neutron.wsgi [req-4438d8bb-df05-4e85-a1e0-33c0578963e9 req-42a57da9-ba45-4db7-92d6-09cbea1c3a24 tempest-ServerRescueNegativeTestJSON-2101112667 tempest-ServerRescueNegativeTestJSON-2101112667-project] 10.222.0.86 "GET /v2.0/security-groups?id=033f513d-f835-486d-8075-bb3681c94e77&fields=id&fields=name HTTP/1.1" status: 200 len: 286 time: 0.0658457
Apr 06 14:23:23.119548 dv-cinder-817135-8-smb neutron-server[103254]: DEBUG neutron.pecan_wsgi.hooks.policy_enforcement [req-f0bfce0e-5a0e-4b55-b183-509bb67bd2db req-90c6eaa5-a6f4-49ca-a628-756ebbc00018 tempest-ServerRescueNegativeTestJSON-2101112667 tempest-ServerRescueNegativeTestJSON-2101112667-project] Attributes excluded by policy engine: ['standard_attr_id', 'binding:profile', 'binding:host_id', 'binding:vif_type', 'binding:vif_details'] {{(pid=103254) _exclude_attributes_by_policy /opt/stack/neutron/neutron/pecan_wsgi/hooks/policy_enforcement.py:255}}
Apr 06 14:23:23.126734 dv-cinder-817135-8-smb neutron-server[103254]: INFO neutron.wsgi [req-f0bfce0e-5a0e-4b55-b183-509bb67bd2db req-90c6eaa5-a6f4-49ca-a628-756ebbc00018 tempest-ServerRescueNegativeTestJSON-2101112667 tempest-ServerRescueNegativeTestJSON-2101112667-project] 10.222.0.86 "GET /v2.0/ports?device_id=68fed6a3-78f4-4ebc-a94c-f04ddef61dac HTTP/1.1" status: 200 len: 945 time: 0.0701697
Apr 06 14:23:23.185829 dv-cinder-817135-8-smb neutron-server[103254]: INFO neutron.wsgi [req-f0bfce0e-5a0e-4b55-b183-509bb67bd2db req-c9a42b55-141e-4969-8f11-8f54e3c3aa42 tempest-ServerRescueNegativeTestJSON-2101112667 tempest-ServerRescueNegativeTestJSON-2101112667-project] 10.222.0.86 "GET /v2.0/security-groups?id=033f513d-f835-486d-8075-bb3681c94e77&fields=id&fields=name HTTP/1.1" status: 200 len: 286 time: 0.0581214
Apr 06 14:23:23.279723 dv-cinder-817135-8-smb neutron-server[103253]: DEBUG neutron.pecan_wsgi.hooks.policy_enforcement [req-9c90b8ce-d9bc-493d-ad27-d7bc0222f51a req-416858b8-debf-4a43-8592-b8d7011061b8 tempest-AttachVolumeNegativeTest-758753361 tempest-AttachVolumeNegativeTest-758753361-project] Attributes excluded by policy engine: ['standard_attr_id', 'binding:profile', 'binding:host_id', 'binding:vif_type', 'binding:vif_details'] {{(pid=103253) _exclude_attributes_by_policy /opt/stack/neutron/neutron/pecan_wsgi/hooks/policy_enforcement.py:255}}
Apr 06 14:23:23.281358 dv-cinder-817135-8-smb neutron-server[103253]: INFO neutron.wsgi [req-9c90b8ce-d9bc-493d-ad27-d7bc0222f51a req-416858b8-debf-4a43-8592-b8d7011061b8 tempest-AttachVolumeNegativeTest-758753361 tempest-AttachVolumeNegativeTest-758753361-project] 10.222.0.86 "GET /v2.0/ports?device_id=a9416cd9-906b-457d-a970-cf9e45017aa9 HTTP/1.1" status: 200 len: 945 time: 0.0788774
Apr 06 14:23:23.380556 dv-cinder-817135-8-smb neutron-server[103253]: INFO neutron.wsgi [req-9c90b8ce-d9bc-493d-ad27-d7bc0222f51a req-29fc443a-75ee-4435-a94e-e47c7f5efe81 tempest-AttachVolumeNegativeTest-758753361 tempest-AttachVolumeNegativeTest-758753361-project] 10.222.0.86 "GET /v2.0/security-groups?id=a257f486-b7aa-4926-b650-221a329cf1e1&fields=id&fields=name HTTP/1.1" status: 200 len: 312 time: 0.0893569
Apr 06 14:23:23.401171 dv-cinder-817135-8-smb neutron-server[103254]: DEBUG neutron.pecan_wsgi.hooks.policy_enforcement [req-ba781a6a-3dc6-492d-818f-e43c80cb197e req-015360f2-8f8c-4afa-8784-2f609186140f tempest-VolumesActionsTest-309183706 tempest-VolumesActionsTest-309183706-project] Attributes excluded by policy engine: ['standard_attr_id', 'binding:profile', 'binding:host_id', 'binding:vif_type', 'binding:vif_details'] {{(pid=103254) _exclude_attributes_by_policy /opt/stack/neutron/neutron/pecan_wsgi/hooks/policy_enforcement.py:255}}
Apr 06 14:23:23.410373 dv-cinder-817135-8-smb neutron-server[103254]: INFO neutron.wsgi [req-ba781a6a-3dc6-492d-818f-e43c80cb197e req-015360f2-8f8c-4afa-8784-2f609186140f tempest-VolumesActionsTest-309183706 tempest-VolumesActionsTest-309183706-project] 10.222.0.86 "GET /v2.0/ports?device_id=ba990da2-40b8-4fd2-a3ff-90ad5a07205f HTTP/1.1" status: 200 len: 943 time: 0.0855777
Apr 06 14:23:23.495822 dv-cinder-817135-8-smb neutron-server[103254]: INFO neutron.wsgi [req-ba781a6a-3dc6-492d-818f-e43c80cb197e req-91cd639f-3175-4d05-95f3-d368d5967d6b tempest-VolumesActionsTest-309183706 tempest-VolumesActionsTest-309183706-project] 10.222.0.86 "GET /v2.0/security-groups?id=bebe05b0-c3b1-41aa-bf43-1b30d47b0e56&fields=id&fields=name HTTP/1.1" status: 200 len: 286 time: 0.0844536
Apr 06 14:23:23.538418 dv-cinder-817135-8-smb neutron-server[103253]: DEBUG neutron.pecan_wsgi.hooks.policy_enforcement [req-97cfe9b8-8879-4119-9d3f-a0361af935c5 req-e8395383-50d1-4547-9bf4-2095ce5c8b64 tempest-DeleteServersTestJSON-222828493 tempest-DeleteServersTestJSON-222828493-project] Attributes excluded by policy engine: ['standard_attr_id', 'binding:profile', 'binding:host_id', 'binding:vif_type', 'binding:vif_details'] {{(pid=103253) _exclude_attributes_by_policy /opt/stack/neutron/neutron/pecan_wsgi/hooks/policy_enforcement.py:255}}
Apr 06 14:23:23.540160 dv-cinder-817135-8-smb neutron-server[103253]: INFO neutron.wsgi [req-97cfe9b8-8879-4119-9d3f-a0361af935c5 req-e8395383-50d1-4547-9bf4-2095ce5c8b64 tempest-DeleteServersTestJSON-222828493 tempest-DeleteServersTestJSON-222828493-project] 10.222.0.86 "GET /v2.0/ports?device_id=e1021b23-6d27-4521-9563-569a3a160af1 HTTP/1.1" status: 200 len: 945 time: 0.0651345
Apr 06 14:23:23.595310 dv-cinder-817135-8-smb neutron-server[103254]: DEBUG neutron.wsgi [-] (103254) accepted ('10.222.0.86', 45932) {{(pid=103254) server /usr/local/lib/python3.8/dist-packages/eventlet/wsgi.py:1004}}
Apr 06 14:23:23.609009 dv-cinder-817135-8-smb neutron-server[103253]: INFO neutron.wsgi [req-97cfe9b8-8879-4119-9d3f-a0361af935c5 req-b369d40f-04a2-4e86-b975-b7cc827a337f tempest-DeleteServersTestJSON-222828493 tempest-DeleteServersTestJSON-222828493-project] 10.222.0.86 "GET /v2.0/security-groups?id=788d214c-f789-43e8-98e4-c78da7f4b6ef&fields=id&fields=name HTTP/1.1" status: 200 len: 286 time: 0.0562186
Apr 06 14:23:23.711680 dv-cinder-817135-8-smb neutron-server[103254]: DEBUG neutron_lib.callbacks.manager [None req-53b6d2df-5b49-49e0-9758-17cd5955a03a admin admin] Publish callbacks [] for security_group (None), before_create {{(pid=103254) _notify_loop /usr/local/lib/python3.8/dist-packages/neutron_lib/callbacks/manager.py:176}}
Apr 06 14:23:23.816206 dv-cinder-817135-8-smb neutron-server[103254]: DEBUG neutron_lib.callbacks.manager [None req-53b6d2df-5b49-49e0-9758-17cd5955a03a admin admin] Publish callbacks [] for security_group (184c1d63-4e17-4a77-bd0f-46d03f5fd418), precommit_create {{(pid=103254) _notify_loop /usr/local/lib/python3.8/dist-packages/neutron_lib/callbacks/manager.py:176}}
Apr 06 14:23:23.836825 dv-cinder-817135-8-smb neutron-server[103254]: DEBUG neutron_lib.callbacks.manager [None req-53b6d2df-5b49-49e0-9758-17cd5955a03a admin admin] Publish callbacks ['neutron.plugins.ml2.ovo_rpc._ObjectChangeHandler.handle_event-640097'] for security_group (184c1d63-4e17-4a77-bd0f-46d03f5fd418), after_create {{(pid=103254) _notify_loop /usr/local/lib/python3.8/dist-packages/neutron_lib/callbacks/manager.py:176}}
Apr 06 14:23:23.900167 dv-cinder-817135-8-smb neutron-server[103254]: INFO neutron.wsgi [None req-53b6d2df-5b49-49e0-9758-17cd5955a03a admin admin] 10.222.0.86 "GET /v2.0/security-groups?tenant_id=956fc5b3a2f6433aad139e1d23000190&name=default HTTP/1.1" status: 200 len: 2996 time: 0.3037930
Apr 06 14:23:23.902844 dv-cinder-817135-8-smb neutron-server[103253]: DEBUG neutron.wsgi [-] (103253) accepted ('10.222.0.86', 45946) {{(pid=103253) server /usr/local/lib/python3.8/dist-packages/eventlet/wsgi.py:1004}}
Apr 06 14:23:23.917382 dv-cinder-817135-8-smb neutron-server[103254]: DEBUG neutron.api.rpc.handlers.resources_rpc [None req-53b6d2df-5b49-49e0-9758-17cd5955a03a admin admin] Pushing event updated for resources: {'SecurityGroup': ['ID=184c1d63-4e17-4a77-bd0f-46d03f5fd418,revision_number=1']} {{(pid=103254) push /opt/stack/neutron/neutron/api/rpc/handlers/resources_rpc.py:237}}
Apr 06 14:23:23.949388 dv-cinder-817135-8-smb neutron-server[103254]: INFO neutron.wsgi [req-1951c094-9994-4a57-af16-ef5c6161084a req-a6e8c770-fe91-4160-ba1c-a12fe0cfff21 service neutron] 10.222.0.76 "GET /v2.0/networks/56bf76fd-a3f9-4be8-8c00-caa3b7dac244?fields=segments HTTP/1.1" status: 200 len: 212 time: 0.1446147
Apr 06 14:23:23.971501 dv-cinder-817135-8-smb neutron-server[103253]: DEBUG neutron_lib.callbacks.manager [None req-e9043046-cbf3-48c8-a79d-a4d751a27e6b admin admin] Publish callbacks [] for security_group (184c1d63-4e17-4a77-bd0f-46d03f5fd418), before_delete {{(pid=103253) _notify_loop /usr/local/lib/python3.8/dist-packages/neutron_lib/callbacks/manager.py:176}}
Apr 06 14:23:23.993436 dv-cinder-817135-8-smb neutron-server[103253]: DEBUG neutron_lib.callbacks.manager [None req-e9043046-cbf3-48c8-a79d-a4d751a27e6b admin admin] Publish callbacks [] for security_group (184c1d63-4e17-4a77-bd0f-46d03f5fd418), precommit_delete {{(pid=103253) _notify_loop /usr/local/lib/python3.8/dist-packages/neutron_lib/callbacks/manager.py:176}}
Apr 06 14:23:24.047379 dv-cinder-817135-8-smb neutron-server[103253]: DEBUG neutron_lib.callbacks.manager [None req-e9043046-cbf3-48c8-a79d-a4d751a27e6b admin admin] Publish callbacks ['neutron.plugins.ml2.ovo_rpc._ObjectChangeHandler.handle_event-640097'] for security_group (184c1d63-4e17-4a77-bd0f-46d03f5fd418), after_delete {{(pid=103253) _notify_loop /usr/local/lib/python3.8/dist-packages/neutron_lib/callbacks/manager.py:176}}
Apr 06 14:23:24.050125 dv-cinder-817135-8-smb neutron-server[103253]: DEBUG neutron_lib.callbacks.manager [None req-e9043046-cbf3-48c8-a79d-a4d751a27e6b admin admin] Publish callbacks [] for security_group (None), before_response {{(pid=103253) _notify_loop /usr/local/lib/python3.8/dist-packages/neutron_lib/callbacks/manager.py:176}}
Apr 06 14:23:24.051628 dv-cinder-817135-8-smb neutron-server[103253]: INFO neutron.wsgi [None req-e9043046-cbf3-48c8-a79d-a4d751a27e6b admin admin] 10.222.0.86 "DELETE /v2.0/security-groups/184c1d63-4e17-4a77-bd0f-46d03f5fd418 HTTP/1.1" status: 204 len: 168 time: 0.1476967
Apr 06 14:23:24.062019 dv-cinder-817135-8-smb neutron-server[103253]: DEBUG neutron.api.rpc.handlers.resources_rpc [None req-e9043046-cbf3-48c8-a79d-a4d751a27e6b admin admin] Pushing event deleted for resources: {'SecurityGroup': ['ID=184c1d63-4e17-4a77-bd0f-46d03f5fd418,revision_number=None']} {{(pid=103253) push /opt/stack/neutron/neutron/api/rpc/handlers/resources_rpc.py:237}}
Apr 06 14:23:24.365355 dv-cinder-817135-8-smb neutron-server[103253]: DEBUG neutron.pecan_wsgi.hooks.policy_enforcement [req-2cfa8be8-3a3f-4607-819a-2fb7c0fe6963 req-a343d33c-81cc-4dcb-b4b6-0de00c04700c service neutron] Attributes excluded by policy engine: ['standard_attr_id'] {{(pid=103253) _exclude_attributes_by_policy /opt/stack/neutron/neutron/pecan_wsgi/hooks/policy_enforcement.py:255}}
Apr 06 14:23:24.373333 dv-cinder-817135-8-smb neutron-server[103253]: INFO neutron.wsgi [req-2cfa8be8-3a3f-4607-819a-2fb7c0fe6963 req-a343d33c-81cc-4dcb-b4b6-0de00c04700c service neutron] 10.222.0.76 "GET /v2.0/ports?tenant_id=730f5b387ae74b51bf14bd415333435b&device_id=68fed6a3-78f4-4ebc-a94c-f04ddef61dac HTTP/1.1" status: 200 len: 1129 time: 0.0957265
Apr 06 14:23:24.386460 dv-cinder-817135-8-smb neutron-server[103254]: INFO neutron.wsgi [req-1951c094-9994-4a57-af16-ef5c6161084a req-b7f099a9-215d-4867-a9c0-216fb9e5e016 service neutron] 10.222.0.76 "GET /v2.0/networks/56bf76fd-a3f9-4be8-8c00-caa3b7dac244?fields=provider%3Aphysical_network&fields=provider%3Anetwork_type HTTP/1.1" status: 200 len: 281 time: 0.1604090
Apr 06 14:23:24.482162 dv-cinder-817135-8-smb neutron-server[103253]: DEBUG neutron.wsgi [-] (103253) accepted ('10.222.0.86', 45974) {{(pid=103253) server /usr/local/lib/python3.8/dist-packages/eventlet/wsgi.py:1004}}
Apr 06 14:23:24.505855 dv-cinder-817135-8-smb neutron-server[103253]: DEBUG neutron.pecan_wsgi.hooks.policy_enforcement [req-2cfa8be8-3a3f-4607-819a-2fb7c0fe6963 req-f7d42f36-1851-4867-9aef-7f475bfd5d4f service neutron] Attributes excluded by policy engine: ['standard_attr_id', 'vlan_transparent'] {{(pid=103253) _exclude_attributes_by_policy /opt/stack/neutron/neutron/pecan_wsgi/hooks/policy_enforcement.py:255}}
Apr 06 14:23:24.507452 dv-cinder-817135-8-smb neutron-server[103253]: INFO neutron.wsgi [req-2cfa8be8-3a3f-4607-819a-2fb7c0fe6963 req-f7d42f36-1851-4867-9aef-7f475bfd5d4f service neutron] 10.222.0.76 "GET /v2.0/networks?id=e318f5ad-d6ae-4984-8500-14c6a308fab4 HTTP/1.1" status: 200 len: 919 time: 0.1062346
Apr 06 14:23:24.508288 dv-cinder-817135-8-smb neutron-server[103253]: DEBUG neutron_lib.callbacks.manager [None req-892b8c55-c7e8-4839-a6a1-70329a64382e admin admin] Publish callbacks [] for security_group (None), before_create {{(pid=103253) _notify_loop /usr/local/lib/python3.8/dist-packages/neutron_lib/callbacks/manager.py:176}}
Apr 06 14:23:24.540693 dv-cinder-817135-8-smb neutron-server[103254]: DEBUG neutron.pecan_wsgi.hooks.policy_enforcement [req-5eb7c4b4-1288-4b30-8d34-24b159acc824 req-05a86039-f5c0-4f85-91ff-46c8b91d81a3 tempest-ServerRescueNegativeTestJSON-2101112667 tempest-ServerRescueNegativeTestJSON-2101112667-project] Attributes excluded by policy engine: ['standard_attr_id', 'binding:profile', 'binding:host_id', 'binding:vif_type', 'binding:vif_details'] {{(pid=103254) _exclude_attributes_by_policy /opt/stack/neutron/neutron/pecan_wsgi/hooks/policy_enforcement.py:255}}
Apr 06 14:23:24.543693 dv-cinder-817135-8-smb neutron-server[103254]: INFO neutron.wsgi [req-5eb7c4b4-1288-4b30-8d34-24b159acc824 req-05a86039-f5c0-4f85-91ff-46c8b91d81a3 tempest-ServerRescueNegativeTestJSON-2101112667 tempest-ServerRescueNegativeTestJSON-2101112667-project] 10.222.0.86 "GET /v2.0/ports?device_id=68fed6a3-78f4-4ebc-a94c-f04ddef61dac HTTP/1.1" status: 200 len: 945 time: 0.1558022
Apr 06 14:23:24.633367 dv-cinder-817135-8-smb neutron-server[103254]: INFO neutron.wsgi [req-5eb7c4b4-1288-4b30-8d34-24b159acc824 req-4783741f-3278-46d6-9ab3-80f60787b718 tempest-ServerRescueNegativeTestJSON-2101112667 tempest-ServerRescueNegativeTestJSON-2101112667-project] 10.222.0.86 "GET /v2.0/security-groups?id=033f513d-f835-486d-8075-bb3681c94e77&fields=id&fields=name HTTP/1.1" status: 200 len: 286 time: 0.0823498
Apr 06 14:23:24.682336 dv-cinder-817135-8-smb neutron-server[103253]: DEBUG neutron_lib.callbacks.manager [None req-892b8c55-c7e8-4839-a6a1-70329a64382e admin admin] Publish callbacks [] for security_group (f80dcbd2-fae8-4907-940e-69ce3ab0e854), precommit_create {{(pid=103253) _notify_loop /usr/local/lib/python3.8/dist-packages/neutron_lib/callbacks/manager.py:176}}
Apr 06 14:23:24.701122 dv-cinder-817135-8-smb neutron-server[103253]: DEBUG neutron_lib.callbacks.manager [None req-892b8c55-c7e8-4839-a6a1-70329a64382e admin admin] Publish callbacks ['neutron.plugins.ml2.ovo_rpc._ObjectChangeHandler.handle_event-640097'] for security_group (f80dcbd2-fae8-4907-940e-69ce3ab0e854), after_create {{(pid=103253) _notify_loop /usr/local/lib/python3.8/dist-packages/neutron_lib/callbacks/manager.py:176}}
Apr 06 14:23:24.715711 dv-cinder-817135-8-smb neutron-server[103253]: DEBUG neutron.wsgi [-] (103253) accepted ('10.222.0.86', 45984) {{(pid=103253) server /usr/local/lib/python3.8/dist-packages/eventlet/wsgi.py:1004}}
Apr 06 14:23:24.755096 dv-cinder-817135-8-smb neutron-server[103253]: DEBUG neutron.pecan_wsgi.hooks.policy_enforcement [req-a943af04-984e-4bf1-9b7e-1244c84d5596 req-96df4e0f-c9db-438d-9c17-f2f65580e6bc tempest-AttachVolumeNegativeTest-758753361 tempest-AttachVolumeNegativeTest-758753361-project] Attributes excluded by policy engine: ['standard_attr_id', 'binding:profile', 'binding:host_id', 'binding:vif_type', 'binding:vif_details'] {{(pid=103253) _exclude_attributes_by_policy /opt/stack/neutron/neutron/pecan_wsgi/hooks/policy_enforcement.py:255}}
Apr 06 14:23:24.763307 dv-cinder-817135-8-smb neutron-server[103253]: INFO neutron.wsgi [req-a943af04-984e-4bf1-9b7e-1244c84d5596 req-96df4e0f-c9db-438d-9c17-f2f65580e6bc tempest-AttachVolumeNegativeTest-758753361 tempest-AttachVolumeNegativeTest-758753361-project] 10.222.0.86 "GET /v2.0/ports?device_id=a9416cd9-906b-457d-a970-cf9e45017aa9 HTTP/1.1" status: 200 len: 945 time: 0.2114339
Apr 06 14:23:24.809552 dv-cinder-817135-8-smb neutron-server[103253]: INFO neutron.wsgi [None req-892b8c55-c7e8-4839-a6a1-70329a64382e admin admin] 10.222.0.86 "GET /v2.0/security-groups?tenant_id=9a14bc1a72c14c85853b2279ebbc1d91&name=default HTTP/1.1" status: 200 len: 2996 time: 0.3263152
Apr 06 14:23:24.816862 dv-cinder-817135-8-smb neutron-server[103254]: DEBUG neutron.wsgi [-] (103254) accepted ('10.222.0.86', 45988) {{(pid=103254) server /usr/local/lib/python3.8/dist-packages/eventlet/wsgi.py:1004}}
Apr 06 14:23:24.823008 dv-cinder-817135-8-smb neutron-server[103253]: DEBUG neutron.api.rpc.handlers.resources_rpc [None req-892b8c55-c7e8-4839-a6a1-70329a64382e admin admin] Pushing event updated for resources: {'SecurityGroup': ['ID=f80dcbd2-fae8-4907-940e-69ce3ab0e854,revision_number=1']} {{(pid=103253) push /opt/stack/neutron/neutron/api/rpc/handlers/resources_rpc.py:237}}
Apr 06 14:23:24.843332 dv-cinder-817135-8-smb neutron-server[103253]: INFO neutron.wsgi [req-a943af04-984e-4bf1-9b7e-1244c84d5596 req-ac03d49d-4a83-4528-92d3-40d93fa51037 tempest-AttachVolumeNegativeTest-758753361 tempest-AttachVolumeNegativeTest-758753361-project] 10.222.0.86 "GET /v2.0/security-groups?id=a257f486-b7aa-4926-b650-221a329cf1e1&fields=id&fields=name HTTP/1.1" status: 200 len: 312 time: 0.0783658
Apr 06 14:23:24.895262 dv-cinder-817135-8-smb neutron-server[103254]: DEBUG neutron.pecan_wsgi.hooks.policy_enforcement [req-624ca9d2-243f-4d8d-8e65-031c0aa96df3 req-0894cc49-87ed-4ecb-b087-3e6b78349135 tempest-VolumesActionsTest-309183706 tempest-VolumesActionsTest-309183706-project] Attributes excluded by policy engine: ['standard_attr_id', 'binding:profile', 'binding:host_id', 'binding:vif_type', 'binding:vif_details'] {{(pid=103254) _exclude_attributes_by_policy /opt/stack/neutron/neutron/pecan_wsgi/hooks/policy_enforcement.py:255}}
Apr 06 14:23:24.897180 dv-cinder-817135-8-smb neutron-server[103254]: INFO neutron.wsgi [req-624ca9d2-243f-4d8d-8e65-031c0aa96df3 req-0894cc49-87ed-4ecb-b087-3e6b78349135 tempest-VolumesActionsTest-309183706 tempest-VolumesActionsTest-309183706-project] 10.222.0.86 "GET /v2.0/ports?device_id=ba990da2-40b8-4fd2-a3ff-90ad5a07205f HTTP/1.1" status: 200 len: 943 time: 0.1617124
Apr 06 14:23:24.920418 dv-cinder-817135-8-smb neutron-server[103253]: DEBUG neutron_lib.callbacks.manager [None req-b311a92b-c00a-49ab-868a-b143f619fd78 admin admin] Publish callbacks [] for security_group (None), before_create {{(pid=103253) _notify_loop /usr/local/lib/python3.8/dist-packages/neutron_lib/callbacks/manager.py:176}}
Apr 06 14:23:24.940961 dv-cinder-817135-8-smb neutron-server[103254]: DEBUG neutron_lib.callbacks.manager [None req-ebab187a-b932-4575-afca-ad88490e75ba admin admin] Publish callbacks [] for security_group (f80dcbd2-fae8-4907-940e-69ce3ab0e854), before_delete {{(pid=103254) _notify_loop /usr/local/lib/python3.8/dist-packages/neutron_lib/callbacks/manager.py:176}}
Apr 06 14:23:24.978850 dv-cinder-817135-8-smb neutron-server[103254]: DEBUG neutron_lib.callbacks.manager [None req-ebab187a-b932-4575-afca-ad88490e75ba admin admin] Publish callbacks [] for security_group (f80dcbd2-fae8-4907-940e-69ce3ab0e854), precommit_delete {{(pid=103254) _notify_loop /usr/local/lib/python3.8/dist-packages/neutron_lib/callbacks/manager.py:176}}
Apr 06 14:23:24.983605 dv-cinder-817135-8-smb neutron-server[103254]: INFO neutron.wsgi [req-624ca9d2-243f-4d8d-8e65-031c0aa96df3 req-9d97d7ad-c2b2-4387-9a47-39a60d453782 tempest-VolumesActionsTest-309183706 tempest-VolumesActionsTest-309183706-project] 10.222.0.86 "GET /v2.0/security-groups?id=bebe05b0-c3b1-41aa-bf43-1b30d47b0e56&fields=id&fields=name HTTP/1.1" status: 200 len: 286 time: 0.0681417
Apr 06 14:23:25.013988 dv-cinder-817135-8-smb neutron-server[103253]: DEBUG neutron.pecan_wsgi.hooks.policy_enforcement [req-7091a551-2062-4e58-bb34-e4d35f93bebc req-7e65a53e-71ad-4ace-bed4-9a0bd4193d19 tempest-DeleteServersTestJSON-222828493 tempest-DeleteServersTestJSON-222828493-project] Attributes excluded by policy engine: ['standard_attr_id', 'binding:profile', 'binding:host_id', 'binding:vif_type', 'binding:vif_details'] {{(pid=103253) _exclude_attributes_by_policy /opt/stack/neutron/neutron/pecan_wsgi/hooks/policy_enforcement.py:255}}
Apr 06 14:23:25.015465 dv-cinder-817135-8-smb neutron-server[103253]: INFO neutron.wsgi [req-7091a551-2062-4e58-bb34-e4d35f93bebc req-7e65a53e-71ad-4ace-bed4-9a0bd4193d19 tempest-DeleteServersTestJSON-222828493 tempest-DeleteServersTestJSON-222828493-project] 10.222.0.86 "GET /v2.0/ports?device_id=e1021b23-6d27-4521-9563-569a3a160af1 HTTP/1.1" status: 200 len: 945 time: 0.0831130
Apr 06 14:23:25.038509 dv-cinder-817135-8-smb neutron-server[103254]: DEBUG neutron_lib.callbacks.manager [None req-ebab187a-b932-4575-afca-ad88490e75ba admin admin] Publish callbacks ['neutron.plugins.ml2.ovo_rpc._ObjectChangeHandler.handle_event-640097'] for security_group (f80dcbd2-fae8-4907-940e-69ce3ab0e854), after_delete {{(pid=103254) _notify_loop /usr/local/lib/python3.8/dist-packages/neutron_lib/callbacks/manager.py:176}}
Apr 06 14:23:25.041318 dv-cinder-817135-8-smb neutron-server[103254]: DEBUG neutron_lib.callbacks.manager [None req-ebab187a-b932-4575-afca-ad88490e75ba admin admin] Publish callbacks [] for security_group (None), before_response {{(pid=103254) _notify_loop /usr/local/lib/python3.8/dist-packages/neutron_lib/callbacks/manager.py:176}}
Apr 06 14:23:25.042490 dv-cinder-817135-8-smb neutron-server[103254]: INFO neutron.wsgi [None req-ebab187a-b932-4575-afca-ad88490e75ba admin admin] 10.222.0.86 "DELETE /v2.0/security-groups/f80dcbd2-fae8-4907-940e-69ce3ab0e854 HTTP/1.1" status: 204 len: 168 time: 0.2239423
Apr 06 14:23:25.053079 dv-cinder-817135-8-smb neutron-server[103254]: DEBUG neutron.api.rpc.handlers.resources_rpc [None req-ebab187a-b932-4575-afca-ad88490e75ba admin admin] Pushing event deleted for resources: {'SecurityGroup': ['ID=f80dcbd2-fae8-4907-940e-69ce3ab0e854,revision_number=None']} {{(pid=103254) push /opt/stack/neutron/neutron/api/rpc/handlers/resources_rpc.py:237}}
Apr 06 14:23:25.074545 dv-cinder-817135-8-smb neutron-server[103253]: DEBUG neutron_lib.callbacks.manager [None req-b311a92b-c00a-49ab-868a-b143f619fd78 admin admin] Publish callbacks [] for security_group (2bdd6d67-5af5-484b-abbe-bb7a6296d248), precommit_create {{(pid=103253) _notify_loop /usr/local/lib/python3.8/dist-packages/neutron_lib/callbacks/manager.py:176}}
Apr 06 14:23:25.082592 dv-cinder-817135-8-smb neutron-server[103253]: DEBUG neutron_lib.callbacks.manager [None req-b311a92b-c00a-49ab-868a-b143f619fd78 admin admin] Publish callbacks ['neutron.plugins.ml2.ovo_rpc._ObjectChangeHandler.handle_event-640097'] for security_group (2bdd6d67-5af5-484b-abbe-bb7a6296d248), after_create {{(pid=103253) _notify_loop /usr/local/lib/python3.8/dist-packages/neutron_lib/callbacks/manager.py:176}}
Apr 06 14:23:25.116341 dv-cinder-817135-8-smb neutron-server[103253]: INFO neutron.wsgi [req-7091a551-2062-4e58-bb34-e4d35f93bebc req-9a33623f-1a7d-45bf-b391-58862cdb8fc1 tempest-DeleteServersTestJSON-222828493 tempest-DeleteServersTestJSON-222828493-project] 10.222.0.86 "GET /v2.0/security-groups?id=788d214c-f789-43e8-98e4-c78da7f4b6ef&fields=id&fields=name HTTP/1.1" status: 200 len: 286 time: 0.0885053
Apr 06 14:23:25.134225 dv-cinder-817135-8-smb neutron-server[103253]: INFO neutron.wsgi [None req-b311a92b-c00a-49ab-868a-b143f619fd78 admin admin] 10.222.0.86 "GET /v2.0/security-groups?tenant_id=3b060e9465294ff2b8145fa2c389eb2e&name=default HTTP/1.1" status: 200 len: 2996 time: 0.4122128
Apr 06 14:23:25.135012 dv-cinder-817135-8-smb neutron-server[103253]: DEBUG neutron.wsgi [-] (103253) accepted ('10.222.0.86', 45994) {{(pid=103253) server /usr/local/lib/python3.8/dist-packages/eventlet/wsgi.py:1004}}
Apr 06 14:23:25.143034 dv-cinder-817135-8-smb neutron-server[103253]: DEBUG neutron.api.rpc.handlers.resources_rpc [None req-b311a92b-c00a-49ab-868a-b143f619fd78 admin admin] Pushing event updated for resources: {'SecurityGroup': ['ID=2bdd6d67-5af5-484b-abbe-bb7a6296d248,revision_number=1']} {{(pid=103253) push /opt/stack/neutron/neutron/api/rpc/handlers/resources_rpc.py:237}}
Apr 06 14:23:25.191384 dv-cinder-817135-8-smb neutron-server[103253]: DEBUG neutron_lib.callbacks.manager [None req-e6b8257a-9ae7-4716-8807-52f4b58e5906 admin admin] Publish callbacks [] for security_group (2bdd6d67-5af5-484b-abbe-bb7a6296d248), before_delete {{(pid=103253) _notify_loop /usr/local/lib/python3.8/dist-packages/neutron_lib/callbacks/manager.py:176}}
Apr 06 14:23:25.214817 dv-cinder-817135-8-smb neutron-server[103253]: DEBUG neutron_lib.callbacks.manager [None req-e6b8257a-9ae7-4716-8807-52f4b58e5906 admin admin] Publish callbacks [] for security_group (2bdd6d67-5af5-484b-abbe-bb7a6296d248), precommit_delete {{(pid=103253) _notify_loop /usr/local/lib/python3.8/dist-packages/neutron_lib/callbacks/manager.py:176}}
Apr 06 14:23:25.272977 dv-cinder-817135-8-smb neutron-server[103253]: DEBUG neutron_lib.callbacks.manager [None req-e6b8257a-9ae7-4716-8807-52f4b58e5906 admin admin] Publish callbacks ['neutron.plugins.ml2.ovo_rpc._ObjectChangeHandler.handle_event-640097'] for security_group (2bdd6d67-5af5-484b-abbe-bb7a6296d248), after_delete {{(pid=103253) _notify_loop /usr/local/lib/python3.8/dist-packages/neutron_lib/callbacks/manager.py:176}}
Apr 06 14:23:25.276184 dv-cinder-817135-8-smb neutron-server[103253]: DEBUG neutron_lib.callbacks.manager [None req-e6b8257a-9ae7-4716-8807-52f4b58e5906 admin admin] Publish callbacks [] for security_group (None), before_response {{(pid=103253) _notify_loop /usr/local/lib/python3.8/dist-packages/neutron_lib/callbacks/manager.py:176}}
Apr 06 14:23:25.277373 dv-cinder-817135-8-smb neutron-server[103253]: INFO neutron.wsgi [None req-e6b8257a-9ae7-4716-8807-52f4b58e5906 admin admin] 10.222.0.86 "DELETE /v2.0/security-groups/2bdd6d67-5af5-484b-abbe-bb7a6296d248 HTTP/1.1" status: 204 len: 168 time: 0.1414750
Apr 06 14:23:25.287418 dv-cinder-817135-8-smb neutron-server[103253]: DEBUG neutron.api.rpc.handlers.resources_rpc [None req-e6b8257a-9ae7-4716-8807-52f4b58e5906 admin admin] Pushing event deleted for resources: {'SecurityGroup': ['ID=2bdd6d67-5af5-484b-abbe-bb7a6296d248,revision_number=None']} {{(pid=103253) push /opt/stack/neutron/neutron/api/rpc/handlers/resources_rpc.py:237}}
Apr 06 14:23:25.433319 dv-cinder-817135-8-smb neutron-server[103254]: DEBUG neutron.pecan_wsgi.hooks.policy_enforcement [req-e25f8cd4-faae-483f-bd7f-7b47891b0158 req-f96f0dd2-4177-4780-ae0d-4f2d48393e1d tempest-DeleteServersTestJSON-222828493 tempest-DeleteServersTestJSON-222828493-project] Attributes excluded by policy engine: ['standard_attr_id', 'binding:profile', 'binding:host_id', 'binding:vif_type', 'binding:vif_details'] {{(pid=103254) _exclude_attributes_by_policy /opt/stack/neutron/neutron/pecan_wsgi/hooks/policy_enforcement.py:255}}
Apr 06 14:23:25.435089 dv-cinder-817135-8-smb neutron-server[103254]: INFO neutron.wsgi [req-e25f8cd4-faae-483f-bd7f-7b47891b0158 req-f96f0dd2-4177-4780-ae0d-4f2d48393e1d tempest-DeleteServersTestJSON-222828493 tempest-DeleteServersTestJSON-222828493-project] 10.222.0.76 "GET /v2.0/ports?device_id=e1021b23-6d27-4521-9563-569a3a160af1 HTTP/1.1" status: 200 len: 945 time: 0.0810184
Apr 06 14:23:25.757941 dv-cinder-817135-8-smb neutron-server[103253]: DEBUG neutron.wsgi [-] (103253) accepted ('10.222.0.86', 46040) {{(pid=103253) server /usr/local/lib/python3.8/dist-packages/eventlet/wsgi.py:1004}}
Apr 06 14:23:25.772488 dv-cinder-817135-8-smb neutron-server[103253]: DEBUG neutron_lib.callbacks.manager [None req-ee6723a1-3e19-48ef-aef4-affbac681385 admin admin] Publish callbacks [] for security_group (None), before_create {{(pid=103253) _notify_loop /usr/local/lib/python3.8/dist-packages/neutron_lib/callbacks/manager.py:176}}
Apr 06 14:23:25.795177 dv-cinder-817135-8-smb neutron-server[103254]: DEBUG neutron.pecan_wsgi.hooks.policy_enforcement [req-141fbb71-e9cc-4a33-ac4d-30b9fcab0ada req-bdafb55a-83d8-45f3-b563-9b0141f8803d tempest-ServerRescueNegativeTestJSON-2101112667 tempest-ServerRescueNegativeTestJSON-2101112667-project] Attributes excluded by policy engine: ['standard_attr_id', 'binding:profile', 'binding:host_id', 'binding:vif_type', 'binding:vif_details'] {{(pid=103254) _exclude_attributes_by_policy /opt/stack/neutron/neutron/pecan_wsgi/hooks/policy_enforcement.py:255}}
Apr 06 14:23:25.800210 dv-cinder-817135-8-smb neutron-server[103254]: INFO neutron.wsgi [req-141fbb71-e9cc-4a33-ac4d-30b9fcab0ada req-bdafb55a-83d8-45f3-b563-9b0141f8803d tempest-ServerRescueNegativeTestJSON-2101112667 tempest-ServerRescueNegativeTestJSON-2101112667-project] 10.222.0.86 "GET /v2.0/ports?device_id=68fed6a3-78f4-4ebc-a94c-f04ddef61dac HTTP/1.1" status: 200 len: 945 time: 0.0742483
Apr 06 14:23:25.870706 dv-cinder-817135-8-smb neutron-server[103253]: INFO neutron.wsgi [req-2cfa8be8-3a3f-4607-819a-2fb7c0fe6963 req-22242164-940f-44d3-9dd0-7a30c8a4ce0a service neutron] 10.222.0.76 "GET /v2.0/floatingips?fixed_ip_address=172.20.0.9&port_id=ad464304-f74f-4487-b596-e7ca5dde2ae8 HTTP/1.1" status: 200 len: 217 time: 0.0889070
Apr 06 14:23:25.945482 dv-cinder-817135-8-smb neutron-server[103253]: DEBUG neutron.pecan_wsgi.hooks.policy_enforcement [req-2cfa8be8-3a3f-4607-819a-2fb7c0fe6963 req-d63dcfda-1d2d-4675-a7a0-20d1d11f689a service neutron] Attributes excluded by policy engine: ['standard_attr_id', 'shared', 'segment_id'] {{(pid=103253) _exclude_attributes_by_policy /opt/stack/neutron/neutron/pecan_wsgi/hooks/policy_enforcement.py:255}}
Apr 06 14:23:25.947091 dv-cinder-817135-8-smb neutron-server[103253]: INFO neutron.wsgi [req-2cfa8be8-3a3f-4607-819a-2fb7c0fe6963 req-d63dcfda-1d2d-4675-a7a0-20d1d11f689a service neutron] 10.222.0.76 "GET /v2.0/subnets?id=99ccc87b-43fa-48de-b4c6-31530e53fa93 HTTP/1.1" status: 200 len: 857 time: 0.0706670
Apr 06 14:23:26.072174 dv-cinder-817135-8-smb neutron-server[103253]: DEBUG neutron_lib.callbacks.manager [None req-ee6723a1-3e19-48ef-aef4-affbac681385 admin admin] Publish callbacks [] for security_group (89ba73fa-001c-416d-96ce-0ef2925ed6b4), precommit_create {{(pid=103253) _notify_loop /usr/local/lib/python3.8/dist-packages/neutron_lib/callbacks/manager.py:176}}
Apr 06 14:23:26.094694 dv-cinder-817135-8-smb neutron-server[103253]: DEBUG neutron_lib.callbacks.manager [None req-ee6723a1-3e19-48ef-aef4-affbac681385 admin admin] Publish callbacks ['neutron.plugins.ml2.ovo_rpc._ObjectChangeHandler.handle_event-640097'] for security_group (89ba73fa-001c-416d-96ce-0ef2925ed6b4), after_create {{(pid=103253) _notify_loop /usr/local/lib/python3.8/dist-packages/neutron_lib/callbacks/manager.py:176}}
Apr 06 14:23:26.136925 dv-cinder-817135-8-smb neutron-server[103254]: DEBUG neutron.pecan_wsgi.hooks.policy_enforcement [req-2fa4a932-c8c5-4f3b-90e2-16c27e28c65c req-c2acd94c-71b2-4e90-9841-b8c3b8f4a707 service neutron] Attributes excluded by policy engine: ['standard_attr_id'] {{(pid=103254) _exclude_attributes_by_policy /opt/stack/neutron/neutron/pecan_wsgi/hooks/policy_enforcement.py:255}}
Apr 06 14:23:26.138484 dv-cinder-817135-8-smb neutron-server[103254]: INFO neutron.wsgi [req-2fa4a932-c8c5-4f3b-90e2-16c27e28c65c req-c2acd94c-71b2-4e90-9841-b8c3b8f4a707 service neutron] 10.222.0.76 "GET /v2.0/ports?tenant_id=2e6fc8390b3042c299fd931f8006356c&device_id=ba990da2-40b8-4fd2-a3ff-90ad5a07205f HTTP/1.1" status: 200 len: 1127 time: 0.2908726
Apr 06 14:23:26.142815 dv-cinder-817135-8-smb neutron-server[103254]: INFO neutron.wsgi [req-141fbb71-e9cc-4a33-ac4d-30b9fcab0ada req-b8b19178-e1f4-489d-8c2a-19212ac93026 tempest-ServerRescueNegativeTestJSON-2101112667 tempest-ServerRescueNegativeTestJSON-2101112667-project] 10.222.0.86 "GET /v2.0/security-groups?id=033f513d-f835-486d-8075-bb3681c94e77&fields=id&fields=name HTTP/1.1" status: 200 len: 286 time: 0.2936044
Apr 06 14:23:26.162508 dv-cinder-817135-8-smb neutron-server[103253]: DEBUG neutron.pecan_wsgi.hooks.policy_enforcement [req-2cfa8be8-3a3f-4607-819a-2fb7c0fe6963 req-d0256790-b436-41d5-bae8-548a4ee5aedd service neutron] Attributes excluded by policy engine: ['standard_attr_id'] {{(pid=103253) _exclude_attributes_by_policy /opt/stack/neutron/neutron/pecan_wsgi/hooks/policy_enforcement.py:255}}
Apr 06 14:23:26.165083 dv-cinder-817135-8-smb neutron-server[103253]: INFO neutron.wsgi [req-2cfa8be8-3a3f-4607-819a-2fb7c0fe6963 req-d0256790-b436-41d5-bae8-548a4ee5aedd service neutron] 10.222.0.76 "GET /v2.0/ports?network_id=e318f5ad-d6ae-4984-8500-14c6a308fab4&device_owner=network%3Adhcp HTTP/1.1" status: 200 len: 1210 time: 0.1910372
Apr 06 14:23:26.184857 dv-cinder-817135-8-smb neutron-server[103253]: DEBUG neutron.pecan_wsgi.hooks.policy_enforcement [req-d1f8fe4c-df3f-4417-8aec-07ad540a8c9e req-11b31cd7-9846-4727-aaf9-6cc8ba690e64 tempest-AttachVolumeNegativeTest-758753361 tempest-AttachVolumeNegativeTest-758753361-project] Attributes excluded by policy engine: ['standard_attr_id', 'binding:profile', 'binding:host_id', 'binding:vif_type', 'binding:vif_details'] {{(pid=103253) _exclude_attributes_by_policy /opt/stack/neutron/neutron/pecan_wsgi/hooks/policy_enforcement.py:255}}
Apr 06 14:23:26.192023 dv-cinder-817135-8-smb neutron-server[103253]: INFO neutron.wsgi [req-d1f8fe4c-df3f-4417-8aec-07ad540a8c9e req-11b31cd7-9846-4727-aaf9-6cc8ba690e64 tempest-AttachVolumeNegativeTest-758753361 tempest-AttachVolumeNegativeTest-758753361-project] 10.222.0.86 "GET /v2.0/ports?device_id=a9416cd9-906b-457d-a970-cf9e45017aa9 HTTP/1.1" status: 200 len: 945 time: 0.2106750
Apr 06 14:23:26.214894 dv-cinder-817135-8-smb neutron-server[103253]: DEBUG neutron.api.rpc.handlers.resources_rpc [None req-ee6723a1-3e19-48ef-aef4-affbac681385 admin admin] Pushing event updated for resources: {'SecurityGroup': ['ID=89ba73fa-001c-416d-96ce-0ef2925ed6b4,revision_number=1']} {{(pid=103253) push /opt/stack/neutron/neutron/api/rpc/handlers/resources_rpc.py:237}}
Apr 06 14:23:26.231942 dv-cinder-817135-8-smb neutron-server[103253]: INFO neutron.wsgi [None req-ee6723a1-3e19-48ef-aef4-affbac681385 admin admin] 10.222.0.86 "GET /v2.0/security-groups?tenant_id=948b4319eb70490c8f4483e9d16c030d&name=default HTTP/1.1" status: 200 len: 2996 time: 0.4727321
Apr 06 14:23:26.239411 dv-cinder-817135-8-smb neutron-server[103254]: DEBUG neutron.wsgi [-] (103254) accepted ('10.222.0.86', 46066) {{(pid=103254) server /usr/local/lib/python3.8/dist-packages/eventlet/wsgi.py:1004}}
Apr 06 14:23:26.303881 dv-cinder-817135-8-smb neutron-server[103254]: DEBUG neutron.plugins.ml2.plugin [req-e25f8cd4-faae-483f-bd7f-7b47891b0158 req-cdea0779-3fbc-4fa0-88ca-4b98d8ef2dfc tempest-DeleteServersTestJSON-222828493 tempest-DeleteServersTestJSON-222828493-project] Deleting port e89ab7cc-7824-4abc-83b5-f0c128cbff20 {{(pid=103254) _pre_delete_port /opt/stack/neutron/neutron/plugins/ml2/plugin.py:2002}}
Apr 06 14:23:26.304132 dv-cinder-817135-8-smb neutron-server[103254]: DEBUG neutron_lib.callbacks.manager [req-e25f8cd4-faae-483f-bd7f-7b47891b0158 req-cdea0779-3fbc-4fa0-88ca-4b98d8ef2dfc tempest-DeleteServersTestJSON-222828493 tempest-DeleteServersTestJSON-222828493-project] Publish callbacks ['neutron.db.l3_db.L3_NAT_dbonly_mixin._prevent_l3_port_delete_callback-8793535318065'] for port (e89ab7cc-7824-4abc-83b5-f0c128cbff20), before_delete {{(pid=103254) _notify_loop /usr/local/lib/python3.8/dist-packages/neutron_lib/callbacks/manager.py:176}}
Apr 06 14:23:26.369909 dv-cinder-817135-8-smb neutron-server[103253]: INFO neutron.wsgi [req-d1f8fe4c-df3f-4417-8aec-07ad540a8c9e req-bf775f78-b9ac-4cb3-bb2b-8d63b900a56c tempest-AttachVolumeNegativeTest-758753361 tempest-AttachVolumeNegativeTest-758753361-project] 10.222.0.86 "GET /v2.0/security-groups?id=a257f486-b7aa-4926-b650-221a329cf1e1&fields=id&fields=name HTTP/1.1" status: 200 len: 312 time: 0.1646373
