Nov 10 16:05:18.904802 dv-cinder-817085-2-smb devstack@c-api.service[109123]: DEBUG cinder.volume.api [None req-2cf537ba-e8c4-4d88-96d2-fc829135cdc7 tempest-VolumeQuotasAdminTestJSON-1368521385 tempest-VolumeQuotasAdminTestJSON-1368521385-project] Task 'cinder.volume.flows.api.create_volume.EntryCreateTask;volume:create' (aa36053e-fd20-4512-9b07-8d3dfe7cb8b2) transitioned into state 'SUCCESS' from state 'RUNNING' with result '{'volume_id': '63ff6e04-2ea7-4f2b-9b7c-a8b4e4adbebb', 'volume_properties': VolumeProperties(attach_status='detached',availability_zone='nova',cgsnapshot_id=None,consistencygroup_id=None,display_description=None,display_name='tempest-VolumeQuotasAdminTestJSON-Volume-1125964459',encryption_key_id=None,group_id=None,group_type_id=,metadata={},multiattach=False,project_id='ab82a0f714244b90946c09237ec0ff32',qos_specs=None,replication_status=,reservations=['4bfce838-12a6-4006-b255-88f7f8c59fa1','4c1cb307-0ed1-4816-a8f7-2b15c953def4','7de52e5a-61d5-41d0-9f91-e4953accf806','44140248-a80f-4228-a03b-8733666397c6'],size=1,snapshot_id=None,source_replicaid=,source_volid=None,status='creating',user_id='3865b1ae8e114f91b02941b7f455349d',volume_type_id=0fdb8431-f7af-432b-9dc0-d361da66e311), 'volume': Volume(_name_id=None,admin_metadata=,attach_status='detached',availability_zone='nova',bootable=False,cluster=,cluster_name=None,consistencygroup=,consistencygroup_id=None,created_at=2021-11-10T16:05:18Z,deleted=False,deleted_at=None,display_description=None,display_name='tempest-VolumeQuotasAdminTestJSON-Volume-1125964459',ec2_id=None,encryption_key_id=None,glance_metadata=,group=,group_id=None,host=None,id=63ff6e04-2ea7-4f2b-9b7c-a8b4e4adbebb,launched_at=None,metadata={},migration_status=None,multiattach=False,previous_status=None,project_id='ab82a0f714244b90946c09237ec0ff32',provider_auth=None,provider_geometry=None,provider_id=None,provider_location=None,replication_driver_data=None,replication_extended_status=None,replication_status=None,scheduled_at=None,service_uuid=None,shared_targets=True,size=1,snapshot_id=None,snapshots=,source_volid=None,status='creating',terminated_at=None,updated_at=None,use_quota=True,user_id='3865b1ae8e114f91b02941b7f455349d',volume_attachment=VolumeAttachmentList,volume_type=VolumeType(0fdb8431-f7af-432b-9dc0-d361da66e311),volume_type_id=0fdb8431-f7af-432b-9dc0-d361da66e311)}' {{(pid=109123) _task_receiver /usr/local/lib/python3.8/dist-packages/taskflow/listeners/logging.py:178}}
Nov 10 16:05:18.909250 dv-cinder-817085-2-smb devstack@c-api.service[109123]: DEBUG cinder.volume.api [None req-2cf537ba-e8c4-4d88-96d2-fc829135cdc7 tempest-VolumeQuotasAdminTestJSON-1368521385 tempest-VolumeQuotasAdminTestJSON-1368521385-project] Task 'cinder.volume.flows.api.create_volume.QuotaCommitTask;volume:create' (b1ce9072-d102-43dd-a76d-f89305059ba5) transitioned into state 'RUNNING' from state 'PENDING' {{(pid=109123) _task_receiver /usr/local/lib/python3.8/dist-packages/taskflow/listeners/logging.py:190}}
Nov 10 16:05:18.912198 dv-cinder-817085-2-smb devstack@c-api.service[109122]: INFO cinder.api.openstack.wsgi [None req-831d8bbb-872b-4c15-b8d1-e7f48d89705b tempest-VolumeTypesTest-1147339983 tempest-VolumeTypesTest-1147339983-project-admin] http://10.222.0.66/volume/v3/59ba35d0842c42b2a2fd1944a748e851/types returned with HTTP 200
Nov 10 16:05:18.913341 dv-cinder-817085-2-smb devstack@c-api.service[109122]: [pid: 109122|app: 0|req: 129/247] 10.222.0.66 () {60 vars in 1228 bytes} [Wed Nov 10 16:05:18 2021] POST /volume/v3/59ba35d0842c42b2a2fd1944a748e851/types => generated 221 bytes in 122 msecs (HTTP/1.1 200) 7 headers in 285 bytes (1 switches on core 0)
Nov 10 16:05:18.923446 dv-cinder-817085-2-smb devstack@c-api.service[109122]: INFO cinder.api.openstack.wsgi [None req-7dc2456f-95e4-4ed2-9c7a-70a02bbcd13b tempest-VolumeTypesTest-1147339983 tempest-VolumeTypesTest-1147339983-project-admin] PUT http://10.222.0.66/volume/v3/59ba35d0842c42b2a2fd1944a748e851/types/96c3c4a9-aae5-4d57-a0d2-1336e2504850
Nov 10 16:05:18.926788 dv-cinder-817085-2-smb devstack@c-api.service[109122]: DEBUG cinder.api.openstack.wsgi [None req-7dc2456f-95e4-4ed2-9c7a-70a02bbcd13b tempest-VolumeTypesTest-1147339983 tempest-VolumeTypesTest-1147339983-project-admin] Action: 'update', calling method: _update, body: {"volume_type": {"name": "tempest-volume-type-972275543", "description": "tempest-volume-type-description-1310843528", "is_public": false}} {{(pid=109122) _process_stack /opt/stack/cinder/cinder/api/openstack/wsgi.py:854}}
Nov 10 16:05:19.038022 dv-cinder-817085-2-smb devstack@c-api.service[109123]: DEBUG cinder.volume.api [None req-2cf537ba-e8c4-4d88-96d2-fc829135cdc7 tempest-VolumeQuotasAdminTestJSON-1368521385 tempest-VolumeQuotasAdminTestJSON-1368521385-project] Task 'cinder.volume.flows.api.create_volume.QuotaCommitTask;volume:create' (b1ce9072-d102-43dd-a76d-f89305059ba5) transitioned into state 'SUCCESS' from state 'RUNNING' with result '{'volume_properties': VolumeProperties(attach_status='detached',availability_zone='nova',cgsnapshot_id=None,consistencygroup_id=None,display_description=None,display_name='tempest-VolumeQuotasAdminTestJSON-Volume-1125964459',encryption_key_id=None,group_id=None,group_type_id=,metadata={},multiattach=False,project_id='ab82a0f714244b90946c09237ec0ff32',qos_specs=None,replication_status=,reservations=['4bfce838-12a6-4006-b255-88f7f8c59fa1','4c1cb307-0ed1-4816-a8f7-2b15c953def4','7de52e5a-61d5-41d0-9f91-e4953accf806','44140248-a80f-4228-a03b-8733666397c6'],size=1,snapshot_id=None,source_replicaid=,source_volid=None,status='creating',user_id='3865b1ae8e114f91b02941b7f455349d',volume_type_id=0fdb8431-f7af-432b-9dc0-d361da66e311)}' {{(pid=109123) _task_receiver /usr/local/lib/python3.8/dist-packages/taskflow/listeners/logging.py:178}}
Nov 10 16:05:19.039964 dv-cinder-817085-2-smb devstack@c-api.service[109123]: DEBUG cinder.volume.api [None req-2cf537ba-e8c4-4d88-96d2-fc829135cdc7 tempest-VolumeQuotasAdminTestJSON-1368521385 tempest-VolumeQuotasAdminTestJSON-1368521385-project] Task 'cinder.volume.flows.api.create_volume.VolumeCastTask;volume:create' (d5b060e8-e1a9-4b4b-a495-e4eb67e0f592) transitioned into state 'RUNNING' from state 'PENDING' {{(pid=109123) _task_receiver /usr/local/lib/python3.8/dist-packages/taskflow/listeners/logging.py:190}}
Nov 10 16:05:19.103091 dv-cinder-817085-2-smb devstack@c-api.service[109122]: INFO cinder.api.openstack.wsgi [None req-7dc2456f-95e4-4ed2-9c7a-70a02bbcd13b tempest-VolumeTypesTest-1147339983 tempest-VolumeTypesTest-1147339983-project-admin] http://10.222.0.66/volume/v3/59ba35d0842c42b2a2fd1944a748e851/types/96c3c4a9-aae5-4d57-a0d2-1336e2504850 returned with HTTP 200
Nov 10 16:05:19.103872 dv-cinder-817085-2-smb devstack@c-api.service[109122]: [pid: 109122|app: 0|req: 130/248] 10.222.0.66 () {60 vars in 1339 bytes} [Wed Nov 10 16:05:18 2021] PUT /volume/v3/59ba35d0842c42b2a2fd1944a748e851/types/96c3c4a9-aae5-4d57-a0d2-1336e2504850 => generated 204 bytes in 185 msecs (HTTP/1.1 200) 7 headers in 285 bytes (1 switches on core 0)
Nov 10 16:05:19.107744 dv-cinder-817085-2-smb devstack@c-api.service[109122]: INFO cinder.api.openstack.wsgi [None req-2eb54d29-db50-4c0c-a668-ac93af10957b tempest-VolumesServicesTestJSON-140167064 tempest-VolumesServicesTestJSON-140167064-project] GET http://10.222.0.66/volume/v3/9407ec426664436db1046522f8cbe9d6/volumes/df57fb8d-03d8-40d9-996c-28927a8d4963
Nov 10 16:05:19.108183 dv-cinder-817085-2-smb devstack@c-api.service[109122]: DEBUG cinder.api.openstack.wsgi [None req-2eb54d29-db50-4c0c-a668-ac93af10957b tempest-VolumesServicesTestJSON-140167064 tempest-VolumesServicesTestJSON-140167064-project] Empty body provided in request {{(pid=109122) get_body /opt/stack/cinder/cinder/api/openstack/wsgi.py:703}}
Nov 10 16:05:19.108589 dv-cinder-817085-2-smb devstack@c-api.service[109122]: DEBUG cinder.api.openstack.wsgi [None req-2eb54d29-db50-4c0c-a668-ac93af10957b tempest-VolumesServicesTestJSON-140167064 tempest-VolumesServicesTestJSON-140167064-project] Calling method 'show' {{(pid=109122) _process_stack /opt/stack/cinder/cinder/api/openstack/wsgi.py:856}}
Nov 10 16:05:19.131074 dv-cinder-817085-2-smb devstack@c-api.service[109122]: /usr/local/lib/python3.8/dist-packages/oslo_context/context.py:105: DeprecationWarning: Policy enforcement is depending on the value of is_admin. This key is deprecated. Please update your policy file to use the standard policy values.
Nov 10 16:05:19.131074 dv-cinder-817085-2-smb devstack@c-api.service[109122]: warnings.warn('Policy enforcement is depending on the value of '
Nov 10 16:05:19.139742 dv-cinder-817085-2-smb devstack@c-api.service[109122]: INFO cinder.volume.api [None req-2eb54d29-db50-4c0c-a668-ac93af10957b tempest-VolumesServicesTestJSON-140167064 tempest-VolumesServicesTestJSON-140167064-project] Volume info retrieved successfully.
Nov 10 16:05:19.146832 dv-cinder-817085-2-smb devstack@c-api.service[109123]: DEBUG cinder.volume.api [None req-2cf537ba-e8c4-4d88-96d2-fc829135cdc7 tempest-VolumeQuotasAdminTestJSON-1368521385 tempest-VolumeQuotasAdminTestJSON-1368521385-project] Task 'cinder.volume.flows.api.create_volume.VolumeCastTask;volume:create' (d5b060e8-e1a9-4b4b-a495-e4eb67e0f592) transitioned into state 'SUCCESS' from state 'RUNNING' with result 'None' {{(pid=109123) _task_receiver /usr/local/lib/python3.8/dist-packages/taskflow/listeners/logging.py:178}}
Nov 10 16:05:19.149566 dv-cinder-817085-2-smb devstack@c-api.service[109123]: DEBUG cinder.volume.api [None req-2cf537ba-e8c4-4d88-96d2-fc829135cdc7 tempest-VolumeQuotasAdminTestJSON-1368521385 tempest-VolumeQuotasAdminTestJSON-1368521385-project] Flow 'volume_create_api' (0e9a2778-0020-471e-88a8-6d9cbb96cbc3) transitioned into state 'SUCCESS' from state 'RUNNING' {{(pid=109123) _flow_receiver /usr/local/lib/python3.8/dist-packages/taskflow/listeners/logging.py:141}}
Nov 10 16:05:19.150638 dv-cinder-817085-2-smb devstack@c-api.service[109123]: INFO cinder.volume.api [None req-2cf537ba-e8c4-4d88-96d2-fc829135cdc7 tempest-VolumeQuotasAdminTestJSON-1368521385 tempest-VolumeQuotasAdminTestJSON-1368521385-project] Create volume request issued successfully.
Nov 10 16:05:19.153013 dv-cinder-817085-2-smb devstack@c-api.service[109123]: INFO cinder.api.openstack.wsgi [None req-2cf537ba-e8c4-4d88-96d2-fc829135cdc7 tempest-VolumeQuotasAdminTestJSON-1368521385 tempest-VolumeQuotasAdminTestJSON-1368521385-project] http://10.222.0.66/volume/v3/ab82a0f714244b90946c09237ec0ff32/volumes returned with HTTP 202
Nov 10 16:05:19.154221 dv-cinder-817085-2-smb devstack@c-api.service[109122]: INFO cinder.api.openstack.wsgi [None req-2eb54d29-db50-4c0c-a668-ac93af10957b tempest-VolumesServicesTestJSON-140167064 tempest-VolumesServicesTestJSON-140167064-project] http://10.222.0.66/volume/v3/9407ec426664436db1046522f8cbe9d6/volumes/df57fb8d-03d8-40d9-996c-28927a8d4963 returned with HTTP 200
Nov 10 16:05:19.155560 dv-cinder-817085-2-smb devstack@c-api.service[109122]: [pid: 109122|app: 0|req: 131/249] 10.222.0.66 () {58 vars in 1324 bytes} [Wed Nov 10 16:05:19 2021] GET /volume/v3/9407ec426664436db1046522f8cbe9d6/volumes/df57fb8d-03d8-40d9-996c-28927a8d4963 => generated 915 bytes in 51 msecs (HTTP/1.1 200) 7 headers in 285 bytes (1 switches on core 0)
Nov 10 16:05:19.165938 dv-cinder-817085-2-smb devstack@c-api.service[109123]: [pid: 109123|app: 0|req: 119/250] 10.222.0.66 () {60 vars in 1234 bytes} [Wed Nov 10 16:05:18 2021] POST /volume/v3/ab82a0f714244b90946c09237ec0ff32/volumes => generated 825 bytes in 890 msecs (HTTP/1.1 202) 7 headers in 291 bytes (2 switches on core 0)
Nov 10 16:05:19.171242 dv-cinder-817085-2-smb devstack@c-api.service[109123]: INFO cinder.api.openstack.wsgi [None req-fc43ddc1-f35f-481c-8305-6076a70e500b tempest-VolumeQuotasAdminTestJSON-1368521385 tempest-VolumeQuotasAdminTestJSON-1368521385-project] GET http://10.222.0.66/volume/v3/ab82a0f714244b90946c09237ec0ff32/volumes/63ff6e04-2ea7-4f2b-9b7c-a8b4e4adbebb
Nov 10 16:05:19.171768 dv-cinder-817085-2-smb devstack@c-api.service[109123]: DEBUG cinder.api.openstack.wsgi [None req-fc43ddc1-f35f-481c-8305-6076a70e500b tempest-VolumeQuotasAdminTestJSON-1368521385 tempest-VolumeQuotasAdminTestJSON-1368521385-project] Empty body provided in request {{(pid=109123) get_body /opt/stack/cinder/cinder/api/openstack/wsgi.py:703}}
Nov 10 16:05:19.171945 dv-cinder-817085-2-smb devstack@c-api.service[109123]: /usr/local/lib/python3.8/dist-packages/webob/acceptparse.py:1047: DeprecationWarning: The behavior of AcceptValidHeader.best_match is currently being maintained for backward compatibility, but it will be deprecated in the future, as it does not conform to the RFC.
Nov 10 16:05:19.171945 dv-cinder-817085-2-smb devstack@c-api.service[109123]: warnings.warn(
Nov 10 16:05:19.172566 dv-cinder-817085-2-smb devstack@c-api.service[109123]: DEBUG cinder.api.openstack.wsgi [None req-fc43ddc1-f35f-481c-8305-6076a70e500b tempest-VolumeQuotasAdminTestJSON-1368521385 tempest-VolumeQuotasAdminTestJSON-1368521385-project] Calling method 'show' {{(pid=109123) _process_stack /opt/stack/cinder/cinder/api/openstack/wsgi.py:856}}
Nov 10 16:05:19.173344 dv-cinder-817085-2-smb devstack@c-api.service[109122]: INFO cinder.api.openstack.wsgi [None req-4bbca400-7a69-499b-9e5e-844fb9a6a0d8 tempest-VolumeTypesTest-1147339983 tempest-VolumeTypesTest-1147339983-project-admin] GET http://10.222.0.66/volume/v3/59ba35d0842c42b2a2fd1944a748e851/types/96c3c4a9-aae5-4d57-a0d2-1336e2504850
Nov 10 16:05:19.176143 dv-cinder-817085-2-smb devstack@c-api.service[109122]: DEBUG cinder.api.openstack.wsgi [None req-4bbca400-7a69-499b-9e5e-844fb9a6a0d8 tempest-VolumeTypesTest-1147339983 tempest-VolumeTypesTest-1147339983-project-admin] Empty body provided in request {{(pid=109122) get_body /opt/stack/cinder/cinder/api/openstack/wsgi.py:703}}
Nov 10 16:05:19.176359 dv-cinder-817085-2-smb devstack@c-api.service[109122]: /usr/local/lib/python3.8/dist-packages/webob/acceptparse.py:1047: DeprecationWarning: The behavior of AcceptValidHeader.best_match is currently being maintained for backward compatibility, but it will be deprecated in the future, as it does not conform to the RFC.
Nov 10 16:05:19.176359 dv-cinder-817085-2-smb devstack@c-api.service[109122]: warnings.warn(
Nov 10 16:05:19.176631 dv-cinder-817085-2-smb devstack@c-api.service[109122]: DEBUG cinder.api.openstack.wsgi [None req-4bbca400-7a69-499b-9e5e-844fb9a6a0d8 tempest-VolumeTypesTest-1147339983 tempest-VolumeTypesTest-1147339983-project-admin] Calling method 'show' {{(pid=109122) _process_stack /opt/stack/cinder/cinder/api/openstack/wsgi.py:856}}
Nov 10 16:05:19.191543 dv-cinder-817085-2-smb devstack@c-api.service[109123]: /usr/local/lib/python3.8/dist-packages/oslo_context/context.py:105: DeprecationWarning: Policy enforcement is depending on the value of is_admin. This key is deprecated. Please update your policy file to use the standard policy values.
Nov 10 16:05:19.191543 dv-cinder-817085-2-smb devstack@c-api.service[109123]: warnings.warn('Policy enforcement is depending on the value of '
Nov 10 16:05:19.193845 dv-cinder-817085-2-smb devstack@c-api.service[109122]: INFO cinder.api.openstack.wsgi [None req-4bbca400-7a69-499b-9e5e-844fb9a6a0d8 tempest-VolumeTypesTest-1147339983 tempest-VolumeTypesTest-1147339983-project-admin] http://10.222.0.66/volume/v3/59ba35d0842c42b2a2fd1944a748e851/types/96c3c4a9-aae5-4d57-a0d2-1336e2504850 returned with HTTP 200
Nov 10 16:05:19.200463 dv-cinder-817085-2-smb devstack@c-api.service[109122]: [pid: 109122|app: 0|req: 132/251] 10.222.0.66 () {58 vars in 1318 bytes} [Wed Nov 10 16:05:19 2021] GET /volume/v3/59ba35d0842c42b2a2fd1944a748e851/types/96c3c4a9-aae5-4d57-a0d2-1336e2504850 => generated 268 bytes in 39 msecs (HTTP/1.1 200) 7 headers in 285 bytes (1 switches on core 0)
Nov 10 16:05:19.201123 dv-cinder-817085-2-smb devstack@c-api.service[109122]: INFO cinder.api.openstack.wsgi [None req-fe159abb-ae96-4b19-a1c4-8e2f2f63e3d6 tempest-VolumesServicesTestJSON-2028410840 tempest-VolumesServicesTestJSON-2028410840-project-admin] GET http://10.222.0.66/volume/v3/0bb87d01a3014da48c92118955f3d732/volumes/df57fb8d-03d8-40d9-996c-28927a8d4963
Nov 10 16:05:19.201229 dv-cinder-817085-2-smb devstack@c-api.service[109123]: INFO cinder.volume.api [None req-fc43ddc1-f35f-481c-8305-6076a70e500b tempest-VolumeQuotasAdminTestJSON-1368521385 tempest-VolumeQuotasAdminTestJSON-1368521385-project] Volume info retrieved successfully.
Nov 10 16:05:19.209972 dv-cinder-817085-2-smb devstack@c-api.service[109122]: DEBUG cinder.api.openstack.wsgi [None req-fe159abb-ae96-4b19-a1c4-8e2f2f63e3d6 tempest-VolumesServicesTestJSON-2028410840 tempest-VolumesServicesTestJSON-2028410840-project-admin] Empty body provided in request {{(pid=109122) get_body /opt/stack/cinder/cinder/api/openstack/wsgi.py:703}}
Nov 10 16:05:19.210430 dv-cinder-817085-2-smb devstack@c-api.service[109122]: DEBUG cinder.api.openstack.wsgi [None req-fe159abb-ae96-4b19-a1c4-8e2f2f63e3d6 tempest-VolumesServicesTestJSON-2028410840 tempest-VolumesServicesTestJSON-2028410840-project-admin] Calling method 'show' {{(pid=109122) _process_stack /opt/stack/cinder/cinder/api/openstack/wsgi.py:856}}
Nov 10 16:05:19.212530 dv-cinder-817085-2-smb devstack@c-api.service[109123]: INFO cinder.api.openstack.wsgi [None req-fc43ddc1-f35f-481c-8305-6076a70e500b tempest-VolumeQuotasAdminTestJSON-1368521385 tempest-VolumeQuotasAdminTestJSON-1368521385-project] http://10.222.0.66/volume/v3/ab82a0f714244b90946c09237ec0ff32/volumes/63ff6e04-2ea7-4f2b-9b7c-a8b4e4adbebb returned with HTTP 200
Nov 10 16:05:19.213374 dv-cinder-817085-2-smb devstack@c-api.service[109123]: [pid: 109123|app: 0|req: 120/252] 10.222.0.66 () {58 vars in 1324 bytes} [Wed Nov 10 16:05:19 2021] GET /volume/v3/ab82a0f714244b90946c09237ec0ff32/volumes/63ff6e04-2ea7-4f2b-9b7c-a8b4e4adbebb => generated 893 bytes in 47 msecs (HTTP/1.1 200) 7 headers in 285 bytes (1 switches on core 0)
Nov 10 16:05:19.226772 dv-cinder-817085-2-smb devstack@c-api.service[109123]: INFO cinder.api.openstack.wsgi [None req-d832c140-94cb-42da-af2b-e843f6d28fcb tempest-VolumeTypesTest-1147339983 tempest-VolumeTypesTest-1147339983-project-admin] DELETE http://10.222.0.66/volume/v3/59ba35d0842c42b2a2fd1944a748e851/types/96c3c4a9-aae5-4d57-a0d2-1336e2504850
Nov 10 16:05:19.227277 dv-cinder-817085-2-smb devstack@c-api.service[109123]: DEBUG cinder.api.openstack.wsgi [None req-d832c140-94cb-42da-af2b-e843f6d28fcb tempest-VolumeTypesTest-1147339983 tempest-VolumeTypesTest-1147339983-project-admin] Empty body provided in request {{(pid=109123) get_body /opt/stack/cinder/cinder/api/openstack/wsgi.py:703}}
Nov 10 16:05:19.227453 dv-cinder-817085-2-smb devstack@c-api.service[109123]: /usr/local/lib/python3.8/dist-packages/webob/acceptparse.py:1047: DeprecationWarning: The behavior of AcceptValidHeader.best_match is currently being maintained for backward compatibility, but it will be deprecated in the future, as it does not conform to the RFC.
Nov 10 16:05:19.227453 dv-cinder-817085-2-smb devstack@c-api.service[109123]: warnings.warn(
Nov 10 16:05:19.227791 dv-cinder-817085-2-smb devstack@c-api.service[109123]: DEBUG cinder.api.openstack.wsgi [None req-d832c140-94cb-42da-af2b-e843f6d28fcb tempest-VolumeTypesTest-1147339983 tempest-VolumeTypesTest-1147339983-project-admin] Calling method '_delete' {{(pid=109123) _process_stack /opt/stack/cinder/cinder/api/openstack/wsgi.py:856}}
Nov 10 16:05:19.230615 dv-cinder-817085-2-smb devstack@c-api.service[109122]: /usr/local/lib/python3.8/dist-packages/oslo_context/context.py:105: DeprecationWarning: Policy enforcement is depending on the value of is_admin. This key is deprecated. Please update your policy file to use the standard policy values.
Nov 10 16:05:19.230615 dv-cinder-817085-2-smb devstack@c-api.service[109122]: warnings.warn('Policy enforcement is depending on the value of '
Nov 10 16:05:19.238020 dv-cinder-817085-2-smb devstack@c-api.service[109122]: INFO cinder.volume.api [None req-fe159abb-ae96-4b19-a1c4-8e2f2f63e3d6 tempest-VolumesServicesTestJSON-2028410840 tempest-VolumesServicesTestJSON-2028410840-project-admin] Volume info retrieved successfully.
Nov 10 16:05:19.247072 dv-cinder-817085-2-smb devstack@c-api.service[109122]: INFO cinder.api.openstack.wsgi [None req-fe159abb-ae96-4b19-a1c4-8e2f2f63e3d6 tempest-VolumesServicesTestJSON-2028410840 tempest-VolumesServicesTestJSON-2028410840-project-admin] http://10.222.0.66/volume/v3/0bb87d01a3014da48c92118955f3d732/volumes/df57fb8d-03d8-40d9-996c-28927a8d4963 returned with HTTP 200
Nov 10 16:05:19.268920 dv-cinder-817085-2-smb devstack@c-api.service[109122]: [pid: 109122|app: 0|req: 133/253] 10.222.0.66 () {58 vars in 1324 bytes} [Wed Nov 10 16:05:19 2021] GET /volume/v3/0bb87d01a3014da48c92118955f3d732/volumes/df57fb8d-03d8-40d9-996c-28927a8d4963 => generated 1081 bytes in 64 msecs (HTTP/1.1 200) 7 headers in 286 bytes (1 switches on core 0)
Nov 10 16:05:19.275541 dv-cinder-817085-2-smb devstack@c-api.service[109122]: INFO cinder.api.openstack.wsgi [None req-ca9c53e0-ab95-4198-a1b5-af14459ffd55 tempest-VolumesServicesTestJSON-2028410840 tempest-VolumesServicesTestJSON-2028410840-project-admin] GET http://10.222.0.66/volume/v3/0bb87d01a3014da48c92118955f3d732/os-services?host=hv-cinder-81708&binary=cinder-volume
Nov 10 16:05:19.276034 dv-cinder-817085-2-smb devstack@c-api.service[109122]: DEBUG cinder.api.openstack.wsgi [None req-ca9c53e0-ab95-4198-a1b5-af14459ffd55 tempest-VolumesServicesTestJSON-2028410840 tempest-VolumesServicesTestJSON-2028410840-project-admin] Empty body provided in request {{(pid=109122) get_body /opt/stack/cinder/cinder/api/openstack/wsgi.py:703}}
Nov 10 16:05:19.276205 dv-cinder-817085-2-smb devstack@c-api.service[109122]: /usr/local/lib/python3.8/dist-packages/webob/acceptparse.py:1047: DeprecationWarning: The behavior of AcceptValidHeader.best_match is currently being maintained for backward compatibility, but it will be deprecated in the future, as it does not conform to the RFC.
Nov 10 16:05:19.276205 dv-cinder-817085-2-smb devstack@c-api.service[109122]: warnings.warn(
Nov 10 16:05:19.276517 dv-cinder-817085-2-smb devstack@c-api.service[109122]: DEBUG cinder.api.openstack.wsgi [None req-ca9c53e0-ab95-4198-a1b5-af14459ffd55 tempest-VolumesServicesTestJSON-2028410840 tempest-VolumesServicesTestJSON-2028410840-project-admin] Calling method 'index' {{(pid=109122) _process_stack /opt/stack/cinder/cinder/api/openstack/wsgi.py:856}}
Nov 10 16:05:19.303883 dv-cinder-817085-2-smb devstack@c-api.service[109122]: INFO cinder.api.openstack.wsgi [None req-ca9c53e0-ab95-4198-a1b5-af14459ffd55 tempest-VolumesServicesTestJSON-2028410840 tempest-VolumesServicesTestJSON-2028410840-project-admin] http://10.222.0.66/volume/v3/0bb87d01a3014da48c92118955f3d732/os-services?host=hv-cinder-81708&binary=cinder-volume returned with HTTP 200
Nov 10 16:05:19.305229 dv-cinder-817085-2-smb devstack@c-api.service[109122]: [pid: 109122|app: 0|req: 134/254] 10.222.0.66 () {58 vars in 1308 bytes} [Wed Nov 10 16:05:19 2021] GET /volume/v3/0bb87d01a3014da48c92118955f3d732/os-services?host=hv-cinder-81708&binary=cinder-volume => generated 276 bytes in 36 msecs (HTTP/1.1 200) 7 headers in 285 bytes (2 switches on core 0)
Nov 10 16:05:19.319388 dv-cinder-817085-2-smb devstack@c-api.service[109122]: INFO cinder.api.openstack.wsgi [None req-85ee32fb-a8cf-486d-a918-31e4871589e9 tempest-VolumesServicesTestJSON-2028410840 tempest-VolumesServicesTestJSON-2028410840-project-admin] GET http://10.222.0.66/volume/v3/0bb87d01a3014da48c92118955f3d732/os-services
Nov 10 16:05:19.319827 dv-cinder-817085-2-smb devstack@c-api.service[109122]: DEBUG cinder.api.openstack.wsgi [None req-85ee32fb-a8cf-486d-a918-31e4871589e9 tempest-VolumesServicesTestJSON-2028410840 tempest-VolumesServicesTestJSON-2028410840-project-admin] Empty body provided in request {{(pid=109122) get_body /opt/stack/cinder/cinder/api/openstack/wsgi.py:703}}
Nov 10 16:05:19.320234 dv-cinder-817085-2-smb devstack@c-api.service[109122]: DEBUG cinder.api.openstack.wsgi [None req-85ee32fb-a8cf-486d-a918-31e4871589e9 tempest-VolumesServicesTestJSON-2028410840 tempest-VolumesServicesTestJSON-2028410840-project-admin] Calling method 'index' {{(pid=109122) _process_stack /opt/stack/cinder/cinder/api/openstack/wsgi.py:856}}
Nov 10 16:05:19.358256 dv-cinder-817085-2-smb devstack@c-api.service[109122]: INFO cinder.api.openstack.wsgi [None req-85ee32fb-a8cf-486d-a918-31e4871589e9 tempest-VolumesServicesTestJSON-2028410840 tempest-VolumesServicesTestJSON-2028410840-project-admin] http://10.222.0.66/volume/v3/0bb87d01a3014da48c92118955f3d732/os-services returned with HTTP 200
Nov 10 16:05:19.359345 dv-cinder-817085-2-smb devstack@c-api.service[109122]: [pid: 109122|app: 0|req: 135/255] 10.222.0.66 () {58 vars in 1225 bytes} [Wed Nov 10 16:05:19 2021] GET /volume/v3/0bb87d01a3014da48c92118955f3d732/os-services => generated 640 bytes in 47 msecs (HTTP/1.1 200) 7 headers in 285 bytes (1 switches on core 0)
Nov 10 16:05:19.372537 dv-cinder-817085-2-smb devstack@c-api.service[109122]: INFO cinder.api.openstack.wsgi [None req-4b0283fd-4c5b-48a2-9112-36ec363526cf tempest-VolumesServicesTestJSON-140167064 tempest-VolumesServicesTestJSON-140167064-project] DELETE http://10.222.0.66/volume/v3/9407ec426664436db1046522f8cbe9d6/volumes/df57fb8d-03d8-40d9-996c-28927a8d4963
Nov 10 16:05:19.373124 dv-cinder-817085-2-smb devstack@c-api.service[109122]: DEBUG cinder.api.openstack.wsgi [None req-4b0283fd-4c5b-48a2-9112-36ec363526cf tempest-VolumesServicesTestJSON-140167064 tempest-VolumesServicesTestJSON-140167064-project] Empty body provided in request {{(pid=109122) get_body /opt/stack/cinder/cinder/api/openstack/wsgi.py:703}}
Nov 10 16:05:19.373859 dv-cinder-817085-2-smb devstack@c-api.service[109122]: DEBUG cinder.api.openstack.wsgi [None req-4b0283fd-4c5b-48a2-9112-36ec363526cf tempest-VolumesServicesTestJSON-140167064 tempest-VolumesServicesTestJSON-140167064-project] Calling method 'delete' {{(pid=109122) _process_stack /opt/stack/cinder/cinder/api/openstack/wsgi.py:856}}
Nov 10 16:05:19.374318 dv-cinder-817085-2-smb devstack@c-api.service[109122]: INFO cinder.api.v3.volumes [None req-4b0283fd-4c5b-48a2-9112-36ec363526cf tempest-VolumesServicesTestJSON-140167064 tempest-VolumesServicesTestJSON-140167064-project] Delete volume with id: df57fb8d-03d8-40d9-996c-28927a8d4963
Nov 10 16:05:19.392088 dv-cinder-817085-2-smb devstack@c-api.service[109122]: /usr/local/lib/python3.8/dist-packages/oslo_context/context.py:105: DeprecationWarning: Policy enforcement is depending on the value of is_admin. This key is deprecated. Please update your policy file to use the standard policy values.
Nov 10 16:05:19.392088 dv-cinder-817085-2-smb devstack@c-api.service[109122]: warnings.warn('Policy enforcement is depending on the value of '
Nov 10 16:05:19.393283 dv-cinder-817085-2-smb devstack@c-api.service[109122]: INFO cinder.volume.api [None req-4b0283fd-4c5b-48a2-9112-36ec363526cf tempest-VolumesServicesTestJSON-140167064 tempest-VolumesServicesTestJSON-140167064-project] Volume info retrieved successfully.
Nov 10 16:05:19.408540 dv-cinder-817085-2-smb devstack@c-api.service[109123]: INFO cinder.api.openstack.wsgi [None req-d832c140-94cb-42da-af2b-e843f6d28fcb tempest-VolumeTypesTest-1147339983 tempest-VolumeTypesTest-1147339983-project-admin] http://10.222.0.66/volume/v3/59ba35d0842c42b2a2fd1944a748e851/types/96c3c4a9-aae5-4d57-a0d2-1336e2504850 returned with HTTP 202
Nov 10 16:05:19.409737 dv-cinder-817085-2-smb devstack@c-api.service[109123]: [pid: 109123|app: 0|req: 121/256] 10.222.0.66 () {58 vars in 1321 bytes} [Wed Nov 10 16:05:19 2021] DELETE /volume/v3/59ba35d0842c42b2a2fd1944a748e851/types/96c3c4a9-aae5-4d57-a0d2-1336e2504850 => generated 0 bytes in 196 msecs (HTTP/1.1 202) 6 headers in 233 bytes (1 switches on core 0)
Nov 10 16:05:19.416643 dv-cinder-817085-2-smb devstack@c-api.service[109123]: INFO cinder.api.openstack.wsgi [None req-26a86fdb-b782-4c14-b883-b8f3facb4341 tempest-VolumeTypesTest-1147339983 tempest-VolumeTypesTest-1147339983-project-admin] GET http://10.222.0.66/volume/v3/59ba35d0842c42b2a2fd1944a748e851/types/96c3c4a9-aae5-4d57-a0d2-1336e2504850
Nov 10 16:05:19.417105 dv-cinder-817085-2-smb devstack@c-api.service[109123]: DEBUG cinder.api.openstack.wsgi [None req-26a86fdb-b782-4c14-b883-b8f3facb4341 tempest-VolumeTypesTest-1147339983 tempest-VolumeTypesTest-1147339983-project-admin] Empty body provided in request {{(pid=109123) get_body /opt/stack/cinder/cinder/api/openstack/wsgi.py:703}}
Nov 10 16:05:19.417536 dv-cinder-817085-2-smb devstack@c-api.service[109123]: DEBUG cinder.api.openstack.wsgi [None req-26a86fdb-b782-4c14-b883-b8f3facb4341 tempest-VolumeTypesTest-1147339983 tempest-VolumeTypesTest-1147339983-project-admin] Calling method 'show' {{(pid=109123) _process_stack /opt/stack/cinder/cinder/api/openstack/wsgi.py:856}}
Nov 10 16:05:19.425925 dv-cinder-817085-2-smb devstack@c-api.service[109123]: INFO cinder.api.openstack.wsgi [None req-26a86fdb-b782-4c14-b883-b8f3facb4341 tempest-VolumeTypesTest-1147339983 tempest-VolumeTypesTest-1147339983-project-admin] http://10.222.0.66/volume/v3/59ba35d0842c42b2a2fd1944a748e851/types/96c3c4a9-aae5-4d57-a0d2-1336e2504850 returned with HTTP 404
Nov 10 16:05:19.428456 dv-cinder-817085-2-smb devstack@c-api.service[109123]: [pid: 109123|app: 0|req: 122/257] 10.222.0.66 () {58 vars in 1318 bytes} [Wed Nov 10 16:05:19 2021] GET /volume/v3/59ba35d0842c42b2a2fd1944a748e851/types/96c3c4a9-aae5-4d57-a0d2-1336e2504850 => generated 114 bytes in 15 msecs (HTTP/1.1 404) 7 headers in 292 bytes (1 switches on core 0)
Nov 10 16:05:19.435928 dv-cinder-817085-2-smb devstack@c-api.service[109123]: INFO cinder.api.openstack.wsgi [None req-5bc81f76-1b2e-45f4-a94b-10381b768f8c tempest-VolumeTypesTest-1147339983 tempest-VolumeTypesTest-1147339983-project-admin] DELETE http://10.222.0.66/volume/v3/59ba35d0842c42b2a2fd1944a748e851/types/ba0b27ee-3d6f-44a8-b1e9-61cf7b02cdf0
Nov 10 16:05:19.437085 dv-cinder-817085-2-smb devstack@c-api.service[109123]: DEBUG cinder.api.openstack.wsgi [None req-5bc81f76-1b2e-45f4-a94b-10381b768f8c tempest-VolumeTypesTest-1147339983 tempest-VolumeTypesTest-1147339983-project-admin] Empty body provided in request {{(pid=109123) get_body /opt/stack/cinder/cinder/api/openstack/wsgi.py:703}}
Nov 10 16:05:19.438445 dv-cinder-817085-2-smb devstack@c-api.service[109123]: DEBUG cinder.api.openstack.wsgi [None req-5bc81f76-1b2e-45f4-a94b-10381b768f8c tempest-VolumeTypesTest-1147339983 tempest-VolumeTypesTest-1147339983-project-admin] Calling method '_delete' {{(pid=109123) _process_stack /opt/stack/cinder/cinder/api/openstack/wsgi.py:856}}
Nov 10 16:05:19.588943 dv-cinder-817085-2-smb devstack@c-api.service[109122]: INFO cinder.volume.api [None req-4b0283fd-4c5b-48a2-9112-36ec363526cf tempest-VolumesServicesTestJSON-140167064 tempest-VolumesServicesTestJSON-140167064-project] Delete volume request issued successfully.
Nov 10 16:05:19.589224 dv-cinder-817085-2-smb devstack@c-api.service[109122]: INFO cinder.api.openstack.wsgi [None req-4b0283fd-4c5b-48a2-9112-36ec363526cf tempest-VolumesServicesTestJSON-140167064 tempest-VolumesServicesTestJSON-140167064-project] http://10.222.0.66/volume/v3/9407ec426664436db1046522f8cbe9d6/volumes/df57fb8d-03d8-40d9-996c-28927a8d4963 returned with HTTP 202
Nov 10 16:05:19.590081 dv-cinder-817085-2-smb devstack@c-api.service[109122]: [pid: 109122|app: 0|req: 136/258] 10.222.0.66 () {58 vars in 1327 bytes} [Wed Nov 10 16:05:19 2021] DELETE /volume/v3/9407ec426664436db1046522f8cbe9d6/volumes/df57fb8d-03d8-40d9-996c-28927a8d4963 => generated 0 bytes in 223 msecs (HTTP/1.1 202) 6 headers in 233 bytes (1 switches on core 0)
Nov 10 16:05:19.606099 dv-cinder-817085-2-smb devstack@c-api.service[109122]: INFO cinder.api.openstack.wsgi [None req-3cd40d25-4c2f-45cb-981d-1832fbc307e5 tempest-VolumesServicesTestJSON-140167064 tempest-VolumesServicesTestJSON-140167064-project] GET http://10.222.0.66/volume/v3/9407ec426664436db1046522f8cbe9d6/volumes/df57fb8d-03d8-40d9-996c-28927a8d4963
Nov 10 16:05:19.612968 dv-cinder-817085-2-smb devstack@c-api.service[109122]: DEBUG cinder.api.openstack.wsgi [None req-3cd40d25-4c2f-45cb-981d-1832fbc307e5 tempest-VolumesServicesTestJSON-140167064 tempest-VolumesServicesTestJSON-140167064-project] Empty body provided in request {{(pid=109122) get_body /opt/stack/cinder/cinder/api/openstack/wsgi.py:703}}
Nov 10 16:05:19.613755 dv-cinder-817085-2-smb devstack@c-api.service[109122]: /usr/local/lib/python3.8/dist-packages/webob/acceptparse.py:1047: DeprecationWarning: The behavior of AcceptValidHeader.best_match is currently being maintained for backward compatibility, but it will be deprecated in the future, as it does not conform to the RFC.
Nov 10 16:05:19.613755 dv-cinder-817085-2-smb devstack@c-api.service[109122]: warnings.warn(
Nov 10 16:05:19.614579 dv-cinder-817085-2-smb devstack@c-api.service[109122]: DEBUG cinder.api.openstack.wsgi [None req-3cd40d25-4c2f-45cb-981d-1832fbc307e5 tempest-VolumesServicesTestJSON-140167064 tempest-VolumesServicesTestJSON-140167064-project] Calling method 'show' {{(pid=109122) _process_stack /opt/stack/cinder/cinder/api/openstack/wsgi.py:856}}
Nov 10 16:05:19.641745 dv-cinder-817085-2-smb devstack@c-api.service[109122]: /usr/local/lib/python3.8/dist-packages/oslo_context/context.py:105: DeprecationWarning: Policy enforcement is depending on the value of is_admin. This key is deprecated. Please update your policy file to use the standard policy values.
Nov 10 16:05:19.641745 dv-cinder-817085-2-smb devstack@c-api.service[109122]: warnings.warn('Policy enforcement is depending on the value of '
Nov 10 16:05:19.647467 dv-cinder-817085-2-smb devstack@c-api.service[109123]: INFO cinder.api.openstack.wsgi [None req-5bc81f76-1b2e-45f4-a94b-10381b768f8c tempest-VolumeTypesTest-1147339983 tempest-VolumeTypesTest-1147339983-project-admin] http://10.222.0.66/volume/v3/59ba35d0842c42b2a2fd1944a748e851/types/ba0b27ee-3d6f-44a8-b1e9-61cf7b02cdf0 returned with HTTP 202
Nov 10 16:05:19.652110 dv-cinder-817085-2-smb devstack@c-api.service[109123]: [pid: 109123|app: 0|req: 123/259] 10.222.0.66 () {58 vars in 1321 bytes} [Wed Nov 10 16:05:19 2021] DELETE /volume/v3/59ba35d0842c42b2a2fd1944a748e851/types/ba0b27ee-3d6f-44a8-b1e9-61cf7b02cdf0 => generated 0 bytes in 220 msecs (HTTP/1.1 202) 6 headers in 233 bytes (1 switches on core 0)
Nov 10 16:05:19.659484 dv-cinder-817085-2-smb devstack@c-api.service[109123]: INFO cinder.api.openstack.wsgi [None req-e7116717-c69e-4d94-bb02-0c09ddc472a3 tempest-VolumeTypesTest-1147339983 tempest-VolumeTypesTest-1147339983-project-admin] GET http://10.222.0.66/volume/v3/59ba35d0842c42b2a2fd1944a748e851/types/ba0b27ee-3d6f-44a8-b1e9-61cf7b02cdf0
Nov 10 16:05:19.660224 dv-cinder-817085-2-smb devstack@c-api.service[109123]: DEBUG cinder.api.openstack.wsgi [None req-e7116717-c69e-4d94-bb02-0c09ddc472a3 tempest-VolumeTypesTest-1147339983 tempest-VolumeTypesTest-1147339983-project-admin] Empty body provided in request {{(pid=109123) get_body /opt/stack/cinder/cinder/api/openstack/wsgi.py:703}}
Nov 10 16:05:19.660831 dv-cinder-817085-2-smb devstack@c-api.service[109123]: DEBUG cinder.api.openstack.wsgi [None req-e7116717-c69e-4d94-bb02-0c09ddc472a3 tempest-VolumeTypesTest-1147339983 tempest-VolumeTypesTest-1147339983-project-admin] Calling method 'show' {{(pid=109123) _process_stack /opt/stack/cinder/cinder/api/openstack/wsgi.py:856}}
Nov 10 16:05:19.678454 dv-cinder-817085-2-smb devstack@c-api.service[109123]: INFO cinder.api.openstack.wsgi [None req-e7116717-c69e-4d94-bb02-0c09ddc472a3 tempest-VolumeTypesTest-1147339983 tempest-VolumeTypesTest-1147339983-project-admin] http://10.222.0.66/volume/v3/59ba35d0842c42b2a2fd1944a748e851/types/ba0b27ee-3d6f-44a8-b1e9-61cf7b02cdf0 returned with HTTP 404
Nov 10 16:05:19.679598 dv-cinder-817085-2-smb devstack@c-api.service[109123]: [pid: 109123|app: 0|req: 124/260] 10.222.0.66 () {58 vars in 1318 bytes} [Wed Nov 10 16:05:19 2021] GET /volume/v3/59ba35d0842c42b2a2fd1944a748e851/types/ba0b27ee-3d6f-44a8-b1e9-61cf7b02cdf0 => generated 114 bytes in 27 msecs (HTTP/1.1 404) 7 headers in 292 bytes (1 switches on core 0)
Nov 10 16:05:19.681676 dv-cinder-817085-2-smb devstack@c-api.service[109122]: INFO cinder.volume.api [None req-3cd40d25-4c2f-45cb-981d-1832fbc307e5 tempest-VolumesServicesTestJSON-140167064 tempest-VolumesServicesTestJSON-140167064-project] Volume info retrieved successfully.
Nov 10 16:05:19.687948 dv-cinder-817085-2-smb devstack@c-api.service[109123]: INFO cinder.api.openstack.wsgi [None req-a5594bb5-96a2-4655-b2ff-7e954fbfe403 tempest-VolumeTypesTest-1147339983 tempest-VolumeTypesTest-1147339983-project-admin] DELETE http://10.222.0.66/volume/v3/59ba35d0842c42b2a2fd1944a748e851/types/e9f9bca7-fa55-4917-9265-ef6b67b913ab
Nov 10 16:05:19.688607 dv-cinder-817085-2-smb devstack@c-api.service[109123]: DEBUG cinder.api.openstack.wsgi [None req-a5594bb5-96a2-4655-b2ff-7e954fbfe403 tempest-VolumeTypesTest-1147339983 tempest-VolumeTypesTest-1147339983-project-admin] Empty body provided in request {{(pid=109123) get_body /opt/stack/cinder/cinder/api/openstack/wsgi.py:703}}
Nov 10 16:05:19.689048 dv-cinder-817085-2-smb devstack@c-api.service[109123]: DEBUG cinder.api.openstack.wsgi [None req-a5594bb5-96a2-4655-b2ff-7e954fbfe403 tempest-VolumeTypesTest-1147339983 tempest-VolumeTypesTest-1147339983-project-admin] Calling method '_delete' {{(pid=109123) _process_stack /opt/stack/cinder/cinder/api/openstack/wsgi.py:856}}
Nov 10 16:05:19.696151 dv-cinder-817085-2-smb devstack@c-api.service[109122]: INFO cinder.api.openstack.wsgi [None req-3cd40d25-4c2f-45cb-981d-1832fbc307e5 tempest-VolumesServicesTestJSON-140167064 tempest-VolumesServicesTestJSON-140167064-project] http://10.222.0.66/volume/v3/9407ec426664436db1046522f8cbe9d6/volumes/df57fb8d-03d8-40d9-996c-28927a8d4963 returned with HTTP 200
Nov 10 16:05:19.704170 dv-cinder-817085-2-smb devstack@c-api.service[109122]: [pid: 109122|app: 0|req: 137/261] 10.222.0.66 () {58 vars in 1324 bytes} [Wed Nov 10 16:05:19 2021] GET /volume/v3/9407ec426664436db1046522f8cbe9d6/volumes/df57fb8d-03d8-40d9-996c-28927a8d4963 => generated 914 bytes in 106 msecs (HTTP/1.1 200) 7 headers in 285 bytes (1 switches on core 0)
Nov 10 16:05:19.830177 dv-cinder-817085-2-smb devstack@c-api.service[109123]: INFO cinder.api.openstack.wsgi [None req-a5594bb5-96a2-4655-b2ff-7e954fbfe403 tempest-VolumeTypesTest-1147339983 tempest-VolumeTypesTest-1147339983-project-admin] http://10.222.0.66/volume/v3/59ba35d0842c42b2a2fd1944a748e851/types/e9f9bca7-fa55-4917-9265-ef6b67b913ab returned with HTTP 202
Nov 10 16:05:19.831138 dv-cinder-817085-2-smb devstack@c-api.service[109123]: [pid: 109123|app: 0|req: 125/262] 10.222.0.66 () {58 vars in 1321 bytes} [Wed Nov 10 16:05:19 2021] DELETE /volume/v3/59ba35d0842c42b2a2fd1944a748e851/types/e9f9bca7-fa55-4917-9265-ef6b67b913ab => generated 0 bytes in 147 msecs (HTTP/1.1 202) 6 headers in 233 bytes (1 switches on core 0)
Nov 10 16:05:19.838802 dv-cinder-817085-2-smb devstack@c-api.service[109122]: INFO cinder.api.openstack.wsgi [None req-f1c0d18a-1aa1-4599-9d86-3e78fa5cf4ba tempest-VolumeTypesTest-1147339983 tempest-VolumeTypesTest-1147339983-project-admin] GET http://10.222.0.66/volume/v3/59ba35d0842c42b2a2fd1944a748e851/types/e9f9bca7-fa55-4917-9265-ef6b67b913ab
Nov 10 16:05:19.839958 dv-cinder-817085-2-smb devstack@c-api.service[109122]: DEBUG cinder.api.openstack.wsgi [None req-f1c0d18a-1aa1-4599-9d86-3e78fa5cf4ba tempest-VolumeTypesTest-1147339983 tempest-VolumeTypesTest-1147339983-project-admin] Empty body provided in request {{(pid=109122) get_body /opt/stack/cinder/cinder/api/openstack/wsgi.py:703}}
Nov 10 16:05:19.839958 dv-cinder-817085-2-smb devstack@c-api.service[109122]: /usr/local/lib/python3.8/dist-packages/webob/acceptparse.py:1047: DeprecationWarning: The behavior of AcceptValidHeader.best_match is currently being maintained for backward compatibility, but it will be deprecated in the future, as it does not conform to the RFC.
Nov 10 16:05:19.839958 dv-cinder-817085-2-smb devstack@c-api.service[109122]: warnings.warn(
Nov 10 16:05:19.839958 dv-cinder-817085-2-smb devstack@c-api.service[109122]: DEBUG cinder.api.openstack.wsgi [None req-f1c0d18a-1aa1-4599-9d86-3e78fa5cf4ba tempest-VolumeTypesTest-1147339983 tempest-VolumeTypesTest-1147339983-project-admin] Calling method 'show' {{(pid=109122) _process_stack /opt/stack/cinder/cinder/api/openstack/wsgi.py:856}}
Nov 10 16:05:19.845739 dv-cinder-817085-2-smb devstack@c-api.service[109122]: INFO cinder.api.openstack.wsgi [None req-f1c0d18a-1aa1-4599-9d86-3e78fa5cf4ba tempest-VolumeTypesTest-1147339983 tempest-VolumeTypesTest-1147339983-project-admin] http://10.222.0.66/volume/v3/59ba35d0842c42b2a2fd1944a748e851/types/e9f9bca7-fa55-4917-9265-ef6b67b913ab returned with HTTP 404
Nov 10 16:05:19.846596 dv-cinder-817085-2-smb devstack@c-api.service[109122]: [pid: 109122|app: 0|req: 138/263] 10.222.0.66 () {58 vars in 1318 bytes} [Wed Nov 10 16:05:19 2021] GET /volume/v3/59ba35d0842c42b2a2fd1944a748e851/types/e9f9bca7-fa55-4917-9265-ef6b67b913ab => generated 114 bytes in 12 msecs (HTTP/1.1 404) 7 headers in 292 bytes (2 switches on core 0)
Nov 10 16:05:19.854401 dv-cinder-817085-2-smb devstack@c-api.service[109123]: INFO cinder.api.openstack.wsgi [None req-a67d0ca2-5144-4349-b770-de58e83b8ecf tempest-VolumeTypesTest-1187706518 tempest-VolumeTypesTest-1187706518-project] DELETE http://10.222.0.66/volume/v3/7e02d4ddf9e441c483ac30fc0f104b83/volumes/f63d3741-2cd1-4d8c-b79a-cf2fd8f23f2a
Nov 10 16:05:19.855001 dv-cinder-817085-2-smb devstack@c-api.service[109123]: DEBUG cinder.api.openstack.wsgi [None req-a67d0ca2-5144-4349-b770-de58e83b8ecf tempest-VolumeTypesTest-1187706518 tempest-VolumeTypesTest-1187706518-project] Empty body provided in request {{(pid=109123) get_body /opt/stack/cinder/cinder/api/openstack/wsgi.py:703}}
Nov 10 16:05:19.855566 dv-cinder-817085-2-smb devstack@c-api.service[109123]: DEBUG cinder.api.openstack.wsgi [None req-a67d0ca2-5144-4349-b770-de58e83b8ecf tempest-VolumeTypesTest-1187706518 tempest-VolumeTypesTest-1187706518-project] Calling method 'delete' {{(pid=109123) _process_stack /opt/stack/cinder/cinder/api/openstack/wsgi.py:856}}
Nov 10 16:05:19.856060 dv-cinder-817085-2-smb devstack@c-api.service[109123]: INFO cinder.api.v3.volumes [None req-a67d0ca2-5144-4349-b770-de58e83b8ecf tempest-VolumeTypesTest-1187706518 tempest-VolumeTypesTest-1187706518-project] Delete volume with id: f63d3741-2cd1-4d8c-b79a-cf2fd8f23f2a
Nov 10 16:05:19.879196 dv-cinder-817085-2-smb devstack@c-api.service[109123]: /usr/local/lib/python3.8/dist-packages/oslo_context/context.py:105: DeprecationWarning: Policy enforcement is depending on the value of is_admin. This key is deprecated. Please update your policy file to use the standard policy values.
Nov 10 16:05:19.879196 dv-cinder-817085-2-smb devstack@c-api.service[109123]: warnings.warn('Policy enforcement is depending on the value of '
Nov 10 16:05:19.880996 dv-cinder-817085-2-smb devstack@c-api.service[109123]: INFO cinder.volume.api [None req-a67d0ca2-5144-4349-b770-de58e83b8ecf tempest-VolumeTypesTest-1187706518 tempest-VolumeTypesTest-1187706518-project] Volume info retrieved successfully.
Nov 10 16:05:20.014356 dv-cinder-817085-2-smb devstack@c-api.service[109123]: INFO cinder.volume.api [None req-a67d0ca2-5144-4349-b770-de58e83b8ecf tempest-VolumeTypesTest-1187706518 tempest-VolumeTypesTest-1187706518-project] Delete volume request issued successfully.
Nov 10 16:05:20.014356 dv-cinder-817085-2-smb devstack@c-api.service[109123]: INFO cinder.api.openstack.wsgi [None req-a67d0ca2-5144-4349-b770-de58e83b8ecf tempest-VolumeTypesTest-1187706518 tempest-VolumeTypesTest-1187706518-project] http://10.222.0.66/volume/v3/7e02d4ddf9e441c483ac30fc0f104b83/volumes/f63d3741-2cd1-4d8c-b79a-cf2fd8f23f2a returned with HTTP 202
Nov 10 16:05:20.014356 dv-cinder-817085-2-smb devstack@c-api.service[109123]: [pid: 109123|app: 0|req: 126/264] 10.222.0.66 () {58 vars in 1327 bytes} [Wed Nov 10 16:05:19 2021] DELETE /volume/v3/7e02d4ddf9e441c483ac30fc0f104b83/volumes/f63d3741-2cd1-4d8c-b79a-cf2fd8f23f2a => generated 0 bytes in 162 msecs (HTTP/1.1 202) 6 headers in 233 bytes (1 switches on core 0)
Nov 10 16:05:20.020307 dv-cinder-817085-2-smb devstack@c-api.service[109122]: INFO cinder.api.openstack.wsgi [None req-1e1938d2-703f-4200-9349-905646db642c tempest-VolumeTypesTest-1187706518 tempest-VolumeTypesTest-1187706518-project] GET http://10.222.0.66/volume/v3/7e02d4ddf9e441c483ac30fc0f104b83/volumes/f63d3741-2cd1-4d8c-b79a-cf2fd8f23f2a
Nov 10 16:05:20.020830 dv-cinder-817085-2-smb devstack@c-api.service[109122]: DEBUG cinder.api.openstack.wsgi [None req-1e1938d2-703f-4200-9349-905646db642c tempest-VolumeTypesTest-1187706518 tempest-VolumeTypesTest-1187706518-project] Empty body provided in request {{(pid=109122) get_body /opt/stack/cinder/cinder/api/openstack/wsgi.py:703}}
Nov 10 16:05:20.021425 dv-cinder-817085-2-smb devstack@c-api.service[109122]: DEBUG cinder.api.openstack.wsgi [None req-1e1938d2-703f-4200-9349-905646db642c tempest-VolumeTypesTest-1187706518 tempest-VolumeTypesTest-1187706518-project] Calling method 'show' {{(pid=109122) _process_stack /opt/stack/cinder/cinder/api/openstack/wsgi.py:856}}
Nov 10 16:05:20.038920 dv-cinder-817085-2-smb devstack@c-api.service[109122]: /usr/local/lib/python3.8/dist-packages/oslo_context/context.py:105: DeprecationWarning: Policy enforcement is depending on the value of is_admin. This key is deprecated. Please update your policy file to use the standard policy values.
Nov 10 16:05:20.038920 dv-cinder-817085-2-smb devstack@c-api.service[109122]: warnings.warn('Policy enforcement is depending on the value of '
Nov 10 16:05:20.055486 dv-cinder-817085-2-smb devstack@c-api.service[109122]: INFO cinder.volume.api [None req-1e1938d2-703f-4200-9349-905646db642c tempest-VolumeTypesTest-1187706518 tempest-VolumeTypesTest-1187706518-project] Volume info retrieved successfully.
Nov 10 16:05:20.071568 dv-cinder-817085-2-smb devstack@c-api.service[109122]: INFO cinder.api.openstack.wsgi [None req-1e1938d2-703f-4200-9349-905646db642c tempest-VolumeTypesTest-1187706518 tempest-VolumeTypesTest-1187706518-project] http://10.222.0.66/volume/v3/7e02d4ddf9e441c483ac30fc0f104b83/volumes/f63d3741-2cd1-4d8c-b79a-cf2fd8f23f2a returned with HTTP 200
Nov 10 16:05:20.072508 dv-cinder-817085-2-smb devstack@c-api.service[109122]: [pid: 109122|app: 0|req: 139/265] 10.222.0.66 () {58 vars in 1324 bytes} [Wed Nov 10 16:05:20 2021] GET /volume/v3/7e02d4ddf9e441c483ac30fc0f104b83/volumes/f63d3741-2cd1-4d8c-b79a-cf2fd8f23f2a => generated 940 bytes in 56 msecs (HTTP/1.1 200) 7 headers in 285 bytes (1 switches on core 0)
Nov 10 16:05:20.231166 dv-cinder-817085-2-smb devstack@c-api.service[109123]: INFO cinder.api.openstack.wsgi [None req-c7e0c89c-80c2-4adf-8763-9e77e4456c41 tempest-VolumeQuotasAdminTestJSON-1368521385 tempest-VolumeQuotasAdminTestJSON-1368521385-project] GET http://10.222.0.66/volume/v3/ab82a0f714244b90946c09237ec0ff32/volumes/63ff6e04-2ea7-4f2b-9b7c-a8b4e4adbebb
Nov 10 16:05:20.231767 dv-cinder-817085-2-smb devstack@c-api.service[109123]: DEBUG cinder.api.openstack.wsgi [None req-c7e0c89c-80c2-4adf-8763-9e77e4456c41 tempest-VolumeQuotasAdminTestJSON-1368521385 tempest-VolumeQuotasAdminTestJSON-1368521385-project] Empty body provided in request {{(pid=109123) get_body /opt/stack/cinder/cinder/api/openstack/wsgi.py:703}}
Nov 10 16:05:20.231951 dv-cinder-817085-2-smb devstack@c-api.service[109123]: /usr/local/lib/python3.8/dist-packages/webob/acceptparse.py:1047: DeprecationWarning: The behavior of AcceptValidHeader.best_match is currently being maintained for backward compatibility, but it will be deprecated in the future, as it does not conform to the RFC.
Nov 10 16:05:20.231951 dv-cinder-817085-2-smb devstack@c-api.service[109123]: warnings.warn(
Nov 10 16:05:20.232352 dv-cinder-817085-2-smb devstack@c-api.service[109123]: DEBUG cinder.api.openstack.wsgi [None req-c7e0c89c-80c2-4adf-8763-9e77e4456c41 tempest-VolumeQuotasAdminTestJSON-1368521385 tempest-VolumeQuotasAdminTestJSON-1368521385-project] Calling method 'show' {{(pid=109123) _process_stack /opt/stack/cinder/cinder/api/openstack/wsgi.py:856}}
Nov 10 16:05:20.246874 dv-cinder-817085-2-smb devstack@c-api.service[109123]: /usr/local/lib/python3.8/dist-packages/oslo_context/context.py:105: DeprecationWarning: Policy enforcement is depending on the value of is_admin. This key is deprecated. Please update your policy file to use the standard policy values.
Nov 10 16:05:20.246874 dv-cinder-817085-2-smb devstack@c-api.service[109123]: warnings.warn('Policy enforcement is depending on the value of '
Nov 10 16:05:20.258819 dv-cinder-817085-2-smb devstack@c-api.service[109123]: INFO cinder.volume.api [None req-c7e0c89c-80c2-4adf-8763-9e77e4456c41 tempest-VolumeQuotasAdminTestJSON-1368521385 tempest-VolumeQuotasAdminTestJSON-1368521385-project] Volume info retrieved successfully.
Nov 10 16:05:20.272710 dv-cinder-817085-2-smb devstack@c-api.service[109123]: INFO cinder.api.openstack.wsgi [None req-c7e0c89c-80c2-4adf-8763-9e77e4456c41 tempest-VolumeQuotasAdminTestJSON-1368521385 tempest-VolumeQuotasAdminTestJSON-1368521385-project] http://10.222.0.66/volume/v3/ab82a0f714244b90946c09237ec0ff32/volumes/63ff6e04-2ea7-4f2b-9b7c-a8b4e4adbebb returned with HTTP 200
Nov 10 16:05:20.278154 dv-cinder-817085-2-smb devstack@c-api.service[109123]: [pid: 109123|app: 0|req: 127/266] 10.222.0.66 () {58 vars in 1324 bytes} [Wed Nov 10 16:05:20 2021] GET /volume/v3/ab82a0f714244b90946c09237ec0ff32/volumes/63ff6e04-2ea7-4f2b-9b7c-a8b4e4adbebb => generated 918 bytes in 51 msecs (HTTP/1.1 200) 7 headers in 285 bytes (1 switches on core 0)
