Nov 08 21:59:59.668475 dv-cinder-817085-1-smb neutron-server[101101]: DEBUG neutron_lib.callbacks.manager [None req-b02ca38c-a1ae-4223-9c98-7a1d8781fbab admin admin] Publish callbacks [] for security_group, before_response {{(pid=101101) _notify_loop /usr/local/lib/python3.8/dist-packages/neutron_lib/callbacks/manager.py:175}}
Nov 08 21:59:59.669617 dv-cinder-817085-1-smb neutron-server[101101]: INFO neutron.wsgi [None req-b02ca38c-a1ae-4223-9c98-7a1d8781fbab admin admin] 10.222.0.30 "DELETE /v2.0/security-groups/06d1ea6b-6e06-471b-bd7d-33490622e4d8 HTTP/1.1" status: 204 len: 168 time: 0.1325021
Nov 08 21:59:59.677958 dv-cinder-817085-1-smb neutron-server[101101]: DEBUG neutron.api.rpc.handlers.resources_rpc [None req-b02ca38c-a1ae-4223-9c98-7a1d8781fbab admin admin] Pushing event deleted for resources: {'SecurityGroup': ['ID=06d1ea6b-6e06-471b-bd7d-33490622e4d8,revision_number=None']} {{(pid=101101) push /opt/stack/neutron/neutron/api/rpc/handlers/resources_rpc.py:237}}
Nov 08 21:59:59.778207 dv-cinder-817085-1-smb neutron-server[101102]: DEBUG neutron.plugins.ml2.db [None req-42443c72-c523-48a2-be4f-4ccfd2a48baa None None] get_ports_and_sgs() called for port_ids ['7a3f4b6f-9779-4d22-b301-de6effc3487d'] {{(pid=101102) get_ports_and_sgs /opt/stack/neutron/neutron/plugins/ml2/db.py:156}}
Nov 08 22:00:00.032952 dv-cinder-817085-1-smb neutron-server[101100]: DEBUG neutron.pecan_wsgi.hooks.policy_enforcement [req-63b9bd7f-82e4-4bb1-adb5-d2363420ab36 req-128ae92a-d0dc-403a-abc7-69f37b39ef56 tempest-ServerRescueNegativeTestJSON-1639354211 tempest-ServerRescueNegativeTestJSON-1639354211-project] Attributes excluded by policy engine: ['standard_attr_id', 'binding:profile', 'binding:host_id', 'binding:vif_type', 'binding:vif_details'] {{(pid=101100) _exclude_attributes_by_policy /opt/stack/neutron/neutron/pecan_wsgi/hooks/policy_enforcement.py:255}}
Nov 08 22:00:00.044502 dv-cinder-817085-1-smb neutron-server[101100]: INFO neutron.wsgi [req-63b9bd7f-82e4-4bb1-adb5-d2363420ab36 req-128ae92a-d0dc-403a-abc7-69f37b39ef56 tempest-ServerRescueNegativeTestJSON-1639354211 tempest-ServerRescueNegativeTestJSON-1639354211-project] 10.222.0.30 "GET /v2.0/ports?device_id=3744c94b-ee59-4fae-9e6a-a3b3fac34172 HTTP/1.1" status: 200 len: 946 time: 0.0852392
Nov 08 22:00:00.159222 dv-cinder-817085-1-smb neutron-server[101100]: INFO neutron.wsgi [req-63b9bd7f-82e4-4bb1-adb5-d2363420ab36 req-6b45ccf7-1bb5-4ed6-a679-56c3d7dea16f tempest-ServerRescueNegativeTestJSON-1639354211 tempest-ServerRescueNegativeTestJSON-1639354211-project] 10.222.0.30 "GET /v2.0/security-groups?id=b2ef3748-3cb7-4f40-90dc-89b871804292&fields=id&fields=name HTTP/1.1" status: 200 len: 286 time: 0.1042471
Nov 08 22:00:00.346021 dv-cinder-817085-1-smb neutron-server[101100]: DEBUG neutron.pecan_wsgi.hooks.policy_enforcement [req-ae3bfb81-9bc9-4894-ba9b-7d61e4365377 req-f633e259-c3b9-4ec2-acf0-1d9604b7e2ba tempest-AttachVolumeNegativeTest-184061700 tempest-AttachVolumeNegativeTest-184061700-project] Attributes excluded by policy engine: ['standard_attr_id', 'vlan_transparent', 'provider:network_type', 'provider:physical_network', 'provider:segmentation_id'] {{(pid=101100) _exclude_attributes_by_policy /opt/stack/neutron/neutron/pecan_wsgi/hooks/policy_enforcement.py:255}}
Nov 08 22:00:00.347810 dv-cinder-817085-1-smb neutron-server[101100]: INFO neutron.wsgi [req-ae3bfb81-9bc9-4894-ba9b-7d61e4365377 req-f633e259-c3b9-4ec2-acf0-1d9604b7e2ba tempest-AttachVolumeNegativeTest-184061700 tempest-AttachVolumeNegativeTest-184061700-project] 10.222.0.30 "GET /v2.0/networks?id=9e2ec0be-5960-42db-9202-7228af1b6e72 HTTP/1.1" status: 200 len: 814 time: 0.1167984
Nov 08 22:00:00.364975 dv-cinder-817085-1-smb neutron-server[101100]: INFO neutron.wsgi [req-ae3bfb81-9bc9-4894-ba9b-7d61e4365377 req-c8947b1b-fc85-417d-a34d-fe7f42ccbe8f tempest-AttachVolumeNegativeTest-184061700 tempest-AttachVolumeNegativeTest-184061700-project] 10.222.0.30 "GET /v2.0/quotas/ac107a2ba4e04f299b72fd52bbd9ac8f HTTP/1.1" status: 200 len: 375 time: 0.0099008
Nov 08 22:00:00.426215 dv-cinder-817085-1-smb neutron-server[101100]: INFO neutron.wsgi [req-ae3bfb81-9bc9-4894-ba9b-7d61e4365377 req-261505f6-4b08-4787-aa8b-987a10680272 tempest-AttachVolumeNegativeTest-184061700 tempest-AttachVolumeNegativeTest-184061700-project] 10.222.0.30 "GET /v2.0/ports?tenant_id=ac107a2ba4e04f299b72fd52bbd9ac8f&fields=id HTTP/1.1" status: 200 len: 255 time: 0.0522501
Nov 08 22:00:00.538260 dv-cinder-817085-1-smb neutron-server[101101]: DEBUG neutron.pecan_wsgi.hooks.policy_enforcement [req-76641320-4143-4e71-862f-928284baf970 req-f30b5e74-2955-447a-8f79-720a5eb5624f tempest-DeleteServersTestJSON-1882775259 tempest-DeleteServersTestJSON-1882775259-project] Attributes excluded by policy engine: ['standard_attr_id', 'binding:profile', 'binding:host_id', 'binding:vif_type', 'binding:vif_details'] {{(pid=101101) _exclude_attributes_by_policy /opt/stack/neutron/neutron/pecan_wsgi/hooks/policy_enforcement.py:255}}
Nov 08 22:00:00.540358 dv-cinder-817085-1-smb neutron-server[101101]: INFO neutron.wsgi [req-76641320-4143-4e71-862f-928284baf970 req-f30b5e74-2955-447a-8f79-720a5eb5624f tempest-DeleteServersTestJSON-1882775259 tempest-DeleteServersTestJSON-1882775259-project] 10.222.0.30 "GET /v2.0/ports?device_id=b3e4f724-3183-4f19-a026-edc6df605afb HTTP/1.1" status: 200 len: 945 time: 0.0804119
Nov 08 22:00:00.568934 dv-cinder-817085-1-smb neutron-server[101100]: DEBUG neutron.pecan_wsgi.hooks.policy_enforcement [req-f0dfaee5-5674-4430-8dd0-350aea2aa0a0 req-1e894c91-624d-4bfa-975a-1e3b4829f46f service neutron] Attributes excluded by policy engine: ['standard_attr_id'] {{(pid=101100) _exclude_attributes_by_policy /opt/stack/neutron/neutron/pecan_wsgi/hooks/policy_enforcement.py:255}}
Nov 08 22:00:00.570607 dv-cinder-817085-1-smb neutron-server[101100]: INFO neutron.wsgi [req-f0dfaee5-5674-4430-8dd0-350aea2aa0a0 req-1e894c91-624d-4bfa-975a-1e3b4829f46f service neutron] 10.222.0.15 "GET /v2.0/ports?tenant_id=f5f1e38ab803439ba52174d24fd443e3&device_id=3744c94b-ee59-4fae-9e6a-a3b3fac34172 HTTP/1.1" status: 200 len: 1099 time: 0.0735471
Nov 08 22:00:00.599384 dv-cinder-817085-1-smb neutron-server[101101]: INFO neutron.wsgi [req-76641320-4143-4e71-862f-928284baf970 req-5fea4fa5-f542-4a5c-8568-5fecffa660f5 tempest-DeleteServersTestJSON-1882775259 tempest-DeleteServersTestJSON-1882775259-project] 10.222.0.30 "GET /v2.0/security-groups?id=55d8ee66-8930-4a0e-955e-a07a9934ebaf&fields=id&fields=name HTTP/1.1" status: 200 len: 286 time: 0.0524042
Nov 08 22:00:00.604309 dv-cinder-817085-1-smb neutron-server[101100]: INFO neutron.wsgi [req-ae3bfb81-9bc9-4894-ba9b-7d61e4365377 req-75c8e318-3273-4237-9837-f03fae9179a8 service neutron] 10.222.0.30 "GET /v2.0/networks/9e2ec0be-5960-42db-9202-7228af1b6e72?fields=segments HTTP/1.1" status: 200 len: 212 time: 0.1714938
Nov 08 22:00:00.729656 dv-cinder-817085-1-smb neutron-server[101101]: DEBUG neutron.pecan_wsgi.hooks.policy_enforcement [req-3e1c4d74-b645-4703-9cfb-bbaf74447b24 req-4bedd988-b1c1-4298-abd0-2893a5d2f2e3 tempest-AttachVolumeTestJSON-1571738283 tempest-AttachVolumeTestJSON-1571738283-project] Attributes excluded by policy engine: ['standard_attr_id', 'binding:profile', 'binding:host_id', 'binding:vif_type', 'binding:vif_details'] {{(pid=101101) _exclude_attributes_by_policy /opt/stack/neutron/neutron/pecan_wsgi/hooks/policy_enforcement.py:255}}
Nov 08 22:00:00.731352 dv-cinder-817085-1-smb neutron-server[101101]: INFO neutron.wsgi [req-3e1c4d74-b645-4703-9cfb-bbaf74447b24 req-4bedd988-b1c1-4298-abd0-2893a5d2f2e3 tempest-AttachVolumeTestJSON-1571738283 tempest-AttachVolumeTestJSON-1571738283-project] 10.222.0.30 "GET /v2.0/ports?device_id=8a5ef0e3-3f19-463b-8349-5764e1036752 HTTP/1.1" status: 200 len: 945 time: 0.0523443
Nov 08 22:00:00.783357 dv-cinder-817085-1-smb neutron-server[101101]: INFO neutron.wsgi [req-3e1c4d74-b645-4703-9cfb-bbaf74447b24 req-e475d927-c206-4eb7-a4e3-da621473586e tempest-AttachVolumeTestJSON-1571738283 tempest-AttachVolumeTestJSON-1571738283-project] 10.222.0.30 "GET /v2.0/security-groups?id=2ec0386a-6543-4360-8680-4108ad941162&fields=id&fields=name HTTP/1.1" status: 200 len: 312 time: 0.0448084
Nov 08 22:00:00.899882 dv-cinder-817085-1-smb neutron-server[101101]: DEBUG neutron.pecan_wsgi.hooks.policy_enforcement [req-4fcb79ee-706f-42a7-9dfd-ad1af8409b22 req-a7589395-5a5a-4b87-aba0-5fcd1169476b tempest-ServerRescueNegativeTestJSON-1639354211 tempest-ServerRescueNegativeTestJSON-1639354211-project] Attributes excluded by policy engine: ['standard_attr_id', 'binding:profile', 'binding:host_id', 'binding:vif_type', 'binding:vif_details'] {{(pid=101101) _exclude_attributes_by_policy /opt/stack/neutron/neutron/pecan_wsgi/hooks/policy_enforcement.py:255}}
Nov 08 22:00:00.901476 dv-cinder-817085-1-smb neutron-server[101101]: INFO neutron.wsgi [req-4fcb79ee-706f-42a7-9dfd-ad1af8409b22 req-a7589395-5a5a-4b87-aba0-5fcd1169476b tempest-ServerRescueNegativeTestJSON-1639354211 tempest-ServerRescueNegativeTestJSON-1639354211-project] 10.222.0.30 "GET /v2.0/ports?device_id=3744c94b-ee59-4fae-9e6a-a3b3fac34172 HTTP/1.1" status: 200 len: 946 time: 0.0553343
Nov 08 22:00:00.917732 dv-cinder-817085-1-smb neutron-server[101100]: DEBUG neutron.pecan_wsgi.hooks.policy_enforcement [req-f0dfaee5-5674-4430-8dd0-350aea2aa0a0 req-a54bec48-365f-46bd-93e9-7bbc8a3925ae service neutron] Attributes excluded by policy engine: ['standard_attr_id', 'vlan_transparent'] {{(pid=101100) _exclude_attributes_by_policy /opt/stack/neutron/neutron/pecan_wsgi/hooks/policy_enforcement.py:255}}
Nov 08 22:00:00.919557 dv-cinder-817085-1-smb neutron-server[101100]: INFO neutron.wsgi [req-f0dfaee5-5674-4430-8dd0-350aea2aa0a0 req-a54bec48-365f-46bd-93e9-7bbc8a3925ae service neutron] 10.222.0.15 "GET /v2.0/networks?id=678d320e-10f3-4563-8ebd-50254b4843e4 HTTP/1.1" status: 200 len: 920 time: 0.3389962
Nov 08 22:00:00.923484 dv-cinder-817085-1-smb neutron-server[101100]: INFO neutron.wsgi [req-ae3bfb81-9bc9-4894-ba9b-7d61e4365377 req-645a9b26-4738-426b-9fe8-83d873eff77e service neutron] 10.222.0.30 "GET /v2.0/networks/9e2ec0be-5960-42db-9202-7228af1b6e72?fields=provider%3Aphysical_network&fields=provider%3Anetwork_type HTTP/1.1" status: 200 len: 281 time: 0.2891862
Nov 08 22:00:00.972839 dv-cinder-817085-1-smb neutron-server[101100]: INFO neutron.wsgi [req-f0dfaee5-5674-4430-8dd0-350aea2aa0a0 req-31ed9b95-93ee-4734-9ed3-dff3f55d6692 service neutron] 10.222.0.15 "GET /v2.0/floatingips?fixed_ip_address=172.20.0.14&port_id=07bcd1bc-f9f0-4209-b719-7ab29a3ec65e HTTP/1.1" status: 200 len: 217 time: 0.0440130
Nov 08 22:00:00.983004 dv-cinder-817085-1-smb neutron-server[101101]: INFO neutron.wsgi [req-4fcb79ee-706f-42a7-9dfd-ad1af8409b22 req-0ad5e6dc-2942-40c6-a915-8edc417a7184 tempest-ServerRescueNegativeTestJSON-1639354211 tempest-ServerRescueNegativeTestJSON-1639354211-project] 10.222.0.30 "GET /v2.0/security-groups?id=b2ef3748-3cb7-4f40-90dc-89b871804292&fields=id&fields=name HTTP/1.1" status: 200 len: 286 time: 0.0728612
Nov 08 22:00:01.066041 dv-cinder-817085-1-smb neutron-server[101100]: DEBUG neutron.pecan_wsgi.hooks.policy_enforcement [req-f0dfaee5-5674-4430-8dd0-350aea2aa0a0 req-76dbdb8e-78de-4399-a404-f46cfed88d75 service neutron] Attributes excluded by policy engine: ['standard_attr_id', 'shared'] {{(pid=101100) _exclude_attributes_by_policy /opt/stack/neutron/neutron/pecan_wsgi/hooks/policy_enforcement.py:255}}
Nov 08 22:00:01.068871 dv-cinder-817085-1-smb neutron-server[101100]: INFO neutron.wsgi [req-f0dfaee5-5674-4430-8dd0-350aea2aa0a0 req-76dbdb8e-78de-4399-a404-f46cfed88d75 service neutron] 10.222.0.15 "GET /v2.0/subnets?id=a4902d4e-9962-4aad-9240-913edb8a7530 HTTP/1.1" status: 200 len: 859 time: 0.0789382
Nov 08 22:00:01.083211 dv-cinder-817085-1-smb neutron-server[101102]: DEBUG neutron.plugins.ml2.rpc [None req-42443c72-c523-48a2-be4f-4ccfd2a48baa None None] Device 7a3f4b6f-9779-4d22-b301-de6effc3487d up at agent hyperv_hv-cinder-81708 {{(pid=101102) update_device_up /opt/stack/neutron/neutron/plugins/ml2/rpc.py:296}}
Nov 08 22:00:01.106388 dv-cinder-817085-1-smb neutron-server[101100]: INFO neutron.wsgi [req-f0dfaee5-5674-4430-8dd0-350aea2aa0a0 req-5bad7a61-be65-4e68-97ba-3327bcad6d5b service neutron] 10.222.0.15 "GET /v2.0/ports?network_id=678d320e-10f3-4563-8ebd-50254b4843e4&device_owner=network%3Adhcp HTTP/1.1" status: 200 len: 210 time: 0.0293596
Nov 08 22:00:01.128481 dv-cinder-817085-1-smb neutron-server[101101]: INFO neutron.wsgi [req-cc5d0df5-9855-4a02-8d22-a12ae2e1ec12 req-3f8655c7-3937-4b84-9911-8ad67cf2f69d tempest-AttachVolumeNegativeTest-184061700 tempest-AttachVolumeNegativeTest-184061700-project] 10.222.0.30 "GET /v2.0/ports?device_id=6a7b37ea-f5ff-4939-be8b-c71157529183 HTTP/1.1" status: 200 len: 210 time: 0.0517473
Nov 08 22:00:01.219904 dv-cinder-817085-1-smb neutron-server[101102]: DEBUG neutron.db.provisioning_blocks [None req-42443c72-c523-48a2-be4f-4ccfd2a48baa None None] Provisioning for port 7a3f4b6f-9779-4d22-b301-de6effc3487d completed by entity L2. {{(pid=101102) provisioning_complete /opt/stack/neutron/neutron/db/provisioning_blocks.py:133}}
Nov 08 22:00:01.234111 dv-cinder-817085-1-smb neutron-server[101102]: DEBUG neutron.db.provisioning_blocks [None req-42443c72-c523-48a2-be4f-4ccfd2a48baa None None] Provisioning complete for port 7a3f4b6f-9779-4d22-b301-de6effc3487d triggered by entity L2. {{(pid=101102) provisioning_complete /opt/stack/neutron/neutron/db/provisioning_blocks.py:139}}
Nov 08 22:00:01.235098 dv-cinder-817085-1-smb neutron-server[101102]: DEBUG neutron_lib.callbacks.manager [None req-42443c72-c523-48a2-be4f-4ccfd2a48baa None None] Publish callbacks ['neutron.plugins.ml2.plugin.Ml2Plugin._port_provisioned-833238'] for port, provisioning_complete {{(pid=101102) _notify_loop /usr/local/lib/python3.8/dist-packages/neutron_lib/callbacks/manager.py:175}}
Nov 08 22:00:01.384972 dv-cinder-817085-1-smb neutron-server[101100]: INFO neutron.wsgi [req-f0dfaee5-5674-4430-8dd0-350aea2aa0a0 req-ef6d54b7-3479-402c-8871-52c6744ada78 service neutron] 10.222.0.15 "GET /v2.0/networks/678d320e-10f3-4563-8ebd-50254b4843e4?fields=segments HTTP/1.1" status: 200 len: 212 time: 0.2691495
Nov 08 22:00:01.423109 dv-cinder-817085-1-smb neutron-server[101102]: DEBUG neutron_lib.callbacks.manager [None req-42443c72-c523-48a2-be4f-4ccfd2a48baa None None] Publish callbacks ['neutron.plugins.ml2.plugin.SecurityGroupDbMixin._ensure_default_security_group_handler-909598'] for port, before_update {{(pid=101102) _notify_loop /usr/local/lib/python3.8/dist-packages/neutron_lib/callbacks/manager.py:175}}
Nov 08 22:00:01.482936 dv-cinder-817085-1-smb neutron-server[101102]: DEBUG neutron.plugins.ml2.db [None req-42443c72-c523-48a2-be4f-4ccfd2a48baa None None] For port 7a3f4b6f-9779-4d22-b301-de6effc3487d, host hv-cinder-81708, got binding levels [PortBindingLevel(driver='hyperv',host='hv-cinder-81708',level=0,port_id=7a3f4b6f-9779-4d22-b301-de6effc3487d,segment=NetworkSegment(92aa3434-a536-4fb9-839d-9900d4f041c0),segment_id=92aa3434-a536-4fb9-839d-9900d4f041c0)] {{(pid=101102) get_binding_level_objs /opt/stack/neutron/neutron/plugins/ml2/db.py:74}}
Nov 08 22:00:01.485162 dv-cinder-817085-1-smb neutron-server[101102]: DEBUG neutron.notifiers.nova [-] Sending events: [{'server_uuid': '8a5ef0e3-3f19-463b-8349-5764e1036752', 'name': 'network-vif-plugged', 'status': 'completed', 'tag': '7a3f4b6f-9779-4d22-b301-de6effc3487d'}] {{(pid=101102) send_events /opt/stack/neutron/neutron/notifiers/nova.py:262}}
Nov 08 22:00:01.488303 dv-cinder-817085-1-smb neutron-server[101102]: DEBUG novaclient.v2.client [-] REQ: curl -g -i --cacert "/opt/stack/data/ca-bundle.pem" -X POST http://10.222.0.30/compute/v2.1/os-server-external-events -H "Accept: application/json" -H "Content-Type: application/json" -H "User-Agent: python-novaclient" -H "X-Auth-Token: {SHA256}2ceb4d678fb5ce11fd154228d6bc8f6457ba24dade95c7a93e37d258ba70277c" -H "X-OpenStack-Nova-API-Version: 2.1" -H "X-OpenStack-Request-ID: req-96aced4f-b835-4343-961c-a9431b2e15f5" -d '{"events": [{"server_uuid": "8a5ef0e3-3f19-463b-8349-5764e1036752", "name": "network-vif-plugged", "status": "completed", "tag": "7a3f4b6f-9779-4d22-b301-de6effc3487d"}]}' {{(pid=101102) _http_log_request /usr/local/lib/python3.8/dist-packages/keystoneauth1/session.py:519}}
Nov 08 22:00:01.505470 dv-cinder-817085-1-smb neutron-server[101102]: DEBUG neutron_lib.callbacks.manager [None req-42443c72-c523-48a2-be4f-4ccfd2a48baa None None] Publish callbacks ['neutron.plugins.ml2.plugin.SecurityGroupServerNotifierRpcMixin._notify_sg_on_port_change-909724', 'neutron.plugins.ml2.ovo_rpc._ObjectChangeHandler.handle_event-132494', 'neutron.api.rpc.agentnotifiers.dhcp_rpc_agent_api.DhcpAgentNotifyAPI._native_event_send_dhcp_notification-2047449', 'neutron.db.l3_db.L3RpcNotifierMixin._notify_gateway_port_ip_changed-8770313957012', 'neutron.db.l3_dvrscheduler_db._notify_l3_agent_port_update-8770313461917', 'neutron.db.l3_hascheduler_db._notify_l3_agent_ha_port_update-8770313461935'] for port, after_update {{(pid=101102) _notify_loop /usr/local/lib/python3.8/dist-packages/neutron_lib/callbacks/manager.py:175}}
Nov 08 22:00:01.539472 dv-cinder-817085-1-smb neutron-server[101100]: INFO neutron.wsgi [req-f0dfaee5-5674-4430-8dd0-350aea2aa0a0 req-dd24d8af-c03f-4d1d-9382-2ba97d51620c service neutron] 10.222.0.15 "GET /v2.0/networks/678d320e-10f3-4563-8ebd-50254b4843e4?fields=provider%3Aphysical_network&fields=provider%3Anetwork_type HTTP/1.1" status: 200 len: 281 time: 0.1386192
Nov 08 22:00:01.559311 dv-cinder-817085-1-smb neutron-server[101102]: DEBUG novaclient.v2.client [-] RESP: [200] Connection: close Content-Length: 183 Content-Type: application/json Date: Mon, 08 Nov 2021 22:00:01 GMT OpenStack-API-Version: compute 2.1 Server: Apache/2.4.41 (Ubuntu) Vary: OpenStack-API-Version,X-OpenStack-Nova-API-Version X-OpenStack-Nova-API-Version: 2.1 x-compute-request-id: req-3bd04618-ce09-4040-9dd6-6242f9dd151c x-openstack-request-id: req-3bd04618-ce09-4040-9dd6-6242f9dd151c {{(pid=101102) _http_log_response /usr/local/lib/python3.8/dist-packages/keystoneauth1/session.py:550}}
Nov 08 22:00:01.559947 dv-cinder-817085-1-smb neutron-server[101102]: DEBUG novaclient.v2.client [-] RESP BODY: {"events": [{"server_uuid": "8a5ef0e3-3f19-463b-8349-5764e1036752", "name": "network-vif-plugged", "status": "completed", "tag": "7a3f4b6f-9779-4d22-b301-de6effc3487d", "code": 200}]} {{(pid=101102) _http_log_response /usr/local/lib/python3.8/dist-packages/keystoneauth1/session.py:582}}
Nov 08 22:00:01.560467 dv-cinder-817085-1-smb neutron-server[101102]: DEBUG novaclient.v2.client [-] POST call to compute for http://10.222.0.30/compute/v2.1/os-server-external-events used request id req-3bd04618-ce09-4040-9dd6-6242f9dd151c {{(pid=101102) request /usr/local/lib/python3.8/dist-packages/keystoneauth1/session.py:954}}
Nov 08 22:00:01.561015 dv-cinder-817085-1-smb neutron-server[101102]: INFO neutron.notifiers.nova [-] Nova event response: {'server_uuid': '8a5ef0e3-3f19-463b-8349-5764e1036752', 'name': 'network-vif-plugged', 'status': 'completed', 'tag': '7a3f4b6f-9779-4d22-b301-de6effc3487d', 'code': 200}
Nov 08 22:00:01.584165 dv-cinder-817085-1-smb neutron-server[101102]: DEBUG neutron.api.rpc.handlers.resources_rpc [None req-42443c72-c523-48a2-be4f-4ccfd2a48baa None None] Pushing event updated for resources: {'Port': ['ID=7a3f4b6f-9779-4d22-b301-de6effc3487d,revision_number=5']} {{(pid=101102) push /opt/stack/neutron/neutron/api/rpc/handlers/resources_rpc.py:237}}
Nov 08 22:00:01.801354 dv-cinder-817085-1-smb neutron-server[101101]: DEBUG neutron.pecan_wsgi.hooks.policy_enforcement [req-5aa8e42d-e272-46c1-a6ff-6d1ade11f2e1 req-38448328-0a19-4378-a9d8-27a7addb1704 tempest-DeleteServersTestJSON-1882775259 tempest-DeleteServersTestJSON-1882775259-project] Attributes excluded by policy engine: ['standard_attr_id', 'binding:profile', 'binding:host_id', 'binding:vif_type', 'binding:vif_details'] {{(pid=101101) _exclude_attributes_by_policy /opt/stack/neutron/neutron/pecan_wsgi/hooks/policy_enforcement.py:255}}
Nov 08 22:00:01.813994 dv-cinder-817085-1-smb neutron-server[101101]: INFO neutron.wsgi [req-5aa8e42d-e272-46c1-a6ff-6d1ade11f2e1 req-38448328-0a19-4378-a9d8-27a7addb1704 tempest-DeleteServersTestJSON-1882775259 tempest-DeleteServersTestJSON-1882775259-project] 10.222.0.30 "GET /v2.0/ports?device_id=b3e4f724-3183-4f19-a026-edc6df605afb HTTP/1.1" status: 200 len: 945 time: 0.0901282
Nov 08 22:00:01.864262 dv-cinder-817085-1-smb neutron-server[101101]: INFO neutron.wsgi [req-5aa8e42d-e272-46c1-a6ff-6d1ade11f2e1 req-be43232a-8580-498b-b2ac-95dd5155b3e9 tempest-DeleteServersTestJSON-1882775259 tempest-DeleteServersTestJSON-1882775259-project] 10.222.0.30 "GET /v2.0/security-groups?id=55d8ee66-8930-4a0e-955e-a07a9934ebaf&fields=id&fields=name HTTP/1.1" status: 200 len: 286 time: 0.0492225
Nov 08 22:00:01.932790 dv-cinder-817085-1-smb neutron-server[101100]: DEBUG neutron.pecan_wsgi.hooks.policy_enforcement [req-ba86f9de-0330-4a8d-93dc-b056374f0c53 req-625ddfa6-7c80-419f-b920-66c4633a2854 service neutron] Attributes excluded by policy engine: ['standard_attr_id'] {{(pid=101100) _exclude_attributes_by_policy /opt/stack/neutron/neutron/pecan_wsgi/hooks/policy_enforcement.py:255}}
Nov 08 22:00:01.934366 dv-cinder-817085-1-smb neutron-server[101100]: INFO neutron.wsgi [req-ba86f9de-0330-4a8d-93dc-b056374f0c53 req-625ddfa6-7c80-419f-b920-66c4633a2854 service neutron] 10.222.0.15 "GET /v2.0/ports?device_id=8a5ef0e3-3f19-463b-8349-5764e1036752 HTTP/1.1" status: 200 len: 1099 time: 0.0864980
Nov 08 22:00:01.961980 dv-cinder-817085-1-smb neutron-server[101100]: DEBUG neutron.pecan_wsgi.hooks.policy_enforcement [req-2381fcfb-1a23-485d-91ba-d59a2ac2ff25 req-77cc422d-d114-4581-8d60-e741088b0963 tempest-AttachVolumeTestJSON-1571738283 tempest-AttachVolumeTestJSON-1571738283-project] Attributes excluded by policy engine: ['standard_attr_id', 'binding:profile', 'binding:host_id', 'binding:vif_type', 'binding:vif_details'] {{(pid=101100) _exclude_attributes_by_policy /opt/stack/neutron/neutron/pecan_wsgi/hooks/policy_enforcement.py:255}}
Nov 08 22:00:01.963473 dv-cinder-817085-1-smb neutron-server[101100]: INFO neutron.wsgi [req-2381fcfb-1a23-485d-91ba-d59a2ac2ff25 req-77cc422d-d114-4581-8d60-e741088b0963 tempest-AttachVolumeTestJSON-1571738283 tempest-AttachVolumeTestJSON-1571738283-project] 10.222.0.30 "GET /v2.0/ports?device_id=8a5ef0e3-3f19-463b-8349-5764e1036752 HTTP/1.1" status: 200 len: 946 time: 0.0724831
Nov 08 22:00:02.029629 dv-cinder-817085-1-smb neutron-server[101100]: INFO neutron.wsgi [req-ba86f9de-0330-4a8d-93dc-b056374f0c53 req-b8b28a47-95a2-41e1-9aca-28fd9e4542cb service neutron] 10.222.0.15 "GET /v2.0/security-groups?id=2ec0386a-6543-4360-8680-4108ad941162&fields=id&fields=name HTTP/1.1" status: 200 len: 312 time: 0.0835500
Nov 08 22:00:02.048751 dv-cinder-817085-1-smb neutron-server[101100]: INFO neutron.wsgi [req-2381fcfb-1a23-485d-91ba-d59a2ac2ff25 req-5df123d5-bca3-42b3-87bf-812a8dfe5415 tempest-AttachVolumeTestJSON-1571738283 tempest-AttachVolumeTestJSON-1571738283-project] 10.222.0.30 "GET /v2.0/security-groups?id=2ec0386a-6543-4360-8680-4108ad941162&fields=id&fields=name HTTP/1.1" status: 200 len: 312 time: 0.0750616
Nov 08 22:00:02.120811 dv-cinder-817085-1-smb neutron-server[101101]: DEBUG neutron.pecan_wsgi.hooks.policy_enforcement [req-7f9fad5a-bf0f-414d-b927-e0c0865d88c7 req-4e3ce331-9ba7-405f-8020-85635c0b56f3 tempest-ServerRescueNegativeTestJSON-1639354211 tempest-ServerRescueNegativeTestJSON-1639354211-project] Attributes excluded by policy engine: ['standard_attr_id', 'binding:profile', 'binding:host_id', 'binding:vif_type', 'binding:vif_details'] {{(pid=101101) _exclude_attributes_by_policy /opt/stack/neutron/neutron/pecan_wsgi/hooks/policy_enforcement.py:255}}
Nov 08 22:00:02.122304 dv-cinder-817085-1-smb neutron-server[101101]: INFO neutron.wsgi [req-7f9fad5a-bf0f-414d-b927-e0c0865d88c7 req-4e3ce331-9ba7-405f-8020-85635c0b56f3 tempest-ServerRescueNegativeTestJSON-1639354211 tempest-ServerRescueNegativeTestJSON-1639354211-project] 10.222.0.30 "GET /v2.0/ports?device_id=3744c94b-ee59-4fae-9e6a-a3b3fac34172 HTTP/1.1" status: 200 len: 946 time: 0.0566671
Nov 08 22:00:02.175549 dv-cinder-817085-1-smb neutron-server[101101]: INFO neutron.wsgi [req-7f9fad5a-bf0f-414d-b927-e0c0865d88c7 req-01ee4e4d-025a-4489-b605-ba8bb9ba3000 tempest-ServerRescueNegativeTestJSON-1639354211 tempest-ServerRescueNegativeTestJSON-1639354211-project] 10.222.0.30 "GET /v2.0/security-groups?id=b2ef3748-3cb7-4f40-90dc-89b871804292&fields=id&fields=name HTTP/1.1" status: 200 len: 286 time: 0.0468702
Nov 08 22:00:02.238759 dv-cinder-817085-1-smb neutron-server[101100]: INFO neutron.wsgi [req-801e4ab1-a601-477f-9928-072993bec569 req-7cdad48f-d3df-48a3-8ba3-bbde7e515b61 tempest-AttachVolumeNegativeTest-184061700 tempest-AttachVolumeNegativeTest-184061700-project] 10.222.0.30 "GET /v2.0/ports?device_id=6a7b37ea-f5ff-4939-be8b-c71157529183 HTTP/1.1" status: 200 len: 210 time: 0.0266845
Nov 08 22:00:02.634458 dv-cinder-817085-1-smb neutron-server[101100]: DEBUG neutron.pecan_wsgi.hooks.policy_enforcement [req-26988eac-4f26-44d4-933a-779403481d23 req-0f8864b7-489b-436a-9033-eac0e0ec45ba tempest-DeleteServersTestJSON-1882775259 tempest-DeleteServersTestJSON-1882775259-project] Attributes excluded by policy engine: ['standard_attr_id', 'binding:profile', 'binding:host_id', 'binding:vif_type', 'binding:vif_details'] {{(pid=101100) _exclude_attributes_by_policy /opt/stack/neutron/neutron/pecan_wsgi/hooks/policy_enforcement.py:255}}
Nov 08 22:00:02.642792 dv-cinder-817085-1-smb neutron-server[101100]: INFO neutron.wsgi [req-26988eac-4f26-44d4-933a-779403481d23 req-0f8864b7-489b-436a-9033-eac0e0ec45ba tempest-DeleteServersTestJSON-1882775259 tempest-DeleteServersTestJSON-1882775259-project] 10.222.0.15 "GET /v2.0/ports?device_id=b3e4f724-3183-4f19-a026-edc6df605afb HTTP/1.1" status: 200 len: 945 time: 0.0665982
Nov 08 22:00:02.663433 dv-cinder-817085-1-smb neutron-server[101101]: DEBUG neutron.wsgi [-] (101101) accepted ('10.222.0.30', 53624) {{(pid=101101) server /usr/local/lib/python3.8/dist-packages/eventlet/wsgi.py:982}}
Nov 08 22:00:02.872543 dv-cinder-817085-1-smb neutron-server[101101]: DEBUG neutron_lib.callbacks.manager [None req-f93e4eda-36d1-406e-b3cb-f8f3091a8b58 admin admin] Publish callbacks [] for security_group, before_create {{(pid=101101) _notify_loop /usr/local/lib/python3.8/dist-packages/neutron_lib/callbacks/manager.py:175}}
Nov 08 22:00:02.917429 dv-cinder-817085-1-smb neutron-server[101100]: DEBUG neutron.plugins.ml2.plugin [req-26988eac-4f26-44d4-933a-779403481d23 req-7b801d11-7486-4e33-bc30-4fda12c1201e tempest-DeleteServersTestJSON-1882775259 tempest-DeleteServersTestJSON-1882775259-project] Deleting port 499c8f9d-77f9-4dd2-b1ec-255034c8ef70 {{(pid=101100) _pre_delete_port /opt/stack/neutron/neutron/plugins/ml2/plugin.py:1936}}
Nov 08 22:00:02.917803 dv-cinder-817085-1-smb neutron-server[101100]: DEBUG neutron_lib.callbacks.manager [req-26988eac-4f26-44d4-933a-779403481d23 req-7b801d11-7486-4e33-bc30-4fda12c1201e tempest-DeleteServersTestJSON-1882775259 tempest-DeleteServersTestJSON-1882775259-project] Publish callbacks ['neutron.db.l3_db.L3_NAT_dbonly_mixin._prevent_l3_port_delete_callback-8770313867960'] for port, before_delete {{(pid=101100) _notify_loop /usr/local/lib/python3.8/dist-packages/neutron_lib/callbacks/manager.py:175}}
Nov 08 22:00:03.029974 dv-cinder-817085-1-smb neutron-server[101101]: DEBUG neutron.pecan_wsgi.hooks.policy_enforcement [req-ae3bfb81-9bc9-4894-ba9b-7d61e4365377 req-b8c5e0a3-6310-4e92-8300-cac7c628183d tempest-AttachVolumeNegativeTest-184061700 tempest-AttachVolumeNegativeTest-184061700-project] Attributes excluded by policy engine: ['standard_attr_id', 'vlan_transparent', 'provider:network_type', 'provider:physical_network', 'provider:segmentation_id'] {{(pid=101101) _exclude_attributes_by_policy /opt/stack/neutron/neutron/pecan_wsgi/hooks/policy_enforcement.py:255}}
Nov 08 22:00:03.031566 dv-cinder-817085-1-smb neutron-server[101101]: INFO neutron.wsgi [req-ae3bfb81-9bc9-4894-ba9b-7d61e4365377 req-b8c5e0a3-6310-4e92-8300-cac7c628183d tempest-AttachVolumeNegativeTest-184061700 tempest-AttachVolumeNegativeTest-184061700-project] 10.222.0.15 "GET /v2.0/networks?id=9e2ec0be-5960-42db-9202-7228af1b6e72 HTTP/1.1" status: 200 len: 814 time: 0.3007462
Nov 08 22:00:03.059499 dv-cinder-817085-1-smb neutron-server[101101]: DEBUG neutron.api.v2.base [req-ae3bfb81-9bc9-4894-ba9b-7d61e4365377 req-159d0f0c-070e-4f41-b375-8e3147496785 tempest-AttachVolumeNegativeTest-184061700 tempest-AttachVolumeNegativeTest-184061700-project] Request body: {'port': {'device_id': '6a7b37ea-f5ff-4939-be8b-c71157529183', 'network_id': '9e2ec0be-5960-42db-9202-7228af1b6e72', 'admin_state_up': True, 'tenant_id': 'ac107a2ba4e04f299b72fd52bbd9ac8f'}} {{(pid=101101) prepare_request_body /opt/stack/neutron/neutron/api/v2/base.py:729}}
Nov 08 22:00:03.060738 dv-cinder-817085-1-smb neutron-server[101100]: DEBUG neutron.plugins.ml2.db [req-26988eac-4f26-44d4-933a-779403481d23 req-7b801d11-7486-4e33-bc30-4fda12c1201e tempest-DeleteServersTestJSON-1882775259 tempest-DeleteServersTestJSON-1882775259-project] For port 499c8f9d-77f9-4dd2-b1ec-255034c8ef70, host hv-cinder-81708, got binding levels [PortBindingLevel(driver='hyperv',host='hv-cinder-81708',level=0,port_id=499c8f9d-77f9-4dd2-b1ec-255034c8ef70,segment=NetworkSegment(928b5c64-0c0a-4dd8-85fd-9794cbfaed7e),segment_id=928b5c64-0c0a-4dd8-85fd-9794cbfaed7e)] {{(pid=101100) get_binding_level_objs /opt/stack/neutron/neutron/plugins/ml2/db.py:74}}
Nov 08 22:00:03.061318 dv-cinder-817085-1-smb neutron-server[101100]: DEBUG neutron_lib.callbacks.manager [req-26988eac-4f26-44d4-933a-779403481d23 req-7b801d11-7486-4e33-bc30-4fda12c1201e tempest-DeleteServersTestJSON-1882775259 tempest-DeleteServersTestJSON-1882775259-project] Publish callbacks ['neutron.services.l3_router.l3_router_plugin.L3_NAT_dbonly_mixin._precommit_delete_port_callback-1690675'] for port, precommit_delete {{(pid=101100) _notify_loop /usr/local/lib/python3.8/dist-packages/neutron_lib/callbacks/manager.py:175}}
Nov 08 22:00:03.081285 dv-cinder-817085-1-smb neutron-server[101100]: DEBUG neutron.plugins.ml2.plugin [req-26988eac-4f26-44d4-933a-779403481d23 req-7b801d11-7486-4e33-bc30-4fda12c1201e tempest-DeleteServersTestJSON-1882775259 tempest-DeleteServersTestJSON-1882775259-project] Calling delete_port for 499c8f9d-77f9-4dd2-b1ec-255034c8ef70 owned by compute:nova {{(pid=101100) delete_port /opt/stack/neutron/neutron/plugins/ml2/plugin.py:2014}}
Nov 08 22:00:03.164163 dv-cinder-817085-1-smb neutron-server[101101]: DEBUG neutron.pecan_wsgi.hooks.policy_enforcement [req-cf88020f-df29-43c9-9fb8-d5126fb86de8 req-e1b99f39-2a4f-458e-9ec2-b62c50248771 tempest-DeleteServersTestJSON-1882775259 tempest-DeleteServersTestJSON-1882775259-project] Attributes excluded by policy engine: ['standard_attr_id', 'binding:profile', 'binding:host_id', 'binding:vif_type', 'binding:vif_details'] {{(pid=101101) _exclude_attributes_by_policy /opt/stack/neutron/neutron/pecan_wsgi/hooks/policy_enforcement.py:255}}
Nov 08 22:00:03.165670 dv-cinder-817085-1-smb neutron-server[101101]: INFO neutron.wsgi [req-cf88020f-df29-43c9-9fb8-d5126fb86de8 req-e1b99f39-2a4f-458e-9ec2-b62c50248771 tempest-DeleteServersTestJSON-1882775259 tempest-DeleteServersTestJSON-1882775259-project] 10.222.0.30 "GET /v2.0/ports?device_id=b3e4f724-3183-4f19-a026-edc6df605afb HTTP/1.1" status: 200 len: 945 time: 0.1670280
Nov 08 22:00:03.192706 dv-cinder-817085-1-smb neutron-server[101101]: DEBUG neutron_lib.callbacks.manager [None req-f93e4eda-36d1-406e-b3cb-f8f3091a8b58 admin admin] Publish callbacks [] for security_group, precommit_create {{(pid=101101) _notify_loop /usr/local/lib/python3.8/dist-packages/neutron_lib/callbacks/manager.py:175}}
Nov 08 22:00:03.211205 dv-cinder-817085-1-smb neutron-server[101101]: DEBUG neutron_lib.callbacks.manager [None req-f93e4eda-36d1-406e-b3cb-f8f3091a8b58 admin admin] Publish callbacks ['neutron.plugins.ml2.ovo_rpc._ObjectChangeHandler.handle_event-1641119'] for security_group, after_create {{(pid=101101) _notify_loop /usr/local/lib/python3.8/dist-packages/neutron_lib/callbacks/manager.py:175}}
Nov 08 22:00:03.252495 dv-cinder-817085-1-smb neutron-server[101100]: DEBUG neutron.pecan_wsgi.hooks.policy_enforcement [req-61ce96db-c36e-4369-9178-d0e19b5ebfbb req-bccfdc3d-ee9b-4f8c-a4ec-faf8ada22ea3 tempest-AttachVolumeTestJSON-1571738283 tempest-AttachVolumeTestJSON-1571738283-project] Attributes excluded by policy engine: ['standard_attr_id', 'binding:profile', 'binding:host_id', 'binding:vif_type', 'binding:vif_details'] {{(pid=101100) _exclude_attributes_by_policy /opt/stack/neutron/neutron/pecan_wsgi/hooks/policy_enforcement.py:255}}
Nov 08 22:00:03.254173 dv-cinder-817085-1-smb neutron-server[101100]: INFO neutron.wsgi [req-61ce96db-c36e-4369-9178-d0e19b5ebfbb req-bccfdc3d-ee9b-4f8c-a4ec-faf8ada22ea3 tempest-AttachVolumeTestJSON-1571738283 tempest-AttachVolumeTestJSON-1571738283-project] 10.222.0.30 "GET /v2.0/ports?device_id=8a5ef0e3-3f19-463b-8349-5764e1036752 HTTP/1.1" status: 200 len: 946 time: 0.0708370
Nov 08 22:00:03.288315 dv-cinder-817085-1-smb neutron-server[101101]: INFO neutron.wsgi [None req-f93e4eda-36d1-406e-b3cb-f8f3091a8b58 admin admin] 10.222.0.30 "GET /v2.0/security-groups?tenant_id=52e01e0ee10747aba80a883ccc46da24&name=default HTTP/1.1" status: 200 len: 2996 time: 0.6209366
Nov 08 22:00:03.292362 dv-cinder-817085-1-smb neutron-server[101101]: DEBUG neutron.api.rpc.handlers.resources_rpc [None req-f93e4eda-36d1-406e-b3cb-f8f3091a8b58 admin admin] Pushing event updated for resources: {'SecurityGroup': ['ID=d5197fb3-26e9-46f6-a788-280d620ab7ee,revision_number=1']} {{(pid=101101) push /opt/stack/neutron/neutron/api/rpc/handlers/resources_rpc.py:237}}
Nov 08 22:00:03.297455 dv-cinder-817085-1-smb neutron-server[101100]: DEBUG neutron.wsgi [-] (101100) accepted ('10.222.0.30', 53660) {{(pid=101100) server /usr/local/lib/python3.8/dist-packages/eventlet/wsgi.py:982}}
Nov 08 22:00:03.308612 dv-cinder-817085-1-smb neutron-server[101101]: INFO neutron.wsgi [req-cf88020f-df29-43c9-9fb8-d5126fb86de8 req-6d4dcf3c-566d-48c2-b95a-fb3acff6d5cd tempest-DeleteServersTestJSON-1882775259 tempest-DeleteServersTestJSON-1882775259-project] 10.222.0.30 "GET /v2.0/security-groups?id=55d8ee66-8930-4a0e-955e-a07a9934ebaf&fields=id&fields=name HTTP/1.1" status: 200 len: 286 time: 0.1308920
Nov 08 22:00:03.317620 dv-cinder-817085-1-smb neutron-server[101101]: DEBUG neutron.pecan_wsgi.hooks.quota_enforcement [req-ae3bfb81-9bc9-4894-ba9b-7d61e4365377 req-159d0f0c-070e-4f41-b375-8e3147496785 tempest-AttachVolumeNegativeTest-184061700 tempest-AttachVolumeNegativeTest-184061700-project] Made reservation on behalf of ac107a2ba4e04f299b72fd52bbd9ac8f for: {'port': 1} {{(pid=101101) before /opt/stack/neutron/neutron/pecan_wsgi/hooks/quota_enforcement.py:53}}
Nov 08 22:00:03.322323 dv-cinder-817085-1-smb neutron-server[101101]: DEBUG neutron_lib.callbacks.manager [req-ae3bfb81-9bc9-4894-ba9b-7d61e4365377 req-159d0f0c-070e-4f41-b375-8e3147496785 tempest-AttachVolumeNegativeTest-184061700 tempest-AttachVolumeNegativeTest-184061700-project] Publish callbacks ['neutron.plugins.ml2.plugin.SecurityGroupDbMixin._ensure_default_security_group_handler-909598'] for port, before_create {{(pid=101101) _notify_loop /usr/local/lib/python3.8/dist-packages/neutron_lib/callbacks/manager.py:175}}
Nov 08 22:00:03.372808 dv-cinder-817085-1-smb neutron-server[101100]: DEBUG neutron_lib.callbacks.manager [req-26988eac-4f26-44d4-933a-779403481d23 req-7b801d11-7486-4e33-bc30-4fda12c1201e tempest-DeleteServersTestJSON-1882775259 tempest-DeleteServersTestJSON-1882775259-project] Publish callbacks ['neutron.plugins.ml2.plugin.SecurityGroupServerNotifierRpcMixin._notify_sg_on_port_change-909724', 'neutron.plugins.ml2.ovo_rpc._ObjectChangeHandler.handle_event-132494', 'neutron.api.rpc.agentnotifiers.dhcp_rpc_agent_api.DhcpAgentNotifyAPI._native_event_send_dhcp_notification-2047449', 'neutron.db.l3_db.L3RpcNotifierMixin._notify_routers_callback-8770313956994', 'neutron.db.l3_dvrscheduler_db._notify_port_delete-8770313461908'] for port, after_delete {{(pid=101100) _notify_loop /usr/local/lib/python3.8/dist-packages/neutron_lib/callbacks/manager.py:175}}
Nov 08 22:00:03.393200 dv-cinder-817085-1-smb neutron-server[101102]: DEBUG neutron.plugins.ml2.db [None req-42443c72-c523-48a2-be4f-4ccfd2a48baa None None] get_ports_and_sgs() called for port_ids ['499c8f9d-77f9-4dd2-b1ec-255034c8ef70'] {{(pid=101102) get_ports_and_sgs /opt/stack/neutron/neutron/plugins/ml2/db.py:156}}
Nov 08 22:00:03.411015 dv-cinder-817085-1-smb neutron-server[101100]: INFO neutron.wsgi [req-61ce96db-c36e-4369-9178-d0e19b5ebfbb req-47431965-8c46-4da7-b381-3d8b8d346f3f tempest-AttachVolumeTestJSON-1571738283 tempest-AttachVolumeTestJSON-1571738283-project] 10.222.0.30 "GET /v2.0/security-groups?id=2ec0386a-6543-4360-8680-4108ad941162&fields=id&fields=name HTTP/1.1" status: 200 len: 312 time: 0.1477478
Nov 08 22:00:03.474191 dv-cinder-817085-1-smb neutron-server[101100]: DEBUG neutron.api.rpc.handlers.resources_rpc [None req-7b801d11-7486-4e33-bc30-4fda12c1201e tempest-DeleteServersTestJSON-1882775259 tempest-DeleteServersTestJSON-1882775259-project] Pushing event deleted for resources: {'Port': ['ID=499c8f9d-77f9-4dd2-b1ec-255034c8ef70,revision_number=None']} {{(pid=101100) push /opt/stack/neutron/neutron/api/rpc/handlers/resources_rpc.py:237}}
Nov 08 22:00:03.519706 dv-cinder-817085-1-smb neutron-server[101100]: DEBUG neutron.db.l3_dvrscheduler_db [req-26988eac-4f26-44d4-933a-779403481d23 req-7b801d11-7486-4e33-bc30-4fda12c1201e tempest-DeleteServersTestJSON-1882775259 tempest-DeleteServersTestJSON-1882775259-project] No DVR routers for this DVR port 499c8f9d-77f9-4dd2-b1ec-255034c8ef70 on host hv-cinder-81708 {{(pid=101100) get_dvr_routers_to_remove /opt/stack/neutron/neutron/db/l3_dvrscheduler_db.py:214}}
Nov 08 22:00:03.520583 dv-cinder-817085-1-smb neutron-server[101101]: DEBUG neutron.pecan_wsgi.hooks.policy_enforcement [req-7efadd37-32dd-480e-bded-c303a505711d req-f82cf46f-ce5b-4cd8-aeb5-7017dad35a80 tempest-ServerRescueNegativeTestJSON-1639354211 tempest-ServerRescueNegativeTestJSON-1639354211-project] Attributes excluded by policy engine: ['standard_attr_id', 'binding:profile', 'binding:host_id', 'binding:vif_type', 'binding:vif_details'] {{(pid=101101) _exclude_attributes_by_policy /opt/stack/neutron/neutron/pecan_wsgi/hooks/policy_enforcement.py:255}}
Nov 08 22:00:03.522698 dv-cinder-817085-1-smb neutron-server[101101]: INFO neutron.wsgi [req-7efadd37-32dd-480e-bded-c303a505711d req-f82cf46f-ce5b-4cd8-aeb5-7017dad35a80 tempest-ServerRescueNegativeTestJSON-1639354211 tempest-ServerRescueNegativeTestJSON-1639354211-project] 10.222.0.30 "GET /v2.0/ports?device_id=3744c94b-ee59-4fae-9e6a-a3b3fac34172 HTTP/1.1" status: 200 len: 946 time: 0.1147544
Nov 08 22:00:03.522880 dv-cinder-817085-1-smb neutron-server[101100]: DEBUG neutron_lib.callbacks.manager [req-26988eac-4f26-44d4-933a-779403481d23 req-7b801d11-7486-4e33-bc30-4fda12c1201e tempest-DeleteServersTestJSON-1882775259 tempest-DeleteServersTestJSON-1882775259-project] Publish callbacks ['neutron.notifiers.nova.Notifier._send_nova_notification-95629'] for port, before_response {{(pid=101100) _notify_loop /usr/local/lib/python3.8/dist-packages/neutron_lib/callbacks/manager.py:175}}
Nov 08 22:00:03.527381 dv-cinder-817085-1-smb neutron-server[101100]: INFO neutron.wsgi [req-26988eac-4f26-44d4-933a-779403481d23 req-7b801d11-7486-4e33-bc30-4fda12c1201e tempest-DeleteServersTestJSON-1882775259 tempest-DeleteServersTestJSON-1882775259-project] 10.222.0.15 "DELETE /v2.0/ports/499c8f9d-77f9-4dd2-b1ec-255034c8ef70 HTTP/1.1" status: 204 len: 173 time: 0.8762233
Nov 08 22:00:03.537412 dv-cinder-817085-1-smb neutron-server[101100]: DEBUG neutron.notifiers.nova [-] Sending events: [{'server_uuid': 'b3e4f724-3183-4f19-a026-edc6df605afb', 'name': 'network-vif-deleted', 'tag': '499c8f9d-77f9-4dd2-b1ec-255034c8ef70'}] {{(pid=101100) send_events /opt/stack/neutron/neutron/notifiers/nova.py:262}}
Nov 08 22:00:03.539669 dv-cinder-817085-1-smb neutron-server[101100]: DEBUG novaclient.v2.client [-] REQ: curl -g -i --cacert "/opt/stack/data/ca-bundle.pem" -X POST http://10.222.0.30/compute/v2.1/os-server-external-events -H "Accept: application/json" -H "Content-Type: application/json" -H "User-Agent: python-novaclient" -H "X-Auth-Token: {SHA256}fa4c978e8feb693394e64809e206191a7ca05a55f0fbb41a291d54bcef9ca46e" -H "X-OpenStack-Nova-API-Version: 2.1" -H "X-OpenStack-Request-ID: req-f1956cb2-2ac3-470f-887e-20a728f7e1be" -d '{"events": [{"server_uuid": "b3e4f724-3183-4f19-a026-edc6df605afb", "name": "network-vif-deleted", "tag": "499c8f9d-77f9-4dd2-b1ec-255034c8ef70"}]}' {{(pid=101100) _http_log_request /usr/local/lib/python3.8/dist-packages/keystoneauth1/session.py:519}}
Nov 08 22:00:03.545852 dv-cinder-817085-1-smb neutron-server[101101]: DEBUG neutron.db.db_base_plugin_common [req-ae3bfb81-9bc9-4894-ba9b-7d61e4365377 req-159d0f0c-070e-4f41-b375-8e3147496785 tempest-AttachVolumeNegativeTest-184061700 tempest-AttachVolumeNegativeTest-184061700-project] Allocated IP 172.20.0.7 (9e2ec0be-5960-42db-9202-7228af1b6e72/0c2a5130-b10d-4d9e-9d65-e7272097a491/e12088f2-86b1-4a91-b7ee-a375190e5191) {{(pid=101101) _store_ip_allocation /opt/stack/neutron/neutron/db/db_base_plugin_common.py:131}}
Nov 08 22:00:03.568211 dv-cinder-817085-1-smb neutron-server[101100]: INFO neutron.wsgi [req-f1c44791-7047-4331-b759-b9407c87cc73 req-adcc3882-10e6-4f1e-8525-de9d88b3d3cb tempest-AttachVolumeNegativeTest-184061700 tempest-AttachVolumeNegativeTest-184061700-project] 10.222.0.30 "GET /v2.0/ports?device_id=6a7b37ea-f5ff-4939-be8b-c71157529183 HTTP/1.1" status: 200 len: 210 time: 0.0654664
Nov 08 22:00:03.568871 dv-cinder-817085-1-smb neutron-server[101100]: DEBUG neutron_lib.callbacks.manager [None req-9a55a758-4683-4d76-bb57-b11b66f5da31 admin admin] Publish callbacks [] for security_group, before_delete {{(pid=101100) _notify_loop /usr/local/lib/python3.8/dist-packages/neutron_lib/callbacks/manager.py:175}}
Nov 08 22:00:03.607565 dv-cinder-817085-1-smb neutron-server[101100]: DEBUG neutron_lib.callbacks.manager [None req-9a55a758-4683-4d76-bb57-b11b66f5da31 admin admin] Publish callbacks [] for security_group, precommit_delete {{(pid=101100) _notify_loop /usr/local/lib/python3.8/dist-packages/neutron_lib/callbacks/manager.py:175}}
Nov 08 22:00:03.616047 dv-cinder-817085-1-smb neutron-server[101101]: INFO neutron.wsgi [req-7efadd37-32dd-480e-bded-c303a505711d req-a8c82f1d-b773-4e19-b5c4-fb46c2dc2fb1 tempest-ServerRescueNegativeTestJSON-1639354211 tempest-ServerRescueNegativeTestJSON-1639354211-project] 10.222.0.30 "GET /v2.0/security-groups?id=b2ef3748-3cb7-4f40-90dc-89b871804292&fields=id&fields=name HTTP/1.1" status: 200 len: 286 time: 0.0730486
Nov 08 22:00:03.646078 dv-cinder-817085-1-smb neutron-server[101100]: DEBUG novaclient.v2.client [-] RESP: [200] Connection: close Content-Length: 183 Content-Type: application/json Date: Mon, 08 Nov 2021 22:00:03 GMT OpenStack-API-Version: compute 2.1 Server: Apache/2.4.41 (Ubuntu) Vary: OpenStack-API-Version,X-OpenStack-Nova-API-Version X-OpenStack-Nova-API-Version: 2.1 x-compute-request-id: req-d077f302-cfba-47b1-8b44-f53e9c728ce7 x-openstack-request-id: req-d077f302-cfba-47b1-8b44-f53e9c728ce7 {{(pid=101100) _http_log_response /usr/local/lib/python3.8/dist-packages/keystoneauth1/session.py:550}}
Nov 08 22:00:03.647092 dv-cinder-817085-1-smb neutron-server[101100]: DEBUG novaclient.v2.client [-] RESP BODY: {"events": [{"server_uuid": "b3e4f724-3183-4f19-a026-edc6df605afb", "name": "network-vif-deleted", "tag": "499c8f9d-77f9-4dd2-b1ec-255034c8ef70", "status": "completed", "code": 200}]} {{(pid=101100) _http_log_response /usr/local/lib/python3.8/dist-packages/keystoneauth1/session.py:582}}
Nov 08 22:00:03.647200 dv-cinder-817085-1-smb neutron-server[101100]: DEBUG novaclient.v2.client [-] POST call to compute for http://10.222.0.30/compute/v2.1/os-server-external-events used request id req-d077f302-cfba-47b1-8b44-f53e9c728ce7 {{(pid=101100) request /usr/local/lib/python3.8/dist-packages/keystoneauth1/session.py:954}}
Nov 08 22:00:03.647577 dv-cinder-817085-1-smb neutron-server[101100]: INFO neutron.notifiers.nova [-] Nova event response: {'server_uuid': 'b3e4f724-3183-4f19-a026-edc6df605afb', 'name': 'network-vif-deleted', 'tag': '499c8f9d-77f9-4dd2-b1ec-255034c8ef70', 'status': 'completed', 'code': 200}
Nov 08 22:00:03.672064 dv-cinder-817085-1-smb neutron-server[101100]: DEBUG neutron_lib.callbacks.manager [None req-9a55a758-4683-4d76-bb57-b11b66f5da31 admin admin] Publish callbacks ['neutron.plugins.ml2.ovo_rpc._ObjectChangeHandler.handle_event-1641119'] for security_group, after_delete {{(pid=101100) _notify_loop /usr/local/lib/python3.8/dist-packages/neutron_lib/callbacks/manager.py:175}}
Nov 08 22:00:03.674533 dv-cinder-817085-1-smb neutron-server[101100]: DEBUG neutron_lib.callbacks.manager [None req-9a55a758-4683-4d76-bb57-b11b66f5da31 admin admin] Publish callbacks [] for security_group, before_response {{(pid=101100) _notify_loop /usr/local/lib/python3.8/dist-packages/neutron_lib/callbacks/manager.py:175}}
Nov 08 22:00:03.675886 dv-cinder-817085-1-smb neutron-server[101100]: INFO neutron.wsgi [None req-9a55a758-4683-4d76-bb57-b11b66f5da31 admin admin] 10.222.0.30 "DELETE /v2.0/security-groups/d5197fb3-26e9-46f6-a788-280d620ab7ee HTTP/1.1" status: 204 len: 168 time: 0.3770962
Nov 08 22:00:03.684917 dv-cinder-817085-1-smb neutron-server[101100]: DEBUG neutron.api.rpc.handlers.resources_rpc [None req-9a55a758-4683-4d76-bb57-b11b66f5da31 admin admin] Pushing event deleted for resources: {'SecurityGroup': ['ID=d5197fb3-26e9-46f6-a788-280d620ab7ee,revision_number=None']} {{(pid=101100) push /opt/stack/neutron/neutron/api/rpc/handlers/resources_rpc.py:237}}
Nov 08 22:00:03.761148 dv-cinder-817085-1-smb neutron-server[101101]: DEBUG neutron_lib.callbacks.manager [req-ae3bfb81-9bc9-4894-ba9b-7d61e4365377 req-159d0f0c-070e-4f41-b375-8e3147496785 tempest-AttachVolumeNegativeTest-184061700 tempest-AttachVolumeNegativeTest-184061700-project] Publish callbacks [] for port, precommit_create {{(pid=101101) _notify_loop /usr/local/lib/python3.8/dist-packages/neutron_lib/callbacks/manager.py:175}}
Nov 08 22:00:03.794661 dv-cinder-817085-1-smb neutron-server[101101]: DEBUG neutron_lib.callbacks.manager [req-ae3bfb81-9bc9-4894-ba9b-7d61e4365377 req-159d0f0c-070e-4f41-b375-8e3147496785 tempest-AttachVolumeNegativeTest-184061700 tempest-AttachVolumeNegativeTest-184061700-project] Publish callbacks ['neutron.plugins.ml2.plugin.SecurityGroupServerNotifierRpcMixin._notify_sg_on_port_change-909724', 'neutron.plugins.ml2.ovo_rpc._ObjectChangeHandler.handle_event-132494', 'neutron.api.rpc.agentnotifiers.dhcp_rpc_agent_api.DhcpAgentNotifyAPI._native_event_send_dhcp_notification-2047449', 'neutron.db.l3_dvrscheduler_db._notify_l3_agent_new_port-8770313461899', 'neutron.services.segments.plugin.NovaSegmentNotifier._notify_port_created_or_deleted-25760813'] for port, after_create {{(pid=101101) _notify_loop /usr/local/lib/python3.8/dist-packages/neutron_lib/callbacks/manager.py:175}}
Nov 08 22:00:03.807818 dv-cinder-817085-1-smb neutron-server[101102]: DEBUG neutron.plugins.ml2.db [None req-42443c72-c523-48a2-be4f-4ccfd2a48baa None None] get_ports_and_sgs() called for port_ids ['07375db6-afbb-485a-9fbd-219f5ad5bed9'] {{(pid=101102) get_ports_and_sgs /opt/stack/neutron/neutron/plugins/ml2/db.py:156}}
Nov 08 22:00:03.839451 dv-cinder-817085-1-smb neutron-server[101101]: DEBUG neutron.scheduler.dhcp_agent_scheduler [req-ae3bfb81-9bc9-4894-ba9b-7d61e4365377 req-159d0f0c-070e-4f41-b375-8e3147496785 tempest-AttachVolumeNegativeTest-184061700 tempest-AttachVolumeNegativeTest-184061700-project] Network 9e2ec0be-5960-42db-9202-7228af1b6e72 is already hosted by enough agents. {{(pid=101101) _get_dhcp_agents_hosting_network /opt/stack/neutron/neutron/scheduler/dhcp_agent_scheduler.py:275}}
Nov 08 22:00:03.844692 dv-cinder-817085-1-smb neutron-server[101101]: DEBUG neutron.scheduler.base_scheduler [req-ae3bfb81-9bc9-4894-ba9b-7d61e4365377 req-159d0f0c-070e-4f41-b375-8e3147496785 tempest-AttachVolumeNegativeTest-184061700 tempest-AttachVolumeNegativeTest-184061700-project] Resources bound (agent type, host, resource id): {{(pid=101101) schedule /opt/stack/neutron/neutron/scheduler/base_scheduler.py:57}}
Nov 08 22:00:03.858289 dv-cinder-817085-1-smb neutron-server[101101]: DEBUG neutron.db.l3_dvrscheduler_db [req-ae3bfb81-9bc9-4894-ba9b-7d61e4365377 req-159d0f0c-070e-4f41-b375-8e3147496785 tempest-AttachVolumeNegativeTest-184061700 tempest-AttachVolumeNegativeTest-184061700-project] Received port after_create {{(pid=101101) _notify_l3_agent_new_port /opt/stack/neutron/neutron/db/l3_dvrscheduler_db.py:535}}
Nov 08 22:00:03.983914 dv-cinder-817085-1-smb neutron-server[101101]: DEBUG neutron.pecan_wsgi.hooks.policy_enforcement [req-ae3bfb81-9bc9-4894-ba9b-7d61e4365377 req-159d0f0c-070e-4f41-b375-8e3147496785 tempest-AttachVolumeNegativeTest-184061700 tempest-AttachVolumeNegativeTest-184061700-project] Attributes excluded by policy engine: ['standard_attr_id', 'binding:profile', 'binding:host_id', 'binding:vif_type', 'binding:vif_details', 'network'] {{(pid=101101) _exclude_attributes_by_policy /opt/stack/neutron/neutron/pecan_wsgi/hooks/policy_enforcement.py:255}}
