Nov 08 22:03:45.810472 dv-cinder-817085-1-iscsi devstack@g-api.service[109093]: DEBUG glance.api.middleware.version_negotiation [None req-ff6a5dec-2801-4d77-89c5-8bd4bf9aa44f tempest-VolumesNegativeTest-878525672 tempest-VolumesNegativeTest-878525672-project] Matched version: v2 {{(pid=109093) process_request /opt/stack/glance/glance/api/middleware/version_negotiation.py:69}}
Nov 08 22:03:45.810756 dv-cinder-817085-1-iscsi devstack@g-api.service[109093]: DEBUG glance.api.middleware.version_negotiation [None req-ff6a5dec-2801-4d77-89c5-8bd4bf9aa44f tempest-VolumesNegativeTest-878525672 tempest-VolumesNegativeTest-878525672-project] new path /v2/schemas/image {{(pid=109093) process_request /opt/stack/glance/glance/api/middleware/version_negotiation.py:70}}
Nov 08 22:03:45.819250 dv-cinder-817085-1-iscsi devstack@g-api.service[109093]: [pid: 109093|app: 0|req: 145/255] 127.0.0.1 () {40 vars in 796 bytes} [Mon Nov 8 22:03:45 2021] GET /v2/schemas/image => generated 6083 bytes in 12 msecs (HTTP/1.1 200) 4 headers in 158 bytes (1 switches on core 0)
Nov 08 22:03:45.863609 dv-cinder-817085-1-iscsi devstack@g-api.service[109093]: DEBUG glance.api.middleware.version_negotiation [None req-ff6a5dec-2801-4d77-89c5-8bd4bf9aa44f tempest-VolumesNegativeTest-878525672 tempest-VolumesNegativeTest-878525672-project] Determining version of request: GET /v2/images/e8aaecbe-6adb-48b2-bb4c-934064bde2ca Accept: */* {{(pid=109093) process_request /opt/stack/glance/glance/api/middleware/version_negotiation.py:44}}
Nov 08 22:03:45.863952 dv-cinder-817085-1-iscsi devstack@g-api.service[109093]: DEBUG glance.api.middleware.version_negotiation [None req-ff6a5dec-2801-4d77-89c5-8bd4bf9aa44f tempest-VolumesNegativeTest-878525672 tempest-VolumesNegativeTest-878525672-project] Using url versioning {{(pid=109093) process_request /opt/stack/glance/glance/api/middleware/version_negotiation.py:57}}
Nov 08 22:03:45.864290 dv-cinder-817085-1-iscsi devstack@g-api.service[109093]: DEBUG glance.api.middleware.version_negotiation [None req-ff6a5dec-2801-4d77-89c5-8bd4bf9aa44f tempest-VolumesNegativeTest-878525672 tempest-VolumesNegativeTest-878525672-project] Matched version: v2 {{(pid=109093) process_request /opt/stack/glance/glance/api/middleware/version_negotiation.py:69}}
Nov 08 22:03:45.864768 dv-cinder-817085-1-iscsi devstack@g-api.service[109093]: DEBUG glance.api.middleware.version_negotiation [None req-ff6a5dec-2801-4d77-89c5-8bd4bf9aa44f tempest-VolumesNegativeTest-878525672 tempest-VolumesNegativeTest-878525672-project] new path /v2/images/e8aaecbe-6adb-48b2-bb4c-934064bde2ca {{(pid=109093) process_request /opt/stack/glance/glance/api/middleware/version_negotiation.py:70}}
Nov 08 22:03:45.882858 dv-cinder-817085-1-iscsi devstack@g-api.service[109093]: [pid: 109093|app: 0|req: 146/256] 127.0.0.1 () {40 vars in 856 bytes} [Mon Nov 8 22:03:45 2021] GET /v2/images/e8aaecbe-6adb-48b2-bb4c-934064bde2ca => generated 811 bytes in 19 msecs (HTTP/1.1 200) 4 headers in 157 bytes (1 switches on core 0)
Nov 08 22:03:45.887571 dv-cinder-817085-1-iscsi devstack@g-api.service[109093]: DEBUG glance.api.middleware.version_negotiation [None req-ff6a5dec-2801-4d77-89c5-8bd4bf9aa44f tempest-VolumesNegativeTest-878525672 tempest-VolumesNegativeTest-878525672-project] Determining version of request: GET /v2/schemas/image Accept: */* {{(pid=109093) process_request /opt/stack/glance/glance/api/middleware/version_negotiation.py:44}}
Nov 08 22:03:45.889075 dv-cinder-817085-1-iscsi devstack@g-api.service[109093]: DEBUG glance.api.middleware.version_negotiation [None req-ff6a5dec-2801-4d77-89c5-8bd4bf9aa44f tempest-VolumesNegativeTest-878525672 tempest-VolumesNegativeTest-878525672-project] Using url versioning {{(pid=109093) process_request /opt/stack/glance/glance/api/middleware/version_negotiation.py:57}}
Nov 08 22:03:45.889559 dv-cinder-817085-1-iscsi devstack@g-api.service[109093]: DEBUG glance.api.middleware.version_negotiation [None req-ff6a5dec-2801-4d77-89c5-8bd4bf9aa44f tempest-VolumesNegativeTest-878525672 tempest-VolumesNegativeTest-878525672-project] Matched version: v2 {{(pid=109093) process_request /opt/stack/glance/glance/api/middleware/version_negotiation.py:69}}
Nov 08 22:03:45.890133 dv-cinder-817085-1-iscsi devstack@g-api.service[109093]: DEBUG glance.api.middleware.version_negotiation [None req-ff6a5dec-2801-4d77-89c5-8bd4bf9aa44f tempest-VolumesNegativeTest-878525672 tempest-VolumesNegativeTest-878525672-project] new path /v2/schemas/image {{(pid=109093) process_request /opt/stack/glance/glance/api/middleware/version_negotiation.py:70}}
Nov 08 22:03:45.899163 dv-cinder-817085-1-iscsi devstack@g-api.service[109093]: [pid: 109093|app: 0|req: 147/257] 127.0.0.1 () {40 vars in 796 bytes} [Mon Nov 8 22:03:45 2021] GET /v2/schemas/image => generated 6083 bytes in 12 msecs (HTTP/1.1 200) 4 headers in 158 bytes (1 switches on core 0)
Nov 08 22:03:45.916846 dv-cinder-817085-1-iscsi devstack@g-api.service[109094]: DEBUG glance.api.middleware.cache [None req-6d6c91a0-9589-47d3-861c-1a6748ce493c tempest-AttachVolumeShelveTestJSON-1603090413 tempest-AttachVolumeShelveTestJSON-1603090413-project] Removing image 934166aa-3161-41c7-b5bd-ed68da7c32d2 from cache {{(pid=109094) _process_DELETE_response /opt/stack/glance/glance/api/middleware/cache.py:266}}
Nov 08 22:03:45.917843 dv-cinder-817085-1-iscsi devstack@g-api.service[109094]: DEBUG glance.image_cache.drivers.sqlite [None req-6d6c91a0-9589-47d3-861c-1a6748ce493c tempest-AttachVolumeShelveTestJSON-1603090413 tempest-AttachVolumeShelveTestJSON-1603090413-project] Deleting image cache file '/opt/stack/data/glance/cache/934166aa-3161-41c7-b5bd-ed68da7c32d2' {{(pid=109094) delete_cached_file /opt/stack/glance/glance/image_cache/drivers/sqlite.py:505}}
Nov 08 22:03:45.928534 dv-cinder-817085-1-iscsi devstack@g-api.service[109093]: DEBUG glance.api.middleware.version_negotiation [None req-ff6a5dec-2801-4d77-89c5-8bd4bf9aa44f tempest-VolumesNegativeTest-878525672 tempest-VolumesNegativeTest-878525672-project] Determining version of request: DELETE /v2/images/e8aaecbe-6adb-48b2-bb4c-934064bde2ca Accept: application/json {{(pid=109093) process_request /opt/stack/glance/glance/api/middleware/version_negotiation.py:44}}
Nov 08 22:03:45.929752 dv-cinder-817085-1-iscsi devstack@g-api.service[109093]: DEBUG glance.api.middleware.version_negotiation [None req-ff6a5dec-2801-4d77-89c5-8bd4bf9aa44f tempest-VolumesNegativeTest-878525672 tempest-VolumesNegativeTest-878525672-project] Using url versioning {{(pid=109093) process_request /opt/stack/glance/glance/api/middleware/version_negotiation.py:57}}
Nov 08 22:03:45.930085 dv-cinder-817085-1-iscsi devstack@g-api.service[109093]: DEBUG glance.api.middleware.version_negotiation [None req-ff6a5dec-2801-4d77-89c5-8bd4bf9aa44f tempest-VolumesNegativeTest-878525672 tempest-VolumesNegativeTest-878525672-project] Matched version: v2 {{(pid=109093) process_request /opt/stack/glance/glance/api/middleware/version_negotiation.py:69}}
Nov 08 22:03:45.930365 dv-cinder-817085-1-iscsi devstack@g-api.service[109093]: DEBUG glance.api.middleware.version_negotiation [None req-ff6a5dec-2801-4d77-89c5-8bd4bf9aa44f tempest-VolumesNegativeTest-878525672 tempest-VolumesNegativeTest-878525672-project] new path /v2/images/e8aaecbe-6adb-48b2-bb4c-934064bde2ca {{(pid=109093) process_request /opt/stack/glance/glance/api/middleware/version_negotiation.py:70}}
Nov 08 22:03:45.958400 dv-cinder-817085-1-iscsi devstack@g-api.service[109093]: WARNING glance.api.v2.images [None req-1c1b573b-9ef3-4afb-8fd2-d037f3792a44 tempest-VolumesNegativeTest-878525672 tempest-VolumesNegativeTest-878525672-project] After upload to backend, deletion of staged image data has failed because it cannot be found at /tmp/staging//e8aaecbe-6adb-48b2-bb4c-934064bde2ca
Nov 08 22:03:45.963228 dv-cinder-817085-1-iscsi devstack@g-api.service[109093]: DEBUG glance_store.backend [None req-1c1b573b-9ef3-4afb-8fd2-d037f3792a44 tempest-VolumesNegativeTest-878525672 tempest-VolumesNegativeTest-878525672-project] Attempting to import store swift {{(pid=109093) _load_store /usr/local/lib/python3.8/dist-packages/glance_store/backend.py:217}}
Nov 08 22:03:45.967323 dv-cinder-817085-1-iscsi devstack@g-api.service[109093]: DEBUG glance_store.capabilities [None req-1c1b573b-9ef3-4afb-8fd2-d037f3792a44 tempest-VolumesNegativeTest-878525672 tempest-VolumesNegativeTest-878525672-project] Store glance_store._drivers.swift.store.SingleTenantStore doesn't support updating dynamic storage capabilities. Please overwrite 'update_capabilities' method of the store to implement updating logics if needed. {{(pid=109093) update_capabilities /usr/local/lib/python3.8/dist-packages/glance_store/capabilities.py:91}}
Nov 08 22:03:45.967893 dv-cinder-817085-1-iscsi devstack@g-api.service[109093]: DEBUG glance_store.driver [None req-1c1b573b-9ef3-4afb-8fd2-d037f3792a44 tempest-VolumesNegativeTest-878525672 tempest-VolumesNegativeTest-878525672-project] Late loading location class glance_store._drivers.swift.store.StoreLocation {{(pid=109093) get_store_location_class /usr/local/lib/python3.8/dist-packages/glance_store/driver.py:117}}
Nov 08 22:03:45.968512 dv-cinder-817085-1-iscsi devstack@g-api.service[109093]: DEBUG glance_store.location [None req-1c1b573b-9ef3-4afb-8fd2-d037f3792a44 tempest-VolumesNegativeTest-878525672 tempest-VolumesNegativeTest-878525672-project] Registering scheme swift+https with {'store': , 'location_class': , 'store_entry': 'swift'} {{(pid=109093) register_scheme_map /usr/local/lib/python3.8/dist-packages/glance_store/location.py:146}}
Nov 08 22:03:45.968977 dv-cinder-817085-1-iscsi devstack@g-api.service[109093]: DEBUG glance_store.location [None req-1c1b573b-9ef3-4afb-8fd2-d037f3792a44 tempest-VolumesNegativeTest-878525672 tempest-VolumesNegativeTest-878525672-project] Registering scheme swift+https with {'store': , 'location_class': , 'store_entry': 'swift'} {{(pid=109093) register_scheme_map /usr/local/lib/python3.8/dist-packages/glance_store/location.py:146}}
Nov 08 22:03:45.969761 dv-cinder-817085-1-iscsi devstack@g-api.service[109093]: DEBUG glance_store.location [None req-1c1b573b-9ef3-4afb-8fd2-d037f3792a44 tempest-VolumesNegativeTest-878525672 tempest-VolumesNegativeTest-878525672-project] Registering scheme swift with {'store': , 'location_class': , 'store_entry': 'swift'} {{(pid=109093) register_scheme_map /usr/local/lib/python3.8/dist-packages/glance_store/location.py:146}}
Nov 08 22:03:45.970171 dv-cinder-817085-1-iscsi devstack@g-api.service[109093]: DEBUG glance_store.location [None req-1c1b573b-9ef3-4afb-8fd2-d037f3792a44 tempest-VolumesNegativeTest-878525672 tempest-VolumesNegativeTest-878525672-project] Registering scheme swift+https with {'store': , 'location_class': , 'store_entry': 'swift'} {{(pid=109093) register_scheme_map /usr/local/lib/python3.8/dist-packages/glance_store/location.py:146}}
Nov 08 22:03:45.970565 dv-cinder-817085-1-iscsi devstack@g-api.service[109093]: DEBUG glance_store.location [None req-1c1b573b-9ef3-4afb-8fd2-d037f3792a44 tempest-VolumesNegativeTest-878525672 tempest-VolumesNegativeTest-878525672-project] Registering scheme swift with {'store': , 'location_class': , 'store_entry': 'swift'} {{(pid=109093) register_scheme_map /usr/local/lib/python3.8/dist-packages/glance_store/location.py:146}}
Nov 08 22:03:45.971365 dv-cinder-817085-1-iscsi devstack@g-api.service[109093]: DEBUG glance_store.location [None req-1c1b573b-9ef3-4afb-8fd2-d037f3792a44 tempest-VolumesNegativeTest-878525672 tempest-VolumesNegativeTest-878525672-project] Registering scheme swift+http with {'store': , 'location_class': , 'store_entry': 'swift'} {{(pid=109093) register_scheme_map /usr/local/lib/python3.8/dist-packages/glance_store/location.py:146}}
Nov 08 22:03:45.971792 dv-cinder-817085-1-iscsi devstack@g-api.service[109093]: DEBUG glance_store.location [None req-1c1b573b-9ef3-4afb-8fd2-d037f3792a44 tempest-VolumesNegativeTest-878525672 tempest-VolumesNegativeTest-878525672-project] Registering scheme swift+https with {'store': , 'location_class': , 'store_entry': 'swift'} {{(pid=109093) register_scheme_map /usr/local/lib/python3.8/dist-packages/glance_store/location.py:146}}
Nov 08 22:03:45.972441 dv-cinder-817085-1-iscsi devstack@g-api.service[109093]: DEBUG glance_store.location [None req-1c1b573b-9ef3-4afb-8fd2-d037f3792a44 tempest-VolumesNegativeTest-878525672 tempest-VolumesNegativeTest-878525672-project] Registering scheme swift with {'store': , 'location_class': , 'store_entry': 'swift'} {{(pid=109093) register_scheme_map /usr/local/lib/python3.8/dist-packages/glance_store/location.py:146}}
Nov 08 22:03:45.972924 dv-cinder-817085-1-iscsi devstack@g-api.service[109093]: DEBUG glance_store.location [None req-1c1b573b-9ef3-4afb-8fd2-d037f3792a44 tempest-VolumesNegativeTest-878525672 tempest-VolumesNegativeTest-878525672-project] Registering scheme swift+http with {'store': , 'location_class': , 'store_entry': 'swift'} {{(pid=109093) register_scheme_map /usr/local/lib/python3.8/dist-packages/glance_store/location.py:146}}
Nov 08 22:03:45.974076 dv-cinder-817085-1-iscsi devstack@g-api.service[109093]: DEBUG glance_store.location [None req-1c1b573b-9ef3-4afb-8fd2-d037f3792a44 tempest-VolumesNegativeTest-878525672 tempest-VolumesNegativeTest-878525672-project] Registering scheme swift+config with {'store': , 'location_class': , 'store_entry': 'swift'} {{(pid=109093) register_scheme_map /usr/local/lib/python3.8/dist-packages/glance_store/location.py:146}}
Nov 08 22:03:45.975561 dv-cinder-817085-1-iscsi devstack@g-api.service[109093]: DEBUG keystoneclient.auth.identity.v3.base [None req-1c1b573b-9ef3-4afb-8fd2-d037f3792a44 tempest-VolumesNegativeTest-878525672 tempest-VolumesNegativeTest-878525672-project] Making authentication request to http://10.222.0.25/identity/v3/auth/tokens {{(pid=109093) get_auth_ref /usr/local/lib/python3.8/dist-packages/keystoneclient/auth/identity/v3/base.py:187}}
Nov 08 22:03:46.064479 dv-cinder-817085-1-iscsi devstack@g-api.service[109094]: [pid: 109094|app: 0|req: 111/258] 127.0.0.1 () {42 vars in 878 bytes} [Mon Nov 8 22:03:45 2021] DELETE /v2/images/934166aa-3161-41c7-b5bd-ed68da7c32d2 => generated 0 bytes in 865 msecs (HTTP/1.1 204) 4 headers in 171 bytes (1 switches on core 0)
Nov 08 22:03:46.083070 dv-cinder-817085-1-iscsi devstack@g-api.service[109093]: DEBUG keystoneclient.auth.identity.v3.base [None req-1c1b573b-9ef3-4afb-8fd2-d037f3792a44 tempest-VolumesNegativeTest-878525672 tempest-VolumesNegativeTest-878525672-project] {"token": {"methods": ["password"], "user": {"domain": {"id": "default", "name": "Default"}, "id": "44f3cd4683c44af290a8e9ba7eedee94", "name": "glance-swift", "password_expires_at": null}, "audit_ids": ["ruYmm0ufTtuDpiwGky8M4g"], "expires_at": "2021-11-08T23:03:46.000000Z", "issued_at": "2021-11-08T22:03:46.000000Z", "project": {"domain": {"id": "default", "name": "Default"}, "id": "4012b8a1b18a4e0d9df4d7d446d2493b", "name": "service"}, "is_domain": false, "roles": [{"id": "7a52c56be04d403c8f40e964bdd63a58", "name": "service"}, {"id": "a7e2d5ba82a145d8b80416e18743243e", "name": "ResellerAdmin"}], "catalog": [{"endpoints": [{"id": "92fb6da97c28495b805c709b148a7a48", "interface": "public", "region_id": "RegionOne", "url": "http://10.222.0.25/image", "region": "RegionOne"}], "id": "07ba66f749604cd0a49ddd905c05f47e", "type": "image", "name": "glance"}, {"endpoints": [{"id": "57827d4e53664b25920422ca14212a56", "interface": "public", "region_id": "RegionOne", "url": "http://10.222.0.25/identity", "region": "RegionOne"}], "id": "09d48fe1d2b84dfe818094e23dec520f", "type": "identity", "name": "keystone"}, {"endpoints": [{"id": "8860db63917b460c8139089ccc0a1134", "interface": "public", "region_id": "RegionOne", "url": "http://10.222.0.25:8080/v1/AUTH_4012b8a1b18a4e0d9df4d7d446d2493b", "region": "RegionOne"}, {"id": "8d95c71fa83d492c82aed6ee3177392b", "interface": "admin", "region_id": "RegionOne", "url": "http://10.222.0.25:8080", "region": "RegionOne"}], "id": "157de5128f6c456eb28e523068670034", "type": "object-store", "name": "swift"}, {"endpoints": [{"id": "2916735cf42941638faa1b53b56fb6a8", "interface": "public", "region_id": "RegionOne", "url": "http://10.222.0.25/volume/v3/4012b8a1b18a4e0d9df4d7d446d2493b", "region": "RegionOne"}], "id": "21e398f8944b42c5842748ae92d77e14", "type": "volumev3", "name": "cinderv3"}, {"endpoints": [{"id": "97e295a2fde74855aa7388e0ede79fcb", "interface": "public", "region_id": "RegionOne", "url": "http://10.222.0.25:9696/", "region": "RegionOne"}], "id": "25b80fbec8274e3baa93cfff3520875b", "type": "network", "name": "neutron"}, {"endpoints": [{"id": "960a82cda46147b6ba08786f20597158", "interface": "public", "region_id": "RegionOne", "url": "http://10.222.0.25/volume/v3/4012b8a1b18a4e0d9df4d7d446d2493b", "region": "RegionOne"}], "id": "7c53ff6a0d7443e0b54b6575c8052e45", "type": "block-storage", "name": "cinder"}, {"endpoints": [{"id": "62ce123519b0491b953fc9502e82518f", "interface": "public", "region_id": "RegionOne", "url": "http://10.222.0.25/compute/v2.1", "region": "RegionOne"}], "id": "a332b19827b24094be060fff8e224385", "type": "compute", "name": "nova"}, {"endpoints": [{"id": "123623ca36f346cfa3bf20a7fea53a5c", "interface": "public", "region_id": "RegionOne", "url": "http://10.222.0.25/placement", "region": "RegionOne"}], "id": "acb337e290ac4f9cb042a24f7bda1045", "type": "placement", "name": "placement"}, {"endpoints": [{"id": "7a65b5d9d9e14e5da7317b5b4da2eeab", "interface": "public", "region_id": "RegionOne", "url": "http://10.222.0.25/compute/v2/4012b8a1b18a4e0d9df4d7d446d2493b", "region": "RegionOne"}], "id": "f6034a6aacdc4b058c944636f0475362", "type": "compute_legacy", "name": "nova_legacy"}]}} {{(pid=109093) get_auth_ref /usr/local/lib/python3.8/dist-packages/keystoneclient/auth/identity/v3/base.py:192}}
Nov 08 22:03:46.083839 dv-cinder-817085-1-iscsi devstack@g-api.service[109093]: DEBUG keystoneclient.httpclient [None req-1c1b573b-9ef3-4afb-8fd2-d037f3792a44 tempest-VolumesNegativeTest-878525672 tempest-VolumesNegativeTest-878525672-project] Failed to find endpoint for management url admin endpoint for identity service not found {{(pid=109093) _process_management_url /usr/local/lib/python3.8/dist-packages/keystoneclient/httpclient.py:659}}
Nov 08 22:03:46.376634 dv-cinder-817085-1-iscsi devstack@g-api.service[109093]: DEBUG swiftclient [None req-1c1b573b-9ef3-4afb-8fd2-d037f3792a44 tempest-VolumesNegativeTest-878525672 tempest-VolumesNegativeTest-878525672-project] REQ: curl -i http://10.222.0.25:8080/v1/AUTH_4012b8a1b18a4e0d9df4d7d446d2493b/glance/e8aaecbe-6adb-48b2-bb4c-934064bde2ca -I -H "X-Auth-Token: gAAAAABhiZ7Cdkwl..." {{(pid=109093) http_log /usr/local/lib/python3.8/dist-packages/swiftclient/client.py:187}}
Nov 08 22:03:46.377801 dv-cinder-817085-1-iscsi devstack@g-api.service[109093]: DEBUG swiftclient [None req-1c1b573b-9ef3-4afb-8fd2-d037f3792a44 tempest-VolumesNegativeTest-878525672 tempest-VolumesNegativeTest-878525672-project] RESP STATUS: 200 OK {{(pid=109093) http_log /usr/local/lib/python3.8/dist-packages/swiftclient/client.py:188}}
Nov 08 22:03:46.378486 dv-cinder-817085-1-iscsi devstack@g-api.service[109093]: DEBUG swiftclient [None req-1c1b573b-9ef3-4afb-8fd2-d037f3792a44 tempest-VolumesNegativeTest-878525672 tempest-VolumesNegativeTest-878525672-project] RESP HEADERS: {'Content-Type': 'application/octet-stream', 'Etag': '34dcb0ee1e2cdf34c32e24f30943d7bb', 'Last-Modified': 'Mon, 08 Nov 2021 22:03:46 GMT', 'X-Timestamp': '1636409025.50848', 'Accept-Ranges': 'bytes', 'Content-Length': '1024', 'X-Trans-Id': 'tx4752df60078743a59318c-0061899ec2', 'X-Openstack-Request-Id': 'tx4752df60078743a59318c-0061899ec2', 'Date': 'Mon, 08 Nov 2021 22:03:46 GMT'} {{(pid=109093) http_log /usr/local/lib/python3.8/dist-packages/swiftclient/client.py:189}}
Nov 08 22:03:46.404014 dv-cinder-817085-1-iscsi devstack@g-api.service[109093]: DEBUG swiftclient [None req-1c1b573b-9ef3-4afb-8fd2-d037f3792a44 tempest-VolumesNegativeTest-878525672 tempest-VolumesNegativeTest-878525672-project] REQ: curl -i http://10.222.0.25:8080/v1/AUTH_4012b8a1b18a4e0d9df4d7d446d2493b/glance/e8aaecbe-6adb-48b2-bb4c-934064bde2ca DELETE -H "X-Auth-Token: gAAAAABhiZ7Cdkwl..." {{(pid=109093) http_log /usr/local/lib/python3.8/dist-packages/swiftclient/client.py:187}}
Nov 08 22:03:46.404337 dv-cinder-817085-1-iscsi devstack@g-api.service[109093]: DEBUG swiftclient [None req-1c1b573b-9ef3-4afb-8fd2-d037f3792a44 tempest-VolumesNegativeTest-878525672 tempest-VolumesNegativeTest-878525672-project] RESP STATUS: 204 No Content {{(pid=109093) http_log /usr/local/lib/python3.8/dist-packages/swiftclient/client.py:188}}
Nov 08 22:03:46.404750 dv-cinder-817085-1-iscsi devstack@g-api.service[109093]: DEBUG swiftclient [None req-1c1b573b-9ef3-4afb-8fd2-d037f3792a44 tempest-VolumesNegativeTest-878525672 tempest-VolumesNegativeTest-878525672-project] RESP HEADERS: {'Content-Type': 'text/html; charset=UTF-8', 'Content-Length': '0', 'X-Trans-Id': 'txa47589148be54f5f89200-0061899ec2', 'X-Openstack-Request-Id': 'txa47589148be54f5f89200-0061899ec2', 'Date': 'Mon, 08 Nov 2021 22:03:46 GMT'} {{(pid=109093) http_log /usr/local/lib/python3.8/dist-packages/swiftclient/client.py:189}}
Nov 08 22:03:46.491480 dv-cinder-817085-1-iscsi devstack@g-api.service[109093]: [pid: 109093|app: 0|req: 148/259] 127.0.0.1 () {38 vars in 790 bytes} [Mon Nov 8 22:03:45 2021] DELETE /v2/images/e8aaecbe-6adb-48b2-bb4c-934064bde2ca => generated 0 bytes in 563 msecs (HTTP/1.1 204) 4 headers in 171 bytes (1 switches on core 0)
Nov 08 22:04:36.481916 dv-cinder-817085-1-iscsi devstack@g-api.service[109094]: DEBUG glance.api.middleware.version_negotiation [None req-6d6c91a0-9589-47d3-861c-1a6748ce493c tempest-AttachVolumeShelveTestJSON-1603090413 tempest-AttachVolumeShelveTestJSON-1603090413-project] Determining version of request: GET /v2/images/c812efac-b97e-401a-8a88-4df7bc4e620b Accept: */* {{(pid=109094) process_request /opt/stack/glance/glance/api/middleware/version_negotiation.py:44}}
Nov 08 22:04:36.482511 dv-cinder-817085-1-iscsi devstack@g-api.service[109094]: DEBUG glance.api.middleware.version_negotiation [None req-6d6c91a0-9589-47d3-861c-1a6748ce493c tempest-AttachVolumeShelveTestJSON-1603090413 tempest-AttachVolumeShelveTestJSON-1603090413-project] Using url versioning {{(pid=109094) process_request /opt/stack/glance/glance/api/middleware/version_negotiation.py:57}}
Nov 08 22:04:36.482890 dv-cinder-817085-1-iscsi devstack@g-api.service[109094]: DEBUG glance.api.middleware.version_negotiation [None req-6d6c91a0-9589-47d3-861c-1a6748ce493c tempest-AttachVolumeShelveTestJSON-1603090413 tempest-AttachVolumeShelveTestJSON-1603090413-project] Matched version: v2 {{(pid=109094) process_request /opt/stack/glance/glance/api/middleware/version_negotiation.py:69}}
Nov 08 22:04:36.483198 dv-cinder-817085-1-iscsi devstack@g-api.service[109094]: DEBUG glance.api.middleware.version_negotiation [None req-6d6c91a0-9589-47d3-861c-1a6748ce493c tempest-AttachVolumeShelveTestJSON-1603090413 tempest-AttachVolumeShelveTestJSON-1603090413-project] new path /v2/images/c812efac-b97e-401a-8a88-4df7bc4e620b {{(pid=109094) process_request /opt/stack/glance/glance/api/middleware/version_negotiation.py:70}}
Nov 08 22:04:36.506475 dv-cinder-817085-1-iscsi devstack@g-api.service[109094]: [pid: 109094|app: 0|req: 112/260] 127.0.0.1 () {42 vars in 1063 bytes} [Mon Nov 8 22:04:36 2021] GET /v2/images/c812efac-b97e-401a-8a88-4df7bc4e620b => generated 946 bytes in 25 msecs (HTTP/1.1 200) 4 headers in 157 bytes (1 switches on core 0)
Nov 08 22:04:36.512955 dv-cinder-817085-1-iscsi devstack@g-api.service[109093]: DEBUG glance.api.middleware.version_negotiation [None req-1c1b573b-9ef3-4afb-8fd2-d037f3792a44 tempest-VolumesNegativeTest-878525672 tempest-VolumesNegativeTest-878525672-project] Determining version of request: GET /v2/schemas/image Accept: */* {{(pid=109093) process_request /opt/stack/glance/glance/api/middleware/version_negotiation.py:44}}
Nov 08 22:04:36.514060 dv-cinder-817085-1-iscsi devstack@g-api.service[109093]: DEBUG glance.api.middleware.version_negotiation [None req-1c1b573b-9ef3-4afb-8fd2-d037f3792a44 tempest-VolumesNegativeTest-878525672 tempest-VolumesNegativeTest-878525672-project] Using url versioning {{(pid=109093) process_request /opt/stack/glance/glance/api/middleware/version_negotiation.py:57}}
Nov 08 22:04:36.514724 dv-cinder-817085-1-iscsi devstack@g-api.service[109093]: DEBUG glance.api.middleware.version_negotiation [None req-1c1b573b-9ef3-4afb-8fd2-d037f3792a44 tempest-VolumesNegativeTest-878525672 tempest-VolumesNegativeTest-878525672-project] Matched version: v2 {{(pid=109093) process_request /opt/stack/glance/glance/api/middleware/version_negotiation.py:69}}
Nov 08 22:04:36.515155 dv-cinder-817085-1-iscsi devstack@g-api.service[109093]: DEBUG glance.api.middleware.version_negotiation [None req-1c1b573b-9ef3-4afb-8fd2-d037f3792a44 tempest-VolumesNegativeTest-878525672 tempest-VolumesNegativeTest-878525672-project] new path /v2/schemas/image {{(pid=109093) process_request /opt/stack/glance/glance/api/middleware/version_negotiation.py:70}}
Nov 08 22:04:36.521733 dv-cinder-817085-1-iscsi devstack@g-api.service[109093]: [pid: 109093|app: 0|req: 149/261] 127.0.0.1 () {42 vars in 1003 bytes} [Mon Nov 8 22:04:36 2021] GET /v2/schemas/image => generated 6083 bytes in 9 msecs (HTTP/1.1 200) 4 headers in 158 bytes (1 switches on core 0)
Nov 08 22:04:38.751376 dv-cinder-817085-1-iscsi devstack@g-api.service[109094]: DEBUG glance.api.middleware.version_negotiation [None req-81b6e995-3076-47d3-afb1-f1c7bf2c4ee4 tempest-AttachVolumeShelveTestJSON-1603090413 tempest-AttachVolumeShelveTestJSON-1603090413-project] Determining version of request: GET /v2/images/c812efac-b97e-401a-8a88-4df7bc4e620b Accept: */* {{(pid=109094) process_request /opt/stack/glance/glance/api/middleware/version_negotiation.py:44}}
Nov 08 22:04:38.751876 dv-cinder-817085-1-iscsi devstack@g-api.service[109094]: DEBUG glance.api.middleware.version_negotiation [None req-81b6e995-3076-47d3-afb1-f1c7bf2c4ee4 tempest-AttachVolumeShelveTestJSON-1603090413 tempest-AttachVolumeShelveTestJSON-1603090413-project] Using url versioning {{(pid=109094) process_request /opt/stack/glance/glance/api/middleware/version_negotiation.py:57}}
Nov 08 22:04:38.752210 dv-cinder-817085-1-iscsi devstack@g-api.service[109094]: DEBUG glance.api.middleware.version_negotiation [None req-81b6e995-3076-47d3-afb1-f1c7bf2c4ee4 tempest-AttachVolumeShelveTestJSON-1603090413 tempest-AttachVolumeShelveTestJSON-1603090413-project] Matched version: v2 {{(pid=109094) process_request /opt/stack/glance/glance/api/middleware/version_negotiation.py:69}}
Nov 08 22:04:38.752860 dv-cinder-817085-1-iscsi devstack@g-api.service[109094]: DEBUG glance.api.middleware.version_negotiation [None req-81b6e995-3076-47d3-afb1-f1c7bf2c4ee4 tempest-AttachVolumeShelveTestJSON-1603090413 tempest-AttachVolumeShelveTestJSON-1603090413-project] new path /v2/images/c812efac-b97e-401a-8a88-4df7bc4e620b {{(pid=109094) process_request /opt/stack/glance/glance/api/middleware/version_negotiation.py:70}}
Nov 08 22:04:38.767980 dv-cinder-817085-1-iscsi devstack@g-api.service[109094]: [pid: 109094|app: 0|req: 113/262] 127.0.0.1 () {40 vars in 856 bytes} [Mon Nov 8 22:04:38 2021] GET /v2/images/c812efac-b97e-401a-8a88-4df7bc4e620b => generated 946 bytes in 17 msecs (HTTP/1.1 200) 4 headers in 157 bytes (1 switches on core 0)
Nov 08 22:04:38.776339 dv-cinder-817085-1-iscsi devstack@g-api.service[109093]: DEBUG glance.api.middleware.version_negotiation [None req-81b6e995-3076-47d3-afb1-f1c7bf2c4ee4 tempest-AttachVolumeShelveTestJSON-1603090413 tempest-AttachVolumeShelveTestJSON-1603090413-project] Determining version of request: GET /v2/schemas/image Accept: */* {{(pid=109093) process_request /opt/stack/glance/glance/api/middleware/version_negotiation.py:44}}
Nov 08 22:04:38.776860 dv-cinder-817085-1-iscsi devstack@g-api.service[109093]: DEBUG glance.api.middleware.version_negotiation [None req-81b6e995-3076-47d3-afb1-f1c7bf2c4ee4 tempest-AttachVolumeShelveTestJSON-1603090413 tempest-AttachVolumeShelveTestJSON-1603090413-project] Using url versioning {{(pid=109093) process_request /opt/stack/glance/glance/api/middleware/version_negotiation.py:57}}
Nov 08 22:04:38.777019 dv-cinder-817085-1-iscsi devstack@g-api.service[109093]: DEBUG glance.api.middleware.version_negotiation [None req-81b6e995-3076-47d3-afb1-f1c7bf2c4ee4 tempest-AttachVolumeShelveTestJSON-1603090413 tempest-AttachVolumeShelveTestJSON-1603090413-project] Matched version: v2 {{(pid=109093) process_request /opt/stack/glance/glance/api/middleware/version_negotiation.py:69}}
Nov 08 22:04:38.777463 dv-cinder-817085-1-iscsi devstack@g-api.service[109093]: DEBUG glance.api.middleware.version_negotiation [None req-81b6e995-3076-47d3-afb1-f1c7bf2c4ee4 tempest-AttachVolumeShelveTestJSON-1603090413 tempest-AttachVolumeShelveTestJSON-1603090413-project] new path /v2/schemas/image {{(pid=109093) process_request /opt/stack/glance/glance/api/middleware/version_negotiation.py:70}}
Nov 08 22:04:38.781468 dv-cinder-817085-1-iscsi devstack@g-api.service[109093]: [pid: 109093|app: 0|req: 150/263] 127.0.0.1 () {40 vars in 796 bytes} [Mon Nov 8 22:04:38 2021] GET /v2/schemas/image => generated 6083 bytes in 5 msecs (HTTP/1.1 200) 4 headers in 158 bytes (1 switches on core 0)
Nov 08 22:04:39.768384 dv-cinder-817085-1-iscsi devstack@g-api.service[109094]: DEBUG glance.api.middleware.version_negotiation [None req-81b6e995-3076-47d3-afb1-f1c7bf2c4ee4 tempest-AttachVolumeShelveTestJSON-1603090413 tempest-AttachVolumeShelveTestJSON-1603090413-project] Determining version of request: GET /v2/images/c812efac-b97e-401a-8a88-4df7bc4e620b Accept: */* {{(pid=109094) process_request /opt/stack/glance/glance/api/middleware/version_negotiation.py:44}}
Nov 08 22:04:39.768935 dv-cinder-817085-1-iscsi devstack@g-api.service[109094]: DEBUG glance.api.middleware.version_negotiation [None req-81b6e995-3076-47d3-afb1-f1c7bf2c4ee4 tempest-AttachVolumeShelveTestJSON-1603090413 tempest-AttachVolumeShelveTestJSON-1603090413-project] Using url versioning {{(pid=109094) process_request /opt/stack/glance/glance/api/middleware/version_negotiation.py:57}}
Nov 08 22:04:39.769086 dv-cinder-817085-1-iscsi devstack@g-api.service[109094]: DEBUG glance.api.middleware.version_negotiation [None req-81b6e995-3076-47d3-afb1-f1c7bf2c4ee4 tempest-AttachVolumeShelveTestJSON-1603090413 tempest-AttachVolumeShelveTestJSON-1603090413-project] Matched version: v2 {{(pid=109094) process_request /opt/stack/glance/glance/api/middleware/version_negotiation.py:69}}
Nov 08 22:04:39.769337 dv-cinder-817085-1-iscsi devstack@g-api.service[109094]: DEBUG glance.api.middleware.version_negotiation [None req-81b6e995-3076-47d3-afb1-f1c7bf2c4ee4 tempest-AttachVolumeShelveTestJSON-1603090413 tempest-AttachVolumeShelveTestJSON-1603090413-project] new path /v2/images/c812efac-b97e-401a-8a88-4df7bc4e620b {{(pid=109094) process_request /opt/stack/glance/glance/api/middleware/version_negotiation.py:70}}
Nov 08 22:04:39.786887 dv-cinder-817085-1-iscsi devstack@g-api.service[109094]: [pid: 109094|app: 0|req: 114/264] 127.0.0.1 () {42 vars in 1063 bytes} [Mon Nov 8 22:04:39 2021] GET /v2/images/c812efac-b97e-401a-8a88-4df7bc4e620b => generated 946 bytes in 18 msecs (HTTP/1.1 200) 4 headers in 157 bytes (1 switches on core 0)
Nov 08 22:04:39.792236 dv-cinder-817085-1-iscsi devstack@g-api.service[109093]: DEBUG glance.api.middleware.version_negotiation [None req-81b6e995-3076-47d3-afb1-f1c7bf2c4ee4 tempest-AttachVolumeShelveTestJSON-1603090413 tempest-AttachVolumeShelveTestJSON-1603090413-project] Determining version of request: GET /v2/schemas/image Accept: */* {{(pid=109093) process_request /opt/stack/glance/glance/api/middleware/version_negotiation.py:44}}
Nov 08 22:04:39.792965 dv-cinder-817085-1-iscsi devstack@g-api.service[109093]: DEBUG glance.api.middleware.version_negotiation [None req-81b6e995-3076-47d3-afb1-f1c7bf2c4ee4 tempest-AttachVolumeShelveTestJSON-1603090413 tempest-AttachVolumeShelveTestJSON-1603090413-project] Using url versioning {{(pid=109093) process_request /opt/stack/glance/glance/api/middleware/version_negotiation.py:57}}
Nov 08 22:04:39.793075 dv-cinder-817085-1-iscsi devstack@g-api.service[109093]: DEBUG glance.api.middleware.version_negotiation [None req-81b6e995-3076-47d3-afb1-f1c7bf2c4ee4 tempest-AttachVolumeShelveTestJSON-1603090413 tempest-AttachVolumeShelveTestJSON-1603090413-project] Matched version: v2 {{(pid=109093) process_request /opt/stack/glance/glance/api/middleware/version_negotiation.py:69}}
Nov 08 22:04:39.793397 dv-cinder-817085-1-iscsi devstack@g-api.service[109093]: DEBUG glance.api.middleware.version_negotiation [None req-81b6e995-3076-47d3-afb1-f1c7bf2c4ee4 tempest-AttachVolumeShelveTestJSON-1603090413 tempest-AttachVolumeShelveTestJSON-1603090413-project] new path /v2/schemas/image {{(pid=109093) process_request /opt/stack/glance/glance/api/middleware/version_negotiation.py:70}}
Nov 08 22:04:39.799127 dv-cinder-817085-1-iscsi devstack@g-api.service[109093]: [pid: 109093|app: 0|req: 151/265] 127.0.0.1 () {42 vars in 1003 bytes} [Mon Nov 8 22:04:39 2021] GET /v2/schemas/image => generated 6083 bytes in 7 msecs (HTTP/1.1 200) 4 headers in 158 bytes (1 switches on core 0)
Nov 08 22:04:42.037431 dv-cinder-817085-1-iscsi devstack@g-api.service[109094]: DEBUG glance.api.middleware.version_negotiation [None req-814a3c62-c413-42b6-a397-9d430bb97f45 tempest-AttachVolumeTestJSON-1196299338 tempest-AttachVolumeTestJSON-1196299338-project] Determining version of request: GET /v2/images/c812efac-b97e-401a-8a88-4df7bc4e620b Accept: */* {{(pid=109094) process_request /opt/stack/glance/glance/api/middleware/version_negotiation.py:44}}
Nov 08 22:04:42.038502 dv-cinder-817085-1-iscsi devstack@g-api.service[109094]: DEBUG glance.api.middleware.version_negotiation [None req-814a3c62-c413-42b6-a397-9d430bb97f45 tempest-AttachVolumeTestJSON-1196299338 tempest-AttachVolumeTestJSON-1196299338-project] Using url versioning {{(pid=109094) process_request /opt/stack/glance/glance/api/middleware/version_negotiation.py:57}}
Nov 08 22:04:42.038599 dv-cinder-817085-1-iscsi devstack@g-api.service[109094]: DEBUG glance.api.middleware.version_negotiation [None req-814a3c62-c413-42b6-a397-9d430bb97f45 tempest-AttachVolumeTestJSON-1196299338 tempest-AttachVolumeTestJSON-1196299338-project] Matched version: v2 {{(pid=109094) process_request /opt/stack/glance/glance/api/middleware/version_negotiation.py:69}}
Nov 08 22:04:42.038878 dv-cinder-817085-1-iscsi devstack@g-api.service[109094]: DEBUG glance.api.middleware.version_negotiation [None req-814a3c62-c413-42b6-a397-9d430bb97f45 tempest-AttachVolumeTestJSON-1196299338 tempest-AttachVolumeTestJSON-1196299338-project] new path /v2/images/c812efac-b97e-401a-8a88-4df7bc4e620b {{(pid=109094) process_request /opt/stack/glance/glance/api/middleware/version_negotiation.py:70}}
Nov 08 22:04:42.055612 dv-cinder-817085-1-iscsi devstack@g-api.service[109094]: [pid: 109094|app: 0|req: 115/266] 127.0.0.1 () {40 vars in 856 bytes} [Mon Nov 8 22:04:42 2021] GET /v2/images/c812efac-b97e-401a-8a88-4df7bc4e620b => generated 946 bytes in 19 msecs (HTTP/1.1 200) 4 headers in 157 bytes (1 switches on core 0)
Nov 08 22:04:42.062232 dv-cinder-817085-1-iscsi devstack@g-api.service[109093]: DEBUG glance.api.middleware.version_negotiation [None req-814a3c62-c413-42b6-a397-9d430bb97f45 tempest-AttachVolumeTestJSON-1196299338 tempest-AttachVolumeTestJSON-1196299338-project] Determining version of request: GET /v2/schemas/image Accept: */* {{(pid=109093) process_request /opt/stack/glance/glance/api/middleware/version_negotiation.py:44}}
Nov 08 22:04:42.062739 dv-cinder-817085-1-iscsi devstack@g-api.service[109093]: DEBUG glance.api.middleware.version_negotiation [None req-814a3c62-c413-42b6-a397-9d430bb97f45 tempest-AttachVolumeTestJSON-1196299338 tempest-AttachVolumeTestJSON-1196299338-project] Using url versioning {{(pid=109093) process_request /opt/stack/glance/glance/api/middleware/version_negotiation.py:57}}
Nov 08 22:04:42.062989 dv-cinder-817085-1-iscsi devstack@g-api.service[109093]: DEBUG glance.api.middleware.version_negotiation [None req-814a3c62-c413-42b6-a397-9d430bb97f45 tempest-AttachVolumeTestJSON-1196299338 tempest-AttachVolumeTestJSON-1196299338-project] Matched version: v2 {{(pid=109093) process_request /opt/stack/glance/glance/api/middleware/version_negotiation.py:69}}
Nov 08 22:04:42.063271 dv-cinder-817085-1-iscsi devstack@g-api.service[109093]: DEBUG glance.api.middleware.version_negotiation [None req-814a3c62-c413-42b6-a397-9d430bb97f45 tempest-AttachVolumeTestJSON-1196299338 tempest-AttachVolumeTestJSON-1196299338-project] new path /v2/schemas/image {{(pid=109093) process_request /opt/stack/glance/glance/api/middleware/version_negotiation.py:70}}
Nov 08 22:04:42.067925 dv-cinder-817085-1-iscsi devstack@g-api.service[109093]: [pid: 109093|app: 0|req: 152/267] 127.0.0.1 () {40 vars in 796 bytes} [Mon Nov 8 22:04:42 2021] GET /v2/schemas/image => generated 6083 bytes in 6 msecs (HTTP/1.1 200) 4 headers in 158 bytes (1 switches on core 0)
Nov 08 22:05:01.427185 dv-cinder-817085-1-iscsi devstack@g-api.service[109094]: DEBUG glance.api.middleware.version_negotiation [None req-814a3c62-c413-42b6-a397-9d430bb97f45 tempest-AttachVolumeTestJSON-1196299338 tempest-AttachVolumeTestJSON-1196299338-project] Determining version of request: GET /v2/images/c812efac-b97e-401a-8a88-4df7bc4e620b Accept: */* {{(pid=109094) process_request /opt/stack/glance/glance/api/middleware/version_negotiation.py:44}}
Nov 08 22:05:01.427777 dv-cinder-817085-1-iscsi devstack@g-api.service[109094]: DEBUG glance.api.middleware.version_negotiation [None req-814a3c62-c413-42b6-a397-9d430bb97f45 tempest-AttachVolumeTestJSON-1196299338 tempest-AttachVolumeTestJSON-1196299338-project] Using url versioning {{(pid=109094) process_request /opt/stack/glance/glance/api/middleware/version_negotiation.py:57}}
Nov 08 22:05:01.427897 dv-cinder-817085-1-iscsi devstack@g-api.service[109094]: DEBUG glance.api.middleware.version_negotiation [None req-814a3c62-c413-42b6-a397-9d430bb97f45 tempest-AttachVolumeTestJSON-1196299338 tempest-AttachVolumeTestJSON-1196299338-project] Matched version: v2 {{(pid=109094) process_request /opt/stack/glance/glance/api/middleware/version_negotiation.py:69}}
Nov 08 22:05:01.428090 dv-cinder-817085-1-iscsi devstack@g-api.service[109094]: DEBUG glance.api.middleware.version_negotiation [None req-814a3c62-c413-42b6-a397-9d430bb97f45 tempest-AttachVolumeTestJSON-1196299338 tempest-AttachVolumeTestJSON-1196299338-project] new path /v2/images/c812efac-b97e-401a-8a88-4df7bc4e620b {{(pid=109094) process_request /opt/stack/glance/glance/api/middleware/version_negotiation.py:70}}
Nov 08 22:05:01.446188 dv-cinder-817085-1-iscsi devstack@g-api.service[109094]: [pid: 109094|app: 0|req: 116/268] 127.0.0.1 () {42 vars in 1063 bytes} [Mon Nov 8 22:05:01 2021] GET /v2/images/c812efac-b97e-401a-8a88-4df7bc4e620b => generated 946 bytes in 19 msecs (HTTP/1.1 200) 4 headers in 157 bytes (1 switches on core 0)
Nov 08 22:05:01.452498 dv-cinder-817085-1-iscsi devstack@g-api.service[109093]: DEBUG glance.api.middleware.version_negotiation [None req-814a3c62-c413-42b6-a397-9d430bb97f45 tempest-AttachVolumeTestJSON-1196299338 tempest-AttachVolumeTestJSON-1196299338-project] Determining version of request: GET /v2/schemas/image Accept: */* {{(pid=109093) process_request /opt/stack/glance/glance/api/middleware/version_negotiation.py:44}}
Nov 08 22:05:01.453007 dv-cinder-817085-1-iscsi devstack@g-api.service[109093]: DEBUG glance.api.middleware.version_negotiation [None req-814a3c62-c413-42b6-a397-9d430bb97f45 tempest-AttachVolumeTestJSON-1196299338 tempest-AttachVolumeTestJSON-1196299338-project] Using url versioning {{(pid=109093) process_request /opt/stack/glance/glance/api/middleware/version_negotiation.py:57}}
Nov 08 22:05:01.453177 dv-cinder-817085-1-iscsi devstack@g-api.service[109093]: DEBUG glance.api.middleware.version_negotiation [None req-814a3c62-c413-42b6-a397-9d430bb97f45 tempest-AttachVolumeTestJSON-1196299338 tempest-AttachVolumeTestJSON-1196299338-project] Matched version: v2 {{(pid=109093) process_request /opt/stack/glance/glance/api/middleware/version_negotiation.py:69}}
Nov 08 22:05:01.453457 dv-cinder-817085-1-iscsi devstack@g-api.service[109093]: DEBUG glance.api.middleware.version_negotiation [None req-814a3c62-c413-42b6-a397-9d430bb97f45 tempest-AttachVolumeTestJSON-1196299338 tempest-AttachVolumeTestJSON-1196299338-project] new path /v2/schemas/image {{(pid=109093) process_request /opt/stack/glance/glance/api/middleware/version_negotiation.py:70}}
Nov 08 22:05:01.457942 dv-cinder-817085-1-iscsi devstack@g-api.service[109093]: [pid: 109093|app: 0|req: 153/269] 127.0.0.1 () {42 vars in 1003 bytes} [Mon Nov 8 22:05:01 2021] GET /v2/schemas/image => generated 6083 bytes in 6 msecs (HTTP/1.1 200) 4 headers in 158 bytes (1 switches on core 0)
Nov 08 22:05:03.156915 dv-cinder-817085-1-iscsi devstack@g-api.service[109094]: DEBUG glance.api.middleware.version_negotiation [None req-22af2ac8-aa04-4c92-b4bb-06b79ba0316c tempest-VolumesSnapshotTestJSON-1628238410 tempest-VolumesSnapshotTestJSON-1628238410-project] Determining version of request: GET /v2/images/c812efac-b97e-401a-8a88-4df7bc4e620b Accept: */* {{(pid=109094) process_request /opt/stack/glance/glance/api/middleware/version_negotiation.py:44}}
Nov 08 22:05:03.157834 dv-cinder-817085-1-iscsi devstack@g-api.service[109094]: DEBUG glance.api.middleware.version_negotiation [None req-22af2ac8-aa04-4c92-b4bb-06b79ba0316c tempest-VolumesSnapshotTestJSON-1628238410 tempest-VolumesSnapshotTestJSON-1628238410-project] Using url versioning {{(pid=109094) process_request /opt/stack/glance/glance/api/middleware/version_negotiation.py:57}}
Nov 08 22:05:03.158375 dv-cinder-817085-1-iscsi devstack@g-api.service[109094]: DEBUG glance.api.middleware.version_negotiation [None req-22af2ac8-aa04-4c92-b4bb-06b79ba0316c tempest-VolumesSnapshotTestJSON-1628238410 tempest-VolumesSnapshotTestJSON-1628238410-project] Matched version: v2 {{(pid=109094) process_request /opt/stack/glance/glance/api/middleware/version_negotiation.py:69}}
Nov 08 22:05:03.158927 dv-cinder-817085-1-iscsi devstack@g-api.service[109094]: DEBUG glance.api.middleware.version_negotiation [None req-22af2ac8-aa04-4c92-b4bb-06b79ba0316c tempest-VolumesSnapshotTestJSON-1628238410 tempest-VolumesSnapshotTestJSON-1628238410-project] new path /v2/images/c812efac-b97e-401a-8a88-4df7bc4e620b {{(pid=109094) process_request /opt/stack/glance/glance/api/middleware/version_negotiation.py:70}}
Nov 08 22:05:03.175489 dv-cinder-817085-1-iscsi devstack@g-api.service[109094]: [pid: 109094|app: 0|req: 117/270] 127.0.0.1 () {40 vars in 856 bytes} [Mon Nov 8 22:05:03 2021] GET /v2/images/c812efac-b97e-401a-8a88-4df7bc4e620b => generated 946 bytes in 19 msecs (HTTP/1.1 200) 4 headers in 157 bytes (1 switches on core 0)
Nov 08 22:05:03.188739 dv-cinder-817085-1-iscsi devstack@g-api.service[109093]: DEBUG glance.api.middleware.version_negotiation [None req-22af2ac8-aa04-4c92-b4bb-06b79ba0316c tempest-VolumesSnapshotTestJSON-1628238410 tempest-VolumesSnapshotTestJSON-1628238410-project] Determining version of request: GET /v2/schemas/image Accept: */* {{(pid=109093) process_request /opt/stack/glance/glance/api/middleware/version_negotiation.py:44}}
Nov 08 22:05:03.189217 dv-cinder-817085-1-iscsi devstack@g-api.service[109093]: DEBUG glance.api.middleware.version_negotiation [None req-22af2ac8-aa04-4c92-b4bb-06b79ba0316c tempest-VolumesSnapshotTestJSON-1628238410 tempest-VolumesSnapshotTestJSON-1628238410-project] Using url versioning {{(pid=109093) process_request /opt/stack/glance/glance/api/middleware/version_negotiation.py:57}}
Nov 08 22:05:03.189541 dv-cinder-817085-1-iscsi devstack@g-api.service[109093]: DEBUG glance.api.middleware.version_negotiation [None req-22af2ac8-aa04-4c92-b4bb-06b79ba0316c tempest-VolumesSnapshotTestJSON-1628238410 tempest-VolumesSnapshotTestJSON-1628238410-project] Matched version: v2 {{(pid=109093) process_request /opt/stack/glance/glance/api/middleware/version_negotiation.py:69}}
Nov 08 22:05:03.189889 dv-cinder-817085-1-iscsi devstack@g-api.service[109093]: DEBUG glance.api.middleware.version_negotiation [None req-22af2ac8-aa04-4c92-b4bb-06b79ba0316c tempest-VolumesSnapshotTestJSON-1628238410 tempest-VolumesSnapshotTestJSON-1628238410-project] new path /v2/schemas/image {{(pid=109093) process_request /opt/stack/glance/glance/api/middleware/version_negotiation.py:70}}
Nov 08 22:05:03.194035 dv-cinder-817085-1-iscsi devstack@g-api.service[109093]: [pid: 109093|app: 0|req: 154/271] 127.0.0.1 () {40 vars in 796 bytes} [Mon Nov 8 22:05:03 2021] GET /v2/schemas/image => generated 6083 bytes in 5 msecs (HTTP/1.1 200) 4 headers in 158 bytes (1 switches on core 0)
Nov 08 22:05:10.207264 dv-cinder-817085-1-iscsi devstack@g-api.service[109094]: DEBUG glance.api.middleware.version_negotiation [None req-22af2ac8-aa04-4c92-b4bb-06b79ba0316c tempest-VolumesSnapshotTestJSON-1628238410 tempest-VolumesSnapshotTestJSON-1628238410-project] Determining version of request: GET /v2/images/c812efac-b97e-401a-8a88-4df7bc4e620b Accept: application/json {{(pid=109094) process_request /opt/stack/glance/glance/api/middleware/version_negotiation.py:44}}
Nov 08 22:05:10.207777 dv-cinder-817085-1-iscsi devstack@g-api.service[109094]: DEBUG glance.api.middleware.version_negotiation [None req-22af2ac8-aa04-4c92-b4bb-06b79ba0316c tempest-VolumesSnapshotTestJSON-1628238410 tempest-VolumesSnapshotTestJSON-1628238410-project] Using url versioning {{(pid=109094) process_request /opt/stack/glance/glance/api/middleware/version_negotiation.py:57}}
Nov 08 22:05:10.207942 dv-cinder-817085-1-iscsi devstack@g-api.service[109094]: DEBUG glance.api.middleware.version_negotiation [None req-22af2ac8-aa04-4c92-b4bb-06b79ba0316c tempest-VolumesSnapshotTestJSON-1628238410 tempest-VolumesSnapshotTestJSON-1628238410-project] Matched version: v2 {{(pid=109094) process_request /opt/stack/glance/glance/api/middleware/version_negotiation.py:69}}
Nov 08 22:05:10.208221 dv-cinder-817085-1-iscsi devstack@g-api.service[109094]: DEBUG glance.api.middleware.version_negotiation [None req-22af2ac8-aa04-4c92-b4bb-06b79ba0316c tempest-VolumesSnapshotTestJSON-1628238410 tempest-VolumesSnapshotTestJSON-1628238410-project] new path /v2/images/c812efac-b97e-401a-8a88-4df7bc4e620b {{(pid=109094) process_request /opt/stack/glance/glance/api/middleware/version_negotiation.py:70}}
Nov 08 22:05:10.223627 dv-cinder-817085-1-iscsi devstack@g-api.service[109094]: [pid: 109094|app: 0|req: 118/272] 127.0.0.1 () {38 vars in 787 bytes} [Mon Nov 8 22:05:10 2021] GET /v2/images/c812efac-b97e-401a-8a88-4df7bc4e620b => generated 946 bytes in 17 msecs (HTTP/1.1 200) 4 headers in 157 bytes (1 switches on core 0)
Nov 08 22:05:10.236398 dv-cinder-817085-1-iscsi devstack@g-api.service[109093]: DEBUG glance.api.middleware.version_negotiation [None req-22af2ac8-aa04-4c92-b4bb-06b79ba0316c tempest-VolumesSnapshotTestJSON-1628238410 tempest-VolumesSnapshotTestJSON-1628238410-project] Determining version of request: GET /v2/images/c812efac-b97e-401a-8a88-4df7bc4e620b Accept: */* {{(pid=109093) process_request /opt/stack/glance/glance/api/middleware/version_negotiation.py:44}}
Nov 08 22:05:10.236880 dv-cinder-817085-1-iscsi devstack@g-api.service[109093]: DEBUG glance.api.middleware.version_negotiation [None req-22af2ac8-aa04-4c92-b4bb-06b79ba0316c tempest-VolumesSnapshotTestJSON-1628238410 tempest-VolumesSnapshotTestJSON-1628238410-project] Using url versioning {{(pid=109093) process_request /opt/stack/glance/glance/api/middleware/version_negotiation.py:57}}
Nov 08 22:05:10.237066 dv-cinder-817085-1-iscsi devstack@g-api.service[109093]: DEBUG glance.api.middleware.version_negotiation [None req-22af2ac8-aa04-4c92-b4bb-06b79ba0316c tempest-VolumesSnapshotTestJSON-1628238410 tempest-VolumesSnapshotTestJSON-1628238410-project] Matched version: v2 {{(pid=109093) process_request /opt/stack/glance/glance/api/middleware/version_negotiation.py:69}}
Nov 08 22:05:10.237378 dv-cinder-817085-1-iscsi devstack@g-api.service[109093]: DEBUG glance.api.middleware.version_negotiation [None req-22af2ac8-aa04-4c92-b4bb-06b79ba0316c tempest-VolumesSnapshotTestJSON-1628238410 tempest-VolumesSnapshotTestJSON-1628238410-project] new path /v2/images/c812efac-b97e-401a-8a88-4df7bc4e620b {{(pid=109093) process_request /opt/stack/glance/glance/api/middleware/version_negotiation.py:70}}
Nov 08 22:05:10.253124 dv-cinder-817085-1-iscsi devstack@g-api.service[109093]: [pid: 109093|app: 0|req: 155/273] 127.0.0.1 () {40 vars in 856 bytes} [Mon Nov 8 22:05:10 2021] GET /v2/images/c812efac-b97e-401a-8a88-4df7bc4e620b => generated 946 bytes in 17 msecs (HTTP/1.1 200) 4 headers in 157 bytes (1 switches on core 0)
Nov 08 22:05:10.258471 dv-cinder-817085-1-iscsi devstack@g-api.service[109094]: DEBUG glance.api.middleware.version_negotiation [None req-15a4a8a2-4dc7-4eee-ad4d-d22adb6761ed tempest-VolumesSnapshotTestJSON-1628238410 tempest-VolumesSnapshotTestJSON-1628238410-project] Determining version of request: GET /v2/schemas/image Accept: */* {{(pid=109094) process_request /opt/stack/glance/glance/api/middleware/version_negotiation.py:44}}
Nov 08 22:05:10.258808 dv-cinder-817085-1-iscsi devstack@g-api.service[109094]: DEBUG glance.api.middleware.version_negotiation [None req-15a4a8a2-4dc7-4eee-ad4d-d22adb6761ed tempest-VolumesSnapshotTestJSON-1628238410 tempest-VolumesSnapshotTestJSON-1628238410-project] Using url versioning {{(pid=109094) process_request /opt/stack/glance/glance/api/middleware/version_negotiation.py:57}}
