Feb 14 19:22:50.970154 dv-cinder-816898-8-iscsi devstack@c-api.service[110134]: DEBUG cinder.volume.api [req-593e3a51-9107-4451-be75-a583922c4d61 req-8e5ebb20-fb77-4ae2-a7c3-aa138ff89a38 tempest-VolumesTestJSON-1775558407 tempest-VolumesTestJSON-1775558407-project] Searching by: MultiDict([('no_migration_targets', True)]). {{(pid=110134) get_all /opt/stack/cinder/cinder/volume/api.py:661}}
Feb 14 19:22:51.054059 dv-cinder-816898-8-iscsi devstack@c-api.service[110134]: INFO cinder.volume.api [req-593e3a51-9107-4451-be75-a583922c4d61 req-8e5ebb20-fb77-4ae2-a7c3-aa138ff89a38 tempest-VolumesTestJSON-1775558407 tempest-VolumesTestJSON-1775558407-project] Get all volumes completed successfully.
Feb 14 19:22:51.055111 dv-cinder-816898-8-iscsi devstack@c-api.service[110134]: /usr/local/lib/python3.8/dist-packages/oslo_context/context.py:105: DeprecationWarning: Policy enforcement is depending on the value of is_admin. This key is deprecated. Please update your policy file to use the standard policy values.
Feb 14 19:22:51.055111 dv-cinder-816898-8-iscsi devstack@c-api.service[110134]: warnings.warn('Policy enforcement is depending on the value of '
Feb 14 19:22:51.069818 dv-cinder-816898-8-iscsi devstack@c-api.service[110134]: INFO cinder.api.openstack.wsgi [req-593e3a51-9107-4451-be75-a583922c4d61 req-8e5ebb20-fb77-4ae2-a7c3-aa138ff89a38 tempest-VolumesTestJSON-1775558407 tempest-VolumesTestJSON-1775558407-project] http://10.222.0.26/volume/v3/858440786f384827a5d09ef657af687d/volumes/detail returned with HTTP 200
Feb 14 19:22:51.088239 dv-cinder-816898-8-iscsi devstack@c-api.service[110134]: [pid: 110134|app: 0|req: 27/53] 10.222.0.26 () {60 vars in 1488 bytes} [Mon Feb 14 19:22:50 2022] GET /volume/v3/858440786f384827a5d09ef657af687d/volumes/detail => generated 2748 bytes in 137 msecs (HTTP/1.1 200) 7 headers in 286 bytes (1 switches on core 0)
Feb 14 19:22:51.130428 dv-cinder-816898-8-iscsi devstack@c-api.service[110134]: INFO cinder.api.openstack.wsgi [req-d94ef977-9f15-49dc-b841-081b03a5caac req-c1ec536c-7ccc-473f-9baf-3a6a4c082fd5 tempest-VolumesTestJSON-1775558407 tempest-VolumesTestJSON-1775558407-project] GET http://10.222.0.26/volume/v3/858440786f384827a5d09ef657af687d/volumes/detail
Feb 14 19:22:51.130902 dv-cinder-816898-8-iscsi devstack@c-api.service[110134]: DEBUG cinder.api.openstack.wsgi [req-d94ef977-9f15-49dc-b841-081b03a5caac req-c1ec536c-7ccc-473f-9baf-3a6a4c082fd5 tempest-VolumesTestJSON-1775558407 tempest-VolumesTestJSON-1775558407-project] Empty body provided in request {{(pid=110134) get_body /opt/stack/cinder/cinder/api/openstack/wsgi.py:715}}
Feb 14 19:22:51.131480 dv-cinder-816898-8-iscsi devstack@c-api.service[110134]: DEBUG cinder.api.openstack.wsgi [req-d94ef977-9f15-49dc-b841-081b03a5caac req-c1ec536c-7ccc-473f-9baf-3a6a4c082fd5 tempest-VolumesTestJSON-1775558407 tempest-VolumesTestJSON-1775558407-project] Calling method 'detail' {{(pid=110134) _process_stack /opt/stack/cinder/cinder/api/openstack/wsgi.py:868}}
Feb 14 19:22:51.132156 dv-cinder-816898-8-iscsi devstack@c-api.service[110134]: DEBUG cinder.api.api_utils [req-d94ef977-9f15-49dc-b841-081b03a5caac req-c1ec536c-7ccc-473f-9baf-3a6a4c082fd5 tempest-VolumesTestJSON-1775558407 tempest-VolumesTestJSON-1775558407-project] Removing options '' from query. {{(pid=110134) remove_invalid_filter_options /opt/stack/cinder/cinder/api/api_utils.py:73}}
Feb 14 19:22:51.134053 dv-cinder-816898-8-iscsi devstack@c-api.service[110134]: DEBUG cinder.volume.api [req-d94ef977-9f15-49dc-b841-081b03a5caac req-c1ec536c-7ccc-473f-9baf-3a6a4c082fd5 tempest-VolumesTestJSON-1775558407 tempest-VolumesTestJSON-1775558407-project] Searching by: MultiDict([('no_migration_targets', True)]). {{(pid=110134) get_all /opt/stack/cinder/cinder/volume/api.py:661}}
Feb 14 19:22:51.180446 dv-cinder-816898-8-iscsi devstack@c-api.service[110133]: INFO cinder.api.openstack.wsgi [None req-f67be73d-4c0b-483e-8d79-c2f946c7e72f tempest-GroupSnapshotsTest-1756083424 tempest-GroupSnapshotsTest-1756083424-project-admin] POST http://10.222.0.26/volume/v3/8032ed7350de4418a2ca2eb86b9be2ad/types
Feb 14 19:22:51.181311 dv-cinder-816898-8-iscsi devstack@c-api.service[110133]: DEBUG cinder.api.openstack.wsgi [None req-f67be73d-4c0b-483e-8d79-c2f946c7e72f tempest-GroupSnapshotsTest-1756083424 tempest-GroupSnapshotsTest-1756083424-project-admin] Action: 'create', calling method: _create, body: {"volume_type": {"name": "tempest-GroupSnapshotsTest-volume-type-1335733498"}} {{(pid=110133) _process_stack /opt/stack/cinder/cinder/api/openstack/wsgi.py:866}}
Feb 14 19:22:51.211179 dv-cinder-816898-8-iscsi devstack@c-api.service[110134]: INFO cinder.volume.api [req-d94ef977-9f15-49dc-b841-081b03a5caac req-c1ec536c-7ccc-473f-9baf-3a6a4c082fd5 tempest-VolumesTestJSON-1775558407 tempest-VolumesTestJSON-1775558407-project] Get all volumes completed successfully.
Feb 14 19:22:51.213547 dv-cinder-816898-8-iscsi devstack@c-api.service[110134]: /usr/local/lib/python3.8/dist-packages/oslo_context/context.py:105: DeprecationWarning: Policy enforcement is depending on the value of is_admin. This key is deprecated. Please update your policy file to use the standard policy values.
Feb 14 19:22:51.213547 dv-cinder-816898-8-iscsi devstack@c-api.service[110134]: warnings.warn('Policy enforcement is depending on the value of '
Feb 14 19:22:51.224411 dv-cinder-816898-8-iscsi devstack@c-api.service[110134]: INFO cinder.api.openstack.wsgi [req-d94ef977-9f15-49dc-b841-081b03a5caac req-c1ec536c-7ccc-473f-9baf-3a6a4c082fd5 tempest-VolumesTestJSON-1775558407 tempest-VolumesTestJSON-1775558407-project] http://10.222.0.26/volume/v3/858440786f384827a5d09ef657af687d/volumes/detail returned with HTTP 200
Feb 14 19:22:51.231571 dv-cinder-816898-8-iscsi devstack@c-api.service[110134]: [pid: 110134|app: 0|req: 28/54] 10.222.0.26 () {60 vars in 1488 bytes} [Mon Feb 14 19:22:51 2022] GET /volume/v3/858440786f384827a5d09ef657af687d/volumes/detail => generated 2748 bytes in 106 msecs (HTTP/1.1 200) 7 headers in 286 bytes (1 switches on core 0)
Feb 14 19:22:51.254931 dv-cinder-816898-8-iscsi devstack@c-api.service[110134]: INFO cinder.api.openstack.wsgi [None req-b5cad3dc-d57d-40d1-8c05-21748e61f5eb tempest-VolumeRetypeWithoutMigrationTest-1484426582 tempest-VolumeRetypeWithoutMigrationTest-1484426582-project] GET http://10.222.0.26/volume/v3/a9ca95c995eb4b668f551fe69df77bff/volumes/ea28261e-f081-46a1-80f2-72c82a4c52c8
Feb 14 19:22:51.255401 dv-cinder-816898-8-iscsi devstack@c-api.service[110134]: DEBUG cinder.api.openstack.wsgi [None req-b5cad3dc-d57d-40d1-8c05-21748e61f5eb tempest-VolumeRetypeWithoutMigrationTest-1484426582 tempest-VolumeRetypeWithoutMigrationTest-1484426582-project] Empty body provided in request {{(pid=110134) get_body /opt/stack/cinder/cinder/api/openstack/wsgi.py:715}}
Feb 14 19:22:51.255865 dv-cinder-816898-8-iscsi devstack@c-api.service[110134]: DEBUG cinder.api.openstack.wsgi [None req-b5cad3dc-d57d-40d1-8c05-21748e61f5eb tempest-VolumeRetypeWithoutMigrationTest-1484426582 tempest-VolumeRetypeWithoutMigrationTest-1484426582-project] Calling method 'show' {{(pid=110134) _process_stack /opt/stack/cinder/cinder/api/openstack/wsgi.py:868}}
Feb 14 19:22:51.270508 dv-cinder-816898-8-iscsi devstack@c-api.service[110134]: INFO cinder.api.openstack.wsgi [None req-b5cad3dc-d57d-40d1-8c05-21748e61f5eb tempest-VolumeRetypeWithoutMigrationTest-1484426582 tempest-VolumeRetypeWithoutMigrationTest-1484426582-project] http://10.222.0.26/volume/v3/a9ca95c995eb4b668f551fe69df77bff/volumes/ea28261e-f081-46a1-80f2-72c82a4c52c8 returned with HTTP 404
Feb 14 19:22:51.271995 dv-cinder-816898-8-iscsi devstack@c-api.service[110134]: [pid: 110134|app: 0|req: 29/55] 10.222.0.26 () {58 vars in 1324 bytes} [Mon Feb 14 19:22:51 2022] GET /volume/v3/a9ca95c995eb4b668f551fe69df77bff/volumes/ea28261e-f081-46a1-80f2-72c82a4c52c8 => generated 109 bytes in 40 msecs (HTTP/1.1 404) 7 headers in 292 bytes (1 switches on core 0)
Feb 14 19:22:51.282825 dv-cinder-816898-8-iscsi devstack@c-api.service[110134]: INFO cinder.api.openstack.wsgi [req-e3824dc3-84f2-4f43-92f8-4adb52996530 req-6d12853a-6056-4d91-b0fe-b12cbb05b7e4 tempest-VolumesTestJSON-1775558407 tempest-VolumesTestJSON-1775558407-project] GET http://10.222.0.26/volume/v3/858440786f384827a5d09ef657af687d/volumes/detail
Feb 14 19:22:51.283387 dv-cinder-816898-8-iscsi devstack@c-api.service[110134]: DEBUG cinder.api.openstack.wsgi [req-e3824dc3-84f2-4f43-92f8-4adb52996530 req-6d12853a-6056-4d91-b0fe-b12cbb05b7e4 tempest-VolumesTestJSON-1775558407 tempest-VolumesTestJSON-1775558407-project] Empty body provided in request {{(pid=110134) get_body /opt/stack/cinder/cinder/api/openstack/wsgi.py:715}}
Feb 14 19:22:51.284884 dv-cinder-816898-8-iscsi devstack@c-api.service[110134]: DEBUG cinder.api.openstack.wsgi [req-e3824dc3-84f2-4f43-92f8-4adb52996530 req-6d12853a-6056-4d91-b0fe-b12cbb05b7e4 tempest-VolumesTestJSON-1775558407 tempest-VolumesTestJSON-1775558407-project] Calling method 'detail' {{(pid=110134) _process_stack /opt/stack/cinder/cinder/api/openstack/wsgi.py:868}}
Feb 14 19:22:51.285681 dv-cinder-816898-8-iscsi devstack@c-api.service[110134]: DEBUG cinder.api.api_utils [req-e3824dc3-84f2-4f43-92f8-4adb52996530 req-6d12853a-6056-4d91-b0fe-b12cbb05b7e4 tempest-VolumesTestJSON-1775558407 tempest-VolumesTestJSON-1775558407-project] Removing options '' from query. {{(pid=110134) remove_invalid_filter_options /opt/stack/cinder/cinder/api/api_utils.py:73}}
Feb 14 19:22:51.287621 dv-cinder-816898-8-iscsi devstack@c-api.service[110134]: DEBUG cinder.volume.api [req-e3824dc3-84f2-4f43-92f8-4adb52996530 req-6d12853a-6056-4d91-b0fe-b12cbb05b7e4 tempest-VolumesTestJSON-1775558407 tempest-VolumesTestJSON-1775558407-project] Searching by: MultiDict([('no_migration_targets', True)]). {{(pid=110134) get_all /opt/stack/cinder/cinder/volume/api.py:661}}
Feb 14 19:22:51.320364 dv-cinder-816898-8-iscsi devstack@c-api.service[110133]: INFO cinder.api.openstack.wsgi [None req-f67be73d-4c0b-483e-8d79-c2f946c7e72f tempest-GroupSnapshotsTest-1756083424 tempest-GroupSnapshotsTest-1756083424-project-admin] http://10.222.0.26/volume/v3/8032ed7350de4418a2ca2eb86b9be2ad/types returned with HTTP 200
Feb 14 19:22:51.320364 dv-cinder-816898-8-iscsi devstack@c-api.service[110133]: [pid: 110133|app: 0|req: 27/56] 10.222.0.26 () {60 vars in 1228 bytes} [Mon Feb 14 19:22:50 2022] POST /volume/v3/8032ed7350de4418a2ca2eb86b9be2ad/types => generated 224 bytes in 399 msecs (HTTP/1.1 200) 7 headers in 285 bytes (2 switches on core 0)
Feb 14 19:22:51.322224 dv-cinder-816898-8-iscsi devstack@c-api.service[110133]: INFO cinder.api.openstack.wsgi [None req-e8a22197-2099-4f88-9b7f-379d34cba134 tempest-VolumeRetypeWithoutMigrationTest-351556887 tempest-VolumeRetypeWithoutMigrationTest-351556887-project-admin] DELETE http://10.222.0.26/volume/v3/9c91f6dc7403403ca645e92354d41f11/types/95694671-6183-4fd1-bac7-599bea03cf35
Feb 14 19:22:51.322726 dv-cinder-816898-8-iscsi devstack@c-api.service[110133]: DEBUG cinder.api.openstack.wsgi [None req-e8a22197-2099-4f88-9b7f-379d34cba134 tempest-VolumeRetypeWithoutMigrationTest-351556887 tempest-VolumeRetypeWithoutMigrationTest-351556887-project-admin] Empty body provided in request {{(pid=110133) get_body /opt/stack/cinder/cinder/api/openstack/wsgi.py:715}}
Feb 14 19:22:51.324120 dv-cinder-816898-8-iscsi devstack@c-api.service[110133]: DEBUG cinder.api.openstack.wsgi [None req-e8a22197-2099-4f88-9b7f-379d34cba134 tempest-VolumeRetypeWithoutMigrationTest-351556887 tempest-VolumeRetypeWithoutMigrationTest-351556887-project-admin] Calling method '_delete' {{(pid=110133) _process_stack /opt/stack/cinder/cinder/api/openstack/wsgi.py:868}}
Feb 14 19:22:51.396046 dv-cinder-816898-8-iscsi devstack@c-api.service[110134]: INFO cinder.volume.api [req-e3824dc3-84f2-4f43-92f8-4adb52996530 req-6d12853a-6056-4d91-b0fe-b12cbb05b7e4 tempest-VolumesTestJSON-1775558407 tempest-VolumesTestJSON-1775558407-project] Get all volumes completed successfully.
Feb 14 19:22:51.405218 dv-cinder-816898-8-iscsi devstack@c-api.service[110134]: /usr/local/lib/python3.8/dist-packages/oslo_context/context.py:105: DeprecationWarning: Policy enforcement is depending on the value of is_admin. This key is deprecated. Please update your policy file to use the standard policy values.
Feb 14 19:22:51.405218 dv-cinder-816898-8-iscsi devstack@c-api.service[110134]: warnings.warn('Policy enforcement is depending on the value of '
Feb 14 19:22:51.427558 dv-cinder-816898-8-iscsi devstack@c-api.service[110134]: INFO cinder.api.openstack.wsgi [req-e3824dc3-84f2-4f43-92f8-4adb52996530 req-6d12853a-6056-4d91-b0fe-b12cbb05b7e4 tempest-VolumesTestJSON-1775558407 tempest-VolumesTestJSON-1775558407-project] http://10.222.0.26/volume/v3/858440786f384827a5d09ef657af687d/volumes/detail returned with HTTP 200
Feb 14 19:22:51.429264 dv-cinder-816898-8-iscsi devstack@c-api.service[110134]: [pid: 110134|app: 0|req: 30/57] 10.222.0.26 () {60 vars in 1488 bytes} [Mon Feb 14 19:22:51 2022] GET /volume/v3/858440786f384827a5d09ef657af687d/volumes/detail => generated 2748 bytes in 156 msecs (HTTP/1.1 200) 7 headers in 286 bytes (1 switches on core 0)
Feb 14 19:22:51.455885 dv-cinder-816898-8-iscsi devstack@c-api.service[110134]: INFO cinder.api.openstack.wsgi [None req-427ca1fb-b73f-4013-932f-96a772d42241 tempest-GroupSnapshotsTest-1756083424 tempest-GroupSnapshotsTest-1756083424-project-admin] POST http://10.222.0.26/volume/v3/8032ed7350de4418a2ca2eb86b9be2ad/group_types
Feb 14 19:22:51.463366 dv-cinder-816898-8-iscsi devstack@c-api.service[110134]: DEBUG cinder.api.openstack.wsgi [None req-427ca1fb-b73f-4013-932f-96a772d42241 tempest-GroupSnapshotsTest-1756083424 tempest-GroupSnapshotsTest-1756083424-project-admin] Action: 'create', calling method: version_select, body: {"group_type": {"name": "tempest-GroupSnapshotsTest-group-type-1275343107"}} {{(pid=110134) _process_stack /opt/stack/cinder/cinder/api/openstack/wsgi.py:866}}
Feb 14 19:22:51.582209 dv-cinder-816898-8-iscsi devstack@c-api.service[110133]: INFO cinder.api.openstack.wsgi [None req-e8a22197-2099-4f88-9b7f-379d34cba134 tempest-VolumeRetypeWithoutMigrationTest-351556887 tempest-VolumeRetypeWithoutMigrationTest-351556887-project-admin] http://10.222.0.26/volume/v3/9c91f6dc7403403ca645e92354d41f11/types/95694671-6183-4fd1-bac7-599bea03cf35 returned with HTTP 202
Feb 14 19:22:51.583446 dv-cinder-816898-8-iscsi devstack@c-api.service[110133]: [pid: 110133|app: 0|req: 28/58] 10.222.0.26 () {58 vars in 1321 bytes} [Mon Feb 14 19:22:51 2022] DELETE /volume/v3/9c91f6dc7403403ca645e92354d41f11/types/95694671-6183-4fd1-bac7-599bea03cf35 => generated 0 bytes in 269 msecs (HTTP/1.1 202) 6 headers in 233 bytes (1 switches on core 0)
Feb 14 19:22:51.593705 dv-cinder-816898-8-iscsi devstack@c-api.service[110133]: INFO cinder.api.openstack.wsgi [req-8da44b50-17fb-4aa3-95da-416c6306d837 req-7a86d412-a84c-49fc-bf0c-c3c038a8c2cd tempest-VolumesTestJSON-1775558407 tempest-VolumesTestJSON-1775558407-project] GET http://10.222.0.26/volume/v3/858440786f384827a5d09ef657af687d/volumes/detail
Feb 14 19:22:51.594451 dv-cinder-816898-8-iscsi devstack@c-api.service[110133]: DEBUG cinder.api.openstack.wsgi [req-8da44b50-17fb-4aa3-95da-416c6306d837 req-7a86d412-a84c-49fc-bf0c-c3c038a8c2cd tempest-VolumesTestJSON-1775558407 tempest-VolumesTestJSON-1775558407-project] Empty body provided in request {{(pid=110133) get_body /opt/stack/cinder/cinder/api/openstack/wsgi.py:715}}
Feb 14 19:22:51.595073 dv-cinder-816898-8-iscsi devstack@c-api.service[110133]: DEBUG cinder.api.openstack.wsgi [req-8da44b50-17fb-4aa3-95da-416c6306d837 req-7a86d412-a84c-49fc-bf0c-c3c038a8c2cd tempest-VolumesTestJSON-1775558407 tempest-VolumesTestJSON-1775558407-project] Calling method 'detail' {{(pid=110133) _process_stack /opt/stack/cinder/cinder/api/openstack/wsgi.py:868}}
Feb 14 19:22:51.595804 dv-cinder-816898-8-iscsi devstack@c-api.service[110133]: DEBUG cinder.api.api_utils [req-8da44b50-17fb-4aa3-95da-416c6306d837 req-7a86d412-a84c-49fc-bf0c-c3c038a8c2cd tempest-VolumesTestJSON-1775558407 tempest-VolumesTestJSON-1775558407-project] Removing options '' from query. {{(pid=110133) remove_invalid_filter_options /opt/stack/cinder/cinder/api/api_utils.py:73}}
Feb 14 19:22:51.597890 dv-cinder-816898-8-iscsi devstack@c-api.service[110133]: DEBUG cinder.volume.api [req-8da44b50-17fb-4aa3-95da-416c6306d837 req-7a86d412-a84c-49fc-bf0c-c3c038a8c2cd tempest-VolumesTestJSON-1775558407 tempest-VolumesTestJSON-1775558407-project] Searching by: MultiDict([('no_migration_targets', True)]). {{(pid=110133) get_all /opt/stack/cinder/cinder/volume/api.py:661}}
Feb 14 19:22:51.662143 dv-cinder-816898-8-iscsi devstack@c-api.service[110134]: INFO cinder.api.openstack.wsgi [None req-427ca1fb-b73f-4013-932f-96a772d42241 tempest-GroupSnapshotsTest-1756083424 tempest-GroupSnapshotsTest-1756083424-project-admin] http://10.222.0.26/volume/v3/8032ed7350de4418a2ca2eb86b9be2ad/group_types returned with HTTP 202
Feb 14 19:22:51.663086 dv-cinder-816898-8-iscsi devstack@c-api.service[110134]: [pid: 110134|app: 0|req: 31/59] 10.222.0.26 () {62 vars in 1287 bytes} [Mon Feb 14 19:22:51 2022] POST /volume/v3/8032ed7350de4418a2ca2eb86b9be2ad/group_types => generated 181 bytes in 229 msecs (HTTP/1.1 202) 7 headers in 292 bytes (1 switches on core 0)
Feb 14 19:22:51.668944 dv-cinder-816898-8-iscsi devstack@c-api.service[110133]: INFO cinder.volume.api [req-8da44b50-17fb-4aa3-95da-416c6306d837 req-7a86d412-a84c-49fc-bf0c-c3c038a8c2cd tempest-VolumesTestJSON-1775558407 tempest-VolumesTestJSON-1775558407-project] Get all volumes completed successfully.
Feb 14 19:22:51.672416 dv-cinder-816898-8-iscsi devstack@c-api.service[110133]: /usr/local/lib/python3.8/dist-packages/oslo_context/context.py:105: DeprecationWarning: Policy enforcement is depending on the value of is_admin. This key is deprecated. Please update your policy file to use the standard policy values.
Feb 14 19:22:51.672416 dv-cinder-816898-8-iscsi devstack@c-api.service[110133]: warnings.warn('Policy enforcement is depending on the value of '
Feb 14 19:22:51.680356 dv-cinder-816898-8-iscsi devstack@c-api.service[110134]: INFO cinder.api.openstack.wsgi [None req-14a341ca-0c6a-4d38-95d3-39b54890cd3c tempest-VolumeRetypeWithoutMigrationTest-351556887 tempest-VolumeRetypeWithoutMigrationTest-351556887-project-admin] GET http://10.222.0.26/volume/v3/9c91f6dc7403403ca645e92354d41f11/types/95694671-6183-4fd1-bac7-599bea03cf35
Feb 14 19:22:51.682687 dv-cinder-816898-8-iscsi devstack@c-api.service[110134]: DEBUG cinder.api.openstack.wsgi [None req-14a341ca-0c6a-4d38-95d3-39b54890cd3c tempest-VolumeRetypeWithoutMigrationTest-351556887 tempest-VolumeRetypeWithoutMigrationTest-351556887-project-admin] Empty body provided in request {{(pid=110134) get_body /opt/stack/cinder/cinder/api/openstack/wsgi.py:715}}
Feb 14 19:22:51.691076 dv-cinder-816898-8-iscsi devstack@c-api.service[110134]: DEBUG cinder.api.openstack.wsgi [None req-14a341ca-0c6a-4d38-95d3-39b54890cd3c tempest-VolumeRetypeWithoutMigrationTest-351556887 tempest-VolumeRetypeWithoutMigrationTest-351556887-project-admin] Calling method 'show' {{(pid=110134) _process_stack /opt/stack/cinder/cinder/api/openstack/wsgi.py:868}}
Feb 14 19:22:51.694808 dv-cinder-816898-8-iscsi devstack@c-api.service[110133]: INFO cinder.api.openstack.wsgi [req-8da44b50-17fb-4aa3-95da-416c6306d837 req-7a86d412-a84c-49fc-bf0c-c3c038a8c2cd tempest-VolumesTestJSON-1775558407 tempest-VolumesTestJSON-1775558407-project] http://10.222.0.26/volume/v3/858440786f384827a5d09ef657af687d/volumes/detail returned with HTTP 200
Feb 14 19:22:51.694808 dv-cinder-816898-8-iscsi devstack@c-api.service[110133]: [pid: 110133|app: 0|req: 29/60] 10.222.0.26 () {60 vars in 1488 bytes} [Mon Feb 14 19:22:51 2022] GET /volume/v3/858440786f384827a5d09ef657af687d/volumes/detail => generated 2748 bytes in 108 msecs (HTTP/1.1 200) 7 headers in 286 bytes (1 switches on core 0)
Feb 14 19:22:51.703897 dv-cinder-816898-8-iscsi devstack@c-api.service[110134]: INFO cinder.api.openstack.wsgi [None req-14a341ca-0c6a-4d38-95d3-39b54890cd3c tempest-VolumeRetypeWithoutMigrationTest-351556887 tempest-VolumeRetypeWithoutMigrationTest-351556887-project-admin] http://10.222.0.26/volume/v3/9c91f6dc7403403ca645e92354d41f11/types/95694671-6183-4fd1-bac7-599bea03cf35 returned with HTTP 404
Feb 14 19:22:51.705181 dv-cinder-816898-8-iscsi devstack@c-api.service[110134]: [pid: 110134|app: 0|req: 32/61] 10.222.0.26 () {58 vars in 1318 bytes} [Mon Feb 14 19:22:51 2022] GET /volume/v3/9c91f6dc7403403ca645e92354d41f11/types/95694671-6183-4fd1-bac7-599bea03cf35 => generated 114 bytes in 37 msecs (HTTP/1.1 404) 7 headers in 292 bytes (1 switches on core 0)
Feb 14 19:22:51.714940 dv-cinder-816898-8-iscsi devstack@c-api.service[110134]: INFO cinder.api.openstack.wsgi [None req-0d2905ee-7172-4cef-a67b-f8e56a3a99c3 tempest-VolumeRetypeWithoutMigrationTest-351556887 tempest-VolumeRetypeWithoutMigrationTest-351556887-project-admin] DELETE http://10.222.0.26/volume/v3/9c91f6dc7403403ca645e92354d41f11/types/0820f2a0-6416-486e-aca4-ac09f7018139
Feb 14 19:22:51.715663 dv-cinder-816898-8-iscsi devstack@c-api.service[110134]: DEBUG cinder.api.openstack.wsgi [None req-0d2905ee-7172-4cef-a67b-f8e56a3a99c3 tempest-VolumeRetypeWithoutMigrationTest-351556887 tempest-VolumeRetypeWithoutMigrationTest-351556887-project-admin] Empty body provided in request {{(pid=110134) get_body /opt/stack/cinder/cinder/api/openstack/wsgi.py:715}}
Feb 14 19:22:51.719179 dv-cinder-816898-8-iscsi devstack@c-api.service[110134]: DEBUG cinder.api.openstack.wsgi [None req-0d2905ee-7172-4cef-a67b-f8e56a3a99c3 tempest-VolumeRetypeWithoutMigrationTest-351556887 tempest-VolumeRetypeWithoutMigrationTest-351556887-project-admin] Calling method '_delete' {{(pid=110134) _process_stack /opt/stack/cinder/cinder/api/openstack/wsgi.py:868}}
Feb 14 19:22:51.841416 dv-cinder-816898-8-iscsi devstack@c-api.service[110133]: INFO cinder.api.openstack.wsgi [None req-848a4145-da90-4356-97b5-3b231e9eb37f tempest-GroupSnapshotsTest-1312702192 tempest-GroupSnapshotsTest-1312702192-project] POST http://10.222.0.26/volume/v3/93eb972ed1144f65a25560301b9b30f7/groups
Feb 14 19:22:51.842666 dv-cinder-816898-8-iscsi devstack@c-api.service[110133]: DEBUG cinder.api.openstack.wsgi [None req-848a4145-da90-4356-97b5-3b231e9eb37f tempest-GroupSnapshotsTest-1312702192 tempest-GroupSnapshotsTest-1312702192-project] Action: 'create', calling method: version_select, body: {"group": {"group_type": "22626672-5867-4e29-9640-da076a7485f8", "volume_types": ["2024f5dd-2403-4b77-b613-47b92f48e017"], "name": "tempest-GroupSnapshotsTest-Group-1603635624"}} {{(pid=110133) _process_stack /opt/stack/cinder/cinder/api/openstack/wsgi.py:866}}
Feb 14 19:22:51.844040 dv-cinder-816898-8-iscsi devstack@c-api.service[110133]: DEBUG cinder.api.v3.groups [None req-848a4145-da90-4356-97b5-3b231e9eb37f tempest-GroupSnapshotsTest-1312702192 tempest-GroupSnapshotsTest-1312702192-project] Creating new group {'group': {'group_type': '22626672-5867-4e29-9640-da076a7485f8', 'volume_types': ['2024f5dd-2403-4b77-b613-47b92f48e017'], 'name': 'tempest-GroupSnapshotsTest-Group-1603635624'}} {{(pid=110133) create /opt/stack/cinder/cinder/api/v3/groups.py:190}}
Feb 14 19:22:51.899168 dv-cinder-816898-8-iscsi devstack@c-api.service[110133]: INFO cinder.api.v3.groups [None req-848a4145-da90-4356-97b5-3b231e9eb37f tempest-GroupSnapshotsTest-1312702192 tempest-GroupSnapshotsTest-1312702192-project] Creating group tempest-GroupSnapshotsTest-Group-1603635624.
Feb 14 19:22:51.975897 dv-cinder-816898-8-iscsi devstack@c-api.service[110133]: DEBUG cinder.volume.api [None req-848a4145-da90-4356-97b5-3b231e9eb37f tempest-GroupSnapshotsTest-1312702192 tempest-GroupSnapshotsTest-1312702192-project] Availability zone cache updated, next update will occur around 2022-02-14 20:22:51.974992. {{(pid=110133) list_availability_zones /opt/stack/cinder/cinder/volume/api.py:151}}
Feb 14 19:22:51.977106 dv-cinder-816898-8-iscsi devstack@c-api.service[110133]: INFO cinder.volume.api [None req-848a4145-da90-4356-97b5-3b231e9eb37f tempest-GroupSnapshotsTest-1312702192 tempest-GroupSnapshotsTest-1312702192-project] Availability Zones retrieved successfully.
Feb 14 19:22:52.034316 dv-cinder-816898-8-iscsi devstack@c-api.service[110134]: INFO cinder.api.openstack.wsgi [None req-0d2905ee-7172-4cef-a67b-f8e56a3a99c3 tempest-VolumeRetypeWithoutMigrationTest-351556887 tempest-VolumeRetypeWithoutMigrationTest-351556887-project-admin] http://10.222.0.26/volume/v3/9c91f6dc7403403ca645e92354d41f11/types/0820f2a0-6416-486e-aca4-ac09f7018139 returned with HTTP 202
Feb 14 19:22:52.039180 dv-cinder-816898-8-iscsi devstack@c-api.service[110134]: [pid: 110134|app: 0|req: 33/62] 10.222.0.26 () {58 vars in 1321 bytes} [Mon Feb 14 19:22:51 2022] DELETE /volume/v3/9c91f6dc7403403ca645e92354d41f11/types/0820f2a0-6416-486e-aca4-ac09f7018139 => generated 0 bytes in 329 msecs (HTTP/1.1 202) 6 headers in 233 bytes (2 switches on core 0)
Feb 14 19:22:52.046811 dv-cinder-816898-8-iscsi devstack@c-api.service[110134]: INFO cinder.api.openstack.wsgi [req-fc9804ac-de35-4029-952b-a9684abc707a req-f470da66-959f-47d1-b51e-92fc6bba1052 tempest-VolumesSnapshotsTestJSON-1178933610 tempest-VolumesSnapshotsTestJSON-1178933610-project] GET http://10.222.0.26/volume/v3/86e0a058bb874960910cae164b241236/snapshots/153b1728-de91-4569-9003-c8c59c0bf721
Feb 14 19:22:52.047367 dv-cinder-816898-8-iscsi devstack@c-api.service[110134]: DEBUG cinder.api.openstack.wsgi [req-fc9804ac-de35-4029-952b-a9684abc707a req-f470da66-959f-47d1-b51e-92fc6bba1052 tempest-VolumesSnapshotsTestJSON-1178933610 tempest-VolumesSnapshotsTestJSON-1178933610-project] Empty body provided in request {{(pid=110134) get_body /opt/stack/cinder/cinder/api/openstack/wsgi.py:715}}
Feb 14 19:22:52.048519 dv-cinder-816898-8-iscsi devstack@c-api.service[110134]: DEBUG cinder.api.openstack.wsgi [req-fc9804ac-de35-4029-952b-a9684abc707a req-f470da66-959f-47d1-b51e-92fc6bba1052 tempest-VolumesSnapshotsTestJSON-1178933610 tempest-VolumesSnapshotsTestJSON-1178933610-project] Calling method 'show' {{(pid=110134) _process_stack /opt/stack/cinder/cinder/api/openstack/wsgi.py:868}}
Feb 14 19:22:52.098650 dv-cinder-816898-8-iscsi devstack@c-api.service[110134]: INFO cinder.api.openstack.wsgi [req-fc9804ac-de35-4029-952b-a9684abc707a req-f470da66-959f-47d1-b51e-92fc6bba1052 tempest-VolumesSnapshotsTestJSON-1178933610 tempest-VolumesSnapshotsTestJSON-1178933610-project] http://10.222.0.26/volume/v3/86e0a058bb874960910cae164b241236/snapshots/153b1728-de91-4569-9003-c8c59c0bf721 returned with HTTP 404
Feb 14 19:22:52.099744 dv-cinder-816898-8-iscsi devstack@c-api.service[110134]: [pid: 110134|app: 0|req: 34/63] 10.222.0.26 () {60 vars in 1584 bytes} [Mon Feb 14 19:22:52 2022] GET /volume/v3/86e0a058bb874960910cae164b241236/snapshots/153b1728-de91-4569-9003-c8c59c0bf721 => generated 111 bytes in 61 msecs (HTTP/1.1 404) 7 headers in 292 bytes (1 switches on core 0)
Feb 14 19:22:52.121378 dv-cinder-816898-8-iscsi devstack@c-api.service[110134]: INFO cinder.api.openstack.wsgi [req-1b4f3aad-94a0-463a-8623-07c1b9c58acb req-72e64d58-6e25-4103-aa08-22699480e7a4 tempest-VolumesTestJSON-1775558407 tempest-VolumesTestJSON-1775558407-project] GET http://10.222.0.26/volume/v3/858440786f384827a5d09ef657af687d/volumes/detail
Feb 14 19:22:52.121378 dv-cinder-816898-8-iscsi devstack@c-api.service[110134]: DEBUG cinder.api.openstack.wsgi [req-1b4f3aad-94a0-463a-8623-07c1b9c58acb req-72e64d58-6e25-4103-aa08-22699480e7a4 tempest-VolumesTestJSON-1775558407 tempest-VolumesTestJSON-1775558407-project] Empty body provided in request {{(pid=110134) get_body /opt/stack/cinder/cinder/api/openstack/wsgi.py:715}}
Feb 14 19:22:52.122224 dv-cinder-816898-8-iscsi devstack@c-api.service[110134]: DEBUG cinder.api.openstack.wsgi [req-1b4f3aad-94a0-463a-8623-07c1b9c58acb req-72e64d58-6e25-4103-aa08-22699480e7a4 tempest-VolumesTestJSON-1775558407 tempest-VolumesTestJSON-1775558407-project] Calling method 'detail' {{(pid=110134) _process_stack /opt/stack/cinder/cinder/api/openstack/wsgi.py:868}}
Feb 14 19:22:52.123075 dv-cinder-816898-8-iscsi devstack@c-api.service[110134]: DEBUG cinder.api.api_utils [req-1b4f3aad-94a0-463a-8623-07c1b9c58acb req-72e64d58-6e25-4103-aa08-22699480e7a4 tempest-VolumesTestJSON-1775558407 tempest-VolumesTestJSON-1775558407-project] Removing options '' from query. {{(pid=110134) remove_invalid_filter_options /opt/stack/cinder/cinder/api/api_utils.py:73}}
Feb 14 19:22:52.131176 dv-cinder-816898-8-iscsi devstack@c-api.service[110134]: DEBUG cinder.volume.api [req-1b4f3aad-94a0-463a-8623-07c1b9c58acb req-72e64d58-6e25-4103-aa08-22699480e7a4 tempest-VolumesTestJSON-1775558407 tempest-VolumesTestJSON-1775558407-project] Searching by: MultiDict([('no_migration_targets', True)]). {{(pid=110134) get_all /opt/stack/cinder/cinder/volume/api.py:661}}
Feb 14 19:22:52.198176 dv-cinder-816898-8-iscsi devstack@c-api.service[110133]: DEBUG cinder.quota [None req-848a4145-da90-4356-97b5-3b231e9eb37f tempest-GroupSnapshotsTest-1312702192 tempest-GroupSnapshotsTest-1312702192-project] Created reservations ['5481b592-abe8-48d7-b514-f5ddb04ba94b'] {{(pid=110133) reserve /opt/stack/cinder/cinder/quota.py:755}}
Feb 14 19:22:52.262017 dv-cinder-816898-8-iscsi devstack@c-api.service[110134]: INFO cinder.volume.api [req-1b4f3aad-94a0-463a-8623-07c1b9c58acb req-72e64d58-6e25-4103-aa08-22699480e7a4 tempest-VolumesTestJSON-1775558407 tempest-VolumesTestJSON-1775558407-project] Get all volumes completed successfully.
Feb 14 19:22:52.268340 dv-cinder-816898-8-iscsi devstack@c-api.service[110134]: /usr/local/lib/python3.8/dist-packages/oslo_context/context.py:105: DeprecationWarning: Policy enforcement is depending on the value of is_admin. This key is deprecated. Please update your policy file to use the standard policy values.
Feb 14 19:22:52.268340 dv-cinder-816898-8-iscsi devstack@c-api.service[110134]: warnings.warn('Policy enforcement is depending on the value of '
Feb 14 19:22:52.293531 dv-cinder-816898-8-iscsi devstack@c-api.service[110134]: INFO cinder.api.openstack.wsgi [req-1b4f3aad-94a0-463a-8623-07c1b9c58acb req-72e64d58-6e25-4103-aa08-22699480e7a4 tempest-VolumesTestJSON-1775558407 tempest-VolumesTestJSON-1775558407-project] http://10.222.0.26/volume/v3/858440786f384827a5d09ef657af687d/volumes/detail returned with HTTP 200
Feb 14 19:22:52.366145 dv-cinder-816898-8-iscsi devstack@c-api.service[110134]: [pid: 110134|app: 0|req: 35/64] 10.222.0.26 () {60 vars in 1488 bytes} [Mon Feb 14 19:22:52 2022] GET /volume/v3/858440786f384827a5d09ef657af687d/volumes/detail => generated 2748 bytes in 199 msecs (HTTP/1.1 200) 7 headers in 286 bytes (1 switches on core 0)
Feb 14 19:22:52.366145 dv-cinder-816898-8-iscsi devstack@c-api.service[110134]: INFO cinder.api.openstack.wsgi [None req-82e4f03f-e720-44bb-b3d9-09b39904ef68 tempest-VolumeRetypeWithoutMigrationTest-351556887 tempest-VolumeRetypeWithoutMigrationTest-351556887-project-admin] GET http://10.222.0.26/volume/v3/9c91f6dc7403403ca645e92354d41f11/types/0820f2a0-6416-486e-aca4-ac09f7018139
Feb 14 19:22:52.366145 dv-cinder-816898-8-iscsi devstack@c-api.service[110134]: DEBUG cinder.api.openstack.wsgi [None req-82e4f03f-e720-44bb-b3d9-09b39904ef68 tempest-VolumeRetypeWithoutMigrationTest-351556887 tempest-VolumeRetypeWithoutMigrationTest-351556887-project-admin] Empty body provided in request {{(pid=110134) get_body /opt/stack/cinder/cinder/api/openstack/wsgi.py:715}}
Feb 14 19:22:52.366145 dv-cinder-816898-8-iscsi devstack@c-api.service[110134]: DEBUG cinder.api.openstack.wsgi [None req-82e4f03f-e720-44bb-b3d9-09b39904ef68 tempest-VolumeRetypeWithoutMigrationTest-351556887 tempest-VolumeRetypeWithoutMigrationTest-351556887-project-admin] Calling method 'show' {{(pid=110134) _process_stack /opt/stack/cinder/cinder/api/openstack/wsgi.py:868}}
Feb 14 19:22:52.366145 dv-cinder-816898-8-iscsi devstack@c-api.service[110134]: INFO cinder.api.openstack.wsgi [None req-82e4f03f-e720-44bb-b3d9-09b39904ef68 tempest-VolumeRetypeWithoutMigrationTest-351556887 tempest-VolumeRetypeWithoutMigrationTest-351556887-project-admin] http://10.222.0.26/volume/v3/9c91f6dc7403403ca645e92354d41f11/types/0820f2a0-6416-486e-aca4-ac09f7018139 returned with HTTP 404
Feb 14 19:22:52.366145 dv-cinder-816898-8-iscsi devstack@c-api.service[110134]: [pid: 110134|app: 0|req: 36/65] 10.222.0.26 () {58 vars in 1318 bytes} [Mon Feb 14 19:22:52 2022] GET /volume/v3/9c91f6dc7403403ca645e92354d41f11/types/0820f2a0-6416-486e-aca4-ac09f7018139 => generated 114 bytes in 27 msecs (HTTP/1.1 404) 7 headers in 292 bytes (1 switches on core 0)
Feb 14 19:22:52.366145 dv-cinder-816898-8-iscsi devstack@c-api.service[110134]: INFO cinder.api.openstack.wsgi [req-b5ece5ff-daec-454f-b1e8-efb3df158730 req-53885332-c106-4ff2-bcda-2de8ac6789a2 tempest-VolumesSnapshotsTestJSON-1178933610 tempest-VolumesSnapshotsTestJSON-1178933610-project] DELETE http://10.222.0.26/volume/v3/86e0a058bb874960910cae164b241236/volumes/a4bcfdf0-c129-46b4-8855-1dbbac5972bf
Feb 14 19:22:52.366145 dv-cinder-816898-8-iscsi devstack@c-api.service[110134]: DEBUG cinder.api.openstack.wsgi [req-b5ece5ff-daec-454f-b1e8-efb3df158730 req-53885332-c106-4ff2-bcda-2de8ac6789a2 tempest-VolumesSnapshotsTestJSON-1178933610 tempest-VolumesSnapshotsTestJSON-1178933610-project] Empty body provided in request {{(pid=110134) get_body /opt/stack/cinder/cinder/api/openstack/wsgi.py:715}}
Feb 14 19:22:52.366145 dv-cinder-816898-8-iscsi devstack@c-api.service[110134]: DEBUG cinder.api.openstack.wsgi [req-b5ece5ff-daec-454f-b1e8-efb3df158730 req-53885332-c106-4ff2-bcda-2de8ac6789a2 tempest-VolumesSnapshotsTestJSON-1178933610 tempest-VolumesSnapshotsTestJSON-1178933610-project] Calling method 'delete' {{(pid=110134) _process_stack /opt/stack/cinder/cinder/api/openstack/wsgi.py:868}}
Feb 14 19:22:52.366145 dv-cinder-816898-8-iscsi devstack@c-api.service[110134]: INFO cinder.api.v3.volumes [req-b5ece5ff-daec-454f-b1e8-efb3df158730 req-53885332-c106-4ff2-bcda-2de8ac6789a2 tempest-VolumesSnapshotsTestJSON-1178933610 tempest-VolumesSnapshotsTestJSON-1178933610-project] Delete volume with id: a4bcfdf0-c129-46b4-8855-1dbbac5972bf
Feb 14 19:22:52.380836 dv-cinder-816898-8-iscsi devstack@c-api.service[110134]: /usr/local/lib/python3.8/dist-packages/oslo_context/context.py:105: DeprecationWarning: Policy enforcement is depending on the value of is_admin. This key is deprecated. Please update your policy file to use the standard policy values.
Feb 14 19:22:52.380836 dv-cinder-816898-8-iscsi devstack@c-api.service[110134]: warnings.warn('Policy enforcement is depending on the value of '
Feb 14 19:22:52.381997 dv-cinder-816898-8-iscsi devstack@c-api.service[110134]: INFO cinder.volume.api [req-b5ece5ff-daec-454f-b1e8-efb3df158730 req-53885332-c106-4ff2-bcda-2de8ac6789a2 tempest-VolumesSnapshotsTestJSON-1178933610 tempest-VolumesSnapshotsTestJSON-1178933610-project] Volume info retrieved successfully.
Feb 14 19:22:52.516640 dv-cinder-816898-8-iscsi devstack@c-api.service[110133]: INFO cinder.api.openstack.wsgi [None req-848a4145-da90-4356-97b5-3b231e9eb37f tempest-GroupSnapshotsTest-1312702192 tempest-GroupSnapshotsTest-1312702192-project] http://10.222.0.26/volume/v3/93eb972ed1144f65a25560301b9b30f7/groups returned with HTTP 202
Feb 14 19:22:52.527657 dv-cinder-816898-8-iscsi devstack@c-api.service[110133]: [pid: 110133|app: 0|req: 30/66] 10.222.0.26 () {62 vars in 1273 bytes} [Mon Feb 14 19:22:51 2022] POST /volume/v3/93eb972ed1144f65a25560301b9b30f7/groups => generated 112 bytes in 834 msecs (HTTP/1.1 202) 7 headers in 292 bytes (1 switches on core 0)
Feb 14 19:22:52.545354 dv-cinder-816898-8-iscsi devstack@c-api.service[110133]: INFO cinder.api.openstack.wsgi [None req-90fb6e98-84ba-49d3-8a73-625b994c2947 tempest-GroupSnapshotsTest-1312702192 tempest-GroupSnapshotsTest-1312702192-project] GET http://10.222.0.26/volume/v3/93eb972ed1144f65a25560301b9b30f7/groups/5dc8621f-0604-4087-b668-ccb1cbedb3fa
Feb 14 19:22:52.548638 dv-cinder-816898-8-iscsi devstack@c-api.service[110133]: DEBUG cinder.api.openstack.wsgi [None req-90fb6e98-84ba-49d3-8a73-625b994c2947 tempest-GroupSnapshotsTest-1312702192 tempest-GroupSnapshotsTest-1312702192-project] Empty body provided in request {{(pid=110133) get_body /opt/stack/cinder/cinder/api/openstack/wsgi.py:715}}
Feb 14 19:22:52.551470 dv-cinder-816898-8-iscsi devstack@c-api.service[110133]: DEBUG cinder.api.openstack.wsgi [None req-90fb6e98-84ba-49d3-8a73-625b994c2947 tempest-GroupSnapshotsTest-1312702192 tempest-GroupSnapshotsTest-1312702192-project] Calling method 'version_select' {{(pid=110133) _process_stack /opt/stack/cinder/cinder/api/openstack/wsgi.py:868}}
Feb 14 19:22:52.552901 dv-cinder-816898-8-iscsi devstack@c-api.service[110133]: DEBUG cinder.api.v3.groups [None req-90fb6e98-84ba-49d3-8a73-625b994c2947 tempest-GroupSnapshotsTest-1312702192 tempest-GroupSnapshotsTest-1312702192-project] show called for member 5dc8621f-0604-4087-b668-ccb1cbedb3fa {{(pid=110133) show /opt/stack/cinder/cinder/api/v3/groups.py:58}}
Feb 14 19:22:52.559158 dv-cinder-816898-8-iscsi devstack@c-api.service[110134]: INFO cinder.volume.api [req-b5ece5ff-daec-454f-b1e8-efb3df158730 req-53885332-c106-4ff2-bcda-2de8ac6789a2 tempest-VolumesSnapshotsTestJSON-1178933610 tempest-VolumesSnapshotsTestJSON-1178933610-project] Delete volume request issued successfully.
Feb 14 19:22:52.564327 dv-cinder-816898-8-iscsi devstack@c-api.service[110134]: INFO cinder.api.openstack.wsgi [req-b5ece5ff-daec-454f-b1e8-efb3df158730 req-53885332-c106-4ff2-bcda-2de8ac6789a2 tempest-VolumesSnapshotsTestJSON-1178933610 tempest-VolumesSnapshotsTestJSON-1178933610-project] http://10.222.0.26/volume/v3/86e0a058bb874960910cae164b241236/volumes/a4bcfdf0-c129-46b4-8855-1dbbac5972bf returned with HTTP 202
Feb 14 19:22:52.564327 dv-cinder-816898-8-iscsi devstack@c-api.service[110134]: [pid: 110134|app: 0|req: 37/67] 10.222.0.26 () {62 vars in 1600 bytes} [Mon Feb 14 19:22:52 2022] DELETE /volume/v3/86e0a058bb874960910cae164b241236/volumes/a4bcfdf0-c129-46b4-8855-1dbbac5972bf => generated 0 bytes in 228 msecs (HTTP/1.1 202) 6 headers in 233 bytes (2 switches on core 0)
Feb 14 19:22:52.568193 dv-cinder-816898-8-iscsi devstack@c-api.service[110133]: /usr/local/lib/python3.8/dist-packages/oslo_context/context.py:105: DeprecationWarning: Policy enforcement is depending on the value of is_admin. This key is deprecated. Please update your policy file to use the standard policy values.
Feb 14 19:22:52.568193 dv-cinder-816898-8-iscsi devstack@c-api.service[110133]: warnings.warn('Policy enforcement is depending on the value of '
Feb 14 19:22:52.613811 dv-cinder-816898-8-iscsi devstack@c-api.service[110134]: INFO cinder.api.openstack.wsgi [req-20d9b1d6-f884-4814-bb24-ca632d696c21 req-6b5d573b-e578-45a4-98b6-8413d3e2feb5 tempest-VolumesTestJSON-1775558407 tempest-VolumesTestJSON-1775558407-project] GET http://10.222.0.26/volume/v3/858440786f384827a5d09ef657af687d/volumes/detail
Feb 14 19:22:52.614892 dv-cinder-816898-8-iscsi devstack@c-api.service[110134]: DEBUG cinder.api.openstack.wsgi [req-20d9b1d6-f884-4814-bb24-ca632d696c21 req-6b5d573b-e578-45a4-98b6-8413d3e2feb5 tempest-VolumesTestJSON-1775558407 tempest-VolumesTestJSON-1775558407-project] Empty body provided in request {{(pid=110134) get_body /opt/stack/cinder/cinder/api/openstack/wsgi.py:715}}
Feb 14 19:22:52.615371 dv-cinder-816898-8-iscsi devstack@c-api.service[110134]: DEBUG cinder.api.openstack.wsgi [req-20d9b1d6-f884-4814-bb24-ca632d696c21 req-6b5d573b-e578-45a4-98b6-8413d3e2feb5 tempest-VolumesTestJSON-1775558407 tempest-VolumesTestJSON-1775558407-project] Calling method 'detail' {{(pid=110134) _process_stack /opt/stack/cinder/cinder/api/openstack/wsgi.py:868}}
Feb 14 19:22:52.618965 dv-cinder-816898-8-iscsi devstack@c-api.service[110134]: DEBUG cinder.api.api_utils [req-20d9b1d6-f884-4814-bb24-ca632d696c21 req-6b5d573b-e578-45a4-98b6-8413d3e2feb5 tempest-VolumesTestJSON-1775558407 tempest-VolumesTestJSON-1775558407-project] Removing options '' from query. {{(pid=110134) remove_invalid_filter_options /opt/stack/cinder/cinder/api/api_utils.py:73}}
Feb 14 19:22:52.621448 dv-cinder-816898-8-iscsi devstack@c-api.service[110134]: DEBUG cinder.volume.api [req-20d9b1d6-f884-4814-bb24-ca632d696c21 req-6b5d573b-e578-45a4-98b6-8413d3e2feb5 tempest-VolumesTestJSON-1775558407 tempest-VolumesTestJSON-1775558407-project] Searching by: MultiDict([('no_migration_targets', True)]). {{(pid=110134) get_all /opt/stack/cinder/cinder/volume/api.py:661}}
Feb 14 19:22:52.644507 dv-cinder-816898-8-iscsi devstack@c-api.service[110133]: INFO cinder.api.openstack.wsgi [None req-90fb6e98-84ba-49d3-8a73-625b994c2947 tempest-GroupSnapshotsTest-1312702192 tempest-GroupSnapshotsTest-1312702192-project] http://10.222.0.26/volume/v3/93eb972ed1144f65a25560301b9b30f7/groups/5dc8621f-0604-4087-b668-ccb1cbedb3fa returned with HTTP 200
Feb 14 19:22:52.646015 dv-cinder-816898-8-iscsi devstack@c-api.service[110133]: [pid: 110133|app: 0|req: 31/68] 10.222.0.26 () {60 vars in 1362 bytes} [Mon Feb 14 19:22:52 2022] GET /volume/v3/93eb972ed1144f65a25560301b9b30f7/groups/5dc8621f-0604-4087-b668-ccb1cbedb3fa => generated 392 bytes in 118 msecs (HTTP/1.1 200) 7 headers in 286 bytes (1 switches on core 0)
Feb 14 19:22:52.748094 dv-cinder-816898-8-iscsi devstack@c-api.service[110134]: INFO cinder.volume.api [req-20d9b1d6-f884-4814-bb24-ca632d696c21 req-6b5d573b-e578-45a4-98b6-8413d3e2feb5 tempest-VolumesTestJSON-1775558407 tempest-VolumesTestJSON-1775558407-project] Get all volumes completed successfully.
Feb 14 19:22:52.755273 dv-cinder-816898-8-iscsi devstack@c-api.service[110134]: /usr/local/lib/python3.8/dist-packages/oslo_context/context.py:105: DeprecationWarning: Policy enforcement is depending on the value of is_admin. This key is deprecated. Please update your policy file to use the standard policy values.
Feb 14 19:22:52.755273 dv-cinder-816898-8-iscsi devstack@c-api.service[110134]: warnings.warn('Policy enforcement is depending on the value of '
Feb 14 19:22:52.777481 dv-cinder-816898-8-iscsi devstack@c-api.service[110134]: INFO cinder.api.openstack.wsgi [req-20d9b1d6-f884-4814-bb24-ca632d696c21 req-6b5d573b-e578-45a4-98b6-8413d3e2feb5 tempest-VolumesTestJSON-1775558407 tempest-VolumesTestJSON-1775558407-project] http://10.222.0.26/volume/v3/858440786f384827a5d09ef657af687d/volumes/detail returned with HTTP 200
Feb 14 19:22:52.781050 dv-cinder-816898-8-iscsi devstack@c-api.service[110134]: [pid: 110134|app: 0|req: 38/69] 10.222.0.26 () {60 vars in 1488 bytes} [Mon Feb 14 19:22:52 2022] GET /volume/v3/858440786f384827a5d09ef657af687d/volumes/detail => generated 2748 bytes in 171 msecs (HTTP/1.1 200) 7 headers in 286 bytes (2 switches on core 0)
Feb 14 19:22:52.805718 dv-cinder-816898-8-iscsi devstack@c-api.service[110133]: INFO cinder.api.openstack.wsgi [req-3b0b7578-7089-47d8-b52a-8291f36b4f56 req-baceee71-70ea-45b7-9d75-6738c76458d7 tempest-VolumesSnapshotsTestJSON-1178933610 tempest-VolumesSnapshotsTestJSON-1178933610-project] GET http://10.222.0.26/volume/v3/86e0a058bb874960910cae164b241236/volumes/a4bcfdf0-c129-46b4-8855-1dbbac5972bf
Feb 14 19:22:52.806468 dv-cinder-816898-8-iscsi devstack@c-api.service[110133]: DEBUG cinder.api.openstack.wsgi [req-3b0b7578-7089-47d8-b52a-8291f36b4f56 req-baceee71-70ea-45b7-9d75-6738c76458d7 tempest-VolumesSnapshotsTestJSON-1178933610 tempest-VolumesSnapshotsTestJSON-1178933610-project] Empty body provided in request {{(pid=110133) get_body /opt/stack/cinder/cinder/api/openstack/wsgi.py:715}}
Feb 14 19:22:52.806995 dv-cinder-816898-8-iscsi devstack@c-api.service[110133]: DEBUG cinder.api.openstack.wsgi [req-3b0b7578-7089-47d8-b52a-8291f36b4f56 req-baceee71-70ea-45b7-9d75-6738c76458d7 tempest-VolumesSnapshotsTestJSON-1178933610 tempest-VolumesSnapshotsTestJSON-1178933610-project] Calling method 'show' {{(pid=110133) _process_stack /opt/stack/cinder/cinder/api/openstack/wsgi.py:868}}
Feb 14 19:22:52.831334 dv-cinder-816898-8-iscsi devstack@c-api.service[110133]: /usr/local/lib/python3.8/dist-packages/oslo_context/context.py:105: DeprecationWarning: Policy enforcement is depending on the value of is_admin. This key is deprecated. Please update your policy file to use the standard policy values.
Feb 14 19:22:52.831334 dv-cinder-816898-8-iscsi devstack@c-api.service[110133]: warnings.warn('Policy enforcement is depending on the value of '
Feb 14 19:22:52.859986 dv-cinder-816898-8-iscsi devstack@c-api.service[110133]: INFO cinder.volume.api [req-3b0b7578-7089-47d8-b52a-8291f36b4f56 req-baceee71-70ea-45b7-9d75-6738c76458d7 tempest-VolumesSnapshotsTestJSON-1178933610 tempest-VolumesSnapshotsTestJSON-1178933610-project] Volume info retrieved successfully.
Feb 14 19:22:52.876983 dv-cinder-816898-8-iscsi devstack@c-api.service[110133]: INFO cinder.api.openstack.wsgi [req-3b0b7578-7089-47d8-b52a-8291f36b4f56 req-baceee71-70ea-45b7-9d75-6738c76458d7 tempest-VolumesSnapshotsTestJSON-1178933610 tempest-VolumesSnapshotsTestJSON-1178933610-project] http://10.222.0.26/volume/v3/86e0a058bb874960910cae164b241236/volumes/a4bcfdf0-c129-46b4-8855-1dbbac5972bf returned with HTTP 200
Feb 14 19:22:52.877774 dv-cinder-816898-8-iscsi devstack@c-api.service[110133]: [pid: 110133|app: 0|req: 32/70] 10.222.0.26 () {60 vars in 1578 bytes} [Mon Feb 14 19:22:52 2022] GET /volume/v3/86e0a058bb874960910cae164b241236/volumes/a4bcfdf0-c129-46b4-8855-1dbbac5972bf => generated 914 bytes in 76 msecs (HTTP/1.1 200) 7 headers in 285 bytes (1 switches on core 0)
Feb 14 19:22:52.899313 dv-cinder-816898-8-iscsi devstack@c-api.service[110134]: INFO cinder.api.openstack.wsgi [req-03981c99-9238-4e77-9ef9-57eb526656e3 req-2b284fe7-ef4f-46dd-972c-ad705ae9f4ce tempest-VolumesTestJSON-1775558407 tempest-VolumesTestJSON-1775558407-project] GET http://10.222.0.26/volume/v3/858440786f384827a5d09ef657af687d/volumes/detail
Feb 14 19:22:52.899769 dv-cinder-816898-8-iscsi devstack@c-api.service[110134]: DEBUG cinder.api.openstack.wsgi [req-03981c99-9238-4e77-9ef9-57eb526656e3 req-2b284fe7-ef4f-46dd-972c-ad705ae9f4ce tempest-VolumesTestJSON-1775558407 tempest-VolumesTestJSON-1775558407-project] Empty body provided in request {{(pid=110134) get_body /opt/stack/cinder/cinder/api/openstack/wsgi.py:715}}
Feb 14 19:22:52.900401 dv-cinder-816898-8-iscsi devstack@c-api.service[110134]: DEBUG cinder.api.openstack.wsgi [req-03981c99-9238-4e77-9ef9-57eb526656e3 req-2b284fe7-ef4f-46dd-972c-ad705ae9f4ce tempest-VolumesTestJSON-1775558407 tempest-VolumesTestJSON-1775558407-project] Calling method 'detail' {{(pid=110134) _process_stack /opt/stack/cinder/cinder/api/openstack/wsgi.py:868}}
Feb 14 19:22:52.901003 dv-cinder-816898-8-iscsi devstack@c-api.service[110134]: DEBUG cinder.api.api_utils [req-03981c99-9238-4e77-9ef9-57eb526656e3 req-2b284fe7-ef4f-46dd-972c-ad705ae9f4ce tempest-VolumesTestJSON-1775558407 tempest-VolumesTestJSON-1775558407-project] Removing options '' from query. {{(pid=110134) remove_invalid_filter_options /opt/stack/cinder/cinder/api/api_utils.py:73}}
Feb 14 19:22:52.902627 dv-cinder-816898-8-iscsi devstack@c-api.service[110134]: DEBUG cinder.volume.api [req-03981c99-9238-4e77-9ef9-57eb526656e3 req-2b284fe7-ef4f-46dd-972c-ad705ae9f4ce tempest-VolumesTestJSON-1775558407 tempest-VolumesTestJSON-1775558407-project] Searching by: MultiDict([('no_migration_targets', True)]). {{(pid=110134) get_all /opt/stack/cinder/cinder/volume/api.py:661}}
Feb 14 19:22:53.043899 dv-cinder-816898-8-iscsi devstack@c-api.service[110134]: INFO cinder.volume.api [req-03981c99-9238-4e77-9ef9-57eb526656e3 req-2b284fe7-ef4f-46dd-972c-ad705ae9f4ce tempest-VolumesTestJSON-1775558407 tempest-VolumesTestJSON-1775558407-project] Get all volumes completed successfully.
Feb 14 19:22:53.046154 dv-cinder-816898-8-iscsi devstack@c-api.service[110134]: /usr/local/lib/python3.8/dist-packages/oslo_context/context.py:105: DeprecationWarning: Policy enforcement is depending on the value of is_admin. This key is deprecated. Please update your policy file to use the standard policy values.
Feb 14 19:22:53.046154 dv-cinder-816898-8-iscsi devstack@c-api.service[110134]: warnings.warn('Policy enforcement is depending on the value of '
Feb 14 19:22:53.073710 dv-cinder-816898-8-iscsi devstack@c-api.service[110134]: INFO cinder.api.openstack.wsgi [req-03981c99-9238-4e77-9ef9-57eb526656e3 req-2b284fe7-ef4f-46dd-972c-ad705ae9f4ce tempest-VolumesTestJSON-1775558407 tempest-VolumesTestJSON-1775558407-project] http://10.222.0.26/volume/v3/858440786f384827a5d09ef657af687d/volumes/detail returned with HTTP 200
Feb 14 19:22:53.088287 dv-cinder-816898-8-iscsi devstack@c-api.service[110134]: [pid: 110134|app: 0|req: 39/71] 10.222.0.26 () {60 vars in 1488 bytes} [Mon Feb 14 19:22:52 2022] GET /volume/v3/858440786f384827a5d09ef657af687d/volumes/detail => generated 2748 bytes in 194 msecs (HTTP/1.1 200) 7 headers in 286 bytes (1 switches on core 0)
Feb 14 19:22:53.098946 dv-cinder-816898-8-iscsi devstack@c-api.service[110133]: INFO cinder.api.openstack.wsgi [None req-2bfedfb8-cae4-4fc7-a839-16d72283c6a2 tempest-VolumesTestJSON-1775558407 tempest-VolumesTestJSON-1775558407-project] DELETE http://10.222.0.26/volume/v3/858440786f384827a5d09ef657af687d/volumes/273a3485-85f7-40ba-bcb6-beee73e5426a
Feb 14 19:22:53.102320 dv-cinder-816898-8-iscsi devstack@c-api.service[110133]: DEBUG cinder.api.openstack.wsgi [None req-2bfedfb8-cae4-4fc7-a839-16d72283c6a2 tempest-VolumesTestJSON-1775558407 tempest-VolumesTestJSON-1775558407-project] Empty body provided in request {{(pid=110133) get_body /opt/stack/cinder/cinder/api/openstack/wsgi.py:715}}
Feb 14 19:22:53.102320 dv-cinder-816898-8-iscsi devstack@c-api.service[110133]: DEBUG cinder.api.openstack.wsgi [None req-2bfedfb8-cae4-4fc7-a839-16d72283c6a2 tempest-VolumesTestJSON-1775558407 tempest-VolumesTestJSON-1775558407-project] Calling method 'delete' {{(pid=110133) _process_stack /opt/stack/cinder/cinder/api/openstack/wsgi.py:868}}
