Feb 14 19:22:53.108749 dv-cinder-816898-8-iscsi devstack@c-api.service[110133]: INFO cinder.api.v3.volumes [None req-2bfedfb8-cae4-4fc7-a839-16d72283c6a2 tempest-VolumesTestJSON-1775558407 tempest-VolumesTestJSON-1775558407-project] Delete volume with id: 273a3485-85f7-40ba-bcb6-beee73e5426a
Feb 14 19:22:53.144810 dv-cinder-816898-8-iscsi devstack@c-api.service[110133]: /usr/local/lib/python3.8/dist-packages/oslo_context/context.py:105: DeprecationWarning: Policy enforcement is depending on the value of is_admin. This key is deprecated. Please update your policy file to use the standard policy values.
Feb 14 19:22:53.144810 dv-cinder-816898-8-iscsi devstack@c-api.service[110133]: warnings.warn('Policy enforcement is depending on the value of '
Feb 14 19:22:53.150474 dv-cinder-816898-8-iscsi devstack@c-api.service[110133]: INFO cinder.volume.api [None req-2bfedfb8-cae4-4fc7-a839-16d72283c6a2 tempest-VolumesTestJSON-1775558407 tempest-VolumesTestJSON-1775558407-project] Volume info retrieved successfully.
Feb 14 19:22:53.411031 dv-cinder-816898-8-iscsi devstack@c-api.service[110133]: INFO cinder.volume.api [None req-2bfedfb8-cae4-4fc7-a839-16d72283c6a2 tempest-VolumesTestJSON-1775558407 tempest-VolumesTestJSON-1775558407-project] Delete volume request issued successfully.
Feb 14 19:22:53.412274 dv-cinder-816898-8-iscsi devstack@c-api.service[110133]: INFO cinder.api.openstack.wsgi [None req-2bfedfb8-cae4-4fc7-a839-16d72283c6a2 tempest-VolumesTestJSON-1775558407 tempest-VolumesTestJSON-1775558407-project] http://10.222.0.26/volume/v3/858440786f384827a5d09ef657af687d/volumes/273a3485-85f7-40ba-bcb6-beee73e5426a returned with HTTP 202
Feb 14 19:22:53.423255 dv-cinder-816898-8-iscsi devstack@c-api.service[110134]: INFO cinder.api.openstack.wsgi [None req-d2071d0d-1777-459b-94cf-cdec62c8e413 tempest-VolumesTestJSON-1775558407 tempest-VolumesTestJSON-1775558407-project] GET http://10.222.0.26/volume/v3/858440786f384827a5d09ef657af687d/volumes/273a3485-85f7-40ba-bcb6-beee73e5426a
Feb 14 19:22:53.423992 dv-cinder-816898-8-iscsi devstack@c-api.service[110134]: DEBUG cinder.api.openstack.wsgi [None req-d2071d0d-1777-459b-94cf-cdec62c8e413 tempest-VolumesTestJSON-1775558407 tempest-VolumesTestJSON-1775558407-project] Empty body provided in request {{(pid=110134) get_body /opt/stack/cinder/cinder/api/openstack/wsgi.py:715}}
Feb 14 19:22:53.424791 dv-cinder-816898-8-iscsi devstack@c-api.service[110134]: DEBUG cinder.api.openstack.wsgi [None req-d2071d0d-1777-459b-94cf-cdec62c8e413 tempest-VolumesTestJSON-1775558407 tempest-VolumesTestJSON-1775558407-project] Calling method 'show' {{(pid=110134) _process_stack /opt/stack/cinder/cinder/api/openstack/wsgi.py:868}}
Feb 14 19:22:53.426431 dv-cinder-816898-8-iscsi devstack@c-api.service[110133]: [pid: 110133|app: 0|req: 33/72] 10.222.0.26 () {58 vars in 1327 bytes} [Mon Feb 14 19:22:53 2022] DELETE /volume/v3/858440786f384827a5d09ef657af687d/volumes/273a3485-85f7-40ba-bcb6-beee73e5426a => generated 0 bytes in 336 msecs (HTTP/1.1 202) 6 headers in 233 bytes (1 switches on core 0)
Feb 14 19:22:53.469052 dv-cinder-816898-8-iscsi devstack@c-api.service[110134]: /usr/local/lib/python3.8/dist-packages/oslo_context/context.py:105: DeprecationWarning: Policy enforcement is depending on the value of is_admin. This key is deprecated. Please update your policy file to use the standard policy values.
Feb 14 19:22:53.469052 dv-cinder-816898-8-iscsi devstack@c-api.service[110134]: warnings.warn('Policy enforcement is depending on the value of '
Feb 14 19:22:53.504727 dv-cinder-816898-8-iscsi devstack@c-api.service[110134]: INFO cinder.volume.api [None req-d2071d0d-1777-459b-94cf-cdec62c8e413 tempest-VolumesTestJSON-1775558407 tempest-VolumesTestJSON-1775558407-project] Volume info retrieved successfully.
Feb 14 19:22:53.547814 dv-cinder-816898-8-iscsi devstack@c-api.service[110134]: INFO cinder.api.openstack.wsgi [None req-d2071d0d-1777-459b-94cf-cdec62c8e413 tempest-VolumesTestJSON-1775558407 tempest-VolumesTestJSON-1775558407-project] http://10.222.0.26/volume/v3/858440786f384827a5d09ef657af687d/volumes/273a3485-85f7-40ba-bcb6-beee73e5426a returned with HTTP 200
Feb 14 19:22:53.558918 dv-cinder-816898-8-iscsi devstack@c-api.service[110134]: [pid: 110134|app: 0|req: 40/73] 10.222.0.26 () {58 vars in 1324 bytes} [Mon Feb 14 19:22:53 2022] GET /volume/v3/858440786f384827a5d09ef657af687d/volumes/273a3485-85f7-40ba-bcb6-beee73e5426a => generated 920 bytes in 131 msecs (HTTP/1.1 200) 7 headers in 285 bytes (1 switches on core 0)
Feb 14 19:22:53.659505 dv-cinder-816898-8-iscsi devstack@c-api.service[110133]: INFO cinder.api.openstack.wsgi [None req-ab1e318e-29c3-46a2-bedd-cad463a715e3 tempest-GroupSnapshotsTest-1312702192 tempest-GroupSnapshotsTest-1312702192-project] GET http://10.222.0.26/volume/v3/93eb972ed1144f65a25560301b9b30f7/groups/5dc8621f-0604-4087-b668-ccb1cbedb3fa
Feb 14 19:22:53.660694 dv-cinder-816898-8-iscsi devstack@c-api.service[110133]: DEBUG cinder.api.openstack.wsgi [None req-ab1e318e-29c3-46a2-bedd-cad463a715e3 tempest-GroupSnapshotsTest-1312702192 tempest-GroupSnapshotsTest-1312702192-project] Empty body provided in request {{(pid=110133) get_body /opt/stack/cinder/cinder/api/openstack/wsgi.py:715}}
Feb 14 19:22:53.661621 dv-cinder-816898-8-iscsi devstack@c-api.service[110133]: DEBUG cinder.api.openstack.wsgi [None req-ab1e318e-29c3-46a2-bedd-cad463a715e3 tempest-GroupSnapshotsTest-1312702192 tempest-GroupSnapshotsTest-1312702192-project] Calling method 'version_select' {{(pid=110133) _process_stack /opt/stack/cinder/cinder/api/openstack/wsgi.py:868}}
Feb 14 19:22:53.662202 dv-cinder-816898-8-iscsi devstack@c-api.service[110133]: DEBUG cinder.api.v3.groups [None req-ab1e318e-29c3-46a2-bedd-cad463a715e3 tempest-GroupSnapshotsTest-1312702192 tempest-GroupSnapshotsTest-1312702192-project] show called for member 5dc8621f-0604-4087-b668-ccb1cbedb3fa {{(pid=110133) show /opt/stack/cinder/cinder/api/v3/groups.py:58}}
Feb 14 19:22:53.672138 dv-cinder-816898-8-iscsi devstack@c-api.service[110133]: /usr/local/lib/python3.8/dist-packages/oslo_context/context.py:105: DeprecationWarning: Policy enforcement is depending on the value of is_admin. This key is deprecated. Please update your policy file to use the standard policy values.
Feb 14 19:22:53.672138 dv-cinder-816898-8-iscsi devstack@c-api.service[110133]: warnings.warn('Policy enforcement is depending on the value of '
Feb 14 19:22:53.720204 dv-cinder-816898-8-iscsi devstack@c-api.service[110133]: INFO cinder.api.openstack.wsgi [None req-ab1e318e-29c3-46a2-bedd-cad463a715e3 tempest-GroupSnapshotsTest-1312702192 tempest-GroupSnapshotsTest-1312702192-project] http://10.222.0.26/volume/v3/93eb972ed1144f65a25560301b9b30f7/groups/5dc8621f-0604-4087-b668-ccb1cbedb3fa returned with HTTP 200
Feb 14 19:22:53.722711 dv-cinder-816898-8-iscsi devstack@c-api.service[110133]: [pid: 110133|app: 0|req: 34/74] 10.222.0.26 () {60 vars in 1362 bytes} [Mon Feb 14 19:22:53 2022] GET /volume/v3/93eb972ed1144f65a25560301b9b30f7/groups/5dc8621f-0604-4087-b668-ccb1cbedb3fa => generated 393 bytes in 70 msecs (HTTP/1.1 200) 7 headers in 286 bytes (2 switches on core 0)
Feb 14 19:22:53.733843 dv-cinder-816898-8-iscsi devstack@c-api.service[110134]: INFO cinder.api.openstack.wsgi [None req-4513e88f-ca7f-499e-8066-c5801312fcc0 tempest-GroupSnapshotsTest-1312702192 tempest-GroupSnapshotsTest-1312702192-project] POST http://10.222.0.26/volume/v3/93eb972ed1144f65a25560301b9b30f7/volumes
Feb 14 19:22:53.735498 dv-cinder-816898-8-iscsi devstack@c-api.service[110134]: DEBUG cinder.api.openstack.wsgi [None req-4513e88f-ca7f-499e-8066-c5801312fcc0 tempest-GroupSnapshotsTest-1312702192 tempest-GroupSnapshotsTest-1312702192-project] Action: 'create', calling method: create, body: {"volume": {"volume_type": "2024f5dd-2403-4b77-b613-47b92f48e017", "group_id": "5dc8621f-0604-4087-b668-ccb1cbedb3fa", "size": 1, "name": "tempest-GroupSnapshotsTest-Volume-880620295"}} {{(pid=110134) _process_stack /opt/stack/cinder/cinder/api/openstack/wsgi.py:866}}
Feb 14 19:22:53.736942 dv-cinder-816898-8-iscsi devstack@c-api.service[110134]: DEBUG cinder.api.v3.volumes [None req-4513e88f-ca7f-499e-8066-c5801312fcc0 tempest-GroupSnapshotsTest-1312702192 tempest-GroupSnapshotsTest-1312702192-project] Create volume request body: {'volume': {'volume_type': '2024f5dd-2403-4b77-b613-47b92f48e017', 'group_id': '5dc8621f-0604-4087-b668-ccb1cbedb3fa', 'size': 1, 'name': 'tempest-GroupSnapshotsTest-Volume-880620295'}} {{(pid=110134) create /opt/stack/cinder/cinder/api/v3/volumes.py:298}}
Feb 14 19:22:53.769371 dv-cinder-816898-8-iscsi devstack@c-api.service[110134]: /usr/local/lib/python3.8/dist-packages/oslo_context/context.py:105: DeprecationWarning: Policy enforcement is depending on the value of is_admin. This key is deprecated. Please update your policy file to use the standard policy values.
Feb 14 19:22:53.769371 dv-cinder-816898-8-iscsi devstack@c-api.service[110134]: warnings.warn('Policy enforcement is depending on the value of '
Feb 14 19:22:53.773575 dv-cinder-816898-8-iscsi devstack@c-api.service[110134]: INFO cinder.api.v3.volumes [None req-4513e88f-ca7f-499e-8066-c5801312fcc0 tempest-GroupSnapshotsTest-1312702192 tempest-GroupSnapshotsTest-1312702192-project] Create volume of 1 GB
Feb 14 19:22:53.808942 dv-cinder-816898-8-iscsi devstack@c-api.service[110134]: INFO cinder.volume.api [None req-4513e88f-ca7f-499e-8066-c5801312fcc0 tempest-GroupSnapshotsTest-1312702192 tempest-GroupSnapshotsTest-1312702192-project] Availability Zones retrieved successfully.
Feb 14 19:22:53.842014 dv-cinder-816898-8-iscsi devstack@c-api.service[110134]: DEBUG cinder.volume.api [None req-4513e88f-ca7f-499e-8066-c5801312fcc0 tempest-GroupSnapshotsTest-1312702192 tempest-GroupSnapshotsTest-1312702192-project] Flow 'volume_create_api' (10f4f78b-a271-4321-82d8-2d6c2ee0dd63) transitioned into state 'RUNNING' from state 'PENDING' {{(pid=110134) _flow_receiver /usr/local/lib/python3.8/dist-packages/taskflow/listeners/logging.py:141}}
Feb 14 19:22:53.846802 dv-cinder-816898-8-iscsi devstack@c-api.service[110134]: DEBUG cinder.volume.api [None req-4513e88f-ca7f-499e-8066-c5801312fcc0 tempest-GroupSnapshotsTest-1312702192 tempest-GroupSnapshotsTest-1312702192-project] Task 'cinder.volume.flows.api.create_volume.ExtractVolumeRequestTask;volume:create' (033012f8-1363-4308-95d8-70bbb2996b3c) transitioned into state 'RUNNING' from state 'PENDING' {{(pid=110134) _task_receiver /usr/local/lib/python3.8/dist-packages/taskflow/listeners/logging.py:190}}
Feb 14 19:22:53.848936 dv-cinder-816898-8-iscsi devstack@c-api.service[110134]: /usr/local/lib/python3.8/dist-packages/oslo_context/context.py:105: DeprecationWarning: Policy enforcement is depending on the value of is_admin. This key is deprecated. Please update your policy file to use the standard policy values.
Feb 14 19:22:53.848936 dv-cinder-816898-8-iscsi devstack@c-api.service[110134]: warnings.warn('Policy enforcement is depending on the value of '
Feb 14 19:22:53.850446 dv-cinder-816898-8-iscsi devstack@c-api.service[110134]: DEBUG cinder.volume.flows.api.create_volume [None req-4513e88f-ca7f-499e-8066-c5801312fcc0 tempest-GroupSnapshotsTest-1312702192 tempest-GroupSnapshotsTest-1312702192-project] Validating volume size '1' using validate_int {{(pid=110134) _extract_size /opt/stack/cinder/cinder/volume/flows/api/create_volume.py:225}}
Feb 14 19:22:53.909615 dv-cinder-816898-8-iscsi devstack@c-api.service[110134]: DEBUG cinder.volume.api [None req-4513e88f-ca7f-499e-8066-c5801312fcc0 tempest-GroupSnapshotsTest-1312702192 tempest-GroupSnapshotsTest-1312702192-project] Task 'cinder.volume.flows.api.create_volume.ExtractVolumeRequestTask;volume:create' (033012f8-1363-4308-95d8-70bbb2996b3c) transitioned into state 'SUCCESS' from state 'RUNNING' with result '{'size': 1, 'snapshot_id': None, 'source_volid': None, 'volume_type': VolumeType(created_at=2022-02-14T19:22:51Z,deleted=False,deleted_at=None,description=None,extra_specs={},id=2024f5dd-2403-4b77-b613-47b92f48e017,is_public=True,name='tempest-GroupSnapshotsTest-volume-type-1335733498',projects=[],qos_specs=,qos_specs_id=None,updated_at=None), 'volume_type_id': '2024f5dd-2403-4b77-b613-47b92f48e017', 'encryption_key_id': None, 'qos_specs': None, 'consistencygroup_id': None, 'cgsnapshot_id': None, 'group_id': '5dc8621f-0604-4087-b668-ccb1cbedb3fa', 'replication_status': 'disabled', 'refresh_az': False, 'backup_id': None, 'multiattach': False, 'availability_zones': ['nova']}' {{(pid=110134) _task_receiver /usr/local/lib/python3.8/dist-packages/taskflow/listeners/logging.py:178}}
Feb 14 19:22:53.914726 dv-cinder-816898-8-iscsi devstack@c-api.service[110134]: DEBUG cinder.volume.api [None req-4513e88f-ca7f-499e-8066-c5801312fcc0 tempest-GroupSnapshotsTest-1312702192 tempest-GroupSnapshotsTest-1312702192-project] Task 'cinder.volume.flows.api.create_volume.QuotaReserveTask;volume:create' (8fcd97df-5802-42cf-ad3f-cbc1c33c50b9) transitioned into state 'RUNNING' from state 'PENDING' {{(pid=110134) _task_receiver /usr/local/lib/python3.8/dist-packages/taskflow/listeners/logging.py:190}}
Feb 14 19:22:53.927697 dv-cinder-816898-8-iscsi devstack@c-api.service[110133]: INFO cinder.api.openstack.wsgi [req-b4904bfa-3c30-441d-a469-f68feac22d78 req-5c90daf1-c4e4-4d60-aafa-ea493135349e tempest-VolumesSnapshotsTestJSON-1178933610 tempest-VolumesSnapshotsTestJSON-1178933610-project] GET http://10.222.0.26/volume/v3/86e0a058bb874960910cae164b241236/volumes/a4bcfdf0-c129-46b4-8855-1dbbac5972bf
Feb 14 19:22:53.933681 dv-cinder-816898-8-iscsi devstack@c-api.service[110133]: DEBUG cinder.api.openstack.wsgi [req-b4904bfa-3c30-441d-a469-f68feac22d78 req-5c90daf1-c4e4-4d60-aafa-ea493135349e tempest-VolumesSnapshotsTestJSON-1178933610 tempest-VolumesSnapshotsTestJSON-1178933610-project] Empty body provided in request {{(pid=110133) get_body /opt/stack/cinder/cinder/api/openstack/wsgi.py:715}}
Feb 14 19:22:53.933681 dv-cinder-816898-8-iscsi devstack@c-api.service[110133]: DEBUG cinder.api.openstack.wsgi [req-b4904bfa-3c30-441d-a469-f68feac22d78 req-5c90daf1-c4e4-4d60-aafa-ea493135349e tempest-VolumesSnapshotsTestJSON-1178933610 tempest-VolumesSnapshotsTestJSON-1178933610-project] Calling method 'show' {{(pid=110133) _process_stack /opt/stack/cinder/cinder/api/openstack/wsgi.py:868}}
Feb 14 19:22:53.952426 dv-cinder-816898-8-iscsi devstack@c-api.service[110133]: INFO cinder.api.openstack.wsgi [req-b4904bfa-3c30-441d-a469-f68feac22d78 req-5c90daf1-c4e4-4d60-aafa-ea493135349e tempest-VolumesSnapshotsTestJSON-1178933610 tempest-VolumesSnapshotsTestJSON-1178933610-project] http://10.222.0.26/volume/v3/86e0a058bb874960910cae164b241236/volumes/a4bcfdf0-c129-46b4-8855-1dbbac5972bf returned with HTTP 404
Feb 14 19:22:53.972310 dv-cinder-816898-8-iscsi devstack@c-api.service[110133]: [pid: 110133|app: 0|req: 35/75] 10.222.0.26 () {60 vars in 1578 bytes} [Mon Feb 14 19:22:53 2022] GET /volume/v3/86e0a058bb874960910cae164b241236/volumes/a4bcfdf0-c129-46b4-8855-1dbbac5972bf => generated 109 bytes in 45 msecs (HTTP/1.1 404) 7 headers in 292 bytes (1 switches on core 0)
Feb 14 19:22:54.005054 dv-cinder-816898-8-iscsi devstack@c-api.service[110134]: WARNING cinder.quota [None req-4513e88f-ca7f-499e-8066-c5801312fcc0 tempest-GroupSnapshotsTest-1312702192 tempest-GroupSnapshotsTest-1312702192-project] Deprecated: Default quota for resource: volumes_tempest-GroupSnapshotsTest-volume-type-1335733498 is set by the default quota flag: quota_volumes_tempest-GroupSnapshotsTest-volume-type-1335733498, it is now deprecated. Please use the default quota class for default quota.
Feb 14 19:22:54.006243 dv-cinder-816898-8-iscsi devstack@c-api.service[110134]: WARNING cinder.quota [None req-4513e88f-ca7f-499e-8066-c5801312fcc0 tempest-GroupSnapshotsTest-1312702192 tempest-GroupSnapshotsTest-1312702192-project] Deprecated: Default quota for resource: gigabytes_tempest-GroupSnapshotsTest-volume-type-1335733498 is set by the default quota flag: quota_gigabytes_tempest-GroupSnapshotsTest-volume-type-1335733498, it is now deprecated. Please use the default quota class for default quota.
Feb 14 19:22:54.019986 dv-cinder-816898-8-iscsi devstack@c-api.service[110133]: INFO cinder.api.openstack.wsgi [req-c5e635cf-695d-4576-b909-798b2a38a808 req-286c2ae3-fc02-4760-8f34-0120de3c0775 tempest-VolumesSnapshotsTestJSON-1178933610 tempest-VolumesSnapshotsTestJSON-1178933610-project] DELETE http://10.222.0.26/volume/v3/86e0a058bb874960910cae164b241236/volumes/a4bcfdf0-c129-46b4-8855-1dbbac5972bf
Feb 14 19:22:54.021823 dv-cinder-816898-8-iscsi devstack@c-api.service[110133]: DEBUG cinder.api.openstack.wsgi [req-c5e635cf-695d-4576-b909-798b2a38a808 req-286c2ae3-fc02-4760-8f34-0120de3c0775 tempest-VolumesSnapshotsTestJSON-1178933610 tempest-VolumesSnapshotsTestJSON-1178933610-project] Empty body provided in request {{(pid=110133) get_body /opt/stack/cinder/cinder/api/openstack/wsgi.py:715}}
Feb 14 19:22:54.022422 dv-cinder-816898-8-iscsi devstack@c-api.service[110133]: DEBUG cinder.api.openstack.wsgi [req-c5e635cf-695d-4576-b909-798b2a38a808 req-286c2ae3-fc02-4760-8f34-0120de3c0775 tempest-VolumesSnapshotsTestJSON-1178933610 tempest-VolumesSnapshotsTestJSON-1178933610-project] Calling method 'delete' {{(pid=110133) _process_stack /opt/stack/cinder/cinder/api/openstack/wsgi.py:868}}
Feb 14 19:22:54.024259 dv-cinder-816898-8-iscsi devstack@c-api.service[110133]: INFO cinder.api.v3.volumes [req-c5e635cf-695d-4576-b909-798b2a38a808 req-286c2ae3-fc02-4760-8f34-0120de3c0775 tempest-VolumesSnapshotsTestJSON-1178933610 tempest-VolumesSnapshotsTestJSON-1178933610-project] Delete volume with id: a4bcfdf0-c129-46b4-8855-1dbbac5972bf
Feb 14 19:22:54.041969 dv-cinder-816898-8-iscsi devstack@c-api.service[110133]: INFO cinder.api.openstack.wsgi [req-c5e635cf-695d-4576-b909-798b2a38a808 req-286c2ae3-fc02-4760-8f34-0120de3c0775 tempest-VolumesSnapshotsTestJSON-1178933610 tempest-VolumesSnapshotsTestJSON-1178933610-project] http://10.222.0.26/volume/v3/86e0a058bb874960910cae164b241236/volumes/a4bcfdf0-c129-46b4-8855-1dbbac5972bf returned with HTTP 404
Feb 14 19:22:54.065571 dv-cinder-816898-8-iscsi devstack@c-api.service[110133]: [pid: 110133|app: 0|req: 36/76] 10.222.0.26 () {62 vars in 1600 bytes} [Mon Feb 14 19:22:54 2022] DELETE /volume/v3/86e0a058bb874960910cae164b241236/volumes/a4bcfdf0-c129-46b4-8855-1dbbac5972bf => generated 109 bytes in 58 msecs (HTTP/1.1 404) 7 headers in 292 bytes (1 switches on core 0)
Feb 14 19:22:54.075342 dv-cinder-816898-8-iscsi devstack@c-api.service[110133]: INFO cinder.api.openstack.wsgi [req-df3117b0-adc4-44b3-8049-9b0f03bc4400 req-bdff2368-84e8-437c-bcd6-edd08bffc566 tempest-VolumesSnapshotsTestJSON-1178933610 tempest-VolumesSnapshotsTestJSON-1178933610-project] GET http://10.222.0.26/volume/v3/86e0a058bb874960910cae164b241236/volumes/a4bcfdf0-c129-46b4-8855-1dbbac5972bf
Feb 14 19:22:54.075938 dv-cinder-816898-8-iscsi devstack@c-api.service[110133]: DEBUG cinder.api.openstack.wsgi [req-df3117b0-adc4-44b3-8049-9b0f03bc4400 req-bdff2368-84e8-437c-bcd6-edd08bffc566 tempest-VolumesSnapshotsTestJSON-1178933610 tempest-VolumesSnapshotsTestJSON-1178933610-project] Empty body provided in request {{(pid=110133) get_body /opt/stack/cinder/cinder/api/openstack/wsgi.py:715}}
Feb 14 19:22:54.076488 dv-cinder-816898-8-iscsi devstack@c-api.service[110133]: DEBUG cinder.api.openstack.wsgi [req-df3117b0-adc4-44b3-8049-9b0f03bc4400 req-bdff2368-84e8-437c-bcd6-edd08bffc566 tempest-VolumesSnapshotsTestJSON-1178933610 tempest-VolumesSnapshotsTestJSON-1178933610-project] Calling method 'show' {{(pid=110133) _process_stack /opt/stack/cinder/cinder/api/openstack/wsgi.py:868}}
Feb 14 19:22:54.102713 dv-cinder-816898-8-iscsi devstack@c-api.service[110133]: INFO cinder.api.openstack.wsgi [req-df3117b0-adc4-44b3-8049-9b0f03bc4400 req-bdff2368-84e8-437c-bcd6-edd08bffc566 tempest-VolumesSnapshotsTestJSON-1178933610 tempest-VolumesSnapshotsTestJSON-1178933610-project] http://10.222.0.26/volume/v3/86e0a058bb874960910cae164b241236/volumes/a4bcfdf0-c129-46b4-8855-1dbbac5972bf returned with HTTP 404
Feb 14 19:22:54.112235 dv-cinder-816898-8-iscsi devstack@c-api.service[110133]: [pid: 110133|app: 0|req: 37/77] 10.222.0.26 () {60 vars in 1578 bytes} [Mon Feb 14 19:22:54 2022] GET /volume/v3/86e0a058bb874960910cae164b241236/volumes/a4bcfdf0-c129-46b4-8855-1dbbac5972bf => generated 109 bytes in 41 msecs (HTTP/1.1 404) 7 headers in 292 bytes (2 switches on core 0)
Feb 14 19:22:54.314033 dv-cinder-816898-8-iscsi devstack@c-api.service[110134]: DEBUG cinder.quota [None req-4513e88f-ca7f-499e-8066-c5801312fcc0 tempest-GroupSnapshotsTest-1312702192 tempest-GroupSnapshotsTest-1312702192-project] Created reservations ['cc1dbc2e-3198-4ff2-aa48-a876db7f34ec', '8240360b-518a-4667-8830-2aa2936139fc', 'c554d924-a575-46e5-a921-3b25e73d9f78', '1e23897a-e711-40c1-889c-37f45cee2c4c'] {{(pid=110134) reserve /opt/stack/cinder/cinder/quota.py:755}}
Feb 14 19:22:54.316376 dv-cinder-816898-8-iscsi devstack@c-api.service[110134]: DEBUG cinder.volume.api [None req-4513e88f-ca7f-499e-8066-c5801312fcc0 tempest-GroupSnapshotsTest-1312702192 tempest-GroupSnapshotsTest-1312702192-project] Task 'cinder.volume.flows.api.create_volume.QuotaReserveTask;volume:create' (8fcd97df-5802-42cf-ad3f-cbc1c33c50b9) transitioned into state 'SUCCESS' from state 'RUNNING' with result '{'reservations': ['cc1dbc2e-3198-4ff2-aa48-a876db7f34ec', '8240360b-518a-4667-8830-2aa2936139fc', 'c554d924-a575-46e5-a921-3b25e73d9f78', '1e23897a-e711-40c1-889c-37f45cee2c4c']}' {{(pid=110134) _task_receiver /usr/local/lib/python3.8/dist-packages/taskflow/listeners/logging.py:178}}
Feb 14 19:22:54.320305 dv-cinder-816898-8-iscsi devstack@c-api.service[110134]: DEBUG cinder.volume.api [None req-4513e88f-ca7f-499e-8066-c5801312fcc0 tempest-GroupSnapshotsTest-1312702192 tempest-GroupSnapshotsTest-1312702192-project] Task 'cinder.volume.flows.api.create_volume.EntryCreateTask;volume:create' (1a6e0fda-3877-494e-af61-c8da39fd5a8a) transitioned into state 'RUNNING' from state 'PENDING' {{(pid=110134) _task_receiver /usr/local/lib/python3.8/dist-packages/taskflow/listeners/logging.py:190}}
Feb 14 19:22:54.436276 dv-cinder-816898-8-iscsi devstack@c-api.service[110134]: DEBUG cinder.volume.api [None req-4513e88f-ca7f-499e-8066-c5801312fcc0 tempest-GroupSnapshotsTest-1312702192 tempest-GroupSnapshotsTest-1312702192-project] Task 'cinder.volume.flows.api.create_volume.EntryCreateTask;volume:create' (1a6e0fda-3877-494e-af61-c8da39fd5a8a) transitioned into state 'SUCCESS' from state 'RUNNING' with result '{'volume_id': 'e7516908-74ad-42fd-97fb-5ea4d7298203', 'volume_properties': VolumeProperties(attach_status='detached',availability_zone='nova',cgsnapshot_id=None,consistencygroup_id=None,display_description=None,display_name='tempest-GroupSnapshotsTest-Volume-880620295',encryption_key_id=None,group_id=5dc8621f-0604-4087-b668-ccb1cbedb3fa,group_type_id=,metadata={},multiattach=False,project_id='93eb972ed1144f65a25560301b9b30f7',qos_specs=None,replication_status=,reservations=['cc1dbc2e-3198-4ff2-aa48-a876db7f34ec','8240360b-518a-4667-8830-2aa2936139fc','c554d924-a575-46e5-a921-3b25e73d9f78','1e23897a-e711-40c1-889c-37f45cee2c4c'],size=1,snapshot_id=None,source_replicaid=,source_volid=None,status='creating',user_id='bf099d6af6274d6fa7178fe8b8c085d6',volume_type_id=2024f5dd-2403-4b77-b613-47b92f48e017), 'volume': Volume(_name_id=None,admin_metadata=,attach_status='detached',availability_zone='nova',bootable=False,cluster=,cluster_name=None,consistencygroup=,consistencygroup_id=None,created_at=2022-02-14T19:22:54Z,deleted=False,deleted_at=None,display_description=None,display_name='tempest-GroupSnapshotsTest-Volume-880620295',ec2_id=None,encryption_key_id=None,glance_metadata=,group=,group_id=5dc8621f-0604-4087-b668-ccb1cbedb3fa,host=None,id=e7516908-74ad-42fd-97fb-5ea4d7298203,launched_at=None,metadata={},migration_status=None,multiattach=False,previous_status=None,project_id='93eb972ed1144f65a25560301b9b30f7',provider_auth=None,provider_geometry=None,provider_id=None,provider_location=None,replication_driver_data=None,replication_extended_status=None,replication_status=None,scheduled_at=None,service_uuid=None,shared_targets=True,size=1,snapshot_id=None,snapshots=,source_volid=None,status='creating',terminated_at=None,updated_at=None,use_quota=True,user_id='bf099d6af6274d6fa7178fe8b8c085d6',volume_attachment=VolumeAttachmentList,volume_type=VolumeType(2024f5dd-2403-4b77-b613-47b92f48e017),volume_type_id=2024f5dd-2403-4b77-b613-47b92f48e017)}' {{(pid=110134) _task_receiver /usr/local/lib/python3.8/dist-packages/taskflow/listeners/logging.py:178}}
Feb 14 19:22:54.445029 dv-cinder-816898-8-iscsi devstack@c-api.service[110134]: DEBUG cinder.volume.api [None req-4513e88f-ca7f-499e-8066-c5801312fcc0 tempest-GroupSnapshotsTest-1312702192 tempest-GroupSnapshotsTest-1312702192-project] Task 'cinder.volume.flows.api.create_volume.QuotaCommitTask;volume:create' (1337c3b2-6274-4c26-9087-d4a61a00ab91) transitioned into state 'RUNNING' from state 'PENDING' {{(pid=110134) _task_receiver /usr/local/lib/python3.8/dist-packages/taskflow/listeners/logging.py:190}}
Feb 14 19:22:54.568719 dv-cinder-816898-8-iscsi devstack@c-api.service[110133]: INFO cinder.api.openstack.wsgi [None req-15d31db9-ad21-482c-a339-9e65773b5608 tempest-VolumesTestJSON-1775558407 tempest-VolumesTestJSON-1775558407-project] GET http://10.222.0.26/volume/v3/858440786f384827a5d09ef657af687d/volumes/273a3485-85f7-40ba-bcb6-beee73e5426a
Feb 14 19:22:54.569963 dv-cinder-816898-8-iscsi devstack@c-api.service[110133]: DEBUG cinder.api.openstack.wsgi [None req-15d31db9-ad21-482c-a339-9e65773b5608 tempest-VolumesTestJSON-1775558407 tempest-VolumesTestJSON-1775558407-project] Empty body provided in request {{(pid=110133) get_body /opt/stack/cinder/cinder/api/openstack/wsgi.py:715}}
Feb 14 19:22:54.571525 dv-cinder-816898-8-iscsi devstack@c-api.service[110133]: DEBUG cinder.api.openstack.wsgi [None req-15d31db9-ad21-482c-a339-9e65773b5608 tempest-VolumesTestJSON-1775558407 tempest-VolumesTestJSON-1775558407-project] Calling method 'show' {{(pid=110133) _process_stack /opt/stack/cinder/cinder/api/openstack/wsgi.py:868}}
Feb 14 19:22:54.619919 dv-cinder-816898-8-iscsi devstack@c-api.service[110133]: INFO cinder.api.openstack.wsgi [None req-15d31db9-ad21-482c-a339-9e65773b5608 tempest-VolumesTestJSON-1775558407 tempest-VolumesTestJSON-1775558407-project] http://10.222.0.26/volume/v3/858440786f384827a5d09ef657af687d/volumes/273a3485-85f7-40ba-bcb6-beee73e5426a returned with HTTP 404
Feb 14 19:22:54.636331 dv-cinder-816898-8-iscsi devstack@c-api.service[110134]: DEBUG cinder.volume.api [None req-4513e88f-ca7f-499e-8066-c5801312fcc0 tempest-GroupSnapshotsTest-1312702192 tempest-GroupSnapshotsTest-1312702192-project] Task 'cinder.volume.flows.api.create_volume.QuotaCommitTask;volume:create' (1337c3b2-6274-4c26-9087-d4a61a00ab91) transitioned into state 'SUCCESS' from state 'RUNNING' with result '{'volume_properties': VolumeProperties(attach_status='detached',availability_zone='nova',cgsnapshot_id=None,consistencygroup_id=None,display_description=None,display_name='tempest-GroupSnapshotsTest-Volume-880620295',encryption_key_id=None,group_id=5dc8621f-0604-4087-b668-ccb1cbedb3fa,group_type_id=,metadata={},multiattach=False,project_id='93eb972ed1144f65a25560301b9b30f7',qos_specs=None,replication_status=,reservations=['cc1dbc2e-3198-4ff2-aa48-a876db7f34ec','8240360b-518a-4667-8830-2aa2936139fc','c554d924-a575-46e5-a921-3b25e73d9f78','1e23897a-e711-40c1-889c-37f45cee2c4c'],size=1,snapshot_id=None,source_replicaid=,source_volid=None,status='creating',user_id='bf099d6af6274d6fa7178fe8b8c085d6',volume_type_id=2024f5dd-2403-4b77-b613-47b92f48e017)}' {{(pid=110134) _task_receiver /usr/local/lib/python3.8/dist-packages/taskflow/listeners/logging.py:178}}
Feb 14 19:22:54.638391 dv-cinder-816898-8-iscsi devstack@c-api.service[110134]: DEBUG cinder.volume.api [None req-4513e88f-ca7f-499e-8066-c5801312fcc0 tempest-GroupSnapshotsTest-1312702192 tempest-GroupSnapshotsTest-1312702192-project] Task 'cinder.volume.flows.api.create_volume.VolumeCastTask;volume:create' (9c564028-291f-465f-b7cf-35e8f48a73b8) transitioned into state 'RUNNING' from state 'PENDING' {{(pid=110134) _task_receiver /usr/local/lib/python3.8/dist-packages/taskflow/listeners/logging.py:190}}
Feb 14 19:22:54.638797 dv-cinder-816898-8-iscsi devstack@c-api.service[110133]: [pid: 110133|app: 0|req: 38/78] 10.222.0.26 () {58 vars in 1324 bytes} [Mon Feb 14 19:22:54 2022] GET /volume/v3/858440786f384827a5d09ef657af687d/volumes/273a3485-85f7-40ba-bcb6-beee73e5426a => generated 109 bytes in 61 msecs (HTTP/1.1 404) 7 headers in 292 bytes (2 switches on core 0)
Feb 14 19:22:54.673852 dv-cinder-816898-8-iscsi devstack@c-api.service[110133]: INFO cinder.api.openstack.wsgi [None req-9ceb102a-ff56-4c8c-9554-5dcc955f2e30 tempest-VolumesTestJSON-1775558407 tempest-VolumesTestJSON-1775558407-project] DELETE http://10.222.0.26/volume/v3/858440786f384827a5d09ef657af687d/volumes/a41c9623-2b5b-49d3-9acf-1ef2820fa220
Feb 14 19:22:54.678669 dv-cinder-816898-8-iscsi devstack@c-api.service[110133]: DEBUG cinder.api.openstack.wsgi [None req-9ceb102a-ff56-4c8c-9554-5dcc955f2e30 tempest-VolumesTestJSON-1775558407 tempest-VolumesTestJSON-1775558407-project] Empty body provided in request {{(pid=110133) get_body /opt/stack/cinder/cinder/api/openstack/wsgi.py:715}}
Feb 14 19:22:54.678669 dv-cinder-816898-8-iscsi devstack@c-api.service[110133]: DEBUG cinder.api.openstack.wsgi [None req-9ceb102a-ff56-4c8c-9554-5dcc955f2e30 tempest-VolumesTestJSON-1775558407 tempest-VolumesTestJSON-1775558407-project] Calling method 'delete' {{(pid=110133) _process_stack /opt/stack/cinder/cinder/api/openstack/wsgi.py:868}}
Feb 14 19:22:54.678669 dv-cinder-816898-8-iscsi devstack@c-api.service[110133]: INFO cinder.api.v3.volumes [None req-9ceb102a-ff56-4c8c-9554-5dcc955f2e30 tempest-VolumesTestJSON-1775558407 tempest-VolumesTestJSON-1775558407-project] Delete volume with id: a41c9623-2b5b-49d3-9acf-1ef2820fa220
Feb 14 19:22:54.717339 dv-cinder-816898-8-iscsi devstack@c-api.service[110133]: /usr/local/lib/python3.8/dist-packages/oslo_context/context.py:105: DeprecationWarning: Policy enforcement is depending on the value of is_admin. This key is deprecated. Please update your policy file to use the standard policy values.
Feb 14 19:22:54.717339 dv-cinder-816898-8-iscsi devstack@c-api.service[110133]: warnings.warn('Policy enforcement is depending on the value of '
Feb 14 19:22:54.720221 dv-cinder-816898-8-iscsi devstack@c-api.service[110133]: INFO cinder.volume.api [None req-9ceb102a-ff56-4c8c-9554-5dcc955f2e30 tempest-VolumesTestJSON-1775558407 tempest-VolumesTestJSON-1775558407-project] Volume info retrieved successfully.
Feb 14 19:22:54.751710 dv-cinder-816898-8-iscsi devstack@c-api.service[110134]: DEBUG cinder.volume.api [None req-4513e88f-ca7f-499e-8066-c5801312fcc0 tempest-GroupSnapshotsTest-1312702192 tempest-GroupSnapshotsTest-1312702192-project] Task 'cinder.volume.flows.api.create_volume.VolumeCastTask;volume:create' (9c564028-291f-465f-b7cf-35e8f48a73b8) transitioned into state 'SUCCESS' from state 'RUNNING' with result 'None' {{(pid=110134) _task_receiver /usr/local/lib/python3.8/dist-packages/taskflow/listeners/logging.py:178}}
Feb 14 19:22:54.765921 dv-cinder-816898-8-iscsi devstack@c-api.service[110134]: DEBUG cinder.volume.api [None req-4513e88f-ca7f-499e-8066-c5801312fcc0 tempest-GroupSnapshotsTest-1312702192 tempest-GroupSnapshotsTest-1312702192-project] Flow 'volume_create_api' (10f4f78b-a271-4321-82d8-2d6c2ee0dd63) transitioned into state 'SUCCESS' from state 'RUNNING' {{(pid=110134) _flow_receiver /usr/local/lib/python3.8/dist-packages/taskflow/listeners/logging.py:141}}
Feb 14 19:22:54.770611 dv-cinder-816898-8-iscsi devstack@c-api.service[110134]: INFO cinder.volume.api [None req-4513e88f-ca7f-499e-8066-c5801312fcc0 tempest-GroupSnapshotsTest-1312702192 tempest-GroupSnapshotsTest-1312702192-project] Create volume request issued successfully.
Feb 14 19:22:54.781464 dv-cinder-816898-8-iscsi devstack@c-api.service[110134]: WARNING stevedore.named [None req-4513e88f-ca7f-499e-8066-c5801312fcc0 tempest-GroupSnapshotsTest-1312702192 tempest-GroupSnapshotsTest-1312702192-project] Could not load cinder.keymgr.conf_key_mgr.ConfKeyManager
Feb 14 19:22:54.784684 dv-cinder-816898-8-iscsi devstack@c-api.service[110134]: WARNING castellan.key_manager [None req-4513e88f-ca7f-499e-8066-c5801312fcc0 tempest-GroupSnapshotsTest-1312702192 tempest-GroupSnapshotsTest-1312702192-project] Deprecation Warning : cinder.keymgr.conf_key_mgr.ConfKeyManager is not a stevedore based driver, trying to load it as a class: stevedore.exception.NoMatches: No 'castellan.drivers' driver found, looking for 'cinder.keymgr.conf_key_mgr.ConfKeyManager'
Feb 14 19:22:54.810426 dv-cinder-816898-8-iscsi devstack@c-api.service[110134]: DEBUG oslo_db.sqlalchemy.engines [None req-4513e88f-ca7f-499e-8066-c5801312fcc0 tempest-GroupSnapshotsTest-1312702192 tempest-GroupSnapshotsTest-1312702192-project] MySQL server mode set to STRICT_TRANS_TABLES,STRICT_ALL_TABLES,NO_ZERO_IN_DATE,NO_ZERO_DATE,ERROR_FOR_DIVISION_BY_ZERO,TRADITIONAL,NO_ENGINE_SUBSTITUTION {{(pid=110134) _check_effective_sql_mode /usr/local/lib/python3.8/dist-packages/oslo_db/sqlalchemy/engines.py:314}}
Feb 14 19:22:54.830939 dv-cinder-816898-8-iscsi devstack@c-api.service[110134]: /usr/local/lib/python3.8/dist-packages/oslo_context/context.py:105: DeprecationWarning: Policy enforcement is depending on the value of is_admin. This key is deprecated. Please update your policy file to use the standard policy values.
Feb 14 19:22:54.830939 dv-cinder-816898-8-iscsi devstack@c-api.service[110134]: warnings.warn('Policy enforcement is depending on the value of '
Feb 14 19:22:54.875630 dv-cinder-816898-8-iscsi devstack@c-api.service[110134]: INFO cinder.api.openstack.wsgi [None req-4513e88f-ca7f-499e-8066-c5801312fcc0 tempest-GroupSnapshotsTest-1312702192 tempest-GroupSnapshotsTest-1312702192-project] http://10.222.0.26/volume/v3/93eb972ed1144f65a25560301b9b30f7/volumes returned with HTTP 202
Feb 14 19:22:54.894283 dv-cinder-816898-8-iscsi devstack@c-api.service[110134]: [pid: 110134|app: 0|req: 41/79] 10.222.0.26 () {62 vars in 1276 bytes} [Mon Feb 14 19:22:53 2022] POST /volume/v3/93eb972ed1144f65a25560301b9b30f7/volumes => generated 907 bytes in 1165 msecs (HTTP/1.1 202) 7 headers in 292 bytes (1 switches on core 0)
Feb 14 19:22:54.916363 dv-cinder-816898-8-iscsi devstack@c-api.service[110134]: INFO cinder.api.openstack.wsgi [None req-0877e4d0-2961-49ab-9953-1cf54cd14478 tempest-GroupSnapshotsTest-1312702192 tempest-GroupSnapshotsTest-1312702192-project] GET http://10.222.0.26/volume/v3/93eb972ed1144f65a25560301b9b30f7/volumes/e7516908-74ad-42fd-97fb-5ea4d7298203
Feb 14 19:22:54.917017 dv-cinder-816898-8-iscsi devstack@c-api.service[110134]: DEBUG cinder.api.openstack.wsgi [None req-0877e4d0-2961-49ab-9953-1cf54cd14478 tempest-GroupSnapshotsTest-1312702192 tempest-GroupSnapshotsTest-1312702192-project] Empty body provided in request {{(pid=110134) get_body /opt/stack/cinder/cinder/api/openstack/wsgi.py:715}}
Feb 14 19:22:54.919056 dv-cinder-816898-8-iscsi devstack@c-api.service[110134]: DEBUG cinder.api.openstack.wsgi [None req-0877e4d0-2961-49ab-9953-1cf54cd14478 tempest-GroupSnapshotsTest-1312702192 tempest-GroupSnapshotsTest-1312702192-project] Calling method 'show' {{(pid=110134) _process_stack /opt/stack/cinder/cinder/api/openstack/wsgi.py:868}}
Feb 14 19:22:54.929161 dv-cinder-816898-8-iscsi devstack@c-api.service[110133]: INFO cinder.volume.api [None req-9ceb102a-ff56-4c8c-9554-5dcc955f2e30 tempest-VolumesTestJSON-1775558407 tempest-VolumesTestJSON-1775558407-project] Delete volume request issued successfully.
Feb 14 19:22:54.929756 dv-cinder-816898-8-iscsi devstack@c-api.service[110133]: INFO cinder.api.openstack.wsgi [None req-9ceb102a-ff56-4c8c-9554-5dcc955f2e30 tempest-VolumesTestJSON-1775558407 tempest-VolumesTestJSON-1775558407-project] http://10.222.0.26/volume/v3/858440786f384827a5d09ef657af687d/volumes/a41c9623-2b5b-49d3-9acf-1ef2820fa220 returned with HTTP 202
Feb 14 19:22:54.930657 dv-cinder-816898-8-iscsi devstack@c-api.service[110133]: [pid: 110133|app: 0|req: 39/80] 10.222.0.26 () {58 vars in 1327 bytes} [Mon Feb 14 19:22:54 2022] DELETE /volume/v3/858440786f384827a5d09ef657af687d/volumes/a41c9623-2b5b-49d3-9acf-1ef2820fa220 => generated 0 bytes in 291 msecs (HTTP/1.1 202) 6 headers in 233 bytes (1 switches on core 0)
Feb 14 19:22:54.960396 dv-cinder-816898-8-iscsi devstack@c-api.service[110133]: INFO cinder.api.openstack.wsgi [None req-ef5cfd73-f3c4-46a1-9371-540e7fa98b73 tempest-VolumesTestJSON-1775558407 tempest-VolumesTestJSON-1775558407-project] GET http://10.222.0.26/volume/v3/858440786f384827a5d09ef657af687d/volumes/a41c9623-2b5b-49d3-9acf-1ef2820fa220
Feb 14 19:22:54.965408 dv-cinder-816898-8-iscsi devstack@c-api.service[110133]: DEBUG cinder.api.openstack.wsgi [None req-ef5cfd73-f3c4-46a1-9371-540e7fa98b73 tempest-VolumesTestJSON-1775558407 tempest-VolumesTestJSON-1775558407-project] Empty body provided in request {{(pid=110133) get_body /opt/stack/cinder/cinder/api/openstack/wsgi.py:715}}
Feb 14 19:22:54.966101 dv-cinder-816898-8-iscsi devstack@c-api.service[110133]: DEBUG cinder.api.openstack.wsgi [None req-ef5cfd73-f3c4-46a1-9371-540e7fa98b73 tempest-VolumesTestJSON-1775558407 tempest-VolumesTestJSON-1775558407-project] Calling method 'show' {{(pid=110133) _process_stack /opt/stack/cinder/cinder/api/openstack/wsgi.py:868}}
Feb 14 19:22:55.015150 dv-cinder-816898-8-iscsi devstack@c-api.service[110133]: /usr/local/lib/python3.8/dist-packages/oslo_context/context.py:105: DeprecationWarning: Policy enforcement is depending on the value of is_admin. This key is deprecated. Please update your policy file to use the standard policy values.
Feb 14 19:22:55.015150 dv-cinder-816898-8-iscsi devstack@c-api.service[110133]: warnings.warn('Policy enforcement is depending on the value of '
Feb 14 19:22:55.019183 dv-cinder-816898-8-iscsi devstack@c-api.service[110134]: /usr/local/lib/python3.8/dist-packages/oslo_context/context.py:105: DeprecationWarning: Policy enforcement is depending on the value of is_admin. This key is deprecated. Please update your policy file to use the standard policy values.
Feb 14 19:22:55.019183 dv-cinder-816898-8-iscsi devstack@c-api.service[110134]: warnings.warn('Policy enforcement is depending on the value of '
Feb 14 19:22:55.051173 dv-cinder-816898-8-iscsi devstack@c-api.service[110133]: INFO cinder.volume.api [None req-ef5cfd73-f3c4-46a1-9371-540e7fa98b73 tempest-VolumesTestJSON-1775558407 tempest-VolumesTestJSON-1775558407-project] Volume info retrieved successfully.
Feb 14 19:22:55.076654 dv-cinder-816898-8-iscsi devstack@c-api.service[110134]: INFO cinder.volume.api [None req-0877e4d0-2961-49ab-9953-1cf54cd14478 tempest-GroupSnapshotsTest-1312702192 tempest-GroupSnapshotsTest-1312702192-project] Volume info retrieved successfully.
Feb 14 19:22:55.088606 dv-cinder-816898-8-iscsi devstack@c-api.service[110133]: INFO cinder.api.openstack.wsgi [None req-ef5cfd73-f3c4-46a1-9371-540e7fa98b73 tempest-VolumesTestJSON-1775558407 tempest-VolumesTestJSON-1775558407-project] http://10.222.0.26/volume/v3/858440786f384827a5d09ef657af687d/volumes/a41c9623-2b5b-49d3-9acf-1ef2820fa220 returned with HTTP 200
Feb 14 19:22:55.088700 dv-cinder-816898-8-iscsi devstack@c-api.service[110134]: WARNING stevedore.named [None req-0877e4d0-2961-49ab-9953-1cf54cd14478 tempest-GroupSnapshotsTest-1312702192 tempest-GroupSnapshotsTest-1312702192-project] Could not load cinder.keymgr.conf_key_mgr.ConfKeyManager
Feb 14 19:22:55.088777 dv-cinder-816898-8-iscsi devstack@c-api.service[110134]: WARNING castellan.key_manager [None req-0877e4d0-2961-49ab-9953-1cf54cd14478 tempest-GroupSnapshotsTest-1312702192 tempest-GroupSnapshotsTest-1312702192-project] Deprecation Warning : cinder.keymgr.conf_key_mgr.ConfKeyManager is not a stevedore based driver, trying to load it as a class: stevedore.exception.NoMatches: No 'castellan.drivers' driver found, looking for 'cinder.keymgr.conf_key_mgr.ConfKeyManager'
Feb 14 19:22:55.096658 dv-cinder-816898-8-iscsi devstack@c-api.service[110133]: [pid: 110133|app: 0|req: 40/81] 10.222.0.26 () {58 vars in 1324 bytes} [Mon Feb 14 19:22:54 2022] GET /volume/v3/858440786f384827a5d09ef657af687d/volumes/a41c9623-2b5b-49d3-9acf-1ef2820fa220 => generated 921 bytes in 160 msecs (HTTP/1.1 200) 7 headers in 285 bytes (1 switches on core 0)
Feb 14 19:22:55.122919 dv-cinder-816898-8-iscsi devstack@c-api.service[110134]: DEBUG oslo_db.sqlalchemy.engines [None req-0877e4d0-2961-49ab-9953-1cf54cd14478 tempest-GroupSnapshotsTest-1312702192 tempest-GroupSnapshotsTest-1312702192-project] MySQL server mode set to STRICT_TRANS_TABLES,STRICT_ALL_TABLES,NO_ZERO_IN_DATE,NO_ZERO_DATE,ERROR_FOR_DIVISION_BY_ZERO,TRADITIONAL,NO_ENGINE_SUBSTITUTION {{(pid=110134) _check_effective_sql_mode /usr/local/lib/python3.8/dist-packages/oslo_db/sqlalchemy/engines.py:314}}
Feb 14 19:22:55.143269 dv-cinder-816898-8-iscsi devstack@c-api.service[110134]: /usr/local/lib/python3.8/dist-packages/oslo_context/context.py:105: DeprecationWarning: Policy enforcement is depending on the value of is_admin. This key is deprecated. Please update your policy file to use the standard policy values.
Feb 14 19:22:55.143269 dv-cinder-816898-8-iscsi devstack@c-api.service[110134]: warnings.warn('Policy enforcement is depending on the value of '
Feb 14 19:22:55.209633 dv-cinder-816898-8-iscsi devstack@c-api.service[110134]: INFO cinder.api.openstack.wsgi [None req-0877e4d0-2961-49ab-9953-1cf54cd14478 tempest-GroupSnapshotsTest-1312702192 tempest-GroupSnapshotsTest-1312702192-project] http://10.222.0.26/volume/v3/93eb972ed1144f65a25560301b9b30f7/volumes/e7516908-74ad-42fd-97fb-5ea4d7298203 returned with HTTP 200
Feb 14 19:22:55.213230 dv-cinder-816898-8-iscsi devstack@c-api.service[110134]: [pid: 110134|app: 0|req: 42/82] 10.222.0.26 () {60 vars in 1365 bytes} [Mon Feb 14 19:22:54 2022] GET /volume/v3/93eb972ed1144f65a25560301b9b30f7/volumes/e7516908-74ad-42fd-97fb-5ea4d7298203 => generated 975 bytes in 318 msecs (HTTP/1.1 200) 7 headers in 286 bytes (1 switches on core 0)
Feb 14 19:22:56.099987 dv-cinder-816898-8-iscsi devstack@c-api.service[110133]: INFO cinder.api.openstack.wsgi [None req-ee2a0029-6ecc-43df-bbae-7fdbf93b36ce tempest-VolumesTestJSON-1775558407 tempest-VolumesTestJSON-1775558407-project] GET http://10.222.0.26/volume/v3/858440786f384827a5d09ef657af687d/volumes/a41c9623-2b5b-49d3-9acf-1ef2820fa220
Feb 14 19:22:56.100860 dv-cinder-816898-8-iscsi devstack@c-api.service[110133]: DEBUG cinder.api.openstack.wsgi [None req-ee2a0029-6ecc-43df-bbae-7fdbf93b36ce tempest-VolumesTestJSON-1775558407 tempest-VolumesTestJSON-1775558407-project] Empty body provided in request {{(pid=110133) get_body /opt/stack/cinder/cinder/api/openstack/wsgi.py:715}}
Feb 14 19:22:56.101008 dv-cinder-816898-8-iscsi devstack@c-api.service[110133]: DEBUG cinder.api.openstack.wsgi [None req-ee2a0029-6ecc-43df-bbae-7fdbf93b36ce tempest-VolumesTestJSON-1775558407 tempest-VolumesTestJSON-1775558407-project] Calling method 'show' {{(pid=110133) _process_stack /opt/stack/cinder/cinder/api/openstack/wsgi.py:868}}
Feb 14 19:22:56.145041 dv-cinder-816898-8-iscsi devstack@c-api.service[110133]: INFO cinder.api.openstack.wsgi [None req-ee2a0029-6ecc-43df-bbae-7fdbf93b36ce tempest-VolumesTestJSON-1775558407 tempest-VolumesTestJSON-1775558407-project] http://10.222.0.26/volume/v3/858440786f384827a5d09ef657af687d/volumes/a41c9623-2b5b-49d3-9acf-1ef2820fa220 returned with HTTP 404
Feb 14 19:22:56.165884 dv-cinder-816898-8-iscsi devstack@c-api.service[110133]: [pid: 110133|app: 0|req: 41/83] 10.222.0.26 () {58 vars in 1324 bytes} [Mon Feb 14 19:22:56 2022] GET /volume/v3/858440786f384827a5d09ef657af687d/volumes/a41c9623-2b5b-49d3-9acf-1ef2820fa220 => generated 109 bytes in 63 msecs (HTTP/1.1 404) 7 headers in 292 bytes (1 switches on core 0)
Feb 14 19:22:56.166007 dv-cinder-816898-8-iscsi devstack@c-api.service[110134]: INFO cinder.api.openstack.wsgi [None req-f6052fce-f4fd-4e82-bc25-2b43e3158c2e tempest-VolumesTestJSON-1775558407 tempest-VolumesTestJSON-1775558407-project] DELETE http://10.222.0.26/volume/v3/858440786f384827a5d09ef657af687d/volumes/cf77126f-02e2-41a6-afe0-8b8805e8ed36
Feb 14 19:22:56.166007 dv-cinder-816898-8-iscsi devstack@c-api.service[110134]: DEBUG cinder.api.openstack.wsgi [None req-f6052fce-f4fd-4e82-bc25-2b43e3158c2e tempest-VolumesTestJSON-1775558407 tempest-VolumesTestJSON-1775558407-project] Empty body provided in request {{(pid=110134) get_body /opt/stack/cinder/cinder/api/openstack/wsgi.py:715}}
Feb 14 19:22:56.166007 dv-cinder-816898-8-iscsi devstack@c-api.service[110134]: DEBUG cinder.api.openstack.wsgi [None req-f6052fce-f4fd-4e82-bc25-2b43e3158c2e tempest-VolumesTestJSON-1775558407 tempest-VolumesTestJSON-1775558407-project] Calling method 'delete' {{(pid=110134) _process_stack /opt/stack/cinder/cinder/api/openstack/wsgi.py:868}}
Feb 14 19:22:56.166007 dv-cinder-816898-8-iscsi devstack@c-api.service[110134]: INFO cinder.api.v3.volumes [None req-f6052fce-f4fd-4e82-bc25-2b43e3158c2e tempest-VolumesTestJSON-1775558407 tempest-VolumesTestJSON-1775558407-project] Delete volume with id: cf77126f-02e2-41a6-afe0-8b8805e8ed36
Feb 14 19:22:56.229186 dv-cinder-816898-8-iscsi devstack@c-api.service[110134]: /usr/local/lib/python3.8/dist-packages/oslo_context/context.py:105: DeprecationWarning: Policy enforcement is depending on the value of is_admin. This key is deprecated. Please update your policy file to use the standard policy values.
Feb 14 19:22:56.229186 dv-cinder-816898-8-iscsi devstack@c-api.service[110134]: warnings.warn('Policy enforcement is depending on the value of '
Feb 14 19:22:56.229186 dv-cinder-816898-8-iscsi devstack@c-api.service[110134]: INFO cinder.volume.api [None req-f6052fce-f4fd-4e82-bc25-2b43e3158c2e tempest-VolumesTestJSON-1775558407 tempest-VolumesTestJSON-1775558407-project] Volume info retrieved successfully.
Feb 14 19:22:56.233989 dv-cinder-816898-8-iscsi devstack@c-api.service[110133]: INFO cinder.api.openstack.wsgi [None req-45278953-3bb6-4033-944f-7dcbd799e242 tempest-GroupSnapshotsTest-1312702192 tempest-GroupSnapshotsTest-1312702192-project] GET http://10.222.0.26/volume/v3/93eb972ed1144f65a25560301b9b30f7/volumes/e7516908-74ad-42fd-97fb-5ea4d7298203
Feb 14 19:22:56.236205 dv-cinder-816898-8-iscsi devstack@c-api.service[110133]: DEBUG cinder.api.openstack.wsgi [None req-45278953-3bb6-4033-944f-7dcbd799e242 tempest-GroupSnapshotsTest-1312702192 tempest-GroupSnapshotsTest-1312702192-project] Empty body provided in request {{(pid=110133) get_body /opt/stack/cinder/cinder/api/openstack/wsgi.py:715}}
Feb 14 19:22:56.236870 dv-cinder-816898-8-iscsi devstack@c-api.service[110133]: DEBUG cinder.api.openstack.wsgi [None req-45278953-3bb6-4033-944f-7dcbd799e242 tempest-GroupSnapshotsTest-1312702192 tempest-GroupSnapshotsTest-1312702192-project] Calling method 'show' {{(pid=110133) _process_stack /opt/stack/cinder/cinder/api/openstack/wsgi.py:868}}
Feb 14 19:22:56.278279 dv-cinder-816898-8-iscsi devstack@c-api.service[110133]: /usr/local/lib/python3.8/dist-packages/oslo_context/context.py:105: DeprecationWarning: Policy enforcement is depending on the value of is_admin. This key is deprecated. Please update your policy file to use the standard policy values.
Feb 14 19:22:56.278279 dv-cinder-816898-8-iscsi devstack@c-api.service[110133]: warnings.warn('Policy enforcement is depending on the value of '
Feb 14 19:22:56.323428 dv-cinder-816898-8-iscsi devstack@c-api.service[110133]: INFO cinder.volume.api [None req-45278953-3bb6-4033-944f-7dcbd799e242 tempest-GroupSnapshotsTest-1312702192 tempest-GroupSnapshotsTest-1312702192-project] Volume info retrieved successfully.
Feb 14 19:22:56.325208 dv-cinder-816898-8-iscsi devstack@c-api.service[110133]: WARNING stevedore.named [None req-45278953-3bb6-4033-944f-7dcbd799e242 tempest-GroupSnapshotsTest-1312702192 tempest-GroupSnapshotsTest-1312702192-project] Could not load cinder.keymgr.conf_key_mgr.ConfKeyManager
Feb 14 19:22:56.325732 dv-cinder-816898-8-iscsi devstack@c-api.service[110133]: WARNING castellan.key_manager [None req-45278953-3bb6-4033-944f-7dcbd799e242 tempest-GroupSnapshotsTest-1312702192 tempest-GroupSnapshotsTest-1312702192-project] Deprecation Warning : cinder.keymgr.conf_key_mgr.ConfKeyManager is not a stevedore based driver, trying to load it as a class: stevedore.exception.NoMatches: No 'castellan.drivers' driver found, looking for 'cinder.keymgr.conf_key_mgr.ConfKeyManager'
Feb 14 19:22:56.344022 dv-cinder-816898-8-iscsi devstack@c-api.service[110133]: DEBUG oslo_db.sqlalchemy.engines [None req-45278953-3bb6-4033-944f-7dcbd799e242 tempest-GroupSnapshotsTest-1312702192 tempest-GroupSnapshotsTest-1312702192-project] MySQL server mode set to STRICT_TRANS_TABLES,STRICT_ALL_TABLES,NO_ZERO_IN_DATE,NO_ZERO_DATE,ERROR_FOR_DIVISION_BY_ZERO,TRADITIONAL,NO_ENGINE_SUBSTITUTION {{(pid=110133) _check_effective_sql_mode /usr/local/lib/python3.8/dist-packages/oslo_db/sqlalchemy/engines.py:314}}
Feb 14 19:22:56.352827 dv-cinder-816898-8-iscsi devstack@c-api.service[110133]: /usr/local/lib/python3.8/dist-packages/oslo_context/context.py:105: DeprecationWarning: Policy enforcement is depending on the value of is_admin. This key is deprecated. Please update your policy file to use the standard policy values.
Feb 14 19:22:56.352827 dv-cinder-816898-8-iscsi devstack@c-api.service[110133]: warnings.warn('Policy enforcement is depending on the value of '
