Jan 28 00:58:12.926044 dv-cinder-816898-6-smb devstack@c-api.service[109439]: /usr/local/lib/python3.8/dist-packages/oslo_context/context.py:105: DeprecationWarning: Policy enforcement is depending on the value of is_admin. This key is deprecated. Please update your policy file to use the standard policy values.
Jan 28 00:58:12.926044 dv-cinder-816898-6-smb devstack@c-api.service[109439]: warnings.warn('Policy enforcement is depending on the value of '
Jan 28 00:58:12.927081 dv-cinder-816898-6-smb devstack@c-api.service[109439]: INFO cinder.volume.api [None req-be190490-19cb-4cb4-af0e-531b0e2fc81a tempest-VolumesSnapshotNegativeTestJSON-1554184731 tempest-VolumesSnapshotNegativeTestJSON-1554184731-project] Volume info retrieved successfully.
Jan 28 00:58:12.927379 dv-cinder-816898-6-smb devstack@c-api.service[109439]: INFO cinder.api.v3.snapshots [None req-be190490-19cb-4cb4-af0e-531b0e2fc81a tempest-VolumesSnapshotNegativeTestJSON-1554184731 tempest-VolumesSnapshotNegativeTestJSON-1554184731-project] Create snapshot from volume 601d6b62-a3c2-4727-9a56-8c13f3ba0b7b
Jan 28 00:58:12.988254 dv-cinder-816898-6-smb devstack@c-api.service[109439]: DEBUG cinder.quota [None req-be190490-19cb-4cb4-af0e-531b0e2fc81a tempest-VolumesSnapshotNegativeTestJSON-1554184731 tempest-VolumesSnapshotNegativeTestJSON-1554184731-project] Created reservations ['d3a2943a-92c4-446b-a686-2baaf5ef8969', '7ba9136f-4c22-4381-8763-331ffe4940d6', 'd3966d80-6a1a-45f0-9ee2-61f1a6ce1480', '6e00a4dc-3a8d-45d3-8f26-6d7acccede62'] {{(pid=109439) reserve /opt/stack/cinder/cinder/quota.py:755}}
Jan 28 00:58:13.042476 dv-cinder-816898-6-smb devstack@c-api.service[109439]: INFO cinder.volume.api [None req-be190490-19cb-4cb4-af0e-531b0e2fc81a tempest-VolumesSnapshotNegativeTestJSON-1554184731 tempest-VolumesSnapshotNegativeTestJSON-1554184731-project] Snapshot create request issued successfully.
Jan 28 00:58:13.043243 dv-cinder-816898-6-smb devstack@c-api.service[109439]: INFO cinder.api.openstack.wsgi [None req-be190490-19cb-4cb4-af0e-531b0e2fc81a tempest-VolumesSnapshotNegativeTestJSON-1554184731 tempest-VolumesSnapshotNegativeTestJSON-1554184731-project] http://10.222.0.77/volume/v3/cd2cd9a4199f4cf98eb10207226d0382/snapshots returned with HTTP 202
Jan 28 00:58:13.049629 dv-cinder-816898-6-smb devstack@c-api.service[109439]: [pid: 109439|app: 0|req: 216/460] 10.222.0.77 () {60 vars in 1241 bytes} [Fri Jan 28 00:58:12 2022] POST /volume/v3/cd2cd9a4199f4cf98eb10207226d0382/snapshots => generated 317 bytes in 138 msecs (HTTP/1.1 202) 7 headers in 291 bytes (1 switches on core 0)
Jan 28 00:58:13.054276 dv-cinder-816898-6-smb devstack@c-api.service[109440]: INFO cinder.api.openstack.wsgi [None req-5872c4dc-ffe2-4dc0-b400-feb09d934410 tempest-VolumesSnapshotNegativeTestJSON-1554184731 tempest-VolumesSnapshotNegativeTestJSON-1554184731-project] GET http://10.222.0.77/volume/v3/cd2cd9a4199f4cf98eb10207226d0382/snapshots/ba72bea5-db39-42b1-8930-9cb3c3d90998
Jan 28 00:58:13.054624 dv-cinder-816898-6-smb devstack@c-api.service[109440]: DEBUG cinder.api.openstack.wsgi [None req-5872c4dc-ffe2-4dc0-b400-feb09d934410 tempest-VolumesSnapshotNegativeTestJSON-1554184731 tempest-VolumesSnapshotNegativeTestJSON-1554184731-project] Empty body provided in request {{(pid=109440) get_body /opt/stack/cinder/cinder/api/openstack/wsgi.py:715}}
Jan 28 00:58:13.055120 dv-cinder-816898-6-smb devstack@c-api.service[109440]: DEBUG cinder.api.openstack.wsgi [None req-5872c4dc-ffe2-4dc0-b400-feb09d934410 tempest-VolumesSnapshotNegativeTestJSON-1554184731 tempest-VolumesSnapshotNegativeTestJSON-1554184731-project] Calling method 'show' {{(pid=109440) _process_stack /opt/stack/cinder/cinder/api/openstack/wsgi.py:868}}
Jan 28 00:58:13.064506 dv-cinder-816898-6-smb devstack@c-api.service[109440]: /usr/local/lib/python3.8/dist-packages/oslo_context/context.py:105: DeprecationWarning: Policy enforcement is depending on the value of is_admin. This key is deprecated. Please update your policy file to use the standard policy values.
Jan 28 00:58:13.064506 dv-cinder-816898-6-smb devstack@c-api.service[109440]: warnings.warn('Policy enforcement is depending on the value of '
Jan 28 00:58:13.065902 dv-cinder-816898-6-smb devstack@c-api.service[109440]: INFO cinder.volume.api [None req-5872c4dc-ffe2-4dc0-b400-feb09d934410 tempest-VolumesSnapshotNegativeTestJSON-1554184731 tempest-VolumesSnapshotNegativeTestJSON-1554184731-project] Snapshot retrieved successfully.
Jan 28 00:58:13.068373 dv-cinder-816898-6-smb devstack@c-api.service[109440]: INFO cinder.api.openstack.wsgi [None req-5872c4dc-ffe2-4dc0-b400-feb09d934410 tempest-VolumesSnapshotNegativeTestJSON-1554184731 tempest-VolumesSnapshotNegativeTestJSON-1554184731-project] http://10.222.0.77/volume/v3/cd2cd9a4199f4cf98eb10207226d0382/snapshots/ba72bea5-db39-42b1-8930-9cb3c3d90998 returned with HTTP 200
Jan 28 00:58:13.070112 dv-cinder-816898-6-smb devstack@c-api.service[109440]: [pid: 109440|app: 0|req: 245/461] 10.222.0.77 () {58 vars in 1330 bytes} [Fri Jan 28 00:58:13 2022] GET /volume/v3/cd2cd9a4199f4cf98eb10207226d0382/snapshots/ba72bea5-db39-42b1-8930-9cb3c3d90998 => generated 449 bytes in 20 msecs (HTTP/1.1 200) 7 headers in 285 bytes (1 switches on core 0)
Jan 28 00:58:13.774890 dv-cinder-816898-6-smb devstack@c-api.service[109439]: INFO cinder.api.openstack.wsgi [None req-8ee4fb1a-e35f-4b6a-b3e7-9f82371f4eb3 tempest-GroupSnapshotsTest-899049645 tempest-GroupSnapshotsTest-899049645-project] GET http://10.222.0.77/volume/v3/43160bfc37f64af08f70874f4334432e/volumes/53f64168-23db-495a-8a34-8315e36e43bd
Jan 28 00:58:13.775409 dv-cinder-816898-6-smb devstack@c-api.service[109439]: DEBUG cinder.api.openstack.wsgi [None req-8ee4fb1a-e35f-4b6a-b3e7-9f82371f4eb3 tempest-GroupSnapshotsTest-899049645 tempest-GroupSnapshotsTest-899049645-project] Empty body provided in request {{(pid=109439) get_body /opt/stack/cinder/cinder/api/openstack/wsgi.py:715}}
Jan 28 00:58:13.775812 dv-cinder-816898-6-smb devstack@c-api.service[109439]: DEBUG cinder.api.openstack.wsgi [None req-8ee4fb1a-e35f-4b6a-b3e7-9f82371f4eb3 tempest-GroupSnapshotsTest-899049645 tempest-GroupSnapshotsTest-899049645-project] Calling method 'show' {{(pid=109439) _process_stack /opt/stack/cinder/cinder/api/openstack/wsgi.py:868}}
Jan 28 00:58:13.789132 dv-cinder-816898-6-smb devstack@c-api.service[109439]: /usr/local/lib/python3.8/dist-packages/oslo_context/context.py:105: DeprecationWarning: Policy enforcement is depending on the value of is_admin. This key is deprecated. Please update your policy file to use the standard policy values.
Jan 28 00:58:13.789132 dv-cinder-816898-6-smb devstack@c-api.service[109439]: warnings.warn('Policy enforcement is depending on the value of '
Jan 28 00:58:13.795838 dv-cinder-816898-6-smb devstack@c-api.service[109439]: INFO cinder.volume.api [None req-8ee4fb1a-e35f-4b6a-b3e7-9f82371f4eb3 tempest-GroupSnapshotsTest-899049645 tempest-GroupSnapshotsTest-899049645-project] Volume info retrieved successfully.
Jan 28 00:58:13.797123 dv-cinder-816898-6-smb devstack@c-api.service[109439]: WARNING stevedore.named [None req-8ee4fb1a-e35f-4b6a-b3e7-9f82371f4eb3 tempest-GroupSnapshotsTest-899049645 tempest-GroupSnapshotsTest-899049645-project] Could not load cinder.keymgr.conf_key_mgr.ConfKeyManager
Jan 28 00:58:13.797496 dv-cinder-816898-6-smb devstack@c-api.service[109439]: WARNING castellan.key_manager [None req-8ee4fb1a-e35f-4b6a-b3e7-9f82371f4eb3 tempest-GroupSnapshotsTest-899049645 tempest-GroupSnapshotsTest-899049645-project] Deprecation Warning : cinder.keymgr.conf_key_mgr.ConfKeyManager is not a stevedore based driver, trying to load it as a class: stevedore.exception.NoMatches: No 'castellan.drivers' driver found, looking for 'cinder.keymgr.conf_key_mgr.ConfKeyManager'
Jan 28 00:58:13.804069 dv-cinder-816898-6-smb devstack@c-api.service[109439]: DEBUG oslo_db.sqlalchemy.engines [None req-8ee4fb1a-e35f-4b6a-b3e7-9f82371f4eb3 tempest-GroupSnapshotsTest-899049645 tempest-GroupSnapshotsTest-899049645-project] MySQL server mode set to STRICT_TRANS_TABLES,STRICT_ALL_TABLES,NO_ZERO_IN_DATE,NO_ZERO_DATE,ERROR_FOR_DIVISION_BY_ZERO,TRADITIONAL,NO_ENGINE_SUBSTITUTION {{(pid=109439) _check_effective_sql_mode /usr/local/lib/python3.8/dist-packages/oslo_db/sqlalchemy/engines.py:314}}
Jan 28 00:58:13.809669 dv-cinder-816898-6-smb devstack@c-api.service[109439]: /usr/local/lib/python3.8/dist-packages/oslo_context/context.py:105: DeprecationWarning: Policy enforcement is depending on the value of is_admin. This key is deprecated. Please update your policy file to use the standard policy values.
Jan 28 00:58:13.809669 dv-cinder-816898-6-smb devstack@c-api.service[109439]: warnings.warn('Policy enforcement is depending on the value of '
Jan 28 00:58:13.823928 dv-cinder-816898-6-smb devstack@c-api.service[109439]: INFO cinder.api.openstack.wsgi [None req-8ee4fb1a-e35f-4b6a-b3e7-9f82371f4eb3 tempest-GroupSnapshotsTest-899049645 tempest-GroupSnapshotsTest-899049645-project] http://10.222.0.77/volume/v3/43160bfc37f64af08f70874f4334432e/volumes/53f64168-23db-495a-8a34-8315e36e43bd returned with HTTP 200
Jan 28 00:58:13.824809 dv-cinder-816898-6-smb devstack@c-api.service[109439]: [pid: 109439|app: 0|req: 217/462] 10.222.0.77 () {60 vars in 1365 bytes} [Fri Jan 28 00:58:13 2022] GET /volume/v3/43160bfc37f64af08f70874f4334432e/volumes/53f64168-23db-495a-8a34-8315e36e43bd => generated 1000 bytes in 54 msecs (HTTP/1.1 200) 7 headers in 287 bytes (1 switches on core 0)
Jan 28 00:58:13.830627 dv-cinder-816898-6-smb devstack@c-api.service[109440]: INFO cinder.api.openstack.wsgi [None req-3f867806-b18a-4066-856c-6d140c71481a tempest-VolumesImageMetadata-149776995 tempest-VolumesImageMetadata-149776995-project] GET http://10.222.0.77/volume/v3/df4e53f12b77418d94e0ba1b30f9eb8d/volumes/caa7cab1-058a-40c5-ab25-e630eb727219
Jan 28 00:58:13.831188 dv-cinder-816898-6-smb devstack@c-api.service[109440]: DEBUG cinder.api.openstack.wsgi [None req-3f867806-b18a-4066-856c-6d140c71481a tempest-VolumesImageMetadata-149776995 tempest-VolumesImageMetadata-149776995-project] Empty body provided in request {{(pid=109440) get_body /opt/stack/cinder/cinder/api/openstack/wsgi.py:715}}
Jan 28 00:58:13.831615 dv-cinder-816898-6-smb devstack@c-api.service[109440]: DEBUG cinder.api.openstack.wsgi [None req-3f867806-b18a-4066-856c-6d140c71481a tempest-VolumesImageMetadata-149776995 tempest-VolumesImageMetadata-149776995-project] Calling method 'show' {{(pid=109440) _process_stack /opt/stack/cinder/cinder/api/openstack/wsgi.py:868}}
Jan 28 00:58:13.839653 dv-cinder-816898-6-smb devstack@c-api.service[109439]: INFO cinder.api.openstack.wsgi [None req-ed1332ff-4266-45f2-99b0-a7df4f1f7cad tempest-GroupSnapshotsTest-899049645 tempest-GroupSnapshotsTest-899049645-project] POST http://10.222.0.77/volume/v3/43160bfc37f64af08f70874f4334432e/group_snapshots
Jan 28 00:58:13.840391 dv-cinder-816898-6-smb devstack@c-api.service[109439]: DEBUG cinder.api.openstack.wsgi [None req-ed1332ff-4266-45f2-99b0-a7df4f1f7cad tempest-GroupSnapshotsTest-899049645 tempest-GroupSnapshotsTest-899049645-project] Action: 'create', calling method: version_select, body: {"group_snapshot": {"group_id": "78f2a324-d500-4cbd-938e-404ad8b4ac4a", "name": "tempest-group_snapshot-1374754781"}} {{(pid=109439) _process_stack /opt/stack/cinder/cinder/api/openstack/wsgi.py:866}}
Jan 28 00:58:13.842077 dv-cinder-816898-6-smb devstack@c-api.service[109439]: DEBUG cinder.api.v3.group_snapshots [None req-ed1332ff-4266-45f2-99b0-a7df4f1f7cad tempest-GroupSnapshotsTest-899049645 tempest-GroupSnapshotsTest-899049645-project] Creating new group_snapshot {'group_snapshot': {'group_id': '78f2a324-d500-4cbd-938e-404ad8b4ac4a', 'name': 'tempest-group_snapshot-1374754781'}} {{(pid=109439) create /opt/stack/cinder/cinder/api/v3/group_snapshots.py:154}}
Jan 28 00:58:13.846011 dv-cinder-816898-6-smb devstack@c-api.service[109440]: /usr/local/lib/python3.8/dist-packages/oslo_context/context.py:105: DeprecationWarning: Policy enforcement is depending on the value of is_admin. This key is deprecated. Please update your policy file to use the standard policy values.
Jan 28 00:58:13.846011 dv-cinder-816898-6-smb devstack@c-api.service[109440]: warnings.warn('Policy enforcement is depending on the value of '
Jan 28 00:58:13.847654 dv-cinder-816898-6-smb devstack@c-api.service[109439]: /usr/local/lib/python3.8/dist-packages/oslo_context/context.py:105: DeprecationWarning: Policy enforcement is depending on the value of is_admin. This key is deprecated. Please update your policy file to use the standard policy values.
Jan 28 00:58:13.847654 dv-cinder-816898-6-smb devstack@c-api.service[109439]: warnings.warn('Policy enforcement is depending on the value of '
Jan 28 00:58:13.853238 dv-cinder-816898-6-smb devstack@c-api.service[109440]: INFO cinder.volume.api [None req-3f867806-b18a-4066-856c-6d140c71481a tempest-VolumesImageMetadata-149776995 tempest-VolumesImageMetadata-149776995-project] Volume info retrieved successfully.
Jan 28 00:58:13.853378 dv-cinder-816898-6-smb devstack@c-api.service[109439]: INFO cinder.api.v3.group_snapshots [None req-ed1332ff-4266-45f2-99b0-a7df4f1f7cad tempest-GroupSnapshotsTest-899049645 tempest-GroupSnapshotsTest-899049645-project] Creating group_snapshot tempest-group_snapshot-1374754781.
Jan 28 00:58:13.861580 dv-cinder-816898-6-smb devstack@c-api.service[109440]: INFO cinder.api.openstack.wsgi [None req-3f867806-b18a-4066-856c-6d140c71481a tempest-VolumesImageMetadata-149776995 tempest-VolumesImageMetadata-149776995-project] http://10.222.0.77/volume/v3/df4e53f12b77418d94e0ba1b30f9eb8d/volumes/caa7cab1-058a-40c5-ab25-e630eb727219 returned with HTTP 200
Jan 28 00:58:13.862367 dv-cinder-816898-6-smb devstack@c-api.service[109440]: [pid: 109440|app: 0|req: 246/463] 10.222.0.77 () {58 vars in 1324 bytes} [Fri Jan 28 00:58:13 2022] GET /volume/v3/df4e53f12b77418d94e0ba1b30f9eb8d/volumes/caa7cab1-058a-40c5-ab25-e630eb727219 => generated 911 bytes in 41 msecs (HTTP/1.1 200) 7 headers in 285 bytes (2 switches on core 0)
Jan 28 00:58:13.866773 dv-cinder-816898-6-smb devstack@c-api.service[109440]: INFO cinder.api.openstack.wsgi [None req-657568c2-e33c-4a29-b170-f7365d90383a tempest-VolumesCloneTest-1098912755 tempest-VolumesCloneTest-1098912755-project] GET http://10.222.0.77/volume/v3/55ddb560b0b546c3b801cba010675aa7/volumes/adac860f-d233-4e5a-a21b-af928b07c3c3
Jan 28 00:58:13.871420 dv-cinder-816898-6-smb devstack@c-api.service[109440]: DEBUG cinder.api.openstack.wsgi [None req-657568c2-e33c-4a29-b170-f7365d90383a tempest-VolumesCloneTest-1098912755 tempest-VolumesCloneTest-1098912755-project] Empty body provided in request {{(pid=109440) get_body /opt/stack/cinder/cinder/api/openstack/wsgi.py:715}}
Jan 28 00:58:13.872012 dv-cinder-816898-6-smb devstack@c-api.service[109440]: DEBUG cinder.api.openstack.wsgi [None req-657568c2-e33c-4a29-b170-f7365d90383a tempest-VolumesCloneTest-1098912755 tempest-VolumesCloneTest-1098912755-project] Calling method 'show' {{(pid=109440) _process_stack /opt/stack/cinder/cinder/api/openstack/wsgi.py:868}}
Jan 28 00:58:13.886892 dv-cinder-816898-6-smb devstack@c-api.service[109440]: /usr/local/lib/python3.8/dist-packages/oslo_context/context.py:105: DeprecationWarning: Policy enforcement is depending on the value of is_admin. This key is deprecated. Please update your policy file to use the standard policy values.
Jan 28 00:58:13.886892 dv-cinder-816898-6-smb devstack@c-api.service[109440]: warnings.warn('Policy enforcement is depending on the value of '
Jan 28 00:58:13.890335 dv-cinder-816898-6-smb devstack@c-api.service[109439]: /usr/local/lib/python3.8/dist-packages/oslo_context/context.py:105: DeprecationWarning: Policy enforcement is depending on the value of is_admin. This key is deprecated. Please update your policy file to use the standard policy values.
Jan 28 00:58:13.890335 dv-cinder-816898-6-smb devstack@c-api.service[109439]: warnings.warn('Policy enforcement is depending on the value of '
Jan 28 00:58:13.894093 dv-cinder-816898-6-smb devstack@c-api.service[109440]: INFO cinder.volume.api [None req-657568c2-e33c-4a29-b170-f7365d90383a tempest-VolumesCloneTest-1098912755 tempest-VolumesCloneTest-1098912755-project] Volume info retrieved successfully.
Jan 28 00:58:13.905253 dv-cinder-816898-6-smb devstack@c-api.service[109440]: INFO cinder.api.openstack.wsgi [None req-657568c2-e33c-4a29-b170-f7365d90383a tempest-VolumesCloneTest-1098912755 tempest-VolumesCloneTest-1098912755-project] http://10.222.0.77/volume/v3/55ddb560b0b546c3b801cba010675aa7/volumes/adac860f-d233-4e5a-a21b-af928b07c3c3 returned with HTTP 200
Jan 28 00:58:13.905980 dv-cinder-816898-6-smb devstack@c-api.service[109440]: [pid: 109440|app: 0|req: 247/464] 10.222.0.77 () {58 vars in 1324 bytes} [Fri Jan 28 00:58:13 2022] GET /volume/v3/55ddb560b0b546c3b801cba010675aa7/volumes/adac860f-d233-4e5a-a21b-af928b07c3c3 => generated 1389 bytes in 43 msecs (HTTP/1.1 200) 7 headers in 286 bytes (1 switches on core 0)
Jan 28 00:58:13.912289 dv-cinder-816898-6-smb devstack@c-api.service[109439]: WARNING cinder.quota [None req-ed1332ff-4266-45f2-99b0-a7df4f1f7cad tempest-GroupSnapshotsTest-899049645 tempest-GroupSnapshotsTest-899049645-project] Deprecated: Default quota for resource: gigabytes_tempest-GroupSnapshotsTest-volume-type-1321048279 is set by the default quota flag: quota_gigabytes_tempest-GroupSnapshotsTest-volume-type-1321048279, it is now deprecated. Please use the default quota class for default quota.
Jan 28 00:58:13.913086 dv-cinder-816898-6-smb devstack@c-api.service[109439]: WARNING cinder.quota [None req-ed1332ff-4266-45f2-99b0-a7df4f1f7cad tempest-GroupSnapshotsTest-899049645 tempest-GroupSnapshotsTest-899049645-project] Deprecated: Default quota for resource: snapshots_tempest-GroupSnapshotsTest-volume-type-1321048279 is set by the default quota flag: quota_snapshots_tempest-GroupSnapshotsTest-volume-type-1321048279, it is now deprecated. Please use the default quota class for default quota.
Jan 28 00:58:13.919953 dv-cinder-816898-6-smb devstack@c-api.service[109440]: INFO cinder.api.openstack.wsgi [None req-398dfac6-a230-4de2-9b97-5bf64547ddf2 tempest-VolumesCloneTest-1098912755 tempest-VolumesCloneTest-1098912755-project] GET http://10.222.0.77/volume/v3/55ddb560b0b546c3b801cba010675aa7/volumes/adac860f-d233-4e5a-a21b-af928b07c3c3
Jan 28 00:58:13.920403 dv-cinder-816898-6-smb devstack@c-api.service[109440]: DEBUG cinder.api.openstack.wsgi [None req-398dfac6-a230-4de2-9b97-5bf64547ddf2 tempest-VolumesCloneTest-1098912755 tempest-VolumesCloneTest-1098912755-project] Empty body provided in request {{(pid=109440) get_body /opt/stack/cinder/cinder/api/openstack/wsgi.py:715}}
Jan 28 00:58:13.920847 dv-cinder-816898-6-smb devstack@c-api.service[109440]: DEBUG cinder.api.openstack.wsgi [None req-398dfac6-a230-4de2-9b97-5bf64547ddf2 tempest-VolumesCloneTest-1098912755 tempest-VolumesCloneTest-1098912755-project] Calling method 'show' {{(pid=109440) _process_stack /opt/stack/cinder/cinder/api/openstack/wsgi.py:868}}
Jan 28 00:58:13.934433 dv-cinder-816898-6-smb devstack@c-api.service[109440]: /usr/local/lib/python3.8/dist-packages/oslo_context/context.py:105: DeprecationWarning: Policy enforcement is depending on the value of is_admin. This key is deprecated. Please update your policy file to use the standard policy values.
Jan 28 00:58:13.934433 dv-cinder-816898-6-smb devstack@c-api.service[109440]: warnings.warn('Policy enforcement is depending on the value of '
Jan 28 00:58:13.942611 dv-cinder-816898-6-smb devstack@c-api.service[109440]: INFO cinder.volume.api [None req-398dfac6-a230-4de2-9b97-5bf64547ddf2 tempest-VolumesCloneTest-1098912755 tempest-VolumesCloneTest-1098912755-project] Volume info retrieved successfully.
Jan 28 00:58:13.948578 dv-cinder-816898-6-smb devstack@c-api.service[109439]: DEBUG cinder.quota [None req-ed1332ff-4266-45f2-99b0-a7df4f1f7cad tempest-GroupSnapshotsTest-899049645 tempest-GroupSnapshotsTest-899049645-project] Created reservations ['f3c32238-f651-4bab-bee1-9597bb7a12c8', '7d8bc8ac-8973-404c-a7b0-d347cca7b78a', '3b97ec91-4276-490e-9c9b-1f4492eb6c30', '33d3ad5e-8ae3-4785-83b4-81060a97407d'] {{(pid=109439) reserve /opt/stack/cinder/cinder/quota.py:755}}
Jan 28 00:58:13.953535 dv-cinder-816898-6-smb devstack@c-api.service[109440]: INFO cinder.api.openstack.wsgi [None req-398dfac6-a230-4de2-9b97-5bf64547ddf2 tempest-VolumesCloneTest-1098912755 tempest-VolumesCloneTest-1098912755-project] http://10.222.0.77/volume/v3/55ddb560b0b546c3b801cba010675aa7/volumes/adac860f-d233-4e5a-a21b-af928b07c3c3 returned with HTTP 200
Jan 28 00:58:13.954273 dv-cinder-816898-6-smb devstack@c-api.service[109440]: [pid: 109440|app: 0|req: 248/465] 10.222.0.77 () {58 vars in 1324 bytes} [Fri Jan 28 00:58:13 2022] GET /volume/v3/55ddb560b0b546c3b801cba010675aa7/volumes/adac860f-d233-4e5a-a21b-af928b07c3c3 => generated 1389 bytes in 38 msecs (HTTP/1.1 200) 7 headers in 286 bytes (2 switches on core 0)
Jan 28 00:58:13.974823 dv-cinder-816898-6-smb devstack@c-api.service[109440]: INFO cinder.api.openstack.wsgi [None req-9ccc4eba-8a11-4c1e-9968-13b619fa0199 tempest-VolumesCloneTest-1098912755 tempest-VolumesCloneTest-1098912755-project] POST http://10.222.0.77/volume/v3/55ddb560b0b546c3b801cba010675aa7/volumes
Jan 28 00:58:13.976222 dv-cinder-816898-6-smb devstack@c-api.service[109440]: DEBUG cinder.api.openstack.wsgi [None req-9ccc4eba-8a11-4c1e-9968-13b619fa0199 tempest-VolumesCloneTest-1098912755 tempest-VolumesCloneTest-1098912755-project] Action: 'create', calling method: create, body: {"volume": {"size": 1, "name": "tempest-VolumesCloneTest-Volume-235656412"}} {{(pid=109440) _process_stack /opt/stack/cinder/cinder/api/openstack/wsgi.py:866}}
Jan 28 00:58:13.977501 dv-cinder-816898-6-smb devstack@c-api.service[109440]: DEBUG cinder.api.v3.volumes [None req-9ccc4eba-8a11-4c1e-9968-13b619fa0199 tempest-VolumesCloneTest-1098912755 tempest-VolumesCloneTest-1098912755-project] Create volume request body: {'volume': {'size': 1, 'name': 'tempest-VolumesCloneTest-Volume-235656412'}} {{(pid=109440) create /opt/stack/cinder/cinder/api/v3/volumes.py:298}}
Jan 28 00:58:13.977931 dv-cinder-816898-6-smb devstack@c-api.service[109440]: INFO cinder.api.v3.volumes [None req-9ccc4eba-8a11-4c1e-9968-13b619fa0199 tempest-VolumesCloneTest-1098912755 tempest-VolumesCloneTest-1098912755-project] Create volume of 1 GB
Jan 28 00:58:13.986188 dv-cinder-816898-6-smb devstack@c-api.service[109440]: INFO cinder.volume.api [None req-9ccc4eba-8a11-4c1e-9968-13b619fa0199 tempest-VolumesCloneTest-1098912755 tempest-VolumesCloneTest-1098912755-project] Availability Zones retrieved successfully.
Jan 28 00:58:13.993767 dv-cinder-816898-6-smb devstack@c-api.service[109439]: INFO cinder.api.openstack.wsgi [None req-ed1332ff-4266-45f2-99b0-a7df4f1f7cad tempest-GroupSnapshotsTest-899049645 tempest-GroupSnapshotsTest-899049645-project] http://10.222.0.77/volume/v3/43160bfc37f64af08f70874f4334432e/group_snapshots returned with HTTP 202
Jan 28 00:58:13.994546 dv-cinder-816898-6-smb devstack@c-api.service[109439]: [pid: 109439|app: 0|req: 218/466] 10.222.0.77 () {62 vars in 1300 bytes} [Fri Jan 28 00:58:13 2022] POST /volume/v3/43160bfc37f64af08f70874f4334432e/group_snapshots => generated 168 bytes in 159 msecs (HTTP/1.1 202) 7 headers in 292 bytes (1 switches on core 0)
Jan 28 00:58:14.002778 dv-cinder-816898-6-smb devstack@c-api.service[109440]: DEBUG cinder.volume.api [None req-9ccc4eba-8a11-4c1e-9968-13b619fa0199 tempest-VolumesCloneTest-1098912755 tempest-VolumesCloneTest-1098912755-project] Flow 'volume_create_api' (07491b1f-4bcb-4505-a0f8-a0b3bcca7375) transitioned into state 'RUNNING' from state 'PENDING' {{(pid=109440) _flow_receiver /usr/local/lib/python3.8/dist-packages/taskflow/listeners/logging.py:141}}
Jan 28 00:58:14.003880 dv-cinder-816898-6-smb devstack@c-api.service[109439]: INFO cinder.api.openstack.wsgi [None req-7407175e-b111-4f87-9364-093dd5707e2b tempest-GroupSnapshotsTest-899049645 tempest-GroupSnapshotsTest-899049645-project] GET http://10.222.0.77/volume/v3/43160bfc37f64af08f70874f4334432e/group_snapshots/2c23b272-6681-401e-946e-8e6a5d29dfda
Jan 28 00:58:14.004363 dv-cinder-816898-6-smb devstack@c-api.service[109439]: DEBUG cinder.api.openstack.wsgi [None req-7407175e-b111-4f87-9364-093dd5707e2b tempest-GroupSnapshotsTest-899049645 tempest-GroupSnapshotsTest-899049645-project] Empty body provided in request {{(pid=109439) get_body /opt/stack/cinder/cinder/api/openstack/wsgi.py:715}}
Jan 28 00:58:14.004812 dv-cinder-816898-6-smb devstack@c-api.service[109439]: DEBUG cinder.api.openstack.wsgi [None req-7407175e-b111-4f87-9364-093dd5707e2b tempest-GroupSnapshotsTest-899049645 tempest-GroupSnapshotsTest-899049645-project] Calling method 'version_select' {{(pid=109439) _process_stack /opt/stack/cinder/cinder/api/openstack/wsgi.py:868}}
Jan 28 00:58:14.005153 dv-cinder-816898-6-smb devstack@c-api.service[109439]: DEBUG cinder.api.v3.group_snapshots [None req-7407175e-b111-4f87-9364-093dd5707e2b tempest-GroupSnapshotsTest-899049645 tempest-GroupSnapshotsTest-899049645-project] show called for member 2c23b272-6681-401e-946e-8e6a5d29dfda {{(pid=109439) show /opt/stack/cinder/cinder/api/v3/group_snapshots.py:58}}
Jan 28 00:58:14.005291 dv-cinder-816898-6-smb devstack@c-api.service[109440]: DEBUG cinder.volume.api [None req-9ccc4eba-8a11-4c1e-9968-13b619fa0199 tempest-VolumesCloneTest-1098912755 tempest-VolumesCloneTest-1098912755-project] Task 'cinder.volume.flows.api.create_volume.ExtractVolumeRequestTask;volume:create' (6243ca1a-9260-481b-b0bb-1788a1f97618) transitioned into state 'RUNNING' from state 'PENDING' {{(pid=109440) _task_receiver /usr/local/lib/python3.8/dist-packages/taskflow/listeners/logging.py:190}}
Jan 28 00:58:14.008296 dv-cinder-816898-6-smb devstack@c-api.service[109440]: DEBUG cinder.volume.flows.api.create_volume [None req-9ccc4eba-8a11-4c1e-9968-13b619fa0199 tempest-VolumesCloneTest-1098912755 tempest-VolumesCloneTest-1098912755-project] Validating volume size '1' using validate_int {{(pid=109440) _extract_size /opt/stack/cinder/cinder/volume/flows/api/create_volume.py:225}}
Jan 28 00:58:14.010882 dv-cinder-816898-6-smb devstack@c-api.service[109439]: /usr/local/lib/python3.8/dist-packages/oslo_context/context.py:105: DeprecationWarning: Policy enforcement is depending on the value of is_admin. This key is deprecated. Please update your policy file to use the standard policy values.
Jan 28 00:58:14.010882 dv-cinder-816898-6-smb devstack@c-api.service[109439]: warnings.warn('Policy enforcement is depending on the value of '
Jan 28 00:58:14.016415 dv-cinder-816898-6-smb devstack@c-api.service[109439]: INFO cinder.api.openstack.wsgi [None req-7407175e-b111-4f87-9364-093dd5707e2b tempest-GroupSnapshotsTest-899049645 tempest-GroupSnapshotsTest-899049645-project] http://10.222.0.77/volume/v3/43160bfc37f64af08f70874f4334432e/group_snapshots/2c23b272-6681-401e-946e-8e6a5d29dfda returned with HTTP 200
Jan 28 00:58:14.017157 dv-cinder-816898-6-smb devstack@c-api.service[109439]: [pid: 109439|app: 0|req: 219/467] 10.222.0.77 () {60 vars in 1389 bytes} [Fri Jan 28 00:58:13 2022] GET /volume/v3/43160bfc37f64af08f70874f4334432e/group_snapshots/2c23b272-6681-401e-946e-8e6a5d29dfda => generated 307 bytes in 17 msecs (HTTP/1.1 200) 7 headers in 286 bytes (2 switches on core 0)
Jan 28 00:58:14.040922 dv-cinder-816898-6-smb devstack@c-api.service[109440]: DEBUG cinder.volume.api [None req-9ccc4eba-8a11-4c1e-9968-13b619fa0199 tempest-VolumesCloneTest-1098912755 tempest-VolumesCloneTest-1098912755-project] Task 'cinder.volume.flows.api.create_volume.ExtractVolumeRequestTask;volume:create' (6243ca1a-9260-481b-b0bb-1788a1f97618) transitioned into state 'SUCCESS' from state 'RUNNING' with result '{'size': 1, 'snapshot_id': None, 'source_volid': None, 'volume_type': VolumeType(created_at=2022-01-28T00:47:17Z,deleted=False,deleted_at=None,description='Default Volume Type',extra_specs={},id=19aea28f-762a-49ef-a292-2ae8ed2ae865,is_public=True,name='__DEFAULT__',projects=[],qos_specs=,qos_specs_id=None,updated_at=2022-01-28T00:47:17Z), 'volume_type_id': '19aea28f-762a-49ef-a292-2ae8ed2ae865', 'encryption_key_id': None, 'qos_specs': None, 'consistencygroup_id': None, 'cgsnapshot_id': None, 'group_id': None, 'replication_status': 'disabled', 'refresh_az': False, 'backup_id': None, 'multiattach': False, 'availability_zones': ['nova']}' {{(pid=109440) _task_receiver /usr/local/lib/python3.8/dist-packages/taskflow/listeners/logging.py:178}}
Jan 28 00:58:14.043091 dv-cinder-816898-6-smb devstack@c-api.service[109440]: DEBUG cinder.volume.api [None req-9ccc4eba-8a11-4c1e-9968-13b619fa0199 tempest-VolumesCloneTest-1098912755 tempest-VolumesCloneTest-1098912755-project] Task 'cinder.volume.flows.api.create_volume.QuotaReserveTask;volume:create' (f0689124-7fa7-4c37-851a-24cef8057b5e) transitioned into state 'RUNNING' from state 'PENDING' {{(pid=109440) _task_receiver /usr/local/lib/python3.8/dist-packages/taskflow/listeners/logging.py:190}}
Jan 28 00:58:14.080776 dv-cinder-816898-6-smb devstack@c-api.service[109439]: INFO cinder.api.openstack.wsgi [None req-80ecd7ff-5372-41d4-b980-ee9ce2db8f64 tempest-VolumesSnapshotNegativeTestJSON-1554184731 tempest-VolumesSnapshotNegativeTestJSON-1554184731-project] GET http://10.222.0.77/volume/v3/cd2cd9a4199f4cf98eb10207226d0382/snapshots/ba72bea5-db39-42b1-8930-9cb3c3d90998
Jan 28 00:58:14.081215 dv-cinder-816898-6-smb devstack@c-api.service[109439]: DEBUG cinder.api.openstack.wsgi [None req-80ecd7ff-5372-41d4-b980-ee9ce2db8f64 tempest-VolumesSnapshotNegativeTestJSON-1554184731 tempest-VolumesSnapshotNegativeTestJSON-1554184731-project] Empty body provided in request {{(pid=109439) get_body /opt/stack/cinder/cinder/api/openstack/wsgi.py:715}}
Jan 28 00:58:14.081668 dv-cinder-816898-6-smb devstack@c-api.service[109439]: DEBUG cinder.api.openstack.wsgi [None req-80ecd7ff-5372-41d4-b980-ee9ce2db8f64 tempest-VolumesSnapshotNegativeTestJSON-1554184731 tempest-VolumesSnapshotNegativeTestJSON-1554184731-project] Calling method 'show' {{(pid=109439) _process_stack /opt/stack/cinder/cinder/api/openstack/wsgi.py:868}}
Jan 28 00:58:14.091941 dv-cinder-816898-6-smb devstack@c-api.service[109439]: /usr/local/lib/python3.8/dist-packages/oslo_context/context.py:105: DeprecationWarning: Policy enforcement is depending on the value of is_admin. This key is deprecated. Please update your policy file to use the standard policy values.
Jan 28 00:58:14.091941 dv-cinder-816898-6-smb devstack@c-api.service[109439]: warnings.warn('Policy enforcement is depending on the value of '
Jan 28 00:58:14.092969 dv-cinder-816898-6-smb devstack@c-api.service[109439]: INFO cinder.volume.api [None req-80ecd7ff-5372-41d4-b980-ee9ce2db8f64 tempest-VolumesSnapshotNegativeTestJSON-1554184731 tempest-VolumesSnapshotNegativeTestJSON-1554184731-project] Snapshot retrieved successfully.
Jan 28 00:58:14.093213 dv-cinder-816898-6-smb devstack@c-api.service[109440]: DEBUG cinder.quota [None req-9ccc4eba-8a11-4c1e-9968-13b619fa0199 tempest-VolumesCloneTest-1098912755 tempest-VolumesCloneTest-1098912755-project] Created reservations ['7cd439fd-2df7-43cc-a219-7ccbd1ef04b3', '2ec858c8-a781-4491-b425-2a26e1b615d5', '327aa953-2d20-494e-ac0f-cfbc73ac3085', '57653fff-5d52-47a1-ad27-55e176250577'] {{(pid=109440) reserve /opt/stack/cinder/cinder/quota.py:755}}
Jan 28 00:58:14.094830 dv-cinder-816898-6-smb devstack@c-api.service[109439]: INFO cinder.api.openstack.wsgi [None req-80ecd7ff-5372-41d4-b980-ee9ce2db8f64 tempest-VolumesSnapshotNegativeTestJSON-1554184731 tempest-VolumesSnapshotNegativeTestJSON-1554184731-project] http://10.222.0.77/volume/v3/cd2cd9a4199f4cf98eb10207226d0382/snapshots/ba72bea5-db39-42b1-8930-9cb3c3d90998 returned with HTTP 200
Jan 28 00:58:14.095234 dv-cinder-816898-6-smb devstack@c-api.service[109440]: DEBUG cinder.volume.api [None req-9ccc4eba-8a11-4c1e-9968-13b619fa0199 tempest-VolumesCloneTest-1098912755 tempest-VolumesCloneTest-1098912755-project] Task 'cinder.volume.flows.api.create_volume.QuotaReserveTask;volume:create' (f0689124-7fa7-4c37-851a-24cef8057b5e) transitioned into state 'SUCCESS' from state 'RUNNING' with result '{'reservations': ['7cd439fd-2df7-43cc-a219-7ccbd1ef04b3', '2ec858c8-a781-4491-b425-2a26e1b615d5', '327aa953-2d20-494e-ac0f-cfbc73ac3085', '57653fff-5d52-47a1-ad27-55e176250577']}' {{(pid=109440) _task_receiver /usr/local/lib/python3.8/dist-packages/taskflow/listeners/logging.py:178}}
Jan 28 00:58:14.095658 dv-cinder-816898-6-smb devstack@c-api.service[109439]: [pid: 109439|app: 0|req: 220/468] 10.222.0.77 () {58 vars in 1330 bytes} [Fri Jan 28 00:58:14 2022] GET /volume/v3/cd2cd9a4199f4cf98eb10207226d0382/snapshots/ba72bea5-db39-42b1-8930-9cb3c3d90998 => generated 542 bytes in 19 msecs (HTTP/1.1 200) 7 headers in 285 bytes (2 switches on core 0)
Jan 28 00:58:14.097193 dv-cinder-816898-6-smb devstack@c-api.service[109440]: DEBUG cinder.volume.api [None req-9ccc4eba-8a11-4c1e-9968-13b619fa0199 tempest-VolumesCloneTest-1098912755 tempest-VolumesCloneTest-1098912755-project] Task 'cinder.volume.flows.api.create_volume.EntryCreateTask;volume:create' (522b922a-e357-443a-830c-6081b3d5d502) transitioned into state 'RUNNING' from state 'PENDING' {{(pid=109440) _task_receiver /usr/local/lib/python3.8/dist-packages/taskflow/listeners/logging.py:190}}
Jan 28 00:58:14.106068 dv-cinder-816898-6-smb devstack@c-api.service[109439]: INFO cinder.api.openstack.wsgi [None req-504b112e-9744-4217-b834-566525478ff1 tempest-VolumesSnapshotNegativeTestJSON-1554184731 tempest-VolumesSnapshotNegativeTestJSON-1554184731-project] POST http://10.222.0.77/volume/v3/cd2cd9a4199f4cf98eb10207226d0382/volumes
Jan 28 00:58:14.107062 dv-cinder-816898-6-smb devstack@c-api.service[109439]: DEBUG cinder.api.openstack.wsgi [None req-504b112e-9744-4217-b834-566525478ff1 tempest-VolumesSnapshotNegativeTestJSON-1554184731 tempest-VolumesSnapshotNegativeTestJSON-1554184731-project] Action: 'create', calling method: create, body: {"volume": {"size": 1, "snapshot_id": "ba72bea5-db39-42b1-8930-9cb3c3d90998"}} {{(pid=109439) _process_stack /opt/stack/cinder/cinder/api/openstack/wsgi.py:866}}
Jan 28 00:58:14.108295 dv-cinder-816898-6-smb devstack@c-api.service[109439]: DEBUG cinder.api.v3.volumes [None req-504b112e-9744-4217-b834-566525478ff1 tempest-VolumesSnapshotNegativeTestJSON-1554184731 tempest-VolumesSnapshotNegativeTestJSON-1554184731-project] Create volume request body: {'volume': {'size': 1, 'snapshot_id': 'ba72bea5-db39-42b1-8930-9cb3c3d90998'}} {{(pid=109439) create /opt/stack/cinder/cinder/api/v3/volumes.py:298}}
Jan 28 00:58:14.118584 dv-cinder-816898-6-smb devstack@c-api.service[109439]: /usr/local/lib/python3.8/dist-packages/oslo_context/context.py:105: DeprecationWarning: Policy enforcement is depending on the value of is_admin. This key is deprecated. Please update your policy file to use the standard policy values.
Jan 28 00:58:14.118584 dv-cinder-816898-6-smb devstack@c-api.service[109439]: warnings.warn('Policy enforcement is depending on the value of '
Jan 28 00:58:14.119516 dv-cinder-816898-6-smb devstack@c-api.service[109439]: INFO cinder.volume.api [None req-504b112e-9744-4217-b834-566525478ff1 tempest-VolumesSnapshotNegativeTestJSON-1554184731 tempest-VolumesSnapshotNegativeTestJSON-1554184731-project] Snapshot retrieved successfully.
Jan 28 00:58:14.119808 dv-cinder-816898-6-smb devstack@c-api.service[109439]: INFO cinder.api.v3.volumes [None req-504b112e-9744-4217-b834-566525478ff1 tempest-VolumesSnapshotNegativeTestJSON-1554184731 tempest-VolumesSnapshotNegativeTestJSON-1554184731-project] Create volume of 1 GB
Jan 28 00:58:14.123618 dv-cinder-816898-6-smb devstack@c-api.service[109440]: DEBUG cinder.volume.api [None req-9ccc4eba-8a11-4c1e-9968-13b619fa0199 tempest-VolumesCloneTest-1098912755 tempest-VolumesCloneTest-1098912755-project] Task 'cinder.volume.flows.api.create_volume.EntryCreateTask;volume:create' (522b922a-e357-443a-830c-6081b3d5d502) transitioned into state 'SUCCESS' from state 'RUNNING' with result '{'volume_id': '28977367-158a-4b04-aef9-caf03e64d2b1', 'volume_properties': VolumeProperties(attach_status='detached',availability_zone='nova',cgsnapshot_id=None,consistencygroup_id=None,display_description=None,display_name='tempest-VolumesCloneTest-Volume-235656412',encryption_key_id=None,group_id=None,group_type_id=,metadata={},multiattach=False,project_id='55ddb560b0b546c3b801cba010675aa7',qos_specs=None,replication_status=,reservations=['7cd439fd-2df7-43cc-a219-7ccbd1ef04b3','2ec858c8-a781-4491-b425-2a26e1b615d5','327aa953-2d20-494e-ac0f-cfbc73ac3085','57653fff-5d52-47a1-ad27-55e176250577'],size=1,snapshot_id=None,source_replicaid=,source_volid=None,status='creating',user_id='eaa50824f1b0494e82c268eec3a84221',volume_type_id=19aea28f-762a-49ef-a292-2ae8ed2ae865), 'volume': Volume(_name_id=None,admin_metadata=,attach_status='detached',availability_zone='nova',bootable=False,cluster=,cluster_name=None,consistencygroup=,consistencygroup_id=None,created_at=2022-01-28T00:58:14Z,deleted=False,deleted_at=None,display_description=None,display_name='tempest-VolumesCloneTest-Volume-235656412',ec2_id=None,encryption_key_id=None,glance_metadata=,group=,group_id=None,host=None,id=28977367-158a-4b04-aef9-caf03e64d2b1,launched_at=None,metadata={},migration_status=None,multiattach=False,previous_status=None,project_id='55ddb560b0b546c3b801cba010675aa7',provider_auth=None,provider_geometry=None,provider_id=None,provider_location=None,replication_driver_data=None,replication_extended_status=None,replication_status=None,scheduled_at=None,service_uuid=None,shared_targets=True,size=1,snapshot_id=None,snapshots=,source_volid=None,status='creating',terminated_at=None,updated_at=None,use_quota=True,user_id='eaa50824f1b0494e82c268eec3a84221',volume_attachment=VolumeAttachmentList,volume_type=VolumeType(19aea28f-762a-49ef-a292-2ae8ed2ae865),volume_type_id=19aea28f-762a-49ef-a292-2ae8ed2ae865)}' {{(pid=109440) _task_receiver /usr/local/lib/python3.8/dist-packages/taskflow/listeners/logging.py:178}}
Jan 28 00:58:14.125466 dv-cinder-816898-6-smb devstack@c-api.service[109440]: DEBUG cinder.volume.api [None req-9ccc4eba-8a11-4c1e-9968-13b619fa0199 tempest-VolumesCloneTest-1098912755 tempest-VolumesCloneTest-1098912755-project] Task 'cinder.volume.flows.api.create_volume.QuotaCommitTask;volume:create' (db619542-eebd-414d-8652-ad6f2e5304c7) transitioned into state 'RUNNING' from state 'PENDING' {{(pid=109440) _task_receiver /usr/local/lib/python3.8/dist-packages/taskflow/listeners/logging.py:190}}
Jan 28 00:58:14.125956 dv-cinder-816898-6-smb devstack@c-api.service[109439]: INFO cinder.volume.api [None req-504b112e-9744-4217-b834-566525478ff1 tempest-VolumesSnapshotNegativeTestJSON-1554184731 tempest-VolumesSnapshotNegativeTestJSON-1554184731-project] Availability Zones retrieved successfully.
Jan 28 00:58:14.142247 dv-cinder-816898-6-smb devstack@c-api.service[109439]: DEBUG cinder.volume.api [None req-504b112e-9744-4217-b834-566525478ff1 tempest-VolumesSnapshotNegativeTestJSON-1554184731 tempest-VolumesSnapshotNegativeTestJSON-1554184731-project] Flow 'volume_create_api' (65ae8dcf-cb46-4f70-ac43-0321894de8b0) transitioned into state 'RUNNING' from state 'PENDING' {{(pid=109439) _flow_receiver /usr/local/lib/python3.8/dist-packages/taskflow/listeners/logging.py:141}}
Jan 28 00:58:14.144956 dv-cinder-816898-6-smb devstack@c-api.service[109439]: DEBUG cinder.volume.api [None req-504b112e-9744-4217-b834-566525478ff1 tempest-VolumesSnapshotNegativeTestJSON-1554184731 tempest-VolumesSnapshotNegativeTestJSON-1554184731-project] Task 'cinder.volume.flows.api.create_volume.ExtractVolumeRequestTask;volume:create' (908696fd-a1dc-432b-a06e-2cdea32538a1) transitioned into state 'RUNNING' from state 'PENDING' {{(pid=109439) _task_receiver /usr/local/lib/python3.8/dist-packages/taskflow/listeners/logging.py:190}}
Jan 28 00:58:14.147806 dv-cinder-816898-6-smb devstack@c-api.service[109439]: DEBUG cinder.volume.flows.api.create_volume [None req-504b112e-9744-4217-b834-566525478ff1 tempest-VolumesSnapshotNegativeTestJSON-1554184731 tempest-VolumesSnapshotNegativeTestJSON-1554184731-project] Validating volume size '1' using validate_int, validate_snap_size {{(pid=109439) _extract_size /opt/stack/cinder/cinder/volume/flows/api/create_volume.py:225}}
Jan 28 00:58:14.149671 dv-cinder-816898-6-smb devstack@c-api.service[109439]: WARNING cinder.volume.api [None req-504b112e-9744-4217-b834-566525478ff1 tempest-VolumesSnapshotNegativeTestJSON-1554184731 tempest-VolumesSnapshotNegativeTestJSON-1554184731-project] Task 'cinder.volume.flows.api.create_volume.ExtractVolumeRequestTask;volume:create' (908696fd-a1dc-432b-a06e-2cdea32538a1) transitioned into state 'FAILURE' from state 'RUNNING'
Jan 28 00:58:14.149671 dv-cinder-816898-6-smb devstack@c-api.service[109439]: Failure: cinder.exception.InvalidInput: Invalid input received: Volume size '1'GB cannot be smaller than the snapshot size 2GB. They must be >= original snapshot size.
Jan 28 00:58:14.152558 dv-cinder-816898-6-smb devstack@c-api.service[109440]: DEBUG cinder.volume.api [None req-9ccc4eba-8a11-4c1e-9968-13b619fa0199 tempest-VolumesCloneTest-1098912755 tempest-VolumesCloneTest-1098912755-project] Task 'cinder.volume.flows.api.create_volume.QuotaCommitTask;volume:create' (db619542-eebd-414d-8652-ad6f2e5304c7) transitioned into state 'SUCCESS' from state 'RUNNING' with result '{'volume_properties': VolumeProperties(attach_status='detached',availability_zone='nova',cgsnapshot_id=None,consistencygroup_id=None,display_description=None,display_name='tempest-VolumesCloneTest-Volume-235656412',encryption_key_id=None,group_id=None,group_type_id=,metadata={},multiattach=False,project_id='55ddb560b0b546c3b801cba010675aa7',qos_specs=None,replication_status=,reservations=['7cd439fd-2df7-43cc-a219-7ccbd1ef04b3','2ec858c8-a781-4491-b425-2a26e1b615d5','327aa953-2d20-494e-ac0f-cfbc73ac3085','57653fff-5d52-47a1-ad27-55e176250577'],size=1,snapshot_id=None,source_replicaid=,source_volid=None,status='creating',user_id='eaa50824f1b0494e82c268eec3a84221',volume_type_id=19aea28f-762a-49ef-a292-2ae8ed2ae865)}' {{(pid=109440) _task_receiver /usr/local/lib/python3.8/dist-packages/taskflow/listeners/logging.py:178}}
Jan 28 00:58:14.153956 dv-cinder-816898-6-smb devstack@c-api.service[109439]: DEBUG cinder.volume.api [None req-504b112e-9744-4217-b834-566525478ff1 tempest-VolumesSnapshotNegativeTestJSON-1554184731 tempest-VolumesSnapshotNegativeTestJSON-1554184731-project] Task 'cinder.volume.flows.api.create_volume.ExtractVolumeRequestTask;volume:create' (908696fd-a1dc-432b-a06e-2cdea32538a1) transitioned into state 'REVERTING' from state 'FAILURE' {{(pid=109439) _task_receiver /usr/local/lib/python3.8/dist-packages/taskflow/listeners/logging.py:190}}
Jan 28 00:58:14.154343 dv-cinder-816898-6-smb devstack@c-api.service[109440]: DEBUG cinder.volume.api [None req-9ccc4eba-8a11-4c1e-9968-13b619fa0199 tempest-VolumesCloneTest-1098912755 tempest-VolumesCloneTest-1098912755-project] Task 'cinder.volume.flows.api.create_volume.VolumeCastTask;volume:create' (58bef858-8c1e-4d06-8ac3-a514d0e4467e) transitioned into state 'RUNNING' from state 'PENDING' {{(pid=109440) _task_receiver /usr/local/lib/python3.8/dist-packages/taskflow/listeners/logging.py:190}}
Jan 28 00:58:14.156317 dv-cinder-816898-6-smb devstack@c-api.service[109439]: WARNING cinder.volume.api [None req-504b112e-9744-4217-b834-566525478ff1 tempest-VolumesSnapshotNegativeTestJSON-1554184731 tempest-VolumesSnapshotNegativeTestJSON-1554184731-project] Task 'cinder.volume.flows.api.create_volume.ExtractVolumeRequestTask;volume:create' (908696fd-a1dc-432b-a06e-2cdea32538a1) transitioned into state 'REVERTED' from state 'REVERTING' with result 'None'
Jan 28 00:58:14.158961 dv-cinder-816898-6-smb devstack@c-api.service[109439]: WARNING cinder.volume.api [None req-504b112e-9744-4217-b834-566525478ff1 tempest-VolumesSnapshotNegativeTestJSON-1554184731 tempest-VolumesSnapshotNegativeTestJSON-1554184731-project] Flow 'volume_create_api' (65ae8dcf-cb46-4f70-ac43-0321894de8b0) transitioned into state 'REVERTED' from state 'RUNNING'
Jan 28 00:58:14.159689 dv-cinder-816898-6-smb devstack@c-api.service[109439]: INFO cinder.api.openstack.wsgi [None req-504b112e-9744-4217-b834-566525478ff1 tempest-VolumesSnapshotNegativeTestJSON-1554184731 tempest-VolumesSnapshotNegativeTestJSON-1554184731-project] http://10.222.0.77/volume/v3/cd2cd9a4199f4cf98eb10207226d0382/volumes returned with HTTP 400
Jan 28 00:58:14.160804 dv-cinder-816898-6-smb devstack@c-api.service[109439]: [pid: 109439|app: 0|req: 221/469] 10.222.0.77 () {60 vars in 1234 bytes} [Fri Jan 28 00:58:14 2022] POST /volume/v3/cd2cd9a4199f4cf98eb10207226d0382/volumes => generated 171 bytes in 59 msecs (HTTP/1.1 400) 7 headers in 294 bytes (1 switches on core 0)
Jan 28 00:58:14.169799 dv-cinder-816898-6-smb devstack@c-api.service[109439]: INFO cinder.api.openstack.wsgi [None req-61fbd752-6934-4346-b97f-6ad2e52361eb tempest-VolumesSnapshotNegativeTestJSON-1554184731 tempest-VolumesSnapshotNegativeTestJSON-1554184731-project] DELETE http://10.222.0.77/volume/v3/cd2cd9a4199f4cf98eb10207226d0382/snapshots/ba72bea5-db39-42b1-8930-9cb3c3d90998
Jan 28 00:58:14.170285 dv-cinder-816898-6-smb devstack@c-api.service[109439]: DEBUG cinder.api.openstack.wsgi [None req-61fbd752-6934-4346-b97f-6ad2e52361eb tempest-VolumesSnapshotNegativeTestJSON-1554184731 tempest-VolumesSnapshotNegativeTestJSON-1554184731-project] Empty body provided in request {{(pid=109439) get_body /opt/stack/cinder/cinder/api/openstack/wsgi.py:715}}
Jan 28 00:58:14.170522 dv-cinder-816898-6-smb devstack@c-api.service[109440]: DEBUG cinder.volume.api [None req-9ccc4eba-8a11-4c1e-9968-13b619fa0199 tempest-VolumesCloneTest-1098912755 tempest-VolumesCloneTest-1098912755-project] Task 'cinder.volume.flows.api.create_volume.VolumeCastTask;volume:create' (58bef858-8c1e-4d06-8ac3-a514d0e4467e) transitioned into state 'SUCCESS' from state 'RUNNING' with result 'None' {{(pid=109440) _task_receiver /usr/local/lib/python3.8/dist-packages/taskflow/listeners/logging.py:178}}
Jan 28 00:58:14.170778 dv-cinder-816898-6-smb devstack@c-api.service[109439]: DEBUG cinder.api.openstack.wsgi [None req-61fbd752-6934-4346-b97f-6ad2e52361eb tempest-VolumesSnapshotNegativeTestJSON-1554184731 tempest-VolumesSnapshotNegativeTestJSON-1554184731-project] Calling method 'delete' {{(pid=109439) _process_stack /opt/stack/cinder/cinder/api/openstack/wsgi.py:868}}
Jan 28 00:58:14.171081 dv-cinder-816898-6-smb devstack@c-api.service[109439]: INFO cinder.api.v2.snapshots [None req-61fbd752-6934-4346-b97f-6ad2e52361eb tempest-VolumesSnapshotNegativeTestJSON-1554184731 tempest-VolumesSnapshotNegativeTestJSON-1554184731-project] Delete snapshot with id: ba72bea5-db39-42b1-8930-9cb3c3d90998
Jan 28 00:58:14.173314 dv-cinder-816898-6-smb devstack@c-api.service[109440]: DEBUG cinder.volume.api [None req-9ccc4eba-8a11-4c1e-9968-13b619fa0199 tempest-VolumesCloneTest-1098912755 tempest-VolumesCloneTest-1098912755-project] Flow 'volume_create_api' (07491b1f-4bcb-4505-a0f8-a0b3bcca7375) transitioned into state 'SUCCESS' from state 'RUNNING' {{(pid=109440) _flow_receiver /usr/local/lib/python3.8/dist-packages/taskflow/listeners/logging.py:141}}
Jan 28 00:58:14.174007 dv-cinder-816898-6-smb devstack@c-api.service[109440]: INFO cinder.volume.api [None req-9ccc4eba-8a11-4c1e-9968-13b619fa0199 tempest-VolumesCloneTest-1098912755 tempest-VolumesCloneTest-1098912755-project] Create volume request issued successfully.
Jan 28 00:58:14.175439 dv-cinder-816898-6-smb devstack@c-api.service[109440]: INFO cinder.api.openstack.wsgi [None req-9ccc4eba-8a11-4c1e-9968-13b619fa0199 tempest-VolumesCloneTest-1098912755 tempest-VolumesCloneTest-1098912755-project] http://10.222.0.77/volume/v3/55ddb560b0b546c3b801cba010675aa7/volumes returned with HTTP 202
Jan 28 00:58:14.186251 dv-cinder-816898-6-smb devstack@c-api.service[109440]: [pid: 109440|app: 0|req: 249/470] 10.222.0.77 () {60 vars in 1234 bytes} [Fri Jan 28 00:58:13 2022] POST /volume/v3/55ddb560b0b546c3b801cba010675aa7/volumes => generated 815 bytes in 205 msecs (HTTP/1.1 202) 7 headers in 291 bytes (1 switches on core 0)
Jan 28 00:58:14.186428 dv-cinder-816898-6-smb devstack@c-api.service[109439]: /usr/local/lib/python3.8/dist-packages/oslo_context/context.py:105: DeprecationWarning: Policy enforcement is depending on the value of is_admin. This key is deprecated. Please update your policy file to use the standard policy values.
Jan 28 00:58:14.186428 dv-cinder-816898-6-smb devstack@c-api.service[109439]: warnings.warn('Policy enforcement is depending on the value of '
Jan 28 00:58:14.186428 dv-cinder-816898-6-smb devstack@c-api.service[109439]: INFO cinder.volume.api [None req-61fbd752-6934-4346-b97f-6ad2e52361eb tempest-VolumesSnapshotNegativeTestJSON-1554184731 tempest-VolumesSnapshotNegativeTestJSON-1554184731-project] Snapshot retrieved successfully.
Jan 28 00:58:14.196762 dv-cinder-816898-6-smb devstack@c-api.service[109440]: INFO cinder.api.openstack.wsgi [None req-1a762675-7b4d-4bf0-be15-744ffba696e6 tempest-VolumesCloneTest-1098912755 tempest-VolumesCloneTest-1098912755-project] GET http://10.222.0.77/volume/v3/55ddb560b0b546c3b801cba010675aa7/volumes/28977367-158a-4b04-aef9-caf03e64d2b1
Jan 28 00:58:14.197358 dv-cinder-816898-6-smb devstack@c-api.service[109440]: DEBUG cinder.api.openstack.wsgi [None req-1a762675-7b4d-4bf0-be15-744ffba696e6 tempest-VolumesCloneTest-1098912755 tempest-VolumesCloneTest-1098912755-project] Empty body provided in request {{(pid=109440) get_body /opt/stack/cinder/cinder/api/openstack/wsgi.py:715}}
