Nov 24 15:14:24.948084 dv-cinder-816898-4-iscsi devstack@c-api.service[110030]: [pid: 110030|app: 0|req: 11/24] 10.222.0.15 () {58 vars in 1324 bytes} [Wed Nov 24 15:14:24 2021] GET /volume/v3/262f996861744989b7f9570698e85be4/volumes/c5aec818-207f-454e-8fe5-f21aa5610dd0 => generated 896 bytes in 57 msecs (HTTP/1.1 200) 7 headers in 285 bytes (1 switches on core 0)
Nov 24 15:14:24.948389 dv-cinder-816898-4-iscsi devstack@c-api.service[110029]: /usr/local/lib/python3.8/dist-packages/oslo_context/context.py:105: DeprecationWarning: Policy enforcement is depending on the value of is_admin. This key is deprecated. Please update your policy file to use the standard policy values.
Nov 24 15:14:24.948389 dv-cinder-816898-4-iscsi devstack@c-api.service[110029]: warnings.warn('Policy enforcement is depending on the value of '
Nov 24 15:14:24.977191 dv-cinder-816898-4-iscsi devstack@c-api.service[110029]: INFO cinder.volume.api [None req-695a89d8-a843-476f-ba28-6254b9181da0 tempest-GroupsTest-951505889 tempest-GroupsTest-951505889-project] Availability Zones retrieved successfully.
Nov 24 15:14:25.091733 dv-cinder-816898-4-iscsi devstack@c-api.service[110029]: DEBUG cinder.quota [None req-695a89d8-a843-476f-ba28-6254b9181da0 tempest-GroupsTest-951505889 tempest-GroupsTest-951505889-project] Created reservations ['716c4632-f2ac-4341-ac83-e53903134c59'] {{(pid=110029) reserve /opt/stack/cinder/cinder/quota.py:755}}
Nov 24 15:14:25.315604 dv-cinder-816898-4-iscsi devstack@c-api.service[110029]: INFO cinder.api.openstack.wsgi [None req-695a89d8-a843-476f-ba28-6254b9181da0 tempest-GroupsTest-951505889 tempest-GroupsTest-951505889-project] http://10.222.0.15/volume/v3/25b0fb81a5b24f14aaeba97b7f8021cf/groups returned with HTTP 202
Nov 24 15:14:25.325791 dv-cinder-816898-4-iscsi devstack@c-api.service[110030]: INFO cinder.api.openstack.wsgi [None req-e5a80d90-1273-46a1-8cca-fa14ace1983f tempest-GroupsTest-951505889 tempest-GroupsTest-951505889-project] GET http://10.222.0.15/volume/v3/25b0fb81a5b24f14aaeba97b7f8021cf/groups/5365b705-1e40-42fc-b08d-f3a27c87a3f5
Nov 24 15:14:25.330287 dv-cinder-816898-4-iscsi devstack@c-api.service[110030]: DEBUG cinder.api.openstack.wsgi [None req-e5a80d90-1273-46a1-8cca-fa14ace1983f tempest-GroupsTest-951505889 tempest-GroupsTest-951505889-project] Empty body provided in request {{(pid=110030) get_body /opt/stack/cinder/cinder/api/openstack/wsgi.py:703}}
Nov 24 15:14:25.330287 dv-cinder-816898-4-iscsi devstack@c-api.service[110030]: /usr/local/lib/python3.8/dist-packages/webob/acceptparse.py:1047: DeprecationWarning: The behavior of AcceptValidHeader.best_match is currently being maintained for backward compatibility, but it will be deprecated in the future, as it does not conform to the RFC.
Nov 24 15:14:25.330287 dv-cinder-816898-4-iscsi devstack@c-api.service[110030]: warnings.warn(
Nov 24 15:14:25.330287 dv-cinder-816898-4-iscsi devstack@c-api.service[110030]: DEBUG cinder.api.openstack.wsgi [None req-e5a80d90-1273-46a1-8cca-fa14ace1983f tempest-GroupsTest-951505889 tempest-GroupsTest-951505889-project] Calling method 'version_select' {{(pid=110030) _process_stack /opt/stack/cinder/cinder/api/openstack/wsgi.py:856}}
Nov 24 15:14:25.330287 dv-cinder-816898-4-iscsi devstack@c-api.service[110030]: DEBUG cinder.api.v3.groups [None req-e5a80d90-1273-46a1-8cca-fa14ace1983f tempest-GroupsTest-951505889 tempest-GroupsTest-951505889-project] show called for member 5365b705-1e40-42fc-b08d-f3a27c87a3f5 {{(pid=110030) show /opt/stack/cinder/cinder/api/v3/groups.py:58}}
Nov 24 15:14:25.353463 dv-cinder-816898-4-iscsi devstack@c-api.service[110030]: /usr/local/lib/python3.8/dist-packages/oslo_context/context.py:105: DeprecationWarning: Policy enforcement is depending on the value of is_admin. This key is deprecated. Please update your policy file to use the standard policy values.
Nov 24 15:14:25.353463 dv-cinder-816898-4-iscsi devstack@c-api.service[110030]: warnings.warn('Policy enforcement is depending on the value of '
Nov 24 15:14:25.353801 dv-cinder-816898-4-iscsi devstack@c-api.service[110029]: [pid: 110029|app: 0|req: 14/25] 10.222.0.15 () {62 vars in 1273 bytes} [Wed Nov 24 15:14:24 2021] POST /volume/v3/25b0fb81a5b24f14aaeba97b7f8021cf/groups => generated 94 bytes in 420 msecs (HTTP/1.1 202) 7 headers in 291 bytes (1 switches on core 0)
Nov 24 15:14:25.355473 dv-cinder-816898-4-iscsi devstack@c-api.service[110030]: INFO cinder.api.openstack.wsgi [None req-e5a80d90-1273-46a1-8cca-fa14ace1983f tempest-GroupsTest-951505889 tempest-GroupsTest-951505889-project] http://10.222.0.15/volume/v3/25b0fb81a5b24f14aaeba97b7f8021cf/groups/5365b705-1e40-42fc-b08d-f3a27c87a3f5 returned with HTTP 200
Nov 24 15:14:25.356657 dv-cinder-816898-4-iscsi devstack@c-api.service[110030]: [pid: 110030|app: 0|req: 12/26] 10.222.0.15 () {60 vars in 1362 bytes} [Wed Nov 24 15:14:25 2021] GET /volume/v3/25b0fb81a5b24f14aaeba97b7f8021cf/groups/5365b705-1e40-42fc-b08d-f3a27c87a3f5 => generated 322 bytes in 35 msecs (HTTP/1.1 200) 7 headers in 286 bytes (2 switches on core 0)
Nov 24 15:14:25.767888 dv-cinder-816898-4-iscsi devstack@c-api.service[110029]: INFO cinder.api.openstack.wsgi [req-196fcf89-e0b8-45bd-913e-5b4d857a9e5a req-6aee3fb5-0df0-4633-a8c1-80bac37b4fc6 tempest-VolumesGetTestJSON-2098915397 tempest-VolumesGetTestJSON-2098915397-project] GET http://10.222.0.15/volume/v3/43d81d79115c4ae8a5ee309392f816e6/volumes/bb3f0bd1-da23-48fc-ad91-dedaa9ad14bc
Nov 24 15:14:25.768757 dv-cinder-816898-4-iscsi devstack@c-api.service[110029]: DEBUG cinder.api.openstack.wsgi [req-196fcf89-e0b8-45bd-913e-5b4d857a9e5a req-6aee3fb5-0df0-4633-a8c1-80bac37b4fc6 tempest-VolumesGetTestJSON-2098915397 tempest-VolumesGetTestJSON-2098915397-project] Empty body provided in request {{(pid=110029) get_body /opt/stack/cinder/cinder/api/openstack/wsgi.py:703}}
Nov 24 15:14:25.769728 dv-cinder-816898-4-iscsi devstack@c-api.service[110029]: /usr/local/lib/python3.8/dist-packages/webob/acceptparse.py:1047: DeprecationWarning: The behavior of AcceptValidHeader.best_match is currently being maintained for backward compatibility, but it will be deprecated in the future, as it does not conform to the RFC.
Nov 24 15:14:25.769728 dv-cinder-816898-4-iscsi devstack@c-api.service[110029]: warnings.warn(
Nov 24 15:14:25.770716 dv-cinder-816898-4-iscsi devstack@c-api.service[110029]: DEBUG cinder.api.openstack.wsgi [req-196fcf89-e0b8-45bd-913e-5b4d857a9e5a req-6aee3fb5-0df0-4633-a8c1-80bac37b4fc6 tempest-VolumesGetTestJSON-2098915397 tempest-VolumesGetTestJSON-2098915397-project] Calling method 'show' {{(pid=110029) _process_stack /opt/stack/cinder/cinder/api/openstack/wsgi.py:856}}
Nov 24 15:14:25.791208 dv-cinder-816898-4-iscsi devstack@c-api.service[110029]: /usr/local/lib/python3.8/dist-packages/oslo_context/context.py:105: DeprecationWarning: Policy enforcement is depending on the value of is_admin. This key is deprecated. Please update your policy file to use the standard policy values.
Nov 24 15:14:25.791208 dv-cinder-816898-4-iscsi devstack@c-api.service[110029]: warnings.warn('Policy enforcement is depending on the value of '
Nov 24 15:14:25.809940 dv-cinder-816898-4-iscsi devstack@c-api.service[110029]: INFO cinder.volume.api [req-196fcf89-e0b8-45bd-913e-5b4d857a9e5a req-6aee3fb5-0df0-4633-a8c1-80bac37b4fc6 tempest-VolumesGetTestJSON-2098915397 tempest-VolumesGetTestJSON-2098915397-project] Volume info retrieved successfully.
Nov 24 15:14:25.828616 dv-cinder-816898-4-iscsi devstack@c-api.service[110029]: INFO cinder.api.openstack.wsgi [req-196fcf89-e0b8-45bd-913e-5b4d857a9e5a req-6aee3fb5-0df0-4633-a8c1-80bac37b4fc6 tempest-VolumesGetTestJSON-2098915397 tempest-VolumesGetTestJSON-2098915397-project] http://10.222.0.15/volume/v3/43d81d79115c4ae8a5ee309392f816e6/volumes/bb3f0bd1-da23-48fc-ad91-dedaa9ad14bc returned with HTTP 200
Nov 24 15:14:25.843880 dv-cinder-816898-4-iscsi devstack@c-api.service[110029]: [pid: 110029|app: 0|req: 15/27] 10.222.0.15 () {60 vars in 1578 bytes} [Wed Nov 24 15:14:25 2021] GET /volume/v3/43d81d79115c4ae8a5ee309392f816e6/volumes/bb3f0bd1-da23-48fc-ad91-dedaa9ad14bc => generated 925 bytes in 82 msecs (HTTP/1.1 200) 7 headers in 285 bytes (1 switches on core 0)
Nov 24 15:14:25.971616 dv-cinder-816898-4-iscsi devstack@c-api.service[110030]: INFO cinder.api.openstack.wsgi [None req-c728ccc4-f770-4754-b615-b6d7d3a4475b tempest-VolumesTestJSON-1646122553 tempest-VolumesTestJSON-1646122553-project] GET http://10.222.0.15/volume/v3/262f996861744989b7f9570698e85be4/volumes/c5aec818-207f-454e-8fe5-f21aa5610dd0
Nov 24 15:14:25.973802 dv-cinder-816898-4-iscsi devstack@c-api.service[110030]: DEBUG cinder.api.openstack.wsgi [None req-c728ccc4-f770-4754-b615-b6d7d3a4475b tempest-VolumesTestJSON-1646122553 tempest-VolumesTestJSON-1646122553-project] Empty body provided in request {{(pid=110030) get_body /opt/stack/cinder/cinder/api/openstack/wsgi.py:703}}
Nov 24 15:14:25.975067 dv-cinder-816898-4-iscsi devstack@c-api.service[110030]: /usr/local/lib/python3.8/dist-packages/webob/acceptparse.py:1047: DeprecationWarning: The behavior of AcceptValidHeader.best_match is currently being maintained for backward compatibility, but it will be deprecated in the future, as it does not conform to the RFC.
Nov 24 15:14:25.975067 dv-cinder-816898-4-iscsi devstack@c-api.service[110030]: warnings.warn(
Nov 24 15:14:25.976588 dv-cinder-816898-4-iscsi devstack@c-api.service[110030]: DEBUG cinder.api.openstack.wsgi [None req-c728ccc4-f770-4754-b615-b6d7d3a4475b tempest-VolumesTestJSON-1646122553 tempest-VolumesTestJSON-1646122553-project] Calling method 'show' {{(pid=110030) _process_stack /opt/stack/cinder/cinder/api/openstack/wsgi.py:856}}
Nov 24 15:14:26.012323 dv-cinder-816898-4-iscsi devstack@c-api.service[110030]: /usr/local/lib/python3.8/dist-packages/oslo_context/context.py:105: DeprecationWarning: Policy enforcement is depending on the value of is_admin. This key is deprecated. Please update your policy file to use the standard policy values.
Nov 24 15:14:26.012323 dv-cinder-816898-4-iscsi devstack@c-api.service[110030]: warnings.warn('Policy enforcement is depending on the value of '
Nov 24 15:14:26.028752 dv-cinder-816898-4-iscsi devstack@c-api.service[110030]: INFO cinder.volume.api [None req-c728ccc4-f770-4754-b615-b6d7d3a4475b tempest-VolumesTestJSON-1646122553 tempest-VolumesTestJSON-1646122553-project] Volume info retrieved successfully.
Nov 24 15:14:26.055036 dv-cinder-816898-4-iscsi devstack@c-api.service[110030]: INFO cinder.api.openstack.wsgi [None req-c728ccc4-f770-4754-b615-b6d7d3a4475b tempest-VolumesTestJSON-1646122553 tempest-VolumesTestJSON-1646122553-project] http://10.222.0.15/volume/v3/262f996861744989b7f9570698e85be4/volumes/c5aec818-207f-454e-8fe5-f21aa5610dd0 returned with HTTP 200
Nov 24 15:14:26.061801 dv-cinder-816898-4-iscsi devstack@c-api.service[110029]: INFO cinder.api.openstack.wsgi [req-7a81d135-288b-44d1-8d10-0883bd8d2cde req-04ac3936-14e5-4be4-b37e-69da85350503 tempest-VolumesGetTestJSON-2098915397 tempest-VolumesGetTestJSON-2098915397-project] GET http://10.222.0.15/volume/v3/43d81d79115c4ae8a5ee309392f816e6/volumes/bb3f0bd1-da23-48fc-ad91-dedaa9ad14bc
Nov 24 15:14:26.062599 dv-cinder-816898-4-iscsi devstack@c-api.service[110029]: DEBUG cinder.api.openstack.wsgi [req-7a81d135-288b-44d1-8d10-0883bd8d2cde req-04ac3936-14e5-4be4-b37e-69da85350503 tempest-VolumesGetTestJSON-2098915397 tempest-VolumesGetTestJSON-2098915397-project] Empty body provided in request {{(pid=110029) get_body /opt/stack/cinder/cinder/api/openstack/wsgi.py:703}}
Nov 24 15:14:26.063041 dv-cinder-816898-4-iscsi devstack@c-api.service[110030]: [pid: 110030|app: 0|req: 13/28] 10.222.0.15 () {58 vars in 1324 bytes} [Wed Nov 24 15:14:25 2021] GET /volume/v3/262f996861744989b7f9570698e85be4/volumes/c5aec818-207f-454e-8fe5-f21aa5610dd0 => generated 921 bytes in 103 msecs (HTTP/1.1 200) 7 headers in 285 bytes (1 switches on core 0)
Nov 24 15:14:26.063266 dv-cinder-816898-4-iscsi devstack@c-api.service[110029]: /usr/local/lib/python3.8/dist-packages/webob/acceptparse.py:1047: DeprecationWarning: The behavior of AcceptValidHeader.best_match is currently being maintained for backward compatibility, but it will be deprecated in the future, as it does not conform to the RFC.
Nov 24 15:14:26.063266 dv-cinder-816898-4-iscsi devstack@c-api.service[110029]: warnings.warn(
Nov 24 15:14:26.064288 dv-cinder-816898-4-iscsi devstack@c-api.service[110029]: DEBUG cinder.api.openstack.wsgi [req-7a81d135-288b-44d1-8d10-0883bd8d2cde req-04ac3936-14e5-4be4-b37e-69da85350503 tempest-VolumesGetTestJSON-2098915397 tempest-VolumesGetTestJSON-2098915397-project] Calling method 'show' {{(pid=110029) _process_stack /opt/stack/cinder/cinder/api/openstack/wsgi.py:856}}
Nov 24 15:14:26.091180 dv-cinder-816898-4-iscsi devstack@c-api.service[110029]: /usr/local/lib/python3.8/dist-packages/oslo_context/context.py:105: DeprecationWarning: Policy enforcement is depending on the value of is_admin. This key is deprecated. Please update your policy file to use the standard policy values.
Nov 24 15:14:26.091180 dv-cinder-816898-4-iscsi devstack@c-api.service[110029]: warnings.warn('Policy enforcement is depending on the value of '
Nov 24 15:14:26.102380 dv-cinder-816898-4-iscsi devstack@c-api.service[110029]: INFO cinder.volume.api [req-7a81d135-288b-44d1-8d10-0883bd8d2cde req-04ac3936-14e5-4be4-b37e-69da85350503 tempest-VolumesGetTestJSON-2098915397 tempest-VolumesGetTestJSON-2098915397-project] Volume info retrieved successfully.
Nov 24 15:14:26.121020 dv-cinder-816898-4-iscsi devstack@c-api.service[110029]: INFO cinder.api.openstack.wsgi [req-7a81d135-288b-44d1-8d10-0883bd8d2cde req-04ac3936-14e5-4be4-b37e-69da85350503 tempest-VolumesGetTestJSON-2098915397 tempest-VolumesGetTestJSON-2098915397-project] http://10.222.0.15/volume/v3/43d81d79115c4ae8a5ee309392f816e6/volumes/bb3f0bd1-da23-48fc-ad91-dedaa9ad14bc returned with HTTP 200
Nov 24 15:14:26.125549 dv-cinder-816898-4-iscsi devstack@c-api.service[110029]: [pid: 110029|app: 0|req: 16/29] 10.222.0.15 () {60 vars in 1578 bytes} [Wed Nov 24 15:14:26 2021] GET /volume/v3/43d81d79115c4ae8a5ee309392f816e6/volumes/bb3f0bd1-da23-48fc-ad91-dedaa9ad14bc => generated 925 bytes in 68 msecs (HTTP/1.1 200) 7 headers in 285 bytes (1 switches on core 0)
Nov 24 15:14:26.186610 dv-cinder-816898-4-iscsi devstack@c-api.service[110030]: INFO cinder.api.openstack.wsgi [req-3ab4788c-b32b-4f20-8028-a1b58cc5d0c4 req-13f9ac0e-52a2-4bb1-b197-7cd568c1c34d tempest-VolumesTestJSON-1646122553 tempest-VolumesTestJSON-1646122553-project] GET http://10.222.0.15/volume/v3/262f996861744989b7f9570698e85be4/volumes/c5aec818-207f-454e-8fe5-f21aa5610dd0
Nov 24 15:14:26.187065 dv-cinder-816898-4-iscsi devstack@c-api.service[110030]: DEBUG cinder.api.openstack.wsgi [req-3ab4788c-b32b-4f20-8028-a1b58cc5d0c4 req-13f9ac0e-52a2-4bb1-b197-7cd568c1c34d tempest-VolumesTestJSON-1646122553 tempest-VolumesTestJSON-1646122553-project] Empty body provided in request {{(pid=110030) get_body /opt/stack/cinder/cinder/api/openstack/wsgi.py:703}}
Nov 24 15:14:26.187239 dv-cinder-816898-4-iscsi devstack@c-api.service[110030]: /usr/local/lib/python3.8/dist-packages/webob/acceptparse.py:1047: DeprecationWarning: The behavior of AcceptValidHeader.best_match is currently being maintained for backward compatibility, but it will be deprecated in the future, as it does not conform to the RFC.
Nov 24 15:14:26.187239 dv-cinder-816898-4-iscsi devstack@c-api.service[110030]: warnings.warn(
Nov 24 15:14:26.187554 dv-cinder-816898-4-iscsi devstack@c-api.service[110030]: DEBUG cinder.api.openstack.wsgi [req-3ab4788c-b32b-4f20-8028-a1b58cc5d0c4 req-13f9ac0e-52a2-4bb1-b197-7cd568c1c34d tempest-VolumesTestJSON-1646122553 tempest-VolumesTestJSON-1646122553-project] Calling method 'show' {{(pid=110030) _process_stack /opt/stack/cinder/cinder/api/openstack/wsgi.py:856}}
Nov 24 15:14:26.221908 dv-cinder-816898-4-iscsi devstack@c-api.service[110030]: /usr/local/lib/python3.8/dist-packages/oslo_context/context.py:105: DeprecationWarning: Policy enforcement is depending on the value of is_admin. This key is deprecated. Please update your policy file to use the standard policy values.
Nov 24 15:14:26.221908 dv-cinder-816898-4-iscsi devstack@c-api.service[110030]: warnings.warn('Policy enforcement is depending on the value of '
Nov 24 15:14:26.235894 dv-cinder-816898-4-iscsi devstack@c-api.service[110030]: INFO cinder.volume.api [req-3ab4788c-b32b-4f20-8028-a1b58cc5d0c4 req-13f9ac0e-52a2-4bb1-b197-7cd568c1c34d tempest-VolumesTestJSON-1646122553 tempest-VolumesTestJSON-1646122553-project] Volume info retrieved successfully.
Nov 24 15:14:26.250689 dv-cinder-816898-4-iscsi devstack@c-api.service[110030]: INFO cinder.api.openstack.wsgi [req-3ab4788c-b32b-4f20-8028-a1b58cc5d0c4 req-13f9ac0e-52a2-4bb1-b197-7cd568c1c34d tempest-VolumesTestJSON-1646122553 tempest-VolumesTestJSON-1646122553-project] http://10.222.0.15/volume/v3/262f996861744989b7f9570698e85be4/volumes/c5aec818-207f-454e-8fe5-f21aa5610dd0 returned with HTTP 200
Nov 24 15:14:26.262271 dv-cinder-816898-4-iscsi devstack@c-api.service[110030]: [pid: 110030|app: 0|req: 14/30] 10.222.0.15 () {60 vars in 1578 bytes} [Wed Nov 24 15:14:26 2021] GET /volume/v3/262f996861744989b7f9570698e85be4/volumes/c5aec818-207f-454e-8fe5-f21aa5610dd0 => generated 921 bytes in 84 msecs (HTTP/1.1 200) 7 headers in 285 bytes (2 switches on core 0)
Nov 24 15:14:26.279083 dv-cinder-816898-4-iscsi devstack@c-api.service[110029]: INFO cinder.api.openstack.wsgi [None req-236244e2-a6df-4cf1-9292-d5202596748c tempest-VolumesTestJSON-1646122553 tempest-VolumesTestJSON-1646122553-project] POST http://10.222.0.15/volume/v3/262f996861744989b7f9570698e85be4/volumes
Nov 24 15:14:26.284371 dv-cinder-816898-4-iscsi devstack@c-api.service[110029]: /usr/local/lib/python3.8/dist-packages/webob/acceptparse.py:1047: DeprecationWarning: The behavior of AcceptValidHeader.best_match is currently being maintained for backward compatibility, but it will be deprecated in the future, as it does not conform to the RFC.
Nov 24 15:14:26.284371 dv-cinder-816898-4-iscsi devstack@c-api.service[110029]: warnings.warn(
Nov 24 15:14:26.284371 dv-cinder-816898-4-iscsi devstack@c-api.service[110029]: DEBUG cinder.api.openstack.wsgi [None req-236244e2-a6df-4cf1-9292-d5202596748c tempest-VolumesTestJSON-1646122553 tempest-VolumesTestJSON-1646122553-project] Action: 'create', calling method: create, body: {"volume": {"metadata": {"Type": "work"}, "size": 1, "display_name": "tempest-VolumesTestJSON-volume-1130797082"}} {{(pid=110029) _process_stack /opt/stack/cinder/cinder/api/openstack/wsgi.py:854}}
Nov 24 15:14:26.284371 dv-cinder-816898-4-iscsi devstack@c-api.service[110029]: DEBUG cinder.api.v3.volumes [None req-236244e2-a6df-4cf1-9292-d5202596748c tempest-VolumesTestJSON-1646122553 tempest-VolumesTestJSON-1646122553-project] Create volume request body: {'volume': {'metadata': {'Type': 'work'}, 'size': 1, 'display_name': 'tempest-VolumesTestJSON-volume-1130797082'}} {{(pid=110029) create /opt/stack/cinder/cinder/api/v3/volumes.py:298}}
Nov 24 15:14:26.284371 dv-cinder-816898-4-iscsi devstack@c-api.service[110029]: INFO cinder.api.v3.volumes [None req-236244e2-a6df-4cf1-9292-d5202596748c tempest-VolumesTestJSON-1646122553 tempest-VolumesTestJSON-1646122553-project] Create volume of 1 GB
Nov 24 15:14:26.310031 dv-cinder-816898-4-iscsi devstack@c-api.service[110029]: DEBUG cinder.volume.api [None req-236244e2-a6df-4cf1-9292-d5202596748c tempest-VolumesTestJSON-1646122553 tempest-VolumesTestJSON-1646122553-project] Availability zone cache updated, next update will occur around 2021-11-24 16:14:26.309531. {{(pid=110029) list_availability_zones /opt/stack/cinder/cinder/volume/api.py:148}}
Nov 24 15:14:26.310800 dv-cinder-816898-4-iscsi devstack@c-api.service[110029]: INFO cinder.volume.api [None req-236244e2-a6df-4cf1-9292-d5202596748c tempest-VolumesTestJSON-1646122553 tempest-VolumesTestJSON-1646122553-project] Availability Zones retrieved successfully.
Nov 24 15:14:26.319490 dv-cinder-816898-4-iscsi devstack@c-api.service[110030]: INFO cinder.api.openstack.wsgi [req-dc7d1571-13e4-40b8-9572-7a5d40f93ace req-4fcccdf6-8f45-4144-a922-4e330142424d tempest-VolumesGetTestJSON-2098915397 tempest-VolumesGetTestJSON-2098915397-project] DELETE http://10.222.0.15/volume/v3/43d81d79115c4ae8a5ee309392f816e6/volumes/bb3f0bd1-da23-48fc-ad91-dedaa9ad14bc
Nov 24 15:14:26.319490 dv-cinder-816898-4-iscsi devstack@c-api.service[110030]: DEBUG cinder.api.openstack.wsgi [req-dc7d1571-13e4-40b8-9572-7a5d40f93ace req-4fcccdf6-8f45-4144-a922-4e330142424d tempest-VolumesGetTestJSON-2098915397 tempest-VolumesGetTestJSON-2098915397-project] Empty body provided in request {{(pid=110030) get_body /opt/stack/cinder/cinder/api/openstack/wsgi.py:703}}
Nov 24 15:14:26.319490 dv-cinder-816898-4-iscsi devstack@c-api.service[110030]: /usr/local/lib/python3.8/dist-packages/webob/acceptparse.py:1047: DeprecationWarning: The behavior of AcceptValidHeader.best_match is currently being maintained for backward compatibility, but it will be deprecated in the future, as it does not conform to the RFC.
Nov 24 15:14:26.319490 dv-cinder-816898-4-iscsi devstack@c-api.service[110030]: warnings.warn(
Nov 24 15:14:26.319490 dv-cinder-816898-4-iscsi devstack@c-api.service[110030]: DEBUG cinder.api.openstack.wsgi [req-dc7d1571-13e4-40b8-9572-7a5d40f93ace req-4fcccdf6-8f45-4144-a922-4e330142424d tempest-VolumesGetTestJSON-2098915397 tempest-VolumesGetTestJSON-2098915397-project] Calling method 'delete' {{(pid=110030) _process_stack /opt/stack/cinder/cinder/api/openstack/wsgi.py:856}}
Nov 24 15:14:26.319490 dv-cinder-816898-4-iscsi devstack@c-api.service[110030]: INFO cinder.api.v3.volumes [req-dc7d1571-13e4-40b8-9572-7a5d40f93ace req-4fcccdf6-8f45-4144-a922-4e330142424d tempest-VolumesGetTestJSON-2098915397 tempest-VolumesGetTestJSON-2098915397-project] Delete volume with id: bb3f0bd1-da23-48fc-ad91-dedaa9ad14bc
Nov 24 15:14:26.331290 dv-cinder-816898-4-iscsi devstack@c-api.service[110030]: /usr/local/lib/python3.8/dist-packages/oslo_context/context.py:105: DeprecationWarning: Policy enforcement is depending on the value of is_admin. This key is deprecated. Please update your policy file to use the standard policy values.
Nov 24 15:14:26.331290 dv-cinder-816898-4-iscsi devstack@c-api.service[110030]: warnings.warn('Policy enforcement is depending on the value of '
Nov 24 15:14:26.332805 dv-cinder-816898-4-iscsi devstack@c-api.service[110030]: INFO cinder.volume.api [req-dc7d1571-13e4-40b8-9572-7a5d40f93ace req-4fcccdf6-8f45-4144-a922-4e330142424d tempest-VolumesGetTestJSON-2098915397 tempest-VolumesGetTestJSON-2098915397-project] Volume info retrieved successfully.
Nov 24 15:14:26.375276 dv-cinder-816898-4-iscsi devstack@c-api.service[110029]: DEBUG cinder.volume.api [None req-236244e2-a6df-4cf1-9292-d5202596748c tempest-VolumesTestJSON-1646122553 tempest-VolumesTestJSON-1646122553-project] Flow 'volume_create_api' (12d8a0e6-3cd7-40b6-898f-5da612bad8a0) transitioned into state 'RUNNING' from state 'PENDING' {{(pid=110029) _flow_receiver /usr/local/lib/python3.8/dist-packages/taskflow/listeners/logging.py:141}}
Nov 24 15:14:26.399859 dv-cinder-816898-4-iscsi devstack@c-api.service[110029]: DEBUG cinder.volume.api [None req-236244e2-a6df-4cf1-9292-d5202596748c tempest-VolumesTestJSON-1646122553 tempest-VolumesTestJSON-1646122553-project] Task 'cinder.volume.flows.api.create_volume.ExtractVolumeRequestTask;volume:create' (c4caf833-1b29-454a-94ac-f05f079569fd) transitioned into state 'RUNNING' from state 'PENDING' {{(pid=110029) _task_receiver /usr/local/lib/python3.8/dist-packages/taskflow/listeners/logging.py:190}}
Nov 24 15:14:26.407052 dv-cinder-816898-4-iscsi devstack@c-api.service[110029]: DEBUG cinder.volume.flows.api.create_volume [None req-236244e2-a6df-4cf1-9292-d5202596748c tempest-VolumesTestJSON-1646122553 tempest-VolumesTestJSON-1646122553-project] Validating volume size '1' using validate_int {{(pid=110029) _extract_size /opt/stack/cinder/cinder/volume/flows/api/create_volume.py:225}}
Nov 24 15:14:26.512161 dv-cinder-816898-4-iscsi devstack@c-api.service[110029]: DEBUG cinder.volume.api [None req-236244e2-a6df-4cf1-9292-d5202596748c tempest-VolumesTestJSON-1646122553 tempest-VolumesTestJSON-1646122553-project] Task 'cinder.volume.flows.api.create_volume.ExtractVolumeRequestTask;volume:create' (c4caf833-1b29-454a-94ac-f05f079569fd) transitioned into state 'SUCCESS' from state 'RUNNING' with result '{'size': 1, 'snapshot_id': None, 'source_volid': None, 'volume_type': VolumeType(created_at=2021-11-24T15:00:25Z,deleted=False,deleted_at=None,description='Default Volume Type',extra_specs={},id=3b105592-aada-4040-af55-10d304117357,is_public=True,name='__DEFAULT__',projects=[],qos_specs=<?>,qos_specs_id=None,updated_at=2021-11-24T15:00:25Z), 'volume_type_id': '3b105592-aada-4040-af55-10d304117357', 'encryption_key_id': None, 'qos_specs': None, 'consistencygroup_id': None, 'cgsnapshot_id': None, 'group_id': None, 'replication_status': 'disabled', 'refresh_az': False, 'backup_id': None, 'multiattach': False, 'availability_zones': ['nova']}' {{(pid=110029) _task_receiver /usr/local/lib/python3.8/dist-packages/taskflow/listeners/logging.py:178}}
Nov 24 15:14:26.525745 dv-cinder-816898-4-iscsi devstack@c-api.service[110029]: DEBUG cinder.volume.api [None req-236244e2-a6df-4cf1-9292-d5202596748c tempest-VolumesTestJSON-1646122553 tempest-VolumesTestJSON-1646122553-project] Task 'cinder.volume.flows.api.create_volume.QuotaReserveTask;volume:create' (b6828871-fee2-424e-aa0e-1b39b95d56d0) transitioned into state 'RUNNING' from state 'PENDING' {{(pid=110029) _task_receiver /usr/local/lib/python3.8/dist-packages/taskflow/listeners/logging.py:190}}
Nov 24 15:14:26.617579 dv-cinder-816898-4-iscsi devstack@c-api.service[110030]: INFO cinder.volume.api [req-dc7d1571-13e4-40b8-9572-7a5d40f93ace req-4fcccdf6-8f45-4144-a922-4e330142424d tempest-VolumesGetTestJSON-2098915397 tempest-VolumesGetTestJSON-2098915397-project] Delete volume request issued successfully.
Nov 24 15:14:26.620893 dv-cinder-816898-4-iscsi devstack@c-api.service[110029]: WARNING cinder.quota [None req-236244e2-a6df-4cf1-9292-d5202596748c tempest-VolumesTestJSON-1646122553 tempest-VolumesTestJSON-1646122553-project] Deprecated: Default quota for resource: volumes___DEFAULT__ is set by the default quota flag: quota_volumes___DEFAULT__, it is now deprecated. Please use the default quota class for default quota.
Nov 24 15:14:26.621062 dv-cinder-816898-4-iscsi devstack@c-api.service[110030]: INFO cinder.api.openstack.wsgi [req-dc7d1571-13e4-40b8-9572-7a5d40f93ace req-4fcccdf6-8f45-4144-a922-4e330142424d tempest-VolumesGetTestJSON-2098915397 tempest-VolumesGetTestJSON-2098915397-project] http://10.222.0.15/volume/v3/43d81d79115c4ae8a5ee309392f816e6/volumes/bb3f0bd1-da23-48fc-ad91-dedaa9ad14bc returned with HTTP 202
Nov 24 15:14:26.625364 dv-cinder-816898-4-iscsi devstack@c-api.service[110030]: [pid: 110030|app: 0|req: 15/31] 10.222.0.15 () {62 vars in 1600 bytes} [Wed Nov 24 15:14:26 2021] DELETE /volume/v3/43d81d79115c4ae8a5ee309392f816e6/volumes/bb3f0bd1-da23-48fc-ad91-dedaa9ad14bc => generated 0 bytes in 320 msecs (HTTP/1.1 202) 6 headers in 233 bytes (1 switches on core 0)
Nov 24 15:14:26.633723 dv-cinder-816898-4-iscsi devstack@c-api.service[110029]: WARNING cinder.quota [None req-236244e2-a6df-4cf1-9292-d5202596748c tempest-VolumesTestJSON-1646122553 tempest-VolumesTestJSON-1646122553-project] Deprecated: Default quota for resource: gigabytes___DEFAULT__ is set by the default quota flag: quota_gigabytes___DEFAULT__, it is now deprecated. Please use the default quota class for default quota.
Nov 24 15:14:26.640615 dv-cinder-816898-4-iscsi devstack@c-api.service[110030]: INFO cinder.api.openstack.wsgi [None req-f3174a45-ce3f-452e-b0a0-497bc8631587 tempest-GroupsTest-951505889 tempest-GroupsTest-951505889-project] GET http://10.222.0.15/volume/v3/25b0fb81a5b24f14aaeba97b7f8021cf/groups/5365b705-1e40-42fc-b08d-f3a27c87a3f5
Nov 24 15:14:26.642585 dv-cinder-816898-4-iscsi devstack@c-api.service[110030]: DEBUG cinder.api.openstack.wsgi [None req-f3174a45-ce3f-452e-b0a0-497bc8631587 tempest-GroupsTest-951505889 tempest-GroupsTest-951505889-project] Empty body provided in request {{(pid=110030) get_body /opt/stack/cinder/cinder/api/openstack/wsgi.py:703}}
Nov 24 15:14:26.643112 dv-cinder-816898-4-iscsi devstack@c-api.service[110030]: /usr/local/lib/python3.8/dist-packages/webob/acceptparse.py:1047: DeprecationWarning: The behavior of AcceptValidHeader.best_match is currently being maintained for backward compatibility, but it will be deprecated in the future, as it does not conform to the RFC.
Nov 24 15:14:26.643112 dv-cinder-816898-4-iscsi devstack@c-api.service[110030]: warnings.warn(
Nov 24 15:14:26.643774 dv-cinder-816898-4-iscsi devstack@c-api.service[110030]: DEBUG cinder.api.openstack.wsgi [None req-f3174a45-ce3f-452e-b0a0-497bc8631587 tempest-GroupsTest-951505889 tempest-GroupsTest-951505889-project] Calling method 'version_select' {{(pid=110030) _process_stack /opt/stack/cinder/cinder/api/openstack/wsgi.py:856}}
Nov 24 15:14:26.645003 dv-cinder-816898-4-iscsi devstack@c-api.service[110030]: DEBUG cinder.api.v3.groups [None req-f3174a45-ce3f-452e-b0a0-497bc8631587 tempest-GroupsTest-951505889 tempest-GroupsTest-951505889-project] show called for member 5365b705-1e40-42fc-b08d-f3a27c87a3f5 {{(pid=110030) show /opt/stack/cinder/cinder/api/v3/groups.py:58}}
Nov 24 15:14:26.674913 dv-cinder-816898-4-iscsi devstack@c-api.service[110030]: /usr/local/lib/python3.8/dist-packages/oslo_context/context.py:105: DeprecationWarning: Policy enforcement is depending on the value of is_admin. This key is deprecated. Please update your policy file to use the standard policy values.
Nov 24 15:14:26.674913 dv-cinder-816898-4-iscsi devstack@c-api.service[110030]: warnings.warn('Policy enforcement is depending on the value of '
Nov 24 15:14:26.708279 dv-cinder-816898-4-iscsi devstack@c-api.service[110030]: INFO cinder.api.openstack.wsgi [None req-f3174a45-ce3f-452e-b0a0-497bc8631587 tempest-GroupsTest-951505889 tempest-GroupsTest-951505889-project] http://10.222.0.15/volume/v3/25b0fb81a5b24f14aaeba97b7f8021cf/groups/5365b705-1e40-42fc-b08d-f3a27c87a3f5 returned with HTTP 200
Nov 24 15:14:26.715697 dv-cinder-816898-4-iscsi devstack@c-api.service[110030]: [pid: 110030|app: 0|req: 16/32] 10.222.0.15 () {60 vars in 1362 bytes} [Wed Nov 24 15:14:26 2021] GET /volume/v3/25b0fb81a5b24f14aaeba97b7f8021cf/groups/5365b705-1e40-42fc-b08d-f3a27c87a3f5 => generated 323 bytes in 83 msecs (HTTP/1.1 200) 7 headers in 286 bytes (1 switches on core 0)
Nov 24 15:14:26.724804 dv-cinder-816898-4-iscsi devstack@c-api.service[110030]: INFO cinder.api.openstack.wsgi [req-208dddaf-b291-4268-885d-3c680f24dd8f req-ff07f56f-a66c-4d63-85e3-c0e6ee135ae8 tempest-VolumesGetTestJSON-2098915397 tempest-VolumesGetTestJSON-2098915397-project] GET http://10.222.0.15/volume/v3/43d81d79115c4ae8a5ee309392f816e6/volumes/bb3f0bd1-da23-48fc-ad91-dedaa9ad14bc
Nov 24 15:14:26.725259 dv-cinder-816898-4-iscsi devstack@c-api.service[110030]: DEBUG cinder.api.openstack.wsgi [req-208dddaf-b291-4268-885d-3c680f24dd8f req-ff07f56f-a66c-4d63-85e3-c0e6ee135ae8 tempest-VolumesGetTestJSON-2098915397 tempest-VolumesGetTestJSON-2098915397-project] Empty body provided in request {{(pid=110030) get_body /opt/stack/cinder/cinder/api/openstack/wsgi.py:703}}
Nov 24 15:14:26.725428 dv-cinder-816898-4-iscsi devstack@c-api.service[110030]: /usr/local/lib/python3.8/dist-packages/webob/acceptparse.py:1047: DeprecationWarning: The behavior of AcceptValidHeader.best_match is currently being maintained for backward compatibility, but it will be deprecated in the future, as it does not conform to the RFC.
Nov 24 15:14:26.725428 dv-cinder-816898-4-iscsi devstack@c-api.service[110030]: warnings.warn(
Nov 24 15:14:26.726001 dv-cinder-816898-4-iscsi devstack@c-api.service[110030]: DEBUG cinder.api.openstack.wsgi [req-208dddaf-b291-4268-885d-3c680f24dd8f req-ff07f56f-a66c-4d63-85e3-c0e6ee135ae8 tempest-VolumesGetTestJSON-2098915397 tempest-VolumesGetTestJSON-2098915397-project] Calling method 'show' {{(pid=110030) _process_stack /opt/stack/cinder/cinder/api/openstack/wsgi.py:856}}
Nov 24 15:14:26.751993 dv-cinder-816898-4-iscsi devstack@c-api.service[110030]: /usr/local/lib/python3.8/dist-packages/oslo_context/context.py:105: DeprecationWarning: Policy enforcement is depending on the value of is_admin. This key is deprecated. Please update your policy file to use the standard policy values.
Nov 24 15:14:26.751993 dv-cinder-816898-4-iscsi devstack@c-api.service[110030]: warnings.warn('Policy enforcement is depending on the value of '
Nov 24 15:14:26.761575 dv-cinder-816898-4-iscsi devstack@c-api.service[110029]: DEBUG cinder.quota [None req-236244e2-a6df-4cf1-9292-d5202596748c tempest-VolumesTestJSON-1646122553 tempest-VolumesTestJSON-1646122553-project] Created reservations ['3d912410-559c-4443-bbca-cb40a9412573', '493992a2-81e2-4fb8-8432-ebd173bfe0ec', '79bf5f32-f317-48bb-b5d0-af8a08f64dd3', 'a28d9240-cbf3-4630-8413-4675a3fb561a'] {{(pid=110029) reserve /opt/stack/cinder/cinder/quota.py:755}}
Nov 24 15:14:26.763704 dv-cinder-816898-4-iscsi devstack@c-api.service[110029]: DEBUG cinder.volume.api [None req-236244e2-a6df-4cf1-9292-d5202596748c tempest-VolumesTestJSON-1646122553 tempest-VolumesTestJSON-1646122553-project] Task 'cinder.volume.flows.api.create_volume.QuotaReserveTask;volume:create' (b6828871-fee2-424e-aa0e-1b39b95d56d0) transitioned into state 'SUCCESS' from state 'RUNNING' with result '{'reservations': ['3d912410-559c-4443-bbca-cb40a9412573', '493992a2-81e2-4fb8-8432-ebd173bfe0ec', '79bf5f32-f317-48bb-b5d0-af8a08f64dd3', 'a28d9240-cbf3-4630-8413-4675a3fb561a']}' {{(pid=110029) _task_receiver /usr/local/lib/python3.8/dist-packages/taskflow/listeners/logging.py:178}}
Nov 24 15:14:26.768083 dv-cinder-816898-4-iscsi devstack@c-api.service[110029]: DEBUG cinder.volume.api [None req-236244e2-a6df-4cf1-9292-d5202596748c tempest-VolumesTestJSON-1646122553 tempest-VolumesTestJSON-1646122553-project] Task 'cinder.volume.flows.api.create_volume.EntryCreateTask;volume:create' (19c2813a-4bfd-420d-b78f-959619c564f9) transitioned into state 'RUNNING' from state 'PENDING' {{(pid=110029) _task_receiver /usr/local/lib/python3.8/dist-packages/taskflow/listeners/logging.py:190}}
Nov 24 15:14:26.779538 dv-cinder-816898-4-iscsi devstack@c-api.service[110030]: INFO cinder.volume.api [req-208dddaf-b291-4268-885d-3c680f24dd8f req-ff07f56f-a66c-4d63-85e3-c0e6ee135ae8 tempest-VolumesGetTestJSON-2098915397 tempest-VolumesGetTestJSON-2098915397-project] Volume info retrieved successfully.
Nov 24 15:14:26.793276 dv-cinder-816898-4-iscsi devstack@c-api.service[110030]: INFO cinder.api.openstack.wsgi [req-208dddaf-b291-4268-885d-3c680f24dd8f req-ff07f56f-a66c-4d63-85e3-c0e6ee135ae8 tempest-VolumesGetTestJSON-2098915397 tempest-VolumesGetTestJSON-2098915397-project] http://10.222.0.15/volume/v3/43d81d79115c4ae8a5ee309392f816e6/volumes/bb3f0bd1-da23-48fc-ad91-dedaa9ad14bc returned with HTTP 200
Nov 24 15:14:26.794650 dv-cinder-816898-4-iscsi devstack@c-api.service[110030]: [pid: 110030|app: 0|req: 17/33] 10.222.0.15 () {60 vars in 1578 bytes} [Wed Nov 24 15:14:26 2021] GET /volume/v3/43d81d79115c4ae8a5ee309392f816e6/volumes/bb3f0bd1-da23-48fc-ad91-dedaa9ad14bc => generated 924 bytes in 78 msecs (HTTP/1.1 200) 7 headers in 285 bytes (1 switches on core 0)
Nov 24 15:14:26.799575 dv-cinder-816898-4-iscsi devstack@c-api.service[110030]: INFO cinder.api.openstack.wsgi [None req-2f58ef29-993f-4794-aabc-ee2e1ea66898 tempest-GroupsTest-951505889 tempest-GroupsTest-951505889-project] POST http://10.222.0.15/volume/v3/25b0fb81a5b24f14aaeba97b7f8021cf/volumes
Nov 24 15:14:26.800657 dv-cinder-816898-4-iscsi devstack@c-api.service[110030]: /usr/local/lib/python3.8/dist-packages/webob/acceptparse.py:1047: DeprecationWarning: The behavior of AcceptValidHeader.best_match is currently being maintained for backward compatibility, but it will be deprecated in the future, as it does not conform to the RFC.
Nov 24 15:14:26.800657 dv-cinder-816898-4-iscsi devstack@c-api.service[110030]: warnings.warn(
Nov 24 15:14:26.801289 dv-cinder-816898-4-iscsi devstack@c-api.service[110030]: DEBUG cinder.api.openstack.wsgi [None req-2f58ef29-993f-4794-aabc-ee2e1ea66898 tempest-GroupsTest-951505889 tempest-GroupsTest-951505889-project] Action: 'create', calling method: create, body: {"volume": {"name": "tempest-volume-1173413827", "volume_type": "688ac05e-d2f2-43f8-ad95-1b1173098b68", "group_id": "02d35ab8-66cc-46d4-940f-e48be8c043f2", "size": 1}} {{(pid=110030) _process_stack /opt/stack/cinder/cinder/api/openstack/wsgi.py:854}}
Nov 24 15:14:26.802506 dv-cinder-816898-4-iscsi devstack@c-api.service[110030]: DEBUG cinder.api.v3.volumes [None req-2f58ef29-993f-4794-aabc-ee2e1ea66898 tempest-GroupsTest-951505889 tempest-GroupsTest-951505889-project] Create volume request body: {'volume': {'name': 'tempest-volume-1173413827', 'volume_type': '688ac05e-d2f2-43f8-ad95-1b1173098b68', 'group_id': '02d35ab8-66cc-46d4-940f-e48be8c043f2', 'size': 1}} {{(pid=110030) create /opt/stack/cinder/cinder/api/v3/volumes.py:298}}
Nov 24 15:14:26.819178 dv-cinder-816898-4-iscsi devstack@c-api.service[110030]: /usr/local/lib/python3.8/dist-packages/oslo_context/context.py:105: DeprecationWarning: Policy enforcement is depending on the value of is_admin. This key is deprecated. Please update your policy file to use the standard policy values.
Nov 24 15:14:26.819178 dv-cinder-816898-4-iscsi devstack@c-api.service[110030]: warnings.warn('Policy enforcement is depending on the value of '
Nov 24 15:14:26.820507 dv-cinder-816898-4-iscsi devstack@c-api.service[110030]: INFO cinder.api.v3.volumes [None req-2f58ef29-993f-4794-aabc-ee2e1ea66898 tempest-GroupsTest-951505889 tempest-GroupsTest-951505889-project] Create volume of 1 GB
Nov 24 15:14:26.832585 dv-cinder-816898-4-iscsi devstack@c-api.service[110030]: INFO cinder.volume.api [None req-2f58ef29-993f-4794-aabc-ee2e1ea66898 tempest-GroupsTest-951505889 tempest-GroupsTest-951505889-project] Availability Zones retrieved successfully.
Nov 24 15:14:26.849610 dv-cinder-816898-4-iscsi devstack@c-api.service[110030]: DEBUG cinder.volume.api [None req-2f58ef29-993f-4794-aabc-ee2e1ea66898 tempest-GroupsTest-951505889 tempest-GroupsTest-951505889-project] Flow 'volume_create_api' (c3b8485e-9c4e-49f0-97e0-25edeed5b2d8) transitioned into state 'RUNNING' from state 'PENDING' {{(pid=110030) _flow_receiver /usr/local/lib/python3.8/dist-packages/taskflow/listeners/logging.py:141}}
Nov 24 15:14:26.852293 dv-cinder-816898-4-iscsi devstack@c-api.service[110030]: DEBUG cinder.volume.api [None req-2f58ef29-993f-4794-aabc-ee2e1ea66898 tempest-GroupsTest-951505889 tempest-GroupsTest-951505889-project] Task 'cinder.volume.flows.api.create_volume.ExtractVolumeRequestTask;volume:create' (18d1564a-fd19-4ad1-b8e0-58c5e6300312) transitioned into state 'RUNNING' from state 'PENDING' {{(pid=110030) _task_receiver /usr/local/lib/python3.8/dist-packages/taskflow/listeners/logging.py:190}}
Nov 24 15:14:26.853958 dv-cinder-816898-4-iscsi devstack@c-api.service[110030]: /usr/local/lib/python3.8/dist-packages/oslo_context/context.py:105: DeprecationWarning: Policy enforcement is depending on the value of is_admin. This key is deprecated. Please update your policy file to use the standard policy values.
Nov 24 15:14:26.853958 dv-cinder-816898-4-iscsi devstack@c-api.service[110030]: warnings.warn('Policy enforcement is depending on the value of '
Nov 24 15:14:26.855024 dv-cinder-816898-4-iscsi devstack@c-api.service[110030]: DEBUG cinder.volume.flows.api.create_volume [None req-2f58ef29-993f-4794-aabc-ee2e1ea66898 tempest-GroupsTest-951505889 tempest-GroupsTest-951505889-project] Validating volume size '1' using validate_int {{(pid=110030) _extract_size /opt/stack/cinder/cinder/volume/flows/api/create_volume.py:225}}
Nov 24 15:14:26.881997 dv-cinder-816898-4-iscsi devstack@c-api.service[110030]: DEBUG cinder.volume.api [None req-2f58ef29-993f-4794-aabc-ee2e1ea66898 tempest-GroupsTest-951505889 tempest-GroupsTest-951505889-project] Task 'cinder.volume.flows.api.create_volume.ExtractVolumeRequestTask;volume:create' (18d1564a-fd19-4ad1-b8e0-58c5e6300312) transitioned into state 'SUCCESS' from state 'RUNNING' with result '{'size': 1, 'snapshot_id': None, 'source_volid': None, 'volume_type': VolumeType(created_at=2021-11-24T15:14:22Z,deleted=False,deleted_at=None,description=None,extra_specs={},id=688ac05e-d2f2-43f8-ad95-1b1173098b68,is_public=True,name='tempest-GroupsTest-volume-type-1896903548',projects=[],qos_specs=<?>,qos_specs_id=None,updated_at=None), 'volume_type_id': '688ac05e-d2f2-43f8-ad95-1b1173098b68', 'encryption_key_id': None, 'qos_specs': None, 'consistencygroup_id': None, 'cgsnapshot_id': None, 'group_id': '02d35ab8-66cc-46d4-940f-e48be8c043f2', 'replication_status': 'disabled', 'refresh_az': False, 'backup_id': None, 'multiattach': False, 'availability_zones': ['nova']}' {{(pid=110030) _task_receiver /usr/local/lib/python3.8/dist-packages/taskflow/listeners/logging.py:178}}
Nov 24 15:14:26.884446 dv-cinder-816898-4-iscsi devstack@c-api.service[110030]: DEBUG cinder.volume.api [None req-2f58ef29-993f-4794-aabc-ee2e1ea66898 tempest-GroupsTest-951505889 tempest-GroupsTest-951505889-project] Task 'cinder.volume.flows.api.create_volume.QuotaReserveTask;volume:create' (42da42ae-cfec-433f-8024-2b0bb99e2cf6) transitioned into state 'RUNNING' from state 'PENDING' {{(pid=110030) _task_receiver /usr/local/lib/python3.8/dist-packages/taskflow/listeners/logging.py:190}}
Nov 24 15:14:26.905120 dv-cinder-816898-4-iscsi devstack@c-api.service[110029]: DEBUG cinder.volume.api [None req-236244e2-a6df-4cf1-9292-d5202596748c tempest-VolumesTestJSON-1646122553 tempest-VolumesTestJSON-1646122553-project] Task 'cinder.volume.flows.api.create_volume.EntryCreateTask;volume:create' (19c2813a-4bfd-420d-b78f-959619c564f9) transitioned into state 'SUCCESS' from state 'RUNNING' with result '{'volume_id': '71835af5-2376-48fc-8c7f-373a3f5e5a9c', 'volume_properties': VolumeProperties(attach_status='detached',availability_zone='nova',cgsnapshot_id=None,consistencygroup_id=None,display_description=None,display_name='tempest-VolumesTestJSON-volume-1130797082',encryption_key_id=None,group_id=None,group_type_id=<?>,metadata={Type='work'},multiattach=False,project_id='262f996861744989b7f9570698e85be4',qos_specs=None,replication_status=<?>,reservations=['3d912410-559c-4443-bbca-cb40a9412573','493992a2-81e2-4fb8-8432-ebd173bfe0ec','79bf5f32-f317-48bb-b5d0-af8a08f64dd3','a28d9240-cbf3-4630-8413-4675a3fb561a'],size=1,snapshot_id=None,source_replicaid=<?>,source_volid=None,status='creating',user_id='fbae2dbd3e384b0da541164d0d661550',volume_type_id=3b105592-aada-4040-af55-10d304117357), 'volume': Volume(_name_id=None,admin_metadata=<?>,attach_status='detached',availability_zone='nova',bootable=False,cluster=<?>,cluster_name=None,consistencygroup=<?>,consistencygroup_id=None,created_at=2021-11-24T15:14:26Z,deleted=False,deleted_at=None,display_description=None,display_name='tempest-VolumesTestJSON-volume-1130797082',ec2_id=None,encryption_key_id=None,glance_metadata=<?>,group=<?>,group_id=None,host=None,id=71835af5-2376-48fc-8c7f-373a3f5e5a9c,launched_at=None,metadata={Type='work'},migration_status=None,multiattach=False,previous_status=None,project_id='262f996861744989b7f9570698e85be4',provider_auth=None,provider_geometry=None,provider_id=None,provider_location=None,replication_driver_data=None,replication_extended_status=None,replication_status=None,scheduled_at=None,service_uuid=None,shared_targets=True,size=1,snapshot_id=None,snapshots=<?>,source_volid=None,status='creating',terminated_at=None,updated_at=None,use_quota=True,user_id='fbae2dbd3e384b0da541164d0d661550',volume_attachment=VolumeAttachmentList,volume_type=VolumeType(3b105592-aada-4040-af55-10d304117357),volume_type_id=3b105592-aada-4040-af55-10d304117357)}' {{(pid=110029) _task_receiver /usr/local/lib/python3.8/dist-packages/taskflow/listeners/logging.py:178}}
Nov 24 15:14:26.907957 dv-cinder-816898-4-iscsi devstack@c-api.service[110029]: DEBUG cinder.volume.api [None req-236244e2-a6df-4cf1-9292-d5202596748c tempest-VolumesTestJSON-1646122553 tempest-VolumesTestJSON-1646122553-project] Task 'cinder.volume.flows.api.create_volume.QuotaCommitTask;volume:create' (5a4698db-4bd1-4402-977b-faa0f731f0ba) transitioned into state 'RUNNING' from state 'PENDING' {{(pid=110029) _task_receiver /usr/local/lib/python3.8/dist-packages/taskflow/listeners/logging.py:190}}
Nov 24 15:14:26.951964 dv-cinder-816898-4-iscsi devstack@c-api.service[110030]: WARNING cinder.quota [None req-2f58ef29-993f-4794-aabc-ee2e1ea66898 tempest-GroupsTest-951505889 tempest-GroupsTest-951505889-project] Deprecated: Default quota for resource: volumes_tempest-GroupsTest-volume-type-1896903548 is set by the default quota flag: quota_volumes_tempest-GroupsTest-volume-type-1896903548, it is now deprecated. Please use the default quota class for default quota.
Nov 24 15:14:26.953206 dv-cinder-816898-4-iscsi devstack@c-api.service[110030]: WARNING cinder.quota [None req-2f58ef29-993f-4794-aabc-ee2e1ea66898 tempest-GroupsTest-951505889 tempest-GroupsTest-951505889-project] Deprecated: Default quota for resource: gigabytes_tempest-GroupsTest-volume-type-1896903548 is set by the default quota flag: quota_gigabytes_tempest-GroupsTest-volume-type-1896903548, it is now deprecated. Please use the default quota class for default quota.
Nov 24 15:14:27.041239 dv-cinder-816898-4-iscsi devstack@c-api.service[110029]: DEBUG cinder.volume.api [None req-236244e2-a6df-4cf1-9292-d5202596748c tempest-VolumesTestJSON-1646122553 tempest-VolumesTestJSON-1646122553-project] Task 'cinder.volume.flows.api.create_volume.QuotaCommitTask;volume:create' (5a4698db-4bd1-4402-977b-faa0f731f0ba) transitioned into state 'SUCCESS' from state 'RUNNING' with result '{'volume_properties': VolumeProperties(attach_status='detached',availability_zone='nova',cgsnapshot_id=None,consistencygroup_id=None,display_description=None,display_name='tempest-VolumesTestJSON-volume-1130797082',encryption_key_id=None,group_id=None,group_type_id=<?>,metadata={Type='work'},multiattach=False,project_id='262f996861744989b7f9570698e85be4',qos_specs=None,replication_status=<?>,reservations=['3d912410-559c-4443-bbca-cb40a9412573','493992a2-81e2-4fb8-8432-ebd173bfe0ec','79bf5f32-f317-48bb-b5d0-af8a08f64dd3','a28d9240-cbf3-4630-8413-4675a3fb561a'],size=1,snapshot_id=None,source_replicaid=<?>,source_volid=None,status='creating',user_id='fbae2dbd3e384b0da541164d0d661550',volume_type_id=3b105592-aada-4040-af55-10d304117357)}' {{(pid=110029) _task_receiver /usr/local/lib/python3.8/dist-packages/taskflow/listeners/logging.py:178}}
Nov 24 15:14:27.046927 dv-cinder-816898-4-iscsi devstack@c-api.service[110029]: DEBUG cinder.volume.api [None req-236244e2-a6df-4cf1-9292-d5202596748c tempest-VolumesTestJSON-1646122553 tempest-VolumesTestJSON-1646122553-project] Task 'cinder.volume.flows.api.create_volume.VolumeCastTask;volume:create' (2c772fc0-423c-46dd-9717-63db9a7c5bae) transitioned into state 'RUNNING' from state 'PENDING' {{(pid=110029) _task_receiver /usr/local/lib/python3.8/dist-packages/taskflow/listeners/logging.py:190}}
Nov 24 15:14:27.213206 dv-cinder-816898-4-iscsi devstack@c-api.service[110029]: DEBUG cinder.volume.api [None req-236244e2-a6df-4cf1-9292-d5202596748c tempest-VolumesTestJSON-1646122553 tempest-VolumesTestJSON-1646122553-project] Task 'cinder.volume.flows.api.create_volume.VolumeCastTask;volume:create' (2c772fc0-423c-46dd-9717-63db9a7c5bae) transitioned into state 'SUCCESS' from state 'RUNNING' with result 'None' {{(pid=110029) _task_receiver /usr/local/lib/python3.8/dist-packages/taskflow/listeners/logging.py:178}}
Nov 24 15:14:27.214024 dv-cinder-816898-4-iscsi devstack@c-api.service[110029]: DEBUG cinder.volume.api [None req-236244e2-a6df-4cf1-9292-d5202596748c tempest-VolumesTestJSON-1646122553 tempest-VolumesTestJSON-1646122553-project] Flow 'volume_create_api' (12d8a0e6-3cd7-40b6-898f-5da612bad8a0) transitioned into state 'SUCCESS' from state 'RUNNING' {{(pid=110029) _flow_receiver /usr/local/lib/python3.8/dist-packages/taskflow/listeners/logging.py:141}}
Nov 24 15:14:27.214975 dv-cinder-816898-4-iscsi devstack@c-api.service[110029]: INFO cinder.volume.api [None req-236244e2-a6df-4cf1-9292-d5202596748c tempest-VolumesTestJSON-1646122553 tempest-VolumesTestJSON-1646122553-project] Create volume request issued successfully.
Nov 24 15:14:27.217571 dv-cinder-816898-4-iscsi devstack@c-api.service[110029]: INFO cinder.api.openstack.wsgi [None req-236244e2-a6df-4cf1-9292-d5202596748c tempest-VolumesTestJSON-1646122553 tempest-VolumesTestJSON-1646122553-project] http://10.222.0.15/volume/v3/262f996861744989b7f9570698e85be4/volumes returned with HTTP 202
Nov 24 15:14:27.221159 dv-cinder-816898-4-iscsi devstack@c-api.service[110029]: [pid: 110029|app: 0|req: 17/34] 10.222.0.15 () {60 vars in 1235 bytes} [Wed Nov 24 15:14:26 2021] POST /volume/v3/262f996861744989b7f9570698e85be4/volumes => generated 829 bytes in 945 msecs (HTTP/1.1 202) 7 headers in 291 bytes (1 switches on core 0)
Nov 24 15:14:27.248094 dv-cinder-816898-4-iscsi devstack@c-api.service[110029]: INFO cinder.api.openstack.wsgi [None req-3c51e27e-08c6-4856-9b93-de963e206b6c tempest-VolumesTestJSON-1646122553 tempest-VolumesTestJSON-1646122553-project] GET http://10.222.0.15/volume/v3/262f996861744989b7f9570698e85be4/volumes/71835af5-2376-48fc-8c7f-373a3f5e5a9c
Nov 24 15:14:27.248984 dv-cinder-816898-4-iscsi devstack@c-api.service[110029]: DEBUG cinder.api.openstack.wsgi [None req-3c51e27e-08c6-4856-9b93-de963e206b6c tempest-VolumesTestJSON-1646122553 tempest-VolumesTestJSON-1646122553-project] Empty body provided in request {{(pid=110029) get_body /opt/stack/cinder/cinder/api/openstack/wsgi.py:703}}
