Nov 03 21:38:39.510876 dv-cinder-816573-1-smb devstack@c-api.service[109087]: DEBUG cinder.api.openstack.wsgi [None req-f5f2980a-6d46-4d49-bd4a-51116303f4a1 tempest-VolumesServicesTestJSON-787434186 tempest-VolumesServicesTestJSON-787434186-project-admin] Empty body provided in request {{(pid=109087) get_body /opt/stack/cinder/cinder/api/openstack/wsgi.py:703}}
Nov 03 21:38:39.511287 dv-cinder-816573-1-smb devstack@c-api.service[109087]: DEBUG cinder.api.openstack.wsgi [None req-f5f2980a-6d46-4d49-bd4a-51116303f4a1 tempest-VolumesServicesTestJSON-787434186 tempest-VolumesServicesTestJSON-787434186-project-admin] Calling method 'index' {{(pid=109087) _process_stack /opt/stack/cinder/cinder/api/openstack/wsgi.py:856}}
Nov 03 21:38:39.522550 dv-cinder-816573-1-smb devstack@c-api.service[109087]: INFO cinder.api.openstack.wsgi [None req-f5f2980a-6d46-4d49-bd4a-51116303f4a1 tempest-VolumesServicesTestJSON-787434186 tempest-VolumesServicesTestJSON-787434186-project-admin] http://10.222.0.21/volume/v3/b0d89d17051948ee884101c11b7d3d23/os-services?host=dv-cinder-816573-1-smb&binary=cinder-scheduler returned with HTTP 200
Nov 03 21:38:39.535112 dv-cinder-816573-1-smb devstack@c-api.service[109086]: INFO cinder.api.openstack.wsgi [None req-eee30acc-c77b-4676-8a52-e5a6eeecf133 tempest-GroupsTest-123523022 tempest-GroupsTest-123523022-project] POST http://10.222.0.21/volume/v3/86b37d58a66a4810a6df9c8043a5eb0f/groups
Nov 03 21:38:39.537032 dv-cinder-816573-1-smb devstack@c-api.service[109087]: [pid: 109087|app: 0|req: 128/246] 10.222.0.21 () {58 vars in 1328 bytes} [Wed Nov 3 21:38:39 2021] GET /volume/v3/b0d89d17051948ee884101c11b7d3d23/os-services?host=dv-cinder-816573-1-smb&binary=cinder-scheduler => generated 201 bytes in 33 msecs (HTTP/1.1 200) 7 headers in 285 bytes (1 switches on core 0)
Nov 03 21:38:39.537330 dv-cinder-816573-1-smb devstack@c-api.service[109086]: DEBUG cinder.api.openstack.wsgi [None req-eee30acc-c77b-4676-8a52-e5a6eeecf133 tempest-GroupsTest-123523022 tempest-GroupsTest-123523022-project] Action: 'create', calling method: version_select, body: {"group": {"group_type": "cdaeda4a-8450-4cb5-9dce-0f59693aadd9", "volume_types": ["706f4632-f666-44c3-8835-dc9691ae63d3"], "name": "tempest-Group1-326223044"}} {{(pid=109086) _process_stack /opt/stack/cinder/cinder/api/openstack/wsgi.py:854}}
Nov 03 21:38:39.538997 dv-cinder-816573-1-smb devstack@c-api.service[109086]: DEBUG cinder.api.v3.groups [None req-eee30acc-c77b-4676-8a52-e5a6eeecf133 tempest-GroupsTest-123523022 tempest-GroupsTest-123523022-project] Creating new group {'group': {'group_type': 'cdaeda4a-8450-4cb5-9dce-0f59693aadd9', 'volume_types': ['706f4632-f666-44c3-8835-dc9691ae63d3'], 'name': 'tempest-Group1-326223044'}} {{(pid=109086) create /opt/stack/cinder/cinder/api/v3/groups.py:190}}
Nov 03 21:38:39.548098 dv-cinder-816573-1-smb devstack@c-api.service[109087]: INFO cinder.api.openstack.wsgi [None req-3b1d78e3-108e-4890-aa98-b3f4a262ad0c tempest-VolumesServicesTestJSON-787434186 tempest-VolumesServicesTestJSON-787434186-project-admin] GET http://10.222.0.21/volume/v3/b0d89d17051948ee884101c11b7d3d23/os-services?binary=cinder-scheduler
Nov 03 21:38:39.548846 dv-cinder-816573-1-smb devstack@c-api.service[109087]: DEBUG cinder.api.openstack.wsgi [None req-3b1d78e3-108e-4890-aa98-b3f4a262ad0c tempest-VolumesServicesTestJSON-787434186 tempest-VolumesServicesTestJSON-787434186-project-admin] Empty body provided in request {{(pid=109087) get_body /opt/stack/cinder/cinder/api/openstack/wsgi.py:703}}
Nov 03 21:38:39.549663 dv-cinder-816573-1-smb devstack@c-api.service[109087]: DEBUG cinder.api.openstack.wsgi [None req-3b1d78e3-108e-4890-aa98-b3f4a262ad0c tempest-VolumesServicesTestJSON-787434186 tempest-VolumesServicesTestJSON-787434186-project-admin] Calling method 'index' {{(pid=109087) _process_stack /opt/stack/cinder/cinder/api/openstack/wsgi.py:856}}
Nov 03 21:38:39.549796 dv-cinder-816573-1-smb devstack@c-api.service[109086]: INFO cinder.api.v3.groups [None req-eee30acc-c77b-4676-8a52-e5a6eeecf133 tempest-GroupsTest-123523022 tempest-GroupsTest-123523022-project] Creating group tempest-Group1-326223044.
Nov 03 21:38:39.562289 dv-cinder-816573-1-smb devstack@c-api.service[109087]: INFO cinder.api.openstack.wsgi [None req-3b1d78e3-108e-4890-aa98-b3f4a262ad0c tempest-VolumesServicesTestJSON-787434186 tempest-VolumesServicesTestJSON-787434186-project-admin] http://10.222.0.21/volume/v3/b0d89d17051948ee884101c11b7d3d23/os-services?binary=cinder-scheduler returned with HTTP 200
Nov 03 21:38:39.564543 dv-cinder-816573-1-smb devstack@c-api.service[109087]: [pid: 109087|app: 0|req: 129/247] 10.222.0.21 () {58 vars in 1272 bytes} [Wed Nov 3 21:38:39 2021] GET /volume/v3/b0d89d17051948ee884101c11b7d3d23/os-services?binary=cinder-scheduler => generated 201 bytes in 27 msecs (HTTP/1.1 200) 7 headers in 285 bytes (1 switches on core 0)
Nov 03 21:38:39.591965 dv-cinder-816573-1-smb devstack@c-api.service[109086]: INFO cinder.volume.api [None req-eee30acc-c77b-4676-8a52-e5a6eeecf133 tempest-GroupsTest-123523022 tempest-GroupsTest-123523022-project] Availability Zones retrieved successfully.
Nov 03 21:38:39.637008 dv-cinder-816573-1-smb devstack@c-api.service[109086]: DEBUG cinder.quota [None req-eee30acc-c77b-4676-8a52-e5a6eeecf133 tempest-GroupsTest-123523022 tempest-GroupsTest-123523022-project] Created reservations ['cb8fa2fe-2d39-4f97-aea1-1aac1ff699dc'] {{(pid=109086) reserve /opt/stack/cinder/cinder/quota.py:755}}
Nov 03 21:38:39.740461 dv-cinder-816573-1-smb devstack@c-api.service[109086]: INFO cinder.api.openstack.wsgi [None req-eee30acc-c77b-4676-8a52-e5a6eeecf133 tempest-GroupsTest-123523022 tempest-GroupsTest-123523022-project] http://10.222.0.21/volume/v3/86b37d58a66a4810a6df9c8043a5eb0f/groups returned with HTTP 202
Nov 03 21:38:39.746409 dv-cinder-816573-1-smb devstack@c-api.service[109086]: [pid: 109086|app: 0|req: 119/248] 10.222.0.21 () {62 vars in 1273 bytes} [Wed Nov 3 21:38:39 2021] POST /volume/v3/86b37d58a66a4810a6df9c8043a5eb0f/groups => generated 93 bytes in 548 msecs (HTTP/1.1 202) 7 headers in 291 bytes (1 switches on core 0)
Nov 03 21:38:39.762860 dv-cinder-816573-1-smb devstack@c-api.service[109086]: INFO cinder.api.openstack.wsgi [None req-c93b8995-b18c-4279-b760-3460e64777bc tempest-VolumesCloneNegativeTest-1645123531 tempest-VolumesCloneNegativeTest-1645123531-project] GET http://10.222.0.21/volume/v3/2d9ef4bdaa8045d89aa13fe164bea5a8/volumes/f7dddffc-3b37-42a6-801f-aa509d39538f
Nov 03 21:38:39.769124 dv-cinder-816573-1-smb devstack@c-api.service[109086]: DEBUG cinder.api.openstack.wsgi [None req-c93b8995-b18c-4279-b760-3460e64777bc tempest-VolumesCloneNegativeTest-1645123531 tempest-VolumesCloneNegativeTest-1645123531-project] Empty body provided in request {{(pid=109086) get_body /opt/stack/cinder/cinder/api/openstack/wsgi.py:703}}
Nov 03 21:38:39.770387 dv-cinder-816573-1-smb devstack@c-api.service[109086]: /usr/local/lib/python3.8/dist-packages/webob/acceptparse.py:1047: DeprecationWarning: The behavior of AcceptValidHeader.best_match is currently being maintained for backward compatibility, but it will be deprecated in the future, as it does not conform to the RFC.
Nov 03 21:38:39.770387 dv-cinder-816573-1-smb devstack@c-api.service[109086]: warnings.warn(
Nov 03 21:38:39.771177 dv-cinder-816573-1-smb devstack@c-api.service[109086]: DEBUG cinder.api.openstack.wsgi [None req-c93b8995-b18c-4279-b760-3460e64777bc tempest-VolumesCloneNegativeTest-1645123531 tempest-VolumesCloneNegativeTest-1645123531-project] Calling method 'show' {{(pid=109086) _process_stack /opt/stack/cinder/cinder/api/openstack/wsgi.py:856}}
Nov 03 21:38:39.798865 dv-cinder-816573-1-smb devstack@c-api.service[109086]: INFO cinder.api.openstack.wsgi [None req-c93b8995-b18c-4279-b760-3460e64777bc tempest-VolumesCloneNegativeTest-1645123531 tempest-VolumesCloneNegativeTest-1645123531-project] http://10.222.0.21/volume/v3/2d9ef4bdaa8045d89aa13fe164bea5a8/volumes/f7dddffc-3b37-42a6-801f-aa509d39538f returned with HTTP 404
Nov 03 21:38:39.800724 dv-cinder-816573-1-smb devstack@c-api.service[109086]: [pid: 109086|app: 0|req: 120/249] 10.222.0.21 () {58 vars in 1324 bytes} [Wed Nov 3 21:38:39 2021] GET /volume/v3/2d9ef4bdaa8045d89aa13fe164bea5a8/volumes/f7dddffc-3b37-42a6-801f-aa509d39538f => generated 109 bytes in 54 msecs (HTTP/1.1 404) 7 headers in 292 bytes (1 switches on core 0)
Nov 03 21:38:39.815003 dv-cinder-816573-1-smb devstack@c-api.service[109087]: INFO cinder.api.openstack.wsgi [None req-9e7ff63e-e2b1-4180-979d-2f37d66f04aa tempest-VolumesServicesTestJSON-565650049 tempest-VolumesServicesTestJSON-565650049-project] POST http://10.222.0.21/volume/v3/4e6d9138efe34c0b919d710aff7e75cd/volumes
Nov 03 21:38:39.816182 dv-cinder-816573-1-smb devstack@c-api.service[109087]: DEBUG cinder.api.openstack.wsgi [None req-9e7ff63e-e2b1-4180-979d-2f37d66f04aa tempest-VolumesServicesTestJSON-565650049 tempest-VolumesServicesTestJSON-565650049-project] Action: 'create', calling method: create, body: {"volume": {"size": 1, "name": "tempest-VolumesServicesTestJSON-Volume-1515676258"}} {{(pid=109087) _process_stack /opt/stack/cinder/cinder/api/openstack/wsgi.py:854}}
Nov 03 21:38:39.817821 dv-cinder-816573-1-smb devstack@c-api.service[109087]: DEBUG cinder.api.v3.volumes [None req-9e7ff63e-e2b1-4180-979d-2f37d66f04aa tempest-VolumesServicesTestJSON-565650049 tempest-VolumesServicesTestJSON-565650049-project] Create volume request body: {'volume': {'size': 1, 'name': 'tempest-VolumesServicesTestJSON-Volume-1515676258'}} {{(pid=109087) create /opt/stack/cinder/cinder/api/v3/volumes.py:298}}
Nov 03 21:38:39.818860 dv-cinder-816573-1-smb devstack@c-api.service[109087]: INFO cinder.api.v3.volumes [None req-9e7ff63e-e2b1-4180-979d-2f37d66f04aa tempest-VolumesServicesTestJSON-565650049 tempest-VolumesServicesTestJSON-565650049-project] Create volume of 1 GB
Nov 03 21:38:39.842224 dv-cinder-816573-1-smb devstack@c-api.service[109086]: INFO cinder.api.openstack.wsgi [None req-9249e551-5496-42f5-94d4-517421a923f6 tempest-GroupsTest-123523022 tempest-GroupsTest-123523022-project] GET http://10.222.0.21/volume/v3/86b37d58a66a4810a6df9c8043a5eb0f/groups/e9040516-8924-494b-a76a-b8e036d9a7ed
Nov 03 21:38:39.847049 dv-cinder-816573-1-smb devstack@c-api.service[109087]: INFO cinder.volume.api [None req-9e7ff63e-e2b1-4180-979d-2f37d66f04aa tempest-VolumesServicesTestJSON-565650049 tempest-VolumesServicesTestJSON-565650049-project] Availability Zones retrieved successfully.
Nov 03 21:38:39.847964 dv-cinder-816573-1-smb devstack@c-api.service[109086]: DEBUG cinder.api.openstack.wsgi [None req-9249e551-5496-42f5-94d4-517421a923f6 tempest-GroupsTest-123523022 tempest-GroupsTest-123523022-project] Empty body provided in request {{(pid=109086) get_body /opt/stack/cinder/cinder/api/openstack/wsgi.py:703}}
Nov 03 21:38:39.855794 dv-cinder-816573-1-smb devstack@c-api.service[109086]: DEBUG cinder.api.openstack.wsgi [None req-9249e551-5496-42f5-94d4-517421a923f6 tempest-GroupsTest-123523022 tempest-GroupsTest-123523022-project] Calling method 'version_select' {{(pid=109086) _process_stack /opt/stack/cinder/cinder/api/openstack/wsgi.py:856}}
Nov 03 21:38:39.862181 dv-cinder-816573-1-smb devstack@c-api.service[109086]: DEBUG cinder.api.v3.groups [None req-9249e551-5496-42f5-94d4-517421a923f6 tempest-GroupsTest-123523022 tempest-GroupsTest-123523022-project] show called for member e9040516-8924-494b-a76a-b8e036d9a7ed {{(pid=109086) show /opt/stack/cinder/cinder/api/v3/groups.py:58}}
Nov 03 21:38:39.884618 dv-cinder-816573-1-smb devstack@c-api.service[109086]: /usr/local/lib/python3.8/dist-packages/oslo_context/context.py:105: DeprecationWarning: Policy enforcement is depending on the value of is_admin. This key is deprecated. Please update your policy file to use the standard policy values.
Nov 03 21:38:39.884618 dv-cinder-816573-1-smb devstack@c-api.service[109086]: warnings.warn('Policy enforcement is depending on the value of '
Nov 03 21:38:39.921286 dv-cinder-816573-1-smb devstack@c-api.service[109086]: INFO cinder.api.openstack.wsgi [None req-9249e551-5496-42f5-94d4-517421a923f6 tempest-GroupsTest-123523022 tempest-GroupsTest-123523022-project] http://10.222.0.21/volume/v3/86b37d58a66a4810a6df9c8043a5eb0f/groups/e9040516-8924-494b-a76a-b8e036d9a7ed returned with HTTP 200
Nov 03 21:38:39.922246 dv-cinder-816573-1-smb devstack@c-api.service[109086]: [pid: 109086|app: 0|req: 121/250] 10.222.0.21 () {60 vars in 1362 bytes} [Wed Nov 3 21:38:39 2021] GET /volume/v3/86b37d58a66a4810a6df9c8043a5eb0f/groups/e9040516-8924-494b-a76a-b8e036d9a7ed => generated 321 bytes in 87 msecs (HTTP/1.1 200) 7 headers in 286 bytes (1 switches on core 0)
Nov 03 21:38:39.927232 dv-cinder-816573-1-smb devstack@c-api.service[109086]: INFO cinder.api.openstack.wsgi [None req-8d789c86-f2f0-4d66-bab3-cc9aa08c2220 tempest-VolumeSnapshotQuotasNegativeTestJSON-301946900 tempest-VolumeSnapshotQuotasNegativeTestJSON-301946900-project] GET http://10.222.0.21/volume/v3/4a9e5b37d3274a94a6c8f3cf166dc781/snapshots/109165ff-a07f-4c9c-b279-db87df7dd632
Nov 03 21:38:39.928121 dv-cinder-816573-1-smb devstack@c-api.service[109086]: DEBUG cinder.api.openstack.wsgi [None req-8d789c86-f2f0-4d66-bab3-cc9aa08c2220 tempest-VolumeSnapshotQuotasNegativeTestJSON-301946900 tempest-VolumeSnapshotQuotasNegativeTestJSON-301946900-project] Empty body provided in request {{(pid=109086) get_body /opt/stack/cinder/cinder/api/openstack/wsgi.py:703}}
Nov 03 21:38:39.928494 dv-cinder-816573-1-smb devstack@c-api.service[109086]: /usr/local/lib/python3.8/dist-packages/webob/acceptparse.py:1047: DeprecationWarning: The behavior of AcceptValidHeader.best_match is currently being maintained for backward compatibility, but it will be deprecated in the future, as it does not conform to the RFC.
Nov 03 21:38:39.928494 dv-cinder-816573-1-smb devstack@c-api.service[109086]: warnings.warn(
Nov 03 21:38:39.929101 dv-cinder-816573-1-smb devstack@c-api.service[109086]: DEBUG cinder.api.openstack.wsgi [None req-8d789c86-f2f0-4d66-bab3-cc9aa08c2220 tempest-VolumeSnapshotQuotasNegativeTestJSON-301946900 tempest-VolumeSnapshotQuotasNegativeTestJSON-301946900-project] Calling method 'show' {{(pid=109086) _process_stack /opt/stack/cinder/cinder/api/openstack/wsgi.py:856}}
Nov 03 21:38:39.941215 dv-cinder-816573-1-smb devstack@c-api.service[109086]: INFO cinder.api.openstack.wsgi [None req-8d789c86-f2f0-4d66-bab3-cc9aa08c2220 tempest-VolumeSnapshotQuotasNegativeTestJSON-301946900 tempest-VolumeSnapshotQuotasNegativeTestJSON-301946900-project] http://10.222.0.21/volume/v3/4a9e5b37d3274a94a6c8f3cf166dc781/snapshots/109165ff-a07f-4c9c-b279-db87df7dd632 returned with HTTP 404
Nov 03 21:38:39.947282 dv-cinder-816573-1-smb devstack@c-api.service[109087]: DEBUG cinder.volume.api [None req-9e7ff63e-e2b1-4180-979d-2f37d66f04aa tempest-VolumesServicesTestJSON-565650049 tempest-VolumesServicesTestJSON-565650049-project] Flow 'volume_create_api' (f934abb8-ce52-4e37-8058-cb7ae214e7c0) transitioned into state 'RUNNING' from state 'PENDING' {{(pid=109087) _flow_receiver /usr/local/lib/python3.8/dist-packages/taskflow/listeners/logging.py:141}}
Nov 03 21:38:39.948373 dv-cinder-816573-1-smb devstack@c-api.service[109086]: [pid: 109086|app: 0|req: 122/251] 10.222.0.21 () {58 vars in 1330 bytes} [Wed Nov 3 21:38:39 2021] GET /volume/v3/4a9e5b37d3274a94a6c8f3cf166dc781/snapshots/109165ff-a07f-4c9c-b279-db87df7dd632 => generated 111 bytes in 25 msecs (HTTP/1.1 404) 7 headers in 292 bytes (1 switches on core 0)
Nov 03 21:38:39.952436 dv-cinder-816573-1-smb devstack@c-api.service[109087]: DEBUG cinder.volume.api [None req-9e7ff63e-e2b1-4180-979d-2f37d66f04aa tempest-VolumesServicesTestJSON-565650049 tempest-VolumesServicesTestJSON-565650049-project] Task 'cinder.volume.flows.api.create_volume.ExtractVolumeRequestTask;volume:create' (f4e7ea0e-a981-4593-a9c8-1df16ca3748a) transitioned into state 'RUNNING' from state 'PENDING' {{(pid=109087) _task_receiver /usr/local/lib/python3.8/dist-packages/taskflow/listeners/logging.py:190}}
Nov 03 21:38:39.954144 dv-cinder-816573-1-smb devstack@c-api.service[109086]: INFO cinder.api.openstack.wsgi [None req-28bc4b06-c716-4ea0-84e8-725145519a2f tempest-VolumeSnapshotQuotasNegativeTestJSON-301946900 tempest-VolumeSnapshotQuotasNegativeTestJSON-301946900-project] DELETE http://10.222.0.21/volume/v3/4a9e5b37d3274a94a6c8f3cf166dc781/volumes/7da3d4b0-7a74-4027-9ab5-f50f1193c01b
Nov 03 21:38:39.954664 dv-cinder-816573-1-smb devstack@c-api.service[109086]: DEBUG cinder.api.openstack.wsgi [None req-28bc4b06-c716-4ea0-84e8-725145519a2f tempest-VolumeSnapshotQuotasNegativeTestJSON-301946900 tempest-VolumeSnapshotQuotasNegativeTestJSON-301946900-project] Empty body provided in request {{(pid=109086) get_body /opt/stack/cinder/cinder/api/openstack/wsgi.py:703}}
Nov 03 21:38:39.960290 dv-cinder-816573-1-smb devstack@c-api.service[109086]: DEBUG cinder.api.openstack.wsgi [None req-28bc4b06-c716-4ea0-84e8-725145519a2f tempest-VolumeSnapshotQuotasNegativeTestJSON-301946900 tempest-VolumeSnapshotQuotasNegativeTestJSON-301946900-project] Calling method 'delete' {{(pid=109086) _process_stack /opt/stack/cinder/cinder/api/openstack/wsgi.py:856}}
Nov 03 21:38:39.960823 dv-cinder-816573-1-smb devstack@c-api.service[109086]: INFO cinder.api.v3.volumes [None req-28bc4b06-c716-4ea0-84e8-725145519a2f tempest-VolumeSnapshotQuotasNegativeTestJSON-301946900 tempest-VolumeSnapshotQuotasNegativeTestJSON-301946900-project] Delete volume with id: 7da3d4b0-7a74-4027-9ab5-f50f1193c01b
Nov 03 21:38:39.962317 dv-cinder-816573-1-smb devstack@c-api.service[109087]: DEBUG cinder.volume.flows.api.create_volume [None req-9e7ff63e-e2b1-4180-979d-2f37d66f04aa tempest-VolumesServicesTestJSON-565650049 tempest-VolumesServicesTestJSON-565650049-project] Validating volume size '1' using validate_int {{(pid=109087) _extract_size /opt/stack/cinder/cinder/volume/flows/api/create_volume.py:225}}
Nov 03 21:38:39.994527 dv-cinder-816573-1-smb devstack@c-api.service[109086]: /usr/local/lib/python3.8/dist-packages/oslo_context/context.py:105: DeprecationWarning: Policy enforcement is depending on the value of is_admin. This key is deprecated. Please update your policy file to use the standard policy values.
Nov 03 21:38:39.994527 dv-cinder-816573-1-smb devstack@c-api.service[109086]: warnings.warn('Policy enforcement is depending on the value of '
Nov 03 21:38:39.996521 dv-cinder-816573-1-smb devstack@c-api.service[109086]: INFO cinder.volume.api [None req-28bc4b06-c716-4ea0-84e8-725145519a2f tempest-VolumeSnapshotQuotasNegativeTestJSON-301946900 tempest-VolumeSnapshotQuotasNegativeTestJSON-301946900-project] Volume info retrieved successfully.
Nov 03 21:38:40.064587 dv-cinder-816573-1-smb devstack@c-api.service[109087]: DEBUG cinder.volume.api [None req-9e7ff63e-e2b1-4180-979d-2f37d66f04aa tempest-VolumesServicesTestJSON-565650049 tempest-VolumesServicesTestJSON-565650049-project] Task 'cinder.volume.flows.api.create_volume.ExtractVolumeRequestTask;volume:create' (f4e7ea0e-a981-4593-a9c8-1df16ca3748a) transitioned into state 'SUCCESS' from state 'RUNNING' with result '{'size': 1, 'snapshot_id': None, 'source_volid': None, 'volume_type': VolumeType(created_at=2021-11-03T21:27:59Z,deleted=False,deleted_at=None,description='Default Volume Type',extra_specs={},id=d1b77443-8dbc-41c6-8ee2-0ac7b8877a7f,is_public=True,name='__DEFAULT__',projects=[],qos_specs=,qos_specs_id=None,updated_at=2021-11-03T21:27:59Z), 'volume_type_id': 'd1b77443-8dbc-41c6-8ee2-0ac7b8877a7f', 'encryption_key_id': None, 'qos_specs': None, 'consistencygroup_id': None, 'cgsnapshot_id': None, 'group_id': None, 'replication_status': 'disabled', 'refresh_az': False, 'backup_id': None, 'multiattach': False, 'availability_zones': ['nova']}' {{(pid=109087) _task_receiver /usr/local/lib/python3.8/dist-packages/taskflow/listeners/logging.py:178}}
Nov 03 21:38:40.067493 dv-cinder-816573-1-smb devstack@c-api.service[109087]: DEBUG cinder.volume.api [None req-9e7ff63e-e2b1-4180-979d-2f37d66f04aa tempest-VolumesServicesTestJSON-565650049 tempest-VolumesServicesTestJSON-565650049-project] Task 'cinder.volume.flows.api.create_volume.QuotaReserveTask;volume:create' (f5c758d8-f3e2-4191-a016-b25b7430043e) transitioned into state 'RUNNING' from state 'PENDING' {{(pid=109087) _task_receiver /usr/local/lib/python3.8/dist-packages/taskflow/listeners/logging.py:190}}
Nov 03 21:38:40.074337 dv-cinder-816573-1-smb devstack@c-api.service[109086]: INFO cinder.volume.api [None req-28bc4b06-c716-4ea0-84e8-725145519a2f tempest-VolumeSnapshotQuotasNegativeTestJSON-301946900 tempest-VolumeSnapshotQuotasNegativeTestJSON-301946900-project] Delete volume request issued successfully.
Nov 03 21:38:40.074760 dv-cinder-816573-1-smb devstack@c-api.service[109086]: INFO cinder.api.openstack.wsgi [None req-28bc4b06-c716-4ea0-84e8-725145519a2f tempest-VolumeSnapshotQuotasNegativeTestJSON-301946900 tempest-VolumeSnapshotQuotasNegativeTestJSON-301946900-project] http://10.222.0.21/volume/v3/4a9e5b37d3274a94a6c8f3cf166dc781/volumes/7da3d4b0-7a74-4027-9ab5-f50f1193c01b returned with HTTP 202
Nov 03 21:38:40.077935 dv-cinder-816573-1-smb devstack@c-api.service[109086]: [pid: 109086|app: 0|req: 123/252] 10.222.0.21 () {58 vars in 1327 bytes} [Wed Nov 3 21:38:39 2021] DELETE /volume/v3/4a9e5b37d3274a94a6c8f3cf166dc781/volumes/7da3d4b0-7a74-4027-9ab5-f50f1193c01b => generated 0 bytes in 129 msecs (HTTP/1.1 202) 6 headers in 233 bytes (1 switches on core 0)
Nov 03 21:38:40.100453 dv-cinder-816573-1-smb devstack@c-api.service[109086]: INFO cinder.api.openstack.wsgi [None req-edeb5c17-93ae-4a36-8dcb-1e67243e9668 tempest-VolumeSnapshotQuotasNegativeTestJSON-301946900 tempest-VolumeSnapshotQuotasNegativeTestJSON-301946900-project] GET http://10.222.0.21/volume/v3/4a9e5b37d3274a94a6c8f3cf166dc781/volumes/7da3d4b0-7a74-4027-9ab5-f50f1193c01b
Nov 03 21:38:40.101892 dv-cinder-816573-1-smb devstack@c-api.service[109086]: DEBUG cinder.api.openstack.wsgi [None req-edeb5c17-93ae-4a36-8dcb-1e67243e9668 tempest-VolumeSnapshotQuotasNegativeTestJSON-301946900 tempest-VolumeSnapshotQuotasNegativeTestJSON-301946900-project] Empty body provided in request {{(pid=109086) get_body /opt/stack/cinder/cinder/api/openstack/wsgi.py:703}}
Nov 03 21:38:40.102099 dv-cinder-816573-1-smb devstack@c-api.service[109086]: /usr/local/lib/python3.8/dist-packages/webob/acceptparse.py:1047: DeprecationWarning: The behavior of AcceptValidHeader.best_match is currently being maintained for backward compatibility, but it will be deprecated in the future, as it does not conform to the RFC.
Nov 03 21:38:40.102099 dv-cinder-816573-1-smb devstack@c-api.service[109086]: warnings.warn(
Nov 03 21:38:40.102674 dv-cinder-816573-1-smb devstack@c-api.service[109086]: DEBUG cinder.api.openstack.wsgi [None req-edeb5c17-93ae-4a36-8dcb-1e67243e9668 tempest-VolumeSnapshotQuotasNegativeTestJSON-301946900 tempest-VolumeSnapshotQuotasNegativeTestJSON-301946900-project] Calling method 'show' {{(pid=109086) _process_stack /opt/stack/cinder/cinder/api/openstack/wsgi.py:856}}
Nov 03 21:38:40.139840 dv-cinder-816573-1-smb devstack@c-api.service[109086]: /usr/local/lib/python3.8/dist-packages/oslo_context/context.py:105: DeprecationWarning: Policy enforcement is depending on the value of is_admin. This key is deprecated. Please update your policy file to use the standard policy values.
Nov 03 21:38:40.139840 dv-cinder-816573-1-smb devstack@c-api.service[109086]: warnings.warn('Policy enforcement is depending on the value of '
Nov 03 21:38:40.151867 dv-cinder-816573-1-smb devstack@c-api.service[109086]: INFO cinder.volume.api [None req-edeb5c17-93ae-4a36-8dcb-1e67243e9668 tempest-VolumeSnapshotQuotasNegativeTestJSON-301946900 tempest-VolumeSnapshotQuotasNegativeTestJSON-301946900-project] Volume info retrieved successfully.
Nov 03 21:38:40.187594 dv-cinder-816573-1-smb devstack@c-api.service[109086]: INFO cinder.api.openstack.wsgi [None req-edeb5c17-93ae-4a36-8dcb-1e67243e9668 tempest-VolumeSnapshotQuotasNegativeTestJSON-301946900 tempest-VolumeSnapshotQuotasNegativeTestJSON-301946900-project] http://10.222.0.21/volume/v3/4a9e5b37d3274a94a6c8f3cf166dc781/volumes/7da3d4b0-7a74-4027-9ab5-f50f1193c01b returned with HTTP 200
Nov 03 21:38:40.188996 dv-cinder-816573-1-smb devstack@c-api.service[109086]: [pid: 109086|app: 0|req: 124/253] 10.222.0.21 () {58 vars in 1324 bytes} [Wed Nov 3 21:38:40 2021] GET /volume/v3/4a9e5b37d3274a94a6c8f3cf166dc781/volumes/7da3d4b0-7a74-4027-9ab5-f50f1193c01b => generated 928 bytes in 96 msecs (HTTP/1.1 200) 7 headers in 285 bytes (1 switches on core 0)
Nov 03 21:38:40.288982 dv-cinder-816573-1-smb devstack@c-api.service[109086]: INFO cinder.api.openstack.wsgi [None req-8cfb56a3-fe66-4b37-b52a-9db128474300 tempest-GroupSnapshotsTest-988948414 tempest-GroupSnapshotsTest-988948414-project] GET http://10.222.0.21/volume/v3/e76c601b84324ea7a2b23eae7109c5e4/snapshots/5b52b61b-d12d-42ff-a2c1-f48cc7b50c49
Nov 03 21:38:40.290467 dv-cinder-816573-1-smb devstack@c-api.service[109086]: DEBUG cinder.api.openstack.wsgi [None req-8cfb56a3-fe66-4b37-b52a-9db128474300 tempest-GroupSnapshotsTest-988948414 tempest-GroupSnapshotsTest-988948414-project] Empty body provided in request {{(pid=109086) get_body /opt/stack/cinder/cinder/api/openstack/wsgi.py:703}}
Nov 03 21:38:40.290870 dv-cinder-816573-1-smb devstack@c-api.service[109086]: /usr/local/lib/python3.8/dist-packages/webob/acceptparse.py:1047: DeprecationWarning: The behavior of AcceptValidHeader.best_match is currently being maintained for backward compatibility, but it will be deprecated in the future, as it does not conform to the RFC.
Nov 03 21:38:40.290870 dv-cinder-816573-1-smb devstack@c-api.service[109086]: warnings.warn(
Nov 03 21:38:40.291454 dv-cinder-816573-1-smb devstack@c-api.service[109086]: DEBUG cinder.api.openstack.wsgi [None req-8cfb56a3-fe66-4b37-b52a-9db128474300 tempest-GroupSnapshotsTest-988948414 tempest-GroupSnapshotsTest-988948414-project] Calling method 'show' {{(pid=109086) _process_stack /opt/stack/cinder/cinder/api/openstack/wsgi.py:856}}
Nov 03 21:38:40.316827 dv-cinder-816573-1-smb devstack@c-api.service[109086]: INFO cinder.api.openstack.wsgi [None req-8cfb56a3-fe66-4b37-b52a-9db128474300 tempest-GroupSnapshotsTest-988948414 tempest-GroupSnapshotsTest-988948414-project] http://10.222.0.21/volume/v3/e76c601b84324ea7a2b23eae7109c5e4/snapshots/5b52b61b-d12d-42ff-a2c1-f48cc7b50c49 returned with HTTP 404
Nov 03 21:38:40.319823 dv-cinder-816573-1-smb devstack@c-api.service[109086]: [pid: 109086|app: 0|req: 125/254] 10.222.0.21 () {58 vars in 1330 bytes} [Wed Nov 3 21:38:40 2021] GET /volume/v3/e76c601b84324ea7a2b23eae7109c5e4/snapshots/5b52b61b-d12d-42ff-a2c1-f48cc7b50c49 => generated 111 bytes in 47 msecs (HTTP/1.1 404) 7 headers in 292 bytes (1 switches on core 0)
Nov 03 21:38:40.354982 dv-cinder-816573-1-smb devstack@c-api.service[109086]: INFO cinder.api.openstack.wsgi [None req-532c6da1-c039-42bd-b5f6-931a864d2ee3 tempest-GroupSnapshotsTest-988948414 tempest-GroupSnapshotsTest-988948414-project] GET http://10.222.0.21/volume/v3/e76c601b84324ea7a2b23eae7109c5e4/group_snapshots/47c42455-ea10-4157-92b1-6db11f24e70a
Nov 03 21:38:40.357854 dv-cinder-816573-1-smb devstack@c-api.service[109086]: DEBUG cinder.api.openstack.wsgi [None req-532c6da1-c039-42bd-b5f6-931a864d2ee3 tempest-GroupSnapshotsTest-988948414 tempest-GroupSnapshotsTest-988948414-project] Empty body provided in request {{(pid=109086) get_body /opt/stack/cinder/cinder/api/openstack/wsgi.py:703}}
Nov 03 21:38:40.366362 dv-cinder-816573-1-smb devstack@c-api.service[109086]: DEBUG cinder.api.openstack.wsgi [None req-532c6da1-c039-42bd-b5f6-931a864d2ee3 tempest-GroupSnapshotsTest-988948414 tempest-GroupSnapshotsTest-988948414-project] Calling method 'version_select' {{(pid=109086) _process_stack /opt/stack/cinder/cinder/api/openstack/wsgi.py:856}}
Nov 03 21:38:40.366890 dv-cinder-816573-1-smb devstack@c-api.service[109086]: DEBUG cinder.api.v3.group_snapshots [None req-532c6da1-c039-42bd-b5f6-931a864d2ee3 tempest-GroupSnapshotsTest-988948414 tempest-GroupSnapshotsTest-988948414-project] show called for member 47c42455-ea10-4157-92b1-6db11f24e70a {{(pid=109086) show /opt/stack/cinder/cinder/api/v3/group_snapshots.py:58}}
Nov 03 21:38:40.382863 dv-cinder-816573-1-smb devstack@c-api.service[109086]: INFO cinder.api.openstack.wsgi [None req-532c6da1-c039-42bd-b5f6-931a864d2ee3 tempest-GroupSnapshotsTest-988948414 tempest-GroupSnapshotsTest-988948414-project] http://10.222.0.21/volume/v3/e76c601b84324ea7a2b23eae7109c5e4/group_snapshots/47c42455-ea10-4157-92b1-6db11f24e70a returned with HTTP 404
Nov 03 21:38:40.386207 dv-cinder-816573-1-smb devstack@c-api.service[109087]: DEBUG cinder.quota [None req-9e7ff63e-e2b1-4180-979d-2f37d66f04aa tempest-VolumesServicesTestJSON-565650049 tempest-VolumesServicesTestJSON-565650049-project] Created reservations ['c30eedb9-35c1-48d8-8fdc-d85086b7030a', '009acd8e-f3aa-4c83-91db-f9186d2cf496', '51733b37-ded6-499a-b4d4-cc24a720964e', '4514fdf2-ba2f-4cf6-acdc-d90c820c88d8'] {{(pid=109087) reserve /opt/stack/cinder/cinder/quota.py:755}}
Nov 03 21:38:40.390486 dv-cinder-816573-1-smb devstack@c-api.service[109086]: [pid: 109086|app: 0|req: 126/255] 10.222.0.21 () {60 vars in 1389 bytes} [Wed Nov 3 21:38:40 2021] GET /volume/v3/e76c601b84324ea7a2b23eae7109c5e4/group_snapshots/47c42455-ea10-4157-92b1-6db11f24e70a => generated 116 bytes in 64 msecs (HTTP/1.1 404) 7 headers in 293 bytes (1 switches on core 0)
Nov 03 21:38:40.392319 dv-cinder-816573-1-smb devstack@c-api.service[109087]: DEBUG cinder.volume.api [None req-9e7ff63e-e2b1-4180-979d-2f37d66f04aa tempest-VolumesServicesTestJSON-565650049 tempest-VolumesServicesTestJSON-565650049-project] Task 'cinder.volume.flows.api.create_volume.QuotaReserveTask;volume:create' (f5c758d8-f3e2-4191-a016-b25b7430043e) transitioned into state 'SUCCESS' from state 'RUNNING' with result '{'reservations': ['c30eedb9-35c1-48d8-8fdc-d85086b7030a', '009acd8e-f3aa-4c83-91db-f9186d2cf496', '51733b37-ded6-499a-b4d4-cc24a720964e', '4514fdf2-ba2f-4cf6-acdc-d90c820c88d8']}' {{(pid=109087) _task_receiver /usr/local/lib/python3.8/dist-packages/taskflow/listeners/logging.py:178}}
Nov 03 21:38:40.398518 dv-cinder-816573-1-smb devstack@c-api.service[109087]: DEBUG cinder.volume.api [None req-9e7ff63e-e2b1-4180-979d-2f37d66f04aa tempest-VolumesServicesTestJSON-565650049 tempest-VolumesServicesTestJSON-565650049-project] Task 'cinder.volume.flows.api.create_volume.EntryCreateTask;volume:create' (67b7bacc-3739-4bd2-957e-0293896d3402) transitioned into state 'RUNNING' from state 'PENDING' {{(pid=109087) _task_receiver /usr/local/lib/python3.8/dist-packages/taskflow/listeners/logging.py:190}}
Nov 03 21:38:40.413356 dv-cinder-816573-1-smb devstack@c-api.service[109086]: INFO cinder.api.openstack.wsgi [None req-2ee13437-5b5a-462b-a42d-3cf055367589 tempest-GroupSnapshotsTest-988948414 tempest-GroupSnapshotsTest-988948414-project] GET http://10.222.0.21/volume/v3/e76c601b84324ea7a2b23eae7109c5e4/group_snapshots
Nov 03 21:38:40.414101 dv-cinder-816573-1-smb devstack@c-api.service[109086]: DEBUG cinder.api.openstack.wsgi [None req-2ee13437-5b5a-462b-a42d-3cf055367589 tempest-GroupSnapshotsTest-988948414 tempest-GroupSnapshotsTest-988948414-project] Empty body provided in request {{(pid=109086) get_body /opt/stack/cinder/cinder/api/openstack/wsgi.py:703}}
Nov 03 21:38:40.414687 dv-cinder-816573-1-smb devstack@c-api.service[109086]: DEBUG cinder.api.openstack.wsgi [None req-2ee13437-5b5a-462b-a42d-3cf055367589 tempest-GroupSnapshotsTest-988948414 tempest-GroupSnapshotsTest-988948414-project] Calling method 'version_select' {{(pid=109086) _process_stack /opt/stack/cinder/cinder/api/openstack/wsgi.py:856}}
Nov 03 21:38:40.435242 dv-cinder-816573-1-smb devstack@c-api.service[109087]: DEBUG cinder.volume.api [None req-9e7ff63e-e2b1-4180-979d-2f37d66f04aa tempest-VolumesServicesTestJSON-565650049 tempest-VolumesServicesTestJSON-565650049-project] Task 'cinder.volume.flows.api.create_volume.EntryCreateTask;volume:create' (67b7bacc-3739-4bd2-957e-0293896d3402) transitioned into state 'SUCCESS' from state 'RUNNING' with result '{'volume_id': '7c4960d3-8345-4838-8bca-100e963b7c2f', 'volume_properties': VolumeProperties(attach_status='detached',availability_zone='nova',cgsnapshot_id=None,consistencygroup_id=None,display_description=None,display_name='tempest-VolumesServicesTestJSON-Volume-1515676258',encryption_key_id=None,group_id=None,group_type_id=,metadata={},multiattach=False,project_id='4e6d9138efe34c0b919d710aff7e75cd',qos_specs=None,replication_status=,reservations=['c30eedb9-35c1-48d8-8fdc-d85086b7030a','009acd8e-f3aa-4c83-91db-f9186d2cf496','51733b37-ded6-499a-b4d4-cc24a720964e','4514fdf2-ba2f-4cf6-acdc-d90c820c88d8'],size=1,snapshot_id=None,source_replicaid=,source_volid=None,status='creating',user_id='d96d81082e46482284014200ff2cd3d7',volume_type_id=d1b77443-8dbc-41c6-8ee2-0ac7b8877a7f), 'volume': Volume(_name_id=None,admin_metadata=,attach_status='detached',availability_zone='nova',bootable=False,cluster=,cluster_name=None,consistencygroup=,consistencygroup_id=None,created_at=2021-11-03T21:38:40Z,deleted=False,deleted_at=None,display_description=None,display_name='tempest-VolumesServicesTestJSON-Volume-1515676258',ec2_id=None,encryption_key_id=None,glance_metadata=,group=,group_id=None,host=None,id=7c4960d3-8345-4838-8bca-100e963b7c2f,launched_at=None,metadata={},migration_status=None,multiattach=False,previous_status=None,project_id='4e6d9138efe34c0b919d710aff7e75cd',provider_auth=None,provider_geometry=None,provider_id=None,provider_location=None,replication_driver_data=None,replication_extended_status=None,replication_status=None,scheduled_at=None,service_uuid=None,shared_targets=True,size=1,snapshot_id=None,snapshots=,source_volid=None,status='creating',terminated_at=None,updated_at=None,use_quota=True,user_id='d96d81082e46482284014200ff2cd3d7',volume_attachment=VolumeAttachmentList,volume_type=VolumeType(d1b77443-8dbc-41c6-8ee2-0ac7b8877a7f),volume_type_id=d1b77443-8dbc-41c6-8ee2-0ac7b8877a7f)}' {{(pid=109087) _task_receiver /usr/local/lib/python3.8/dist-packages/taskflow/listeners/logging.py:178}}
Nov 03 21:38:40.437941 dv-cinder-816573-1-smb devstack@c-api.service[109087]: DEBUG cinder.volume.api [None req-9e7ff63e-e2b1-4180-979d-2f37d66f04aa tempest-VolumesServicesTestJSON-565650049 tempest-VolumesServicesTestJSON-565650049-project] Task 'cinder.volume.flows.api.create_volume.QuotaCommitTask;volume:create' (2ac563c6-05db-43cb-b828-aaf41b292058) transitioned into state 'RUNNING' from state 'PENDING' {{(pid=109087) _task_receiver /usr/local/lib/python3.8/dist-packages/taskflow/listeners/logging.py:190}}
Nov 03 21:38:40.450216 dv-cinder-816573-1-smb devstack@c-api.service[109086]: INFO cinder.api.openstack.wsgi [None req-2ee13437-5b5a-462b-a42d-3cf055367589 tempest-GroupSnapshotsTest-988948414 tempest-GroupSnapshotsTest-988948414-project] http://10.222.0.21/volume/v3/e76c601b84324ea7a2b23eae7109c5e4/group_snapshots returned with HTTP 200
Nov 03 21:38:40.452135 dv-cinder-816573-1-smb devstack@c-api.service[109086]: [pid: 109086|app: 0|req: 127/256] 10.222.0.21 () {60 vars in 1278 bytes} [Wed Nov 3 21:38:40 2021] GET /volume/v3/e76c601b84324ea7a2b23eae7109c5e4/group_snapshots => generated 23 bytes in 60 msecs (HTTP/1.1 200) 7 headers in 285 bytes (1 switches on core 0)
Nov 03 21:38:40.474690 dv-cinder-816573-1-smb devstack@c-api.service[109086]: INFO cinder.api.openstack.wsgi [None req-d1eec97c-7a15-4f34-bff2-e7899ce7bf82 tempest-GroupSnapshotsTest-988948414 tempest-GroupSnapshotsTest-988948414-project] DELETE http://10.222.0.21/volume/v3/e76c601b84324ea7a2b23eae7109c5e4/group_snapshots/47c42455-ea10-4157-92b1-6db11f24e70a
Nov 03 21:38:40.477951 dv-cinder-816573-1-smb devstack@c-api.service[109087]: DEBUG cinder.volume.api [None req-9e7ff63e-e2b1-4180-979d-2f37d66f04aa tempest-VolumesServicesTestJSON-565650049 tempest-VolumesServicesTestJSON-565650049-project] Task 'cinder.volume.flows.api.create_volume.QuotaCommitTask;volume:create' (2ac563c6-05db-43cb-b828-aaf41b292058) transitioned into state 'SUCCESS' from state 'RUNNING' with result '{'volume_properties': VolumeProperties(attach_status='detached',availability_zone='nova',cgsnapshot_id=None,consistencygroup_id=None,display_description=None,display_name='tempest-VolumesServicesTestJSON-Volume-1515676258',encryption_key_id=None,group_id=None,group_type_id=,metadata={},multiattach=False,project_id='4e6d9138efe34c0b919d710aff7e75cd',qos_specs=None,replication_status=,reservations=['c30eedb9-35c1-48d8-8fdc-d85086b7030a','009acd8e-f3aa-4c83-91db-f9186d2cf496','51733b37-ded6-499a-b4d4-cc24a720964e','4514fdf2-ba2f-4cf6-acdc-d90c820c88d8'],size=1,snapshot_id=None,source_replicaid=,source_volid=None,status='creating',user_id='d96d81082e46482284014200ff2cd3d7',volume_type_id=d1b77443-8dbc-41c6-8ee2-0ac7b8877a7f)}' {{(pid=109087) _task_receiver /usr/local/lib/python3.8/dist-packages/taskflow/listeners/logging.py:178}}
Nov 03 21:38:40.480400 dv-cinder-816573-1-smb devstack@c-api.service[109087]: DEBUG cinder.volume.api [None req-9e7ff63e-e2b1-4180-979d-2f37d66f04aa tempest-VolumesServicesTestJSON-565650049 tempest-VolumesServicesTestJSON-565650049-project] Task 'cinder.volume.flows.api.create_volume.VolumeCastTask;volume:create' (45c94ac1-6490-40ef-9215-9d8d3c8d6ec8) transitioned into state 'RUNNING' from state 'PENDING' {{(pid=109087) _task_receiver /usr/local/lib/python3.8/dist-packages/taskflow/listeners/logging.py:190}}
Nov 03 21:38:40.491639 dv-cinder-816573-1-smb devstack@c-api.service[109086]: DEBUG cinder.api.openstack.wsgi [None req-d1eec97c-7a15-4f34-bff2-e7899ce7bf82 tempest-GroupSnapshotsTest-988948414 tempest-GroupSnapshotsTest-988948414-project] Empty body provided in request {{(pid=109086) get_body /opt/stack/cinder/cinder/api/openstack/wsgi.py:703}}
Nov 03 21:38:40.499468 dv-cinder-816573-1-smb devstack@c-api.service[109086]: DEBUG cinder.api.openstack.wsgi [None req-d1eec97c-7a15-4f34-bff2-e7899ce7bf82 tempest-GroupSnapshotsTest-988948414 tempest-GroupSnapshotsTest-988948414-project] Calling method 'version_select' {{(pid=109086) _process_stack /opt/stack/cinder/cinder/api/openstack/wsgi.py:856}}
Nov 03 21:38:40.501354 dv-cinder-816573-1-smb devstack@c-api.service[109086]: DEBUG cinder.api.v3.group_snapshots [None req-d1eec97c-7a15-4f34-bff2-e7899ce7bf82 tempest-GroupSnapshotsTest-988948414 tempest-GroupSnapshotsTest-988948414-project] delete called for member 47c42455-ea10-4157-92b1-6db11f24e70a {{(pid=109086) delete /opt/stack/cinder/cinder/api/v3/group_snapshots.py:72}}
Nov 03 21:38:40.503541 dv-cinder-816573-1-smb devstack@c-api.service[109086]: INFO cinder.api.v3.group_snapshots [None req-d1eec97c-7a15-4f34-bff2-e7899ce7bf82 tempest-GroupSnapshotsTest-988948414 tempest-GroupSnapshotsTest-988948414-project] Delete group_snapshot with id: 47c42455-ea10-4157-92b1-6db11f24e70a
Nov 03 21:38:40.521749 dv-cinder-816573-1-smb devstack@c-api.service[109087]: DEBUG cinder.volume.api [None req-9e7ff63e-e2b1-4180-979d-2f37d66f04aa tempest-VolumesServicesTestJSON-565650049 tempest-VolumesServicesTestJSON-565650049-project] Task 'cinder.volume.flows.api.create_volume.VolumeCastTask;volume:create' (45c94ac1-6490-40ef-9215-9d8d3c8d6ec8) transitioned into state 'SUCCESS' from state 'RUNNING' with result 'None' {{(pid=109087) _task_receiver /usr/local/lib/python3.8/dist-packages/taskflow/listeners/logging.py:178}}
Nov 03 21:38:40.524621 dv-cinder-816573-1-smb devstack@c-api.service[109087]: DEBUG cinder.volume.api [None req-9e7ff63e-e2b1-4180-979d-2f37d66f04aa tempest-VolumesServicesTestJSON-565650049 tempest-VolumesServicesTestJSON-565650049-project] Flow 'volume_create_api' (f934abb8-ce52-4e37-8058-cb7ae214e7c0) transitioned into state 'SUCCESS' from state 'RUNNING' {{(pid=109087) _flow_receiver /usr/local/lib/python3.8/dist-packages/taskflow/listeners/logging.py:141}}
Nov 03 21:38:40.526362 dv-cinder-816573-1-smb devstack@c-api.service[109087]: INFO cinder.volume.api [None req-9e7ff63e-e2b1-4180-979d-2f37d66f04aa tempest-VolumesServicesTestJSON-565650049 tempest-VolumesServicesTestJSON-565650049-project] Create volume request issued successfully.
Nov 03 21:38:40.527797 dv-cinder-816573-1-smb devstack@c-api.service[109087]: INFO cinder.api.openstack.wsgi [None req-9e7ff63e-e2b1-4180-979d-2f37d66f04aa tempest-VolumesServicesTestJSON-565650049 tempest-VolumesServicesTestJSON-565650049-project] http://10.222.0.21/volume/v3/4e6d9138efe34c0b919d710aff7e75cd/volumes returned with HTTP 202
Nov 03 21:38:40.540185 dv-cinder-816573-1-smb devstack@c-api.service[109087]: [pid: 109087|app: 0|req: 130/257] 10.222.0.21 () {60 vars in 1234 bytes} [Wed Nov 3 21:38:39 2021] POST /volume/v3/4e6d9138efe34c0b919d710aff7e75cd/volumes => generated 823 bytes in 958 msecs (HTTP/1.1 202) 7 headers in 291 bytes (1 switches on core 0)
Nov 03 21:38:40.540280 dv-cinder-816573-1-smb devstack@c-api.service[109086]: INFO cinder.api.openstack.wsgi [None req-d1eec97c-7a15-4f34-bff2-e7899ce7bf82 tempest-GroupSnapshotsTest-988948414 tempest-GroupSnapshotsTest-988948414-project] http://10.222.0.21/volume/v3/e76c601b84324ea7a2b23eae7109c5e4/group_snapshots/47c42455-ea10-4157-92b1-6db11f24e70a returned with HTTP 404
Nov 03 21:38:40.542584 dv-cinder-816573-1-smb devstack@c-api.service[109086]: [pid: 109086|app: 0|req: 128/258] 10.222.0.21 () {60 vars in 1392 bytes} [Wed Nov 3 21:38:40 2021] DELETE /volume/v3/e76c601b84324ea7a2b23eae7109c5e4/group_snapshots/47c42455-ea10-4157-92b1-6db11f24e70a => generated 116 bytes in 79 msecs (HTTP/1.1 404) 7 headers in 293 bytes (1 switches on core 0)
Nov 03 21:38:40.550677 dv-cinder-816573-1-smb devstack@c-api.service[109087]: INFO cinder.api.openstack.wsgi [None req-cb1ab953-5144-47fc-a65d-d64f586ec13b tempest-GroupSnapshotsTest-988948414 tempest-GroupSnapshotsTest-988948414-project] GET http://10.222.0.21/volume/v3/e76c601b84324ea7a2b23eae7109c5e4/volumes/detail
Nov 03 21:38:40.551689 dv-cinder-816573-1-smb devstack@c-api.service[109087]: DEBUG cinder.api.openstack.wsgi [None req-cb1ab953-5144-47fc-a65d-d64f586ec13b tempest-GroupSnapshotsTest-988948414 tempest-GroupSnapshotsTest-988948414-project] Empty body provided in request {{(pid=109087) get_body /opt/stack/cinder/cinder/api/openstack/wsgi.py:703}}
Nov 03 21:38:40.551920 dv-cinder-816573-1-smb devstack@c-api.service[109087]: /usr/local/lib/python3.8/dist-packages/webob/acceptparse.py:1047: DeprecationWarning: The behavior of AcceptValidHeader.best_match is currently being maintained for backward compatibility, but it will be deprecated in the future, as it does not conform to the RFC.
Nov 03 21:38:40.551920 dv-cinder-816573-1-smb devstack@c-api.service[109087]: warnings.warn(
Nov 03 21:38:40.552298 dv-cinder-816573-1-smb devstack@c-api.service[109087]: DEBUG cinder.api.openstack.wsgi [None req-cb1ab953-5144-47fc-a65d-d64f586ec13b tempest-GroupSnapshotsTest-988948414 tempest-GroupSnapshotsTest-988948414-project] Calling method 'detail' {{(pid=109087) _process_stack /opt/stack/cinder/cinder/api/openstack/wsgi.py:856}}
Nov 03 21:38:40.553293 dv-cinder-816573-1-smb devstack@c-api.service[109087]: DEBUG cinder.api.api_utils [None req-cb1ab953-5144-47fc-a65d-d64f586ec13b tempest-GroupSnapshotsTest-988948414 tempest-GroupSnapshotsTest-988948414-project] Removing options '' from query. {{(pid=109087) remove_invalid_filter_options /opt/stack/cinder/cinder/api/api_utils.py:73}}
Nov 03 21:38:40.554330 dv-cinder-816573-1-smb devstack@c-api.service[109087]: /usr/local/lib/python3.8/dist-packages/oslo_context/context.py:105: DeprecationWarning: Policy enforcement is depending on the value of is_admin. This key is deprecated. Please update your policy file to use the standard policy values.
Nov 03 21:38:40.554330 dv-cinder-816573-1-smb devstack@c-api.service[109087]: warnings.warn('Policy enforcement is depending on the value of '
Nov 03 21:38:40.557161 dv-cinder-816573-1-smb devstack@c-api.service[109086]: INFO cinder.api.openstack.wsgi [None req-6598d91b-0b79-4011-82d1-24e952265ce3 tempest-VolumesServicesTestJSON-565650049 tempest-VolumesServicesTestJSON-565650049-project] GET http://10.222.0.21/volume/v3/4e6d9138efe34c0b919d710aff7e75cd/volumes/7c4960d3-8345-4838-8bca-100e963b7c2f
Nov 03 21:38:40.557835 dv-cinder-816573-1-smb devstack@c-api.service[109086]: DEBUG cinder.api.openstack.wsgi [None req-6598d91b-0b79-4011-82d1-24e952265ce3 tempest-VolumesServicesTestJSON-565650049 tempest-VolumesServicesTestJSON-565650049-project] Empty body provided in request {{(pid=109086) get_body /opt/stack/cinder/cinder/api/openstack/wsgi.py:703}}
Nov 03 21:38:40.560556 dv-cinder-816573-1-smb devstack@c-api.service[109086]: DEBUG cinder.api.openstack.wsgi [None req-6598d91b-0b79-4011-82d1-24e952265ce3 tempest-VolumesServicesTestJSON-565650049 tempest-VolumesServicesTestJSON-565650049-project] Calling method 'show' {{(pid=109086) _process_stack /opt/stack/cinder/cinder/api/openstack/wsgi.py:856}}
Nov 03 21:38:40.565508 dv-cinder-816573-1-smb devstack@c-api.service[109087]: DEBUG cinder.volume.api [None req-cb1ab953-5144-47fc-a65d-d64f586ec13b tempest-GroupSnapshotsTest-988948414 tempest-GroupSnapshotsTest-988948414-project] Searching by: MultiDict([('no_migration_targets', True)]). {{(pid=109087) get_all /opt/stack/cinder/cinder/volume/api.py:619}}
Nov 03 21:38:40.622679 dv-cinder-816573-1-smb devstack@c-api.service[109086]: /usr/local/lib/python3.8/dist-packages/oslo_context/context.py:105: DeprecationWarning: Policy enforcement is depending on the value of is_admin. This key is deprecated. Please update your policy file to use the standard policy values.
Nov 03 21:38:40.622679 dv-cinder-816573-1-smb devstack@c-api.service[109086]: warnings.warn('Policy enforcement is depending on the value of '
Nov 03 21:38:40.674378 dv-cinder-816573-1-smb devstack@c-api.service[109086]: INFO cinder.volume.api [None req-6598d91b-0b79-4011-82d1-24e952265ce3 tempest-VolumesServicesTestJSON-565650049 tempest-VolumesServicesTestJSON-565650049-project] Volume info retrieved successfully.
Nov 03 21:38:40.701535 dv-cinder-816573-1-smb devstack@c-api.service[109086]: INFO cinder.api.openstack.wsgi [None req-6598d91b-0b79-4011-82d1-24e952265ce3 tempest-VolumesServicesTestJSON-565650049 tempest-VolumesServicesTestJSON-565650049-project] http://10.222.0.21/volume/v3/4e6d9138efe34c0b919d710aff7e75cd/volumes/7c4960d3-8345-4838-8bca-100e963b7c2f returned with HTTP 200
Nov 03 21:38:40.704377 dv-cinder-816573-1-smb devstack@c-api.service[109086]: [pid: 109086|app: 0|req: 129/259] 10.222.0.21 () {58 vars in 1324 bytes} [Wed Nov 3 21:38:40 2021] GET /volume/v3/4e6d9138efe34c0b919d710aff7e75cd/volumes/7c4960d3-8345-4838-8bca-100e963b7c2f => generated 891 bytes in 161 msecs (HTTP/1.1 200) 7 headers in 285 bytes (1 switches on core 0)
Nov 03 21:38:40.726623 dv-cinder-816573-1-smb devstack@c-api.service[109087]: INFO cinder.volume.api [None req-cb1ab953-5144-47fc-a65d-d64f586ec13b tempest-GroupSnapshotsTest-988948414 tempest-GroupSnapshotsTest-988948414-project] Get all volumes completed successfully.
Nov 03 21:38:40.728590 dv-cinder-816573-1-smb devstack@c-api.service[109087]: WARNING stevedore.named [None req-cb1ab953-5144-47fc-a65d-d64f586ec13b tempest-GroupSnapshotsTest-988948414 tempest-GroupSnapshotsTest-988948414-project] Could not load cinder.keymgr.conf_key_mgr.ConfKeyManager
Nov 03 21:38:40.729161 dv-cinder-816573-1-smb devstack@c-api.service[109087]: WARNING castellan.key_manager [None req-cb1ab953-5144-47fc-a65d-d64f586ec13b tempest-GroupSnapshotsTest-988948414 tempest-GroupSnapshotsTest-988948414-project] Deprecation Warning : cinder.keymgr.conf_key_mgr.ConfKeyManager is not a stevedore based driver, trying to load it as a class: stevedore.exception.NoMatches: No 'castellan.drivers' driver found, looking for 'cinder.keymgr.conf_key_mgr.ConfKeyManager'
Nov 03 21:38:40.739924 dv-cinder-816573-1-smb devstack@c-api.service[109087]: DEBUG oslo_db.sqlalchemy.engines [None req-cb1ab953-5144-47fc-a65d-d64f586ec13b tempest-GroupSnapshotsTest-988948414 tempest-GroupSnapshotsTest-988948414-project] MySQL server mode set to STRICT_TRANS_TABLES,STRICT_ALL_TABLES,NO_ZERO_IN_DATE,NO_ZERO_DATE,ERROR_FOR_DIVISION_BY_ZERO,TRADITIONAL,NO_ENGINE_SUBSTITUTION {{(pid=109087) _check_effective_sql_mode /usr/local/lib/python3.8/dist-packages/oslo_db/sqlalchemy/engines.py:314}}
Nov 03 21:38:40.747406 dv-cinder-816573-1-smb devstack@c-api.service[109087]: /usr/local/lib/python3.8/dist-packages/oslo_context/context.py:105: DeprecationWarning: Policy enforcement is depending on the value of is_admin. This key is deprecated. Please update your policy file to use the standard policy values.
Nov 03 21:38:40.747406 dv-cinder-816573-1-smb devstack@c-api.service[109087]: warnings.warn('Policy enforcement is depending on the value of '
Nov 03 21:38:40.766205 dv-cinder-816573-1-smb devstack@c-api.service[109087]: INFO cinder.api.openstack.wsgi [None req-cb1ab953-5144-47fc-a65d-d64f586ec13b tempest-GroupSnapshotsTest-988948414 tempest-GroupSnapshotsTest-988948414-project] http://10.222.0.21/volume/v3/e76c601b84324ea7a2b23eae7109c5e4/volumes/detail returned with HTTP 200
Nov 03 21:38:40.783021 dv-cinder-816573-1-smb devstack@c-api.service[109086]: INFO cinder.api.openstack.wsgi [None req-c4ed52e4-51b6-48e3-8cbe-4bb205df3519 tempest-GroupSnapshotsTest-988948414 tempest-GroupSnapshotsTest-988948414-project] POST http://10.222.0.21/volume/v3/e76c601b84324ea7a2b23eae7109c5e4/groups/0696e5f7-40d2-4075-b11d-c76f72c0eb6e/action
Nov 03 21:38:40.783728 dv-cinder-816573-1-smb devstack@c-api.service[109086]: /usr/local/lib/python3.8/dist-packages/webob/acceptparse.py:1047: DeprecationWarning: The behavior of AcceptValidHeader.best_match is currently being maintained for backward compatibility, but it will be deprecated in the future, as it does not conform to the RFC.
Nov 03 21:38:40.783728 dv-cinder-816573-1-smb devstack@c-api.service[109086]: warnings.warn(
