Nov 08 16:04:15.385974 dv-cinder-816187-2-smb devstack@c-api.service[108128]: /usr/local/lib/python3.8/dist-packages/oslo_policy/policy.py:785: UserWarning: Policy "volume_extension:default_set_or_update":"rule:system_or_domain_or_project_admin" was deprecated in X in favor of "volume_extension:default_set_or_update":"rule:admin_api". Reason: Default policies now support the three Keystone default roles, namely 'admin', 'member', and 'reader' to implement three Cinder "personas". See "Policy Personas and Permissions" in the "Cinder Service Configuration" documentation (Xena release) for details.. Either ensure your deployment is ready for the new default or copy/paste the deprecated policy into your policy file and maintain it manually.
Nov 08 16:04:15.385974 dv-cinder-816187-2-smb devstack@c-api.service[108128]: warnings.warn(deprecated_msg)
Nov 08 16:04:15.385974 dv-cinder-816187-2-smb devstack@c-api.service[108128]: /usr/local/lib/python3.8/dist-packages/oslo_policy/policy.py:785: UserWarning: Policy "volume_extension:default_get":"rule:system_or_domain_or_project_admin" was deprecated in X in favor of "volume_extension:default_get":"rule:admin_api". Reason: Default policies now support the three Keystone default roles, namely 'admin', 'member', and 'reader' to implement three Cinder "personas". See "Policy Personas and Permissions" in the "Cinder Service Configuration" documentation (Xena release) for details.. Either ensure your deployment is ready for the new default or copy/paste the deprecated policy into your policy file and maintain it manually.
Nov 08 16:04:15.385974 dv-cinder-816187-2-smb devstack@c-api.service[108128]: warnings.warn(deprecated_msg)
Nov 08 16:04:15.385974 dv-cinder-816187-2-smb devstack@c-api.service[108128]: /usr/local/lib/python3.8/dist-packages/oslo_policy/policy.py:785: UserWarning: Policy "volume_extension:default_get_all":"role:admin and system_scope:all" was deprecated in X in favor of "volume_extension:default_get_all":"rule:admin_api". Reason: Default policies now support the three Keystone default roles, namely 'admin', 'member', and 'reader' to implement three Cinder "personas". See "Policy Personas and Permissions" in the "Cinder Service Configuration" documentation (Xena release) for details.. Either ensure your deployment is ready for the new default or copy/paste the deprecated policy into your policy file and maintain it manually.
Nov 08 16:04:15.387692 dv-cinder-816187-2-smb devstack@c-api.service[108128]: warnings.warn(deprecated_msg)
Nov 08 16:04:15.387692 dv-cinder-816187-2-smb devstack@c-api.service[108128]: /usr/local/lib/python3.8/dist-packages/oslo_policy/policy.py:785: UserWarning: Policy "volume_extension:default_unset":"rule:system_or_domain_or_project_admin" was deprecated in X in favor of "volume_extension:default_unset":"rule:admin_api". Reason: Default policies now support the three Keystone default roles, namely 'admin', 'member', and 'reader' to implement three Cinder "personas". See "Policy Personas and Permissions" in the "Cinder Service Configuration" documentation (Xena release) for details.. Either ensure your deployment is ready for the new default or copy/paste the deprecated policy into your policy file and maintain it manually.
Nov 08 16:04:15.387692 dv-cinder-816187-2-smb devstack@c-api.service[108128]: warnings.warn(deprecated_msg)
Nov 08 16:04:15.791423 dv-cinder-816187-2-smb devstack@c-api.service[108128]: INFO cinder.api.openstack.wsgi [req-562952b4-0496-4175-8b40-512139ea26fa req-aafe5e2a-5bc1-4f06-bf4f-6c13fb0d5712 admin admin] POST http://10.222.0.26/volume/v3/3a4480911f8847089f307b01807f9014/types/aa0ab728-8c41-40c5-9d0b-8c78b706a318/extra_specs
Nov 08 16:04:15.793178 dv-cinder-816187-2-smb devstack@c-api.service[108128]: /usr/local/lib/python3.8/dist-packages/webob/acceptparse.py:1047: DeprecationWarning: The behavior of AcceptValidHeader.best_match is currently being maintained for backward compatibility, but it will be deprecated in the future, as it does not conform to the RFC.
Nov 08 16:04:15.793178 dv-cinder-816187-2-smb devstack@c-api.service[108128]: warnings.warn(
Nov 08 16:04:15.793572 dv-cinder-816187-2-smb devstack@c-api.service[108128]: DEBUG cinder.api.openstack.wsgi [req-562952b4-0496-4175-8b40-512139ea26fa req-aafe5e2a-5bc1-4f06-bf4f-6c13fb0d5712 admin admin] Action: 'create', calling method: create, body: {"extra_specs": {"volume_backend_name": "lvmdriver-1"}} {{(pid=108128) _process_stack /opt/stack/cinder/cinder/api/openstack/wsgi.py:854}}
Nov 08 16:04:15.795508 dv-cinder-816187-2-smb devstack@c-api.service[108128]: /usr/local/lib/python3.8/dist-packages/oslo_context/context.py:105: DeprecationWarning: Policy enforcement is depending on the value of is_admin. This key is deprecated. Please update your policy file to use the standard policy values.
Nov 08 16:04:15.795508 dv-cinder-816187-2-smb devstack@c-api.service[108128]: warnings.warn('Policy enforcement is depending on the value of '
Nov 08 16:04:15.805638 dv-cinder-816187-2-smb devstack@c-api.service[108128]: DEBUG oslo_db.sqlalchemy.engines [req-562952b4-0496-4175-8b40-512139ea26fa req-aafe5e2a-5bc1-4f06-bf4f-6c13fb0d5712 admin admin] MySQL server mode set to STRICT_TRANS_TABLES,STRICT_ALL_TABLES,NO_ZERO_IN_DATE,NO_ZERO_DATE,ERROR_FOR_DIVISION_BY_ZERO,TRADITIONAL,NO_ENGINE_SUBSTITUTION {{(pid=108128) _check_effective_sql_mode /usr/local/lib/python3.8/dist-packages/oslo_db/sqlalchemy/engines.py:314}}
Nov 08 16:04:15.923774 dv-cinder-816187-2-smb devstack@c-api.service[108128]: INFO cinder.api.openstack.wsgi [req-562952b4-0496-4175-8b40-512139ea26fa req-aafe5e2a-5bc1-4f06-bf4f-6c13fb0d5712 admin admin] http://10.222.0.26/volume/v3/3a4480911f8847089f307b01807f9014/types/aa0ab728-8c41-40c5-9d0b-8c78b706a318/extra_specs returned with HTTP 200
Nov 08 16:04:15.924652 dv-cinder-816187-2-smb devstack@c-api.service[108128]: [pid: 108128|app: 0|req: 1/3] 10.222.0.26 () {62 vars in 1454 bytes} [Mon Nov 8 16:04:15 2021] POST /volume/v3/3a4480911f8847089f307b01807f9014/types/aa0ab728-8c41-40c5-9d0b-8c78b706a318/extra_specs => generated 55 bytes in 589 msecs (HTTP/1.1 200) 7 headers in 284 bytes (2 switches on core 0)
Nov 08 16:05:15.122283 dv-cinder-816187-2-smb devstack@c-api.service[108127]: INFO cinder.api.openstack.wsgi [None req-562952b4-0496-4175-8b40-512139ea26fa admin admin] GET http://10.222.0.26/volume//
Nov 08 16:05:15.122784 dv-cinder-816187-2-smb devstack@c-api.service[108127]: DEBUG cinder.api.openstack.wsgi [None req-562952b4-0496-4175-8b40-512139ea26fa admin admin] Empty body provided in request {{(pid=108127) get_body /opt/stack/cinder/cinder/api/openstack/wsgi.py:703}}
Nov 08 16:05:15.123081 dv-cinder-816187-2-smb devstack@c-api.service[108127]: DEBUG cinder.api.openstack.wsgi [None req-562952b4-0496-4175-8b40-512139ea26fa admin admin] Calling method 'all' {{(pid=108127) _process_stack /opt/stack/cinder/cinder/api/openstack/wsgi.py:856}}
Nov 08 16:05:15.124104 dv-cinder-816187-2-smb devstack@c-api.service[108127]: INFO cinder.api.openstack.wsgi [None req-562952b4-0496-4175-8b40-512139ea26fa admin admin] http://10.222.0.26/volume// returned with HTTP 300
Nov 08 16:05:15.124615 dv-cinder-816187-2-smb devstack@c-api.service[108127]: [pid: 108127|app: 0|req: 3/4] 10.222.0.26 () {56 vars in 1098 bytes} [Mon Nov 8 16:05:15 2021] GET /volume/ => generated 386 bytes in 3 msecs (HTTP/1.1 300) 5 headers in 169 bytes (1 switches on core 0)
Nov 08 16:07:44.163258 dv-cinder-816187-2-smb devstack@c-api.service[108128]: INFO cinder.api.openstack.wsgi [None req-118c9df2-4861-4172-9289-dcd19dc661a8 tempest-verify_tempest_config-1639101469 tempest-verify_tempest_config-1639101469-project] GET http://10.222.0.26/volume/v3/e69ada72c3f74b7ea24b1aad6dae2675/extensions
Nov 08 16:07:44.163773 dv-cinder-816187-2-smb devstack@c-api.service[108128]: DEBUG cinder.api.openstack.wsgi [None req-118c9df2-4861-4172-9289-dcd19dc661a8 tempest-verify_tempest_config-1639101469 tempest-verify_tempest_config-1639101469-project] Empty body provided in request {{(pid=108128) get_body /opt/stack/cinder/cinder/api/openstack/wsgi.py:703}}
Nov 08 16:07:44.164091 dv-cinder-816187-2-smb devstack@c-api.service[108128]: DEBUG cinder.api.openstack.wsgi [None req-118c9df2-4861-4172-9289-dcd19dc661a8 tempest-verify_tempest_config-1639101469 tempest-verify_tempest_config-1639101469-project] Calling method 'index' {{(pid=108128) _process_stack /opt/stack/cinder/cinder/api/openstack/wsgi.py:856}}
Nov 08 16:07:44.164780 dv-cinder-816187-2-smb devstack@c-api.service[108128]: INFO cinder.api.openstack.wsgi [None req-118c9df2-4861-4172-9289-dcd19dc661a8 tempest-verify_tempest_config-1639101469 tempest-verify_tempest_config-1639101469-project] http://10.222.0.26/volume/v3/e69ada72c3f74b7ea24b1aad6dae2675/extensions returned with HTTP 200
Nov 08 16:07:44.165488 dv-cinder-816187-2-smb devstack@c-api.service[108128]: [pid: 108128|app: 0|req: 2/5] 10.222.0.26 () {58 vars in 1222 bytes} [Mon Nov 8 16:07:44 2021] GET /volume/v3/e69ada72c3f74b7ea24b1aad6dae2675/extensions => generated 5245 bytes in 8 msecs (HTTP/1.1 200) 7 headers in 286 bytes (1 switches on core 0)
Nov 08 16:09:45.846667 dv-cinder-816187-2-smb devstack@c-api.service[108127]: INFO cinder.api.openstack.wsgi [None req-bfc5f23f-fbc2-47a7-a245-f72cbb5f1794 admin admin] GET http://10.222.0.26/volume/v3/3a4480911f8847089f307b01807f9014/os-services
Nov 08 16:09:45.847205 dv-cinder-816187-2-smb devstack@c-api.service[108127]: DEBUG cinder.api.openstack.wsgi [None req-bfc5f23f-fbc2-47a7-a245-f72cbb5f1794 admin admin] Empty body provided in request {{(pid=108127) get_body /opt/stack/cinder/cinder/api/openstack/wsgi.py:703}}
Nov 08 16:09:45.847505 dv-cinder-816187-2-smb devstack@c-api.service[108127]: DEBUG cinder.api.openstack.wsgi [None req-bfc5f23f-fbc2-47a7-a245-f72cbb5f1794 admin admin] Calling method 'index' {{(pid=108127) _process_stack /opt/stack/cinder/cinder/api/openstack/wsgi.py:856}}
Nov 08 16:09:45.855936 dv-cinder-816187-2-smb devstack@c-api.service[108127]: INFO cinder.api.openstack.wsgi [None req-bfc5f23f-fbc2-47a7-a245-f72cbb5f1794 admin admin] http://10.222.0.26/volume/v3/3a4480911f8847089f307b01807f9014/os-services returned with HTTP 200
Nov 08 16:09:45.856678 dv-cinder-816187-2-smb devstack@c-api.service[108127]: [pid: 108127|app: 0|req: 4/6] 10.222.0.26 () {56 vars in 1201 bytes} [Mon Nov 8 16:09:45 2021] GET /volume/v3/3a4480911f8847089f307b01807f9014/os-services => generated 640 bytes in 103 msecs (HTTP/1.1 200) 7 headers in 285 bytes (1 switches on core 0)
Nov 08 16:09:48.247415 dv-cinder-816187-2-smb devstack@c-api.service[108128]: INFO cinder.api.openstack.wsgi [None req-c0440665-63b3-4437-abf4-78cf15dd53f5 admin admin] GET http://10.222.0.26/volume/v3/3a4480911f8847089f307b01807f9014/os-services
Nov 08 16:09:48.247885 dv-cinder-816187-2-smb devstack@c-api.service[108128]: DEBUG cinder.api.openstack.wsgi [None req-c0440665-63b3-4437-abf4-78cf15dd53f5 admin admin] Empty body provided in request {{(pid=108128) get_body /opt/stack/cinder/cinder/api/openstack/wsgi.py:703}}
Nov 08 16:09:48.248252 dv-cinder-816187-2-smb devstack@c-api.service[108128]: DEBUG cinder.api.openstack.wsgi [None req-c0440665-63b3-4437-abf4-78cf15dd53f5 admin admin] Calling method 'index' {{(pid=108128) _process_stack /opt/stack/cinder/cinder/api/openstack/wsgi.py:856}}
Nov 08 16:09:48.257290 dv-cinder-816187-2-smb devstack@c-api.service[108128]: INFO cinder.api.openstack.wsgi [None req-c0440665-63b3-4437-abf4-78cf15dd53f5 admin admin] http://10.222.0.26/volume/v3/3a4480911f8847089f307b01807f9014/os-services returned with HTTP 200
Nov 08 16:09:48.261165 dv-cinder-816187-2-smb devstack@c-api.service[108128]: [pid: 108128|app: 0|req: 3/7] 10.222.0.26 () {56 vars in 1201 bytes} [Mon Nov 8 16:09:48 2021] GET /volume/v3/3a4480911f8847089f307b01807f9014/os-services => generated 640 bytes in 101 msecs (HTTP/1.1 200) 7 headers in 285 bytes (1 switches on core 0)
Nov 08 16:11:16.215558 dv-cinder-816187-2-smb devstack@c-api.service[108127]: INFO cinder.api.openstack.wsgi [None req-84e4b761-7ea1-4648-87e0-c8ed09e43b00 tempest-VolumeServicesNegativeTest-1644467365 tempest-VolumeServicesNegativeTest-1644467365-project-admin] GET http://10.222.0.26/volume/v3/7285665b08234130971781bc9cf00a8c/os-services
Nov 08 16:11:16.216895 dv-cinder-816187-2-smb devstack@c-api.service[108127]: DEBUG cinder.api.openstack.wsgi [None req-84e4b761-7ea1-4648-87e0-c8ed09e43b00 tempest-VolumeServicesNegativeTest-1644467365 tempest-VolumeServicesNegativeTest-1644467365-project-admin] Empty body provided in request {{(pid=108127) get_body /opt/stack/cinder/cinder/api/openstack/wsgi.py:703}}
Nov 08 16:11:16.217559 dv-cinder-816187-2-smb devstack@c-api.service[108127]: DEBUG cinder.api.openstack.wsgi [None req-84e4b761-7ea1-4648-87e0-c8ed09e43b00 tempest-VolumeServicesNegativeTest-1644467365 tempest-VolumeServicesNegativeTest-1644467365-project-admin] Calling method 'index' {{(pid=108127) _process_stack /opt/stack/cinder/cinder/api/openstack/wsgi.py:856}}
Nov 08 16:11:16.232392 dv-cinder-816187-2-smb devstack@c-api.service[108127]: INFO cinder.api.openstack.wsgi [None req-84e4b761-7ea1-4648-87e0-c8ed09e43b00 tempest-VolumeServicesNegativeTest-1644467365 tempest-VolumeServicesNegativeTest-1644467365-project-admin] http://10.222.0.26/volume/v3/7285665b08234130971781bc9cf00a8c/os-services returned with HTTP 200
Nov 08 16:11:16.234506 dv-cinder-816187-2-smb devstack@c-api.service[108127]: [pid: 108127|app: 0|req: 5/8] 10.222.0.26 () {58 vars in 1225 bytes} [Mon Nov 8 16:11:16 2021] GET /volume/v3/7285665b08234130971781bc9cf00a8c/os-services => generated 640 bytes in 214 msecs (HTTP/1.1 200) 7 headers in 285 bytes (1 switches on core 0)
Nov 08 16:11:16.254612 dv-cinder-816187-2-smb devstack@c-api.service[108127]: INFO cinder.api.openstack.wsgi [None req-c045df94-3670-4a92-a94c-819ec14835e4 tempest-VolumeServicesNegativeTest-1644467365 tempest-VolumeServicesNegativeTest-1644467365-project-admin] PUT http://10.222.0.26/volume/v3/7285665b08234130971781bc9cf00a8c/os-services/disable-log-reason
Nov 08 16:11:16.257644 dv-cinder-816187-2-smb devstack@c-api.service[108127]: DEBUG cinder.api.openstack.wsgi [None req-c045df94-3670-4a92-a94c-819ec14835e4 tempest-VolumeServicesNegativeTest-1644467365 tempest-VolumeServicesNegativeTest-1644467365-project-admin] Action: 'update', calling method: update, body: {"host": "dv-cinder-816187-2-smb", "binary": "cinder-scheduler", "disabled_reason": null} {{(pid=108127) _process_stack /opt/stack/cinder/cinder/api/openstack/wsgi.py:854}}
Nov 08 16:11:16.264202 dv-cinder-816187-2-smb devstack@c-api.service[108127]: INFO cinder.api.openstack.wsgi [None req-c045df94-3670-4a92-a94c-819ec14835e4 tempest-VolumeServicesNegativeTest-1644467365 tempest-VolumeServicesNegativeTest-1644467365-project-admin] http://10.222.0.26/volume/v3/7285665b08234130971781bc9cf00a8c/os-services/disable-log-reason returned with HTTP 400
Nov 08 16:11:16.265879 dv-cinder-816187-2-smb devstack@c-api.service[108127]: [pid: 108127|app: 0|req: 6/9] 10.222.0.26 () {60 vars in 1302 bytes} [Mon Nov 8 16:11:16 2021] PUT /volume/v3/7285665b08234130971781bc9cf00a8c/os-services/disable-log-reason => generated 136 bytes in 22 msecs (HTTP/1.1 400) 7 headers in 294 bytes (1 switches on core 0)
Nov 08 16:11:16.333248 dv-cinder-816187-2-smb devstack@c-api.service[108127]: INFO cinder.api.openstack.wsgi [None req-e2231603-6e7b-401a-ac6c-2fb6aaac8111 tempest-VolumeServicesNegativeTest-1644467365 tempest-VolumeServicesNegativeTest-1644467365-project-admin] PUT http://10.222.0.26/volume/v3/7285665b08234130971781bc9cf00a8c/os-services/disable
Nov 08 16:11:16.333248 dv-cinder-816187-2-smb devstack@c-api.service[108127]: DEBUG cinder.api.openstack.wsgi [None req-e2231603-6e7b-401a-ac6c-2fb6aaac8111 tempest-VolumeServicesNegativeTest-1644467365 tempest-VolumeServicesNegativeTest-1644467365-project-admin] Action: 'update', calling method: update, body: {"host": "dv-cinder-816187-2-smb", "binary": "invalid_binary"} {{(pid=108127) _process_stack /opt/stack/cinder/cinder/api/openstack/wsgi.py:854}}
Nov 08 16:11:16.334135 dv-cinder-816187-2-smb devstack@c-api.service[108128]: WARNING keystonemiddleware.auth_token [None req-c0440665-63b3-4437-abf4-78cf15dd53f5 admin admin] A valid token was submitted as a service token, but it was not a valid service token. This is incorrect but backwards compatible behaviour. This will be removed in future releases.
Nov 08 16:11:16.334135 dv-cinder-816187-2-smb devstack@c-api.service[108128]: INFO cinder.api.openstack.wsgi [req-45b0b0d7-47fc-4dd9-a510-f478919e2351 req-3acb8cef-ac61-4ad1-8b20-b87a13f25795 tempest-VolumesSnapshotsTestJSON-1130728651 tempest-VolumesSnapshotsTestJSON-1130728651-project] POST http://10.222.0.26/volume/v3/cb819642528542918eb93f49e3a8a1da/volumes
Nov 08 16:11:16.334135 dv-cinder-816187-2-smb devstack@c-api.service[108128]: DEBUG cinder.api.openstack.wsgi [req-45b0b0d7-47fc-4dd9-a510-f478919e2351 req-3acb8cef-ac61-4ad1-8b20-b87a13f25795 tempest-VolumesSnapshotsTestJSON-1130728651 tempest-VolumesSnapshotsTestJSON-1130728651-project] Action: 'create', calling method: create, body: {"volume": {"size": 1, "consistencygroup_id": null, "snapshot_id": null, "name": "tempest-VolumesSnapshotsTestJSON-volume-1246649757", "description": null, "volume_type": null, "availability_zone": null, "metadata": {}, "imageRef": null, "source_volid": null, "backup_id": null}} {{(pid=108128) _process_stack /opt/stack/cinder/cinder/api/openstack/wsgi.py:854}}
Nov 08 16:11:16.334135 dv-cinder-816187-2-smb devstack@c-api.service[108128]: DEBUG cinder.api.v3.volumes [req-45b0b0d7-47fc-4dd9-a510-f478919e2351 req-3acb8cef-ac61-4ad1-8b20-b87a13f25795 tempest-VolumesSnapshotsTestJSON-1130728651 tempest-VolumesSnapshotsTestJSON-1130728651-project] Create volume request body: {'volume': {'size': 1, 'consistencygroup_id': None, 'snapshot_id': None, 'name': 'tempest-VolumesSnapshotsTestJSON-volume-1246649757', 'description': None, 'volume_type': None, 'availability_zone': None, 'metadata': {}, 'imageRef': None, 'source_volid': None, 'backup_id': None}} {{(pid=108128) create /opt/stack/cinder/cinder/api/v3/volumes.py:298}}
Nov 08 16:11:16.334978 dv-cinder-816187-2-smb devstack@c-api.service[108128]: INFO cinder.api.v3.volumes [req-45b0b0d7-47fc-4dd9-a510-f478919e2351 req-3acb8cef-ac61-4ad1-8b20-b87a13f25795 tempest-VolumesSnapshotsTestJSON-1130728651 tempest-VolumesSnapshotsTestJSON-1130728651-project] Create volume of 1 GB
Nov 08 16:11:16.335377 dv-cinder-816187-2-smb devstack@c-api.service[108127]: INFO cinder.api.openstack.wsgi [None req-e2231603-6e7b-401a-ac6c-2fb6aaac8111 tempest-VolumeServicesNegativeTest-1644467365 tempest-VolumeServicesNegativeTest-1644467365-project-admin] http://10.222.0.26/volume/v3/7285665b08234130971781bc9cf00a8c/os-services/disable returned with HTTP 404
Nov 08 16:11:16.335377 dv-cinder-816187-2-smb devstack@c-api.service[108127]: [pid: 108127|app: 0|req: 7/10] 10.222.0.26 () {60 vars in 1269 bytes} [Mon Nov 8 16:11:16 2021] PUT /volume/v3/7285665b08234130971781bc9cf00a8c/os-services/disable => generated 119 bytes in 50 msecs (HTTP/1.1 404) 7 headers in 292 bytes (2 switches on core 0)
Nov 08 16:11:16.335619 dv-cinder-816187-2-smb devstack@c-api.service[108128]: DEBUG cinder.volume.api [req-45b0b0d7-47fc-4dd9-a510-f478919e2351 req-3acb8cef-ac61-4ad1-8b20-b87a13f25795 tempest-VolumesSnapshotsTestJSON-1130728651 tempest-VolumesSnapshotsTestJSON-1130728651-project] Availability zone cache updated, next update will occur around 2021-11-08 17:11:16.328139. {{(pid=108128) list_availability_zones /opt/stack/cinder/cinder/volume/api.py:148}}
Nov 08 16:11:16.335619 dv-cinder-816187-2-smb devstack@c-api.service[108128]: INFO cinder.volume.api [req-45b0b0d7-47fc-4dd9-a510-f478919e2351 req-3acb8cef-ac61-4ad1-8b20-b87a13f25795 tempest-VolumesSnapshotsTestJSON-1130728651 tempest-VolumesSnapshotsTestJSON-1130728651-project] Availability Zones retrieved successfully.
Nov 08 16:11:16.340878 dv-cinder-816187-2-smb devstack@c-api.service[108127]: INFO cinder.api.openstack.wsgi [None req-1bc9c421-8418-4996-846f-8c6499c58a7e tempest-VolumeServicesNegativeTest-1644467365 tempest-VolumeServicesNegativeTest-1644467365-project-admin] PUT http://10.222.0.26/volume/v3/7285665b08234130971781bc9cf00a8c/os-services/enable
Nov 08 16:11:16.344560 dv-cinder-816187-2-smb devstack@c-api.service[108127]: DEBUG cinder.api.openstack.wsgi [None req-1bc9c421-8418-4996-846f-8c6499c58a7e tempest-VolumeServicesNegativeTest-1644467365 tempest-VolumeServicesNegativeTest-1644467365-project-admin] Action: 'update', calling method: update, body: {"host": "invalid_host", "binary": "cinder-scheduler"} {{(pid=108127) _process_stack /opt/stack/cinder/cinder/api/openstack/wsgi.py:854}}
Nov 08 16:11:16.371519 dv-cinder-816187-2-smb devstack@c-api.service[108127]: INFO cinder.api.openstack.wsgi [None req-1bc9c421-8418-4996-846f-8c6499c58a7e tempest-VolumeServicesNegativeTest-1644467365 tempest-VolumeServicesNegativeTest-1644467365-project-admin] http://10.222.0.26/volume/v3/7285665b08234130971781bc9cf00a8c/os-services/enable returned with HTTP 404
Nov 08 16:11:16.372936 dv-cinder-816187-2-smb devstack@c-api.service[108127]: [pid: 108127|app: 0|req: 8/11] 10.222.0.26 () {60 vars in 1266 bytes} [Mon Nov 8 16:11:16 2021] PUT /volume/v3/7285665b08234130971781bc9cf00a8c/os-services/enable => generated 111 bytes in 48 msecs (HTTP/1.1 404) 7 headers in 292 bytes (2 switches on core 0)
Nov 08 16:11:16.384035 dv-cinder-816187-2-smb devstack@c-api.service[108127]: INFO cinder.api.openstack.wsgi [None req-97c62be9-09cc-4c88-b977-e365be116cbd tempest-VolumeServicesNegativeTest-1644467365 tempest-VolumeServicesNegativeTest-1644467365-project-admin] PUT http://10.222.0.26/volume/v3/7285665b08234130971781bc9cf00a8c/os-services/freeze
Nov 08 16:11:16.389941 dv-cinder-816187-2-smb devstack@c-api.service[108127]: DEBUG cinder.api.openstack.wsgi [None req-97c62be9-09cc-4c88-b977-e365be116cbd tempest-VolumeServicesNegativeTest-1644467365 tempest-VolumeServicesNegativeTest-1644467365-project-admin] Action: 'update', calling method: update, body: {"host": "invalid_host"} {{(pid=108127) _process_stack /opt/stack/cinder/cinder/api/openstack/wsgi.py:854}}
Nov 08 16:11:16.411958 dv-cinder-816187-2-smb devstack@c-api.service[108127]: INFO cinder.api.openstack.wsgi [None req-97c62be9-09cc-4c88-b977-e365be116cbd tempest-VolumeServicesNegativeTest-1644467365 tempest-VolumeServicesNegativeTest-1644467365-project-admin] http://10.222.0.26/volume/v3/7285665b08234130971781bc9cf00a8c/os-services/freeze returned with HTTP 400
Nov 08 16:11:16.415425 dv-cinder-816187-2-smb devstack@c-api.service[108127]: [pid: 108127|app: 0|req: 9/12] 10.222.0.26 () {60 vars in 1266 bytes} [Mon Nov 8 16:11:16 2021] PUT /volume/v3/7285665b08234130971781bc9cf00a8c/os-services/freeze => generated 83 bytes in 38 msecs (HTTP/1.1 400) 7 headers in 293 bytes (1 switches on core 0)
Nov 08 16:11:16.428824 dv-cinder-816187-2-smb devstack@c-api.service[108127]: INFO cinder.api.openstack.wsgi [None req-4ae9207e-e410-45ad-9336-3e872d8a697b tempest-VolumeServicesNegativeTest-1644467365 tempest-VolumeServicesNegativeTest-1644467365-project-admin] PUT http://10.222.0.26/volume/v3/7285665b08234130971781bc9cf00a8c/os-services/thaw
Nov 08 16:11:16.430926 dv-cinder-816187-2-smb devstack@c-api.service[108127]: DEBUG cinder.api.openstack.wsgi [None req-4ae9207e-e410-45ad-9336-3e872d8a697b tempest-VolumeServicesNegativeTest-1644467365 tempest-VolumeServicesNegativeTest-1644467365-project-admin] Action: 'update', calling method: update, body: {"host": "invalid_host"} {{(pid=108127) _process_stack /opt/stack/cinder/cinder/api/openstack/wsgi.py:854}}
Nov 08 16:11:16.452350 dv-cinder-816187-2-smb devstack@c-api.service[108127]: INFO cinder.api.openstack.wsgi [None req-4ae9207e-e410-45ad-9336-3e872d8a697b tempest-VolumeServicesNegativeTest-1644467365 tempest-VolumeServicesNegativeTest-1644467365-project-admin] http://10.222.0.26/volume/v3/7285665b08234130971781bc9cf00a8c/os-services/thaw returned with HTTP 400
Nov 08 16:11:16.453746 dv-cinder-816187-2-smb devstack@c-api.service[108127]: [pid: 108127|app: 0|req: 10/13] 10.222.0.26 () {60 vars in 1260 bytes} [Mon Nov 8 16:11:16 2021] PUT /volume/v3/7285665b08234130971781bc9cf00a8c/os-services/thaw => generated 83 bytes in 35 msecs (HTTP/1.1 400) 7 headers in 293 bytes (2 switches on core 0)
Nov 08 16:11:16.503417 dv-cinder-816187-2-smb devstack@c-api.service[108128]: DEBUG cinder.volume.api [req-45b0b0d7-47fc-4dd9-a510-f478919e2351 req-3acb8cef-ac61-4ad1-8b20-b87a13f25795 tempest-VolumesSnapshotsTestJSON-1130728651 tempest-VolumesSnapshotsTestJSON-1130728651-project] Flow 'volume_create_api' (653601e1-c8ae-49e2-9bb7-73e7d33bd98a) transitioned into state 'RUNNING' from state 'PENDING' {{(pid=108128) _flow_receiver /usr/local/lib/python3.8/dist-packages/taskflow/listeners/logging.py:141}}
Nov 08 16:11:16.517477 dv-cinder-816187-2-smb devstack@c-api.service[108128]: DEBUG cinder.volume.api [req-45b0b0d7-47fc-4dd9-a510-f478919e2351 req-3acb8cef-ac61-4ad1-8b20-b87a13f25795 tempest-VolumesSnapshotsTestJSON-1130728651 tempest-VolumesSnapshotsTestJSON-1130728651-project] Task 'cinder.volume.flows.api.create_volume.ExtractVolumeRequestTask;volume:create' (f920bfc9-dff1-42fa-aef1-976b43847683) transitioned into state 'RUNNING' from state 'PENDING' {{(pid=108128) _task_receiver /usr/local/lib/python3.8/dist-packages/taskflow/listeners/logging.py:190}}
Nov 08 16:11:16.524099 dv-cinder-816187-2-smb devstack@c-api.service[108128]: DEBUG cinder.volume.flows.api.create_volume [req-45b0b0d7-47fc-4dd9-a510-f478919e2351 req-3acb8cef-ac61-4ad1-8b20-b87a13f25795 tempest-VolumesSnapshotsTestJSON-1130728651 tempest-VolumesSnapshotsTestJSON-1130728651-project] Validating volume size '1' using validate_int {{(pid=108128) _extract_size /opt/stack/cinder/cinder/volume/flows/api/create_volume.py:225}}
Nov 08 16:11:16.698264 dv-cinder-816187-2-smb devstack@c-api.service[108128]: DEBUG cinder.volume.api [req-45b0b0d7-47fc-4dd9-a510-f478919e2351 req-3acb8cef-ac61-4ad1-8b20-b87a13f25795 tempest-VolumesSnapshotsTestJSON-1130728651 tempest-VolumesSnapshotsTestJSON-1130728651-project] Task 'cinder.volume.flows.api.create_volume.ExtractVolumeRequestTask;volume:create' (f920bfc9-dff1-42fa-aef1-976b43847683) transitioned into state 'SUCCESS' from state 'RUNNING' with result '{'size': 1, 'snapshot_id': None, 'source_volid': None, 'volume_type': VolumeType(created_at=2021-11-08T16:01:38Z,deleted=False,deleted_at=None,description='Default Volume Type',extra_specs={},id=1df29a8c-9382-4aaa-9194-3d2702fa2ff8,is_public=True,name='__DEFAULT__',projects=[],qos_specs=,qos_specs_id=None,updated_at=2021-11-08T16:01:38Z), 'volume_type_id': '1df29a8c-9382-4aaa-9194-3d2702fa2ff8', 'encryption_key_id': None, 'qos_specs': None, 'consistencygroup_id': None, 'cgsnapshot_id': None, 'group_id': None, 'replication_status': 'disabled', 'refresh_az': False, 'backup_id': None, 'multiattach': False, 'availability_zones': ['nova']}' {{(pid=108128) _task_receiver /usr/local/lib/python3.8/dist-packages/taskflow/listeners/logging.py:178}}
Nov 08 16:11:16.701056 dv-cinder-816187-2-smb devstack@c-api.service[108128]: DEBUG cinder.volume.api [req-45b0b0d7-47fc-4dd9-a510-f478919e2351 req-3acb8cef-ac61-4ad1-8b20-b87a13f25795 tempest-VolumesSnapshotsTestJSON-1130728651 tempest-VolumesSnapshotsTestJSON-1130728651-project] Task 'cinder.volume.flows.api.create_volume.QuotaReserveTask;volume:create' (d5812b08-c496-4f04-b5b0-b5e1c714199a) transitioned into state 'RUNNING' from state 'PENDING' {{(pid=108128) _task_receiver /usr/local/lib/python3.8/dist-packages/taskflow/listeners/logging.py:190}}
Nov 08 16:11:16.764698 dv-cinder-816187-2-smb devstack@c-api.service[108127]: INFO cinder.api.openstack.wsgi [None req-572ad6cf-47e1-451a-97d1-f0b85be2004d tempest-BackendsCapabilitiesAdminTestsJSON-733996329 tempest-BackendsCapabilitiesAdminTestsJSON-733996329-project-admin] GET http://10.222.0.26/volume/v3/4aa403cff303442aa98b5960bfb0c025/scheduler-stats/get_pools
Nov 08 16:11:16.765248 dv-cinder-816187-2-smb devstack@c-api.service[108127]: DEBUG cinder.api.openstack.wsgi [None req-572ad6cf-47e1-451a-97d1-f0b85be2004d tempest-BackendsCapabilitiesAdminTestsJSON-733996329 tempest-BackendsCapabilitiesAdminTestsJSON-733996329-project-admin] Empty body provided in request {{(pid=108127) get_body /opt/stack/cinder/cinder/api/openstack/wsgi.py:703}}
Nov 08 16:11:16.765767 dv-cinder-816187-2-smb devstack@c-api.service[108127]: DEBUG cinder.api.openstack.wsgi [None req-572ad6cf-47e1-451a-97d1-f0b85be2004d tempest-BackendsCapabilitiesAdminTestsJSON-733996329 tempest-BackendsCapabilitiesAdminTestsJSON-733996329-project-admin] Calling method 'get_pools' {{(pid=108127) _process_stack /opt/stack/cinder/cinder/api/openstack/wsgi.py:856}}
Nov 08 16:11:16.860109 dv-cinder-816187-2-smb devstack@c-api.service[108128]: WARNING cinder.quota [req-45b0b0d7-47fc-4dd9-a510-f478919e2351 req-3acb8cef-ac61-4ad1-8b20-b87a13f25795 tempest-VolumesSnapshotsTestJSON-1130728651 tempest-VolumesSnapshotsTestJSON-1130728651-project] Deprecated: Default quota for resource: volumes___DEFAULT__ is set by the default quota flag: quota_volumes___DEFAULT__, it is now deprecated. Please use the default quota class for default quota.
Nov 08 16:11:16.868391 dv-cinder-816187-2-smb devstack@c-api.service[108128]: WARNING cinder.quota [req-45b0b0d7-47fc-4dd9-a510-f478919e2351 req-3acb8cef-ac61-4ad1-8b20-b87a13f25795 tempest-VolumesSnapshotsTestJSON-1130728651 tempest-VolumesSnapshotsTestJSON-1130728651-project] Deprecated: Default quota for resource: gigabytes___DEFAULT__ is set by the default quota flag: quota_gigabytes___DEFAULT__, it is now deprecated. Please use the default quota class for default quota.
Nov 08 16:11:16.922738 dv-cinder-816187-2-smb devstack@c-api.service[108127]: INFO cinder.api.openstack.wsgi [None req-572ad6cf-47e1-451a-97d1-f0b85be2004d tempest-BackendsCapabilitiesAdminTestsJSON-733996329 tempest-BackendsCapabilitiesAdminTestsJSON-733996329-project-admin] http://10.222.0.26/volume/v3/4aa403cff303442aa98b5960bfb0c025/scheduler-stats/get_pools returned with HTTP 200
Nov 08 16:11:16.923857 dv-cinder-816187-2-smb devstack@c-api.service[108127]: [pid: 108127|app: 0|req: 11/14] 10.222.0.26 () {58 vars in 1267 bytes} [Mon Nov 8 16:11:16 2021] GET /volume/v3/4aa403cff303442aa98b5960bfb0c025/scheduler-stats/get_pools => generated 56 bytes in 351 msecs (HTTP/1.1 200) 7 headers in 284 bytes (1 switches on core 0)
Nov 08 16:11:16.937620 dv-cinder-816187-2-smb devstack@c-api.service[108127]: INFO cinder.api.openstack.wsgi [None req-648e9b87-1555-410a-befa-d923f19292b7 tempest-BackendsCapabilitiesAdminTestsJSON-733996329 tempest-BackendsCapabilitiesAdminTestsJSON-733996329-project-admin] GET http://10.222.0.26/volume/v3/4aa403cff303442aa98b5960bfb0c025/scheduler-stats/get_pools?detail=True
Nov 08 16:11:16.938222 dv-cinder-816187-2-smb devstack@c-api.service[108127]: DEBUG cinder.api.openstack.wsgi [None req-648e9b87-1555-410a-befa-d923f19292b7 tempest-BackendsCapabilitiesAdminTestsJSON-733996329 tempest-BackendsCapabilitiesAdminTestsJSON-733996329-project-admin] Empty body provided in request {{(pid=108127) get_body /opt/stack/cinder/cinder/api/openstack/wsgi.py:703}}
Nov 08 16:11:16.939552 dv-cinder-816187-2-smb devstack@c-api.service[108127]: DEBUG cinder.api.openstack.wsgi [None req-648e9b87-1555-410a-befa-d923f19292b7 tempest-BackendsCapabilitiesAdminTestsJSON-733996329 tempest-BackendsCapabilitiesAdminTestsJSON-733996329-project-admin] Calling method 'get_pools' {{(pid=108127) _process_stack /opt/stack/cinder/cinder/api/openstack/wsgi.py:856}}
Nov 08 16:11:16.969283 dv-cinder-816187-2-smb devstack@c-api.service[108127]: INFO cinder.api.openstack.wsgi [None req-648e9b87-1555-410a-befa-d923f19292b7 tempest-BackendsCapabilitiesAdminTestsJSON-733996329 tempest-BackendsCapabilitiesAdminTestsJSON-733996329-project-admin] http://10.222.0.26/volume/v3/4aa403cff303442aa98b5960bfb0c025/scheduler-stats/get_pools?detail=True returned with HTTP 200
Nov 08 16:11:16.970581 dv-cinder-816187-2-smb devstack@c-api.service[108127]: [pid: 108127|app: 0|req: 12/15] 10.222.0.26 () {58 vars in 1290 bytes} [Mon Nov 8 16:11:16 2021] GET /volume/v3/4aa403cff303442aa98b5960bfb0c025/scheduler-stats/get_pools?detail=True => generated 618 bytes in 40 msecs (HTTP/1.1 200) 7 headers in 285 bytes (2 switches on core 0)
Nov 08 16:11:16.984731 dv-cinder-816187-2-smb devstack@c-api.service[108127]: INFO cinder.api.openstack.wsgi [None req-27c3dea7-5bff-45c3-a08a-a3eadd945675 tempest-BackendsCapabilitiesAdminTestsJSON-733996329 tempest-BackendsCapabilitiesAdminTestsJSON-733996329-project-admin] GET http://10.222.0.26/volume/v3/4aa403cff303442aa98b5960bfb0c025/capabilities/hv-cinder-81618@wincnd
Nov 08 16:11:16.985802 dv-cinder-816187-2-smb devstack@c-api.service[108127]: DEBUG cinder.api.openstack.wsgi [None req-27c3dea7-5bff-45c3-a08a-a3eadd945675 tempest-BackendsCapabilitiesAdminTestsJSON-733996329 tempest-BackendsCapabilitiesAdminTestsJSON-733996329-project-admin] Empty body provided in request {{(pid=108127) get_body /opt/stack/cinder/cinder/api/openstack/wsgi.py:703}}
Nov 08 16:11:16.986330 dv-cinder-816187-2-smb devstack@c-api.service[108127]: DEBUG cinder.api.openstack.wsgi [None req-27c3dea7-5bff-45c3-a08a-a3eadd945675 tempest-BackendsCapabilitiesAdminTestsJSON-733996329 tempest-BackendsCapabilitiesAdminTestsJSON-733996329-project-admin] Calling method 'show' {{(pid=108127) _process_stack /opt/stack/cinder/cinder/api/openstack/wsgi.py:856}}
Nov 08 16:11:17.011103 dv-cinder-816187-2-smb devstack@c-api.service[108128]: DEBUG cinder.quota [req-45b0b0d7-47fc-4dd9-a510-f478919e2351 req-3acb8cef-ac61-4ad1-8b20-b87a13f25795 tempest-VolumesSnapshotsTestJSON-1130728651 tempest-VolumesSnapshotsTestJSON-1130728651-project] Created reservations ['bacc46ad-38e7-4790-8f9c-704e9603d8c5', '48fd3025-97cf-4259-a300-7a776ded81c9', '8a98b220-2d41-472a-a1de-0cd3f6cec952', '2a754486-165a-41d5-808f-8c6f0c99da92'] {{(pid=108128) reserve /opt/stack/cinder/cinder/quota.py:755}}
Nov 08 16:11:17.012992 dv-cinder-816187-2-smb devstack@c-api.service[108128]: DEBUG cinder.volume.api [req-45b0b0d7-47fc-4dd9-a510-f478919e2351 req-3acb8cef-ac61-4ad1-8b20-b87a13f25795 tempest-VolumesSnapshotsTestJSON-1130728651 tempest-VolumesSnapshotsTestJSON-1130728651-project] Task 'cinder.volume.flows.api.create_volume.QuotaReserveTask;volume:create' (d5812b08-c496-4f04-b5b0-b5e1c714199a) transitioned into state 'SUCCESS' from state 'RUNNING' with result '{'reservations': ['bacc46ad-38e7-4790-8f9c-704e9603d8c5', '48fd3025-97cf-4259-a300-7a776ded81c9', '8a98b220-2d41-472a-a1de-0cd3f6cec952', '2a754486-165a-41d5-808f-8c6f0c99da92']}' {{(pid=108128) _task_receiver /usr/local/lib/python3.8/dist-packages/taskflow/listeners/logging.py:178}}
Nov 08 16:11:17.014986 dv-cinder-816187-2-smb devstack@c-api.service[108128]: DEBUG cinder.volume.api [req-45b0b0d7-47fc-4dd9-a510-f478919e2351 req-3acb8cef-ac61-4ad1-8b20-b87a13f25795 tempest-VolumesSnapshotsTestJSON-1130728651 tempest-VolumesSnapshotsTestJSON-1130728651-project] Task 'cinder.volume.flows.api.create_volume.EntryCreateTask;volume:create' (ff6446ef-917d-4577-89d3-eff4f73cb277) transitioned into state 'RUNNING' from state 'PENDING' {{(pid=108128) _task_receiver /usr/local/lib/python3.8/dist-packages/taskflow/listeners/logging.py:190}}
Nov 08 16:11:17.027186 dv-cinder-816187-2-smb devstack@c-api.service[108127]: INFO cinder.api.openstack.wsgi [None req-27c3dea7-5bff-45c3-a08a-a3eadd945675 tempest-BackendsCapabilitiesAdminTestsJSON-733996329 tempest-BackendsCapabilitiesAdminTestsJSON-733996329-project-admin] http://10.222.0.26/volume/v3/4aa403cff303442aa98b5960bfb0c025/capabilities/hv-cinder-81618@wincnd returned with HTTP 200
Nov 08 16:11:17.028752 dv-cinder-816187-2-smb devstack@c-api.service[108127]: [pid: 108127|app: 0|req: 13/16] 10.222.0.26 () {58 vars in 1297 bytes} [Mon Nov 8 16:11:16 2021] GET /volume/v3/4aa403cff303442aa98b5960bfb0c025/capabilities/hv-cinder-81618@wincnd => generated 712 bytes in 51 msecs (HTTP/1.1 200) 7 headers in 285 bytes (2 switches on core 0)
Nov 08 16:11:17.042498 dv-cinder-816187-2-smb devstack@c-api.service[108127]: INFO cinder.api.openstack.wsgi [None req-5c89817d-9d1a-4b4b-8fe3-f9b6d304a198 tempest-BackendsCapabilitiesAdminTestsJSON-733996329 tempest-BackendsCapabilitiesAdminTestsJSON-733996329-project-admin] GET http://10.222.0.26/volume/v3/4aa403cff303442aa98b5960bfb0c025/capabilities/hv-cinder-81618@wincnd
Nov 08 16:11:17.042970 dv-cinder-816187-2-smb devstack@c-api.service[108127]: DEBUG cinder.api.openstack.wsgi [None req-5c89817d-9d1a-4b4b-8fe3-f9b6d304a198 tempest-BackendsCapabilitiesAdminTestsJSON-733996329 tempest-BackendsCapabilitiesAdminTestsJSON-733996329-project-admin] Empty body provided in request {{(pid=108127) get_body /opt/stack/cinder/cinder/api/openstack/wsgi.py:703}}
Nov 08 16:11:17.043387 dv-cinder-816187-2-smb devstack@c-api.service[108127]: DEBUG cinder.api.openstack.wsgi [None req-5c89817d-9d1a-4b4b-8fe3-f9b6d304a198 tempest-BackendsCapabilitiesAdminTestsJSON-733996329 tempest-BackendsCapabilitiesAdminTestsJSON-733996329-project-admin] Calling method 'show' {{(pid=108127) _process_stack /opt/stack/cinder/cinder/api/openstack/wsgi.py:856}}
Nov 08 16:11:17.091462 dv-cinder-816187-2-smb devstack@c-api.service[108127]: INFO cinder.api.openstack.wsgi [None req-5c89817d-9d1a-4b4b-8fe3-f9b6d304a198 tempest-BackendsCapabilitiesAdminTestsJSON-733996329 tempest-BackendsCapabilitiesAdminTestsJSON-733996329-project-admin] http://10.222.0.26/volume/v3/4aa403cff303442aa98b5960bfb0c025/capabilities/hv-cinder-81618@wincnd returned with HTTP 200
Nov 08 16:11:17.092654 dv-cinder-816187-2-smb devstack@c-api.service[108127]: [pid: 108127|app: 0|req: 14/17] 10.222.0.26 () {58 vars in 1297 bytes} [Mon Nov 8 16:11:17 2021] GET /volume/v3/4aa403cff303442aa98b5960bfb0c025/capabilities/hv-cinder-81618@wincnd => generated 712 bytes in 56 msecs (HTTP/1.1 200) 7 headers in 285 bytes (1 switches on core 0)
Nov 08 16:11:17.118568 dv-cinder-816187-2-smb devstack@c-api.service[108128]: DEBUG cinder.volume.api [req-45b0b0d7-47fc-4dd9-a510-f478919e2351 req-3acb8cef-ac61-4ad1-8b20-b87a13f25795 tempest-VolumesSnapshotsTestJSON-1130728651 tempest-VolumesSnapshotsTestJSON-1130728651-project] Task 'cinder.volume.flows.api.create_volume.EntryCreateTask;volume:create' (ff6446ef-917d-4577-89d3-eff4f73cb277) transitioned into state 'SUCCESS' from state 'RUNNING' with result '{'volume_id': '96501a52-d24d-440f-909d-31b466b67d33', 'volume_properties': VolumeProperties(attach_status='detached',availability_zone='nova',cgsnapshot_id=None,consistencygroup_id=None,display_description=None,display_name='tempest-VolumesSnapshotsTestJSON-volume-1246649757',encryption_key_id=None,group_id=None,group_type_id=,metadata={},multiattach=False,project_id='cb819642528542918eb93f49e3a8a1da',qos_specs=None,replication_status=,reservations=['bacc46ad-38e7-4790-8f9c-704e9603d8c5','48fd3025-97cf-4259-a300-7a776ded81c9','8a98b220-2d41-472a-a1de-0cd3f6cec952','2a754486-165a-41d5-808f-8c6f0c99da92'],size=1,snapshot_id=None,source_replicaid=,source_volid=None,status='creating',user_id='56ecff31b3f145c08060189b097e2929',volume_type_id=1df29a8c-9382-4aaa-9194-3d2702fa2ff8), 'volume': Volume(_name_id=None,admin_metadata=,attach_status='detached',availability_zone='nova',bootable=False,cluster=,cluster_name=None,consistencygroup=,consistencygroup_id=None,created_at=2021-11-08T16:11:17Z,deleted=False,deleted_at=None,display_description=None,display_name='tempest-VolumesSnapshotsTestJSON-volume-1246649757',ec2_id=None,encryption_key_id=None,glance_metadata=,group=,group_id=None,host=None,id=96501a52-d24d-440f-909d-31b466b67d33,launched_at=None,metadata={},migration_status=None,multiattach=False,previous_status=None,project_id='cb819642528542918eb93f49e3a8a1da',provider_auth=None,provider_geometry=None,provider_id=None,provider_location=None,replication_driver_data=None,replication_extended_status=None,replication_status=None,scheduled_at=None,service_uuid=None,shared_targets=True,size=1,snapshot_id=None,snapshots=,source_volid=None,status='creating',terminated_at=None,updated_at=None,use_quota=True,user_id='56ecff31b3f145c08060189b097e2929',volume_attachment=VolumeAttachmentList,volume_type=VolumeType(1df29a8c-9382-4aaa-9194-3d2702fa2ff8),volume_type_id=1df29a8c-9382-4aaa-9194-3d2702fa2ff8)}' {{(pid=108128) _task_receiver /usr/local/lib/python3.8/dist-packages/taskflow/listeners/logging.py:178}}
Nov 08 16:11:17.124296 dv-cinder-816187-2-smb devstack@c-api.service[108128]: DEBUG cinder.volume.api [req-45b0b0d7-47fc-4dd9-a510-f478919e2351 req-3acb8cef-ac61-4ad1-8b20-b87a13f25795 tempest-VolumesSnapshotsTestJSON-1130728651 tempest-VolumesSnapshotsTestJSON-1130728651-project] Task 'cinder.volume.flows.api.create_volume.QuotaCommitTask;volume:create' (f7053076-d872-402a-ac85-3b5fd8ebec45) transitioned into state 'RUNNING' from state 'PENDING' {{(pid=108128) _task_receiver /usr/local/lib/python3.8/dist-packages/taskflow/listeners/logging.py:190}}
Nov 08 16:11:17.210812 dv-cinder-816187-2-smb devstack@c-api.service[108128]: DEBUG cinder.volume.api [req-45b0b0d7-47fc-4dd9-a510-f478919e2351 req-3acb8cef-ac61-4ad1-8b20-b87a13f25795 tempest-VolumesSnapshotsTestJSON-1130728651 tempest-VolumesSnapshotsTestJSON-1130728651-project] Task 'cinder.volume.flows.api.create_volume.QuotaCommitTask;volume:create' (f7053076-d872-402a-ac85-3b5fd8ebec45) transitioned into state 'SUCCESS' from state 'RUNNING' with result '{'volume_properties': VolumeProperties(attach_status='detached',availability_zone='nova',cgsnapshot_id=None,consistencygroup_id=None,display_description=None,display_name='tempest-VolumesSnapshotsTestJSON-volume-1246649757',encryption_key_id=None,group_id=None,group_type_id=,metadata={},multiattach=False,project_id='cb819642528542918eb93f49e3a8a1da',qos_specs=None,replication_status=,reservations=['bacc46ad-38e7-4790-8f9c-704e9603d8c5','48fd3025-97cf-4259-a300-7a776ded81c9','8a98b220-2d41-472a-a1de-0cd3f6cec952','2a754486-165a-41d5-808f-8c6f0c99da92'],size=1,snapshot_id=None,source_replicaid=,source_volid=None,status='creating',user_id='56ecff31b3f145c08060189b097e2929',volume_type_id=1df29a8c-9382-4aaa-9194-3d2702fa2ff8)}' {{(pid=108128) _task_receiver /usr/local/lib/python3.8/dist-packages/taskflow/listeners/logging.py:178}}
Nov 08 16:11:17.213354 dv-cinder-816187-2-smb devstack@c-api.service[108128]: DEBUG cinder.volume.api [req-45b0b0d7-47fc-4dd9-a510-f478919e2351 req-3acb8cef-ac61-4ad1-8b20-b87a13f25795 tempest-VolumesSnapshotsTestJSON-1130728651 tempest-VolumesSnapshotsTestJSON-1130728651-project] Task 'cinder.volume.flows.api.create_volume.VolumeCastTask;volume:create' (a604e642-df09-466b-9004-37f4f33d6538) transitioned into state 'RUNNING' from state 'PENDING' {{(pid=108128) _task_receiver /usr/local/lib/python3.8/dist-packages/taskflow/listeners/logging.py:190}}
Nov 08 16:11:17.322765 dv-cinder-816187-2-smb devstack@c-api.service[108128]: DEBUG cinder.volume.api [req-45b0b0d7-47fc-4dd9-a510-f478919e2351 req-3acb8cef-ac61-4ad1-8b20-b87a13f25795 tempest-VolumesSnapshotsTestJSON-1130728651 tempest-VolumesSnapshotsTestJSON-1130728651-project] Task 'cinder.volume.flows.api.create_volume.VolumeCastTask;volume:create' (a604e642-df09-466b-9004-37f4f33d6538) transitioned into state 'SUCCESS' from state 'RUNNING' with result 'None' {{(pid=108128) _task_receiver /usr/local/lib/python3.8/dist-packages/taskflow/listeners/logging.py:178}}
Nov 08 16:11:17.325689 dv-cinder-816187-2-smb devstack@c-api.service[108128]: DEBUG cinder.volume.api [req-45b0b0d7-47fc-4dd9-a510-f478919e2351 req-3acb8cef-ac61-4ad1-8b20-b87a13f25795 tempest-VolumesSnapshotsTestJSON-1130728651 tempest-VolumesSnapshotsTestJSON-1130728651-project] Flow 'volume_create_api' (653601e1-c8ae-49e2-9bb7-73e7d33bd98a) transitioned into state 'SUCCESS' from state 'RUNNING' {{(pid=108128) _flow_receiver /usr/local/lib/python3.8/dist-packages/taskflow/listeners/logging.py:141}}
Nov 08 16:11:17.326386 dv-cinder-816187-2-smb devstack@c-api.service[108128]: INFO cinder.volume.api [req-45b0b0d7-47fc-4dd9-a510-f478919e2351 req-3acb8cef-ac61-4ad1-8b20-b87a13f25795 tempest-VolumesSnapshotsTestJSON-1130728651 tempest-VolumesSnapshotsTestJSON-1130728651-project] Create volume request issued successfully.
Nov 08 16:11:17.328332 dv-cinder-816187-2-smb devstack@c-api.service[108128]: INFO cinder.api.openstack.wsgi [req-45b0b0d7-47fc-4dd9-a510-f478919e2351 req-3acb8cef-ac61-4ad1-8b20-b87a13f25795 tempest-VolumesSnapshotsTestJSON-1130728651 tempest-VolumesSnapshotsTestJSON-1130728651-project] http://10.222.0.26/volume/v3/cb819642528542918eb93f49e3a8a1da/volumes returned with HTTP 202
Nov 08 16:11:17.339205 dv-cinder-816187-2-smb devstack@c-api.service[108127]: WARNING keystonemiddleware.auth_token [None req-5c89817d-9d1a-4b4b-8fe3-f9b6d304a198 tempest-BackendsCapabilitiesAdminTestsJSON-733996329 tempest-BackendsCapabilitiesAdminTestsJSON-733996329-project-admin] A valid token was submitted as a service token, but it was not a valid service token. This is incorrect but backwards compatible behaviour. This will be removed in future releases.
Nov 08 16:11:17.339732 dv-cinder-816187-2-smb devstack@c-api.service[108128]: [pid: 108128|app: 0|req: 4/18] 10.222.0.26 () {64 vars in 1521 bytes} [Mon Nov 8 16:11:16 2021] POST /volume/v3/cb819642528542918eb93f49e3a8a1da/volumes => generated 824 bytes in 1124 msecs (HTTP/1.1 202) 7 headers in 291 bytes (2 switches on core 0)
Nov 08 16:11:17.342746 dv-cinder-816187-2-smb devstack@c-api.service[108127]: INFO cinder.api.openstack.wsgi [req-45b0b0d7-47fc-4dd9-a510-f478919e2351 req-fd6024b5-24ae-40b8-a438-0fb91a2274d2 tempest-VolumesSnapshotsTestJSON-1130728651 tempest-VolumesSnapshotsTestJSON-1130728651-project] GET http://10.222.0.26/volume/v3/cb819642528542918eb93f49e3a8a1da/volumes/96501a52-d24d-440f-909d-31b466b67d33
Nov 08 16:11:17.343061 dv-cinder-816187-2-smb devstack@c-api.service[108127]: DEBUG cinder.api.openstack.wsgi [req-45b0b0d7-47fc-4dd9-a510-f478919e2351 req-fd6024b5-24ae-40b8-a438-0fb91a2274d2 tempest-VolumesSnapshotsTestJSON-1130728651 tempest-VolumesSnapshotsTestJSON-1130728651-project] Empty body provided in request {{(pid=108127) get_body /opt/stack/cinder/cinder/api/openstack/wsgi.py:703}}
Nov 08 16:11:17.343500 dv-cinder-816187-2-smb devstack@c-api.service[108127]: DEBUG cinder.api.openstack.wsgi [req-45b0b0d7-47fc-4dd9-a510-f478919e2351 req-fd6024b5-24ae-40b8-a438-0fb91a2274d2 tempest-VolumesSnapshotsTestJSON-1130728651 tempest-VolumesSnapshotsTestJSON-1130728651-project] Calling method 'show' {{(pid=108127) _process_stack /opt/stack/cinder/cinder/api/openstack/wsgi.py:856}}
Nov 08 16:11:17.478031 dv-cinder-816187-2-smb devstack@c-api.service[108127]: /usr/local/lib/python3.8/dist-packages/oslo_context/context.py:105: DeprecationWarning: Policy enforcement is depending on the value of is_admin. This key is deprecated. Please update your policy file to use the standard policy values.
Nov 08 16:11:17.478031 dv-cinder-816187-2-smb devstack@c-api.service[108127]: warnings.warn('Policy enforcement is depending on the value of '
Nov 08 16:11:17.526004 dv-cinder-816187-2-smb devstack@c-api.service[108127]: INFO cinder.volume.api [req-45b0b0d7-47fc-4dd9-a510-f478919e2351 req-fd6024b5-24ae-40b8-a438-0fb91a2274d2 tempest-VolumesSnapshotsTestJSON-1130728651 tempest-VolumesSnapshotsTestJSON-1130728651-project] Volume info retrieved successfully.
Nov 08 16:11:17.562518 dv-cinder-816187-2-smb devstack@c-api.service[108127]: INFO cinder.api.openstack.wsgi [req-45b0b0d7-47fc-4dd9-a510-f478919e2351 req-fd6024b5-24ae-40b8-a438-0fb91a2274d2 tempest-VolumesSnapshotsTestJSON-1130728651 tempest-VolumesSnapshotsTestJSON-1130728651-project] http://10.222.0.26/volume/v3/cb819642528542918eb93f49e3a8a1da/volumes/96501a52-d24d-440f-909d-31b466b67d33 returned with HTTP 200
Nov 08 16:11:17.570752 dv-cinder-816187-2-smb devstack@c-api.service[108127]: [pid: 108127|app: 0|req: 15/19] 10.222.0.26 () {60 vars in 1578 bytes} [Mon Nov 8 16:11:17 2021] GET /volume/v3/cb819642528542918eb93f49e3a8a1da/volumes/96501a52-d24d-440f-909d-31b466b67d33 => generated 892 bytes in 234 msecs (HTTP/1.1 200) 7 headers in 285 bytes (1 switches on core 0)
Nov 08 16:11:18.370935 dv-cinder-816187-2-smb devstack@c-api.service[108128]: INFO cinder.api.openstack.wsgi [req-908147bc-5da0-41bb-b4e0-96dd5a7ea583 req-d0345252-9480-4f5b-af91-954fea8e3a65 tempest-VolumesSnapshotsTestJSON-1130728651 tempest-VolumesSnapshotsTestJSON-1130728651-project] GET http://10.222.0.26/volume/v3/cb819642528542918eb93f49e3a8a1da/volumes/96501a52-d24d-440f-909d-31b466b67d33
Nov 08 16:11:18.371573 dv-cinder-816187-2-smb devstack@c-api.service[108128]: DEBUG cinder.api.openstack.wsgi [req-908147bc-5da0-41bb-b4e0-96dd5a7ea583 req-d0345252-9480-4f5b-af91-954fea8e3a65 tempest-VolumesSnapshotsTestJSON-1130728651 tempest-VolumesSnapshotsTestJSON-1130728651-project] Empty body provided in request {{(pid=108128) get_body /opt/stack/cinder/cinder/api/openstack/wsgi.py:703}}
Nov 08 16:11:18.371573 dv-cinder-816187-2-smb devstack@c-api.service[108128]: /usr/local/lib/python3.8/dist-packages/webob/acceptparse.py:1047: DeprecationWarning: The behavior of AcceptValidHeader.best_match is currently being maintained for backward compatibility, but it will be deprecated in the future, as it does not conform to the RFC.
Nov 08 16:11:18.371573 dv-cinder-816187-2-smb devstack@c-api.service[108128]: warnings.warn(
Nov 08 16:11:18.371896 dv-cinder-816187-2-smb devstack@c-api.service[108128]: DEBUG cinder.api.openstack.wsgi [req-908147bc-5da0-41bb-b4e0-96dd5a7ea583 req-d0345252-9480-4f5b-af91-954fea8e3a65 tempest-VolumesSnapshotsTestJSON-1130728651 tempest-VolumesSnapshotsTestJSON-1130728651-project] Calling method 'show' {{(pid=108128) _process_stack /opt/stack/cinder/cinder/api/openstack/wsgi.py:856}}
