Nov 01 16:28:26.790654 dv-cinder-816187-1-smb neutron-server[101301]: DEBUG neutron_lib.callbacks.manager [req-91827163-02d1-4f48-a4fa-aa4ab0268eb5 req-7b013a1e-f30e-4063-b83b-75077cd425ab service neutron] Publish callbacks ['neutron.notifiers.nova.Notifier._send_nova_notification-106159'] for port, before_response {{(pid=101301) _notify_loop /usr/local/lib/python3.8/dist-packages/neutron_lib/callbacks/manager.py:175}}
Nov 01 16:28:26.793246 dv-cinder-816187-1-smb neutron-server[101301]: INFO neutron.wsgi [req-91827163-02d1-4f48-a4fa-aa4ab0268eb5 req-7b013a1e-f30e-4063-b83b-75077cd425ab service neutron] 10.222.0.31 "PUT /v2.0/ports/de5af4ca-9bc1-469b-98d3-d24ee1109a5d HTTP/1.1" status: 200 len: 1098 time: 1.0366194
Nov 01 16:28:26.794243 dv-cinder-816187-1-smb neutron-server[101301]: DEBUG neutron.notifiers.nova [-] Sending events: [{'name': 'network-changed', 'server_uuid': '9993b550-f11d-42d9-8c32-149879ed50c8', 'tag': 'de5af4ca-9bc1-469b-98d3-d24ee1109a5d'}] {{(pid=101301) send_events /opt/stack/neutron/neutron/notifiers/nova.py:262}}
Nov 01 16:28:26.811669 dv-cinder-816187-1-smb neutron-server[101301]: DEBUG novaclient.v2.client [-] REQ: curl -g -i --cacert "/opt/stack/data/ca-bundle.pem" -X POST http://10.222.0.15/compute/v2.1/os-server-external-events -H "Accept: application/json" -H "Content-Type: application/json" -H "User-Agent: python-novaclient" -H "X-Auth-Token: {SHA256}912c06013eb5cc3744fce2c03e775ac4daa8710ba3044779bfcfac4ddc6bff79" -H "X-OpenStack-Nova-API-Version: 2.1" -H "X-OpenStack-Request-ID: req-2ad3928b-68b7-4640-bba7-3cf6c13efa7a" -d '{"events": [{"name": "network-changed", "server_uuid": "9993b550-f11d-42d9-8c32-149879ed50c8", "tag": "de5af4ca-9bc1-469b-98d3-d24ee1109a5d"}]}' {{(pid=101301) _http_log_request /usr/local/lib/python3.8/dist-packages/keystoneauth1/session.py:519}}
Nov 01 16:28:26.847303 dv-cinder-816187-1-smb neutron-server[101300]: DEBUG neutron.api.rpc.handlers.resources_rpc [None req-ac91bf72-027d-42f1-b77f-87ad3651b6f7 admin admin] Pushing event deleted for resources: {'SecurityGroup': ['ID=de15ea2a-b5ec-4ee2-b586-2501ed59072e,revision_number=None']} {{(pid=101300) push /opt/stack/neutron/neutron/api/rpc/handlers/resources_rpc.py:237}}
Nov 01 16:28:26.901040 dv-cinder-816187-1-smb neutron-server[101301]: DEBUG novaclient.v2.client [-] RESP: [200] Connection: close Content-Length: 179 Content-Type: application/json Date: Mon, 01 Nov 2021 16:28:26 GMT OpenStack-API-Version: compute 2.1 Server: Apache/2.4.41 (Ubuntu) Vary: OpenStack-API-Version,X-OpenStack-Nova-API-Version X-OpenStack-Nova-API-Version: 2.1 x-compute-request-id: req-76599547-ab99-4533-bc06-f7910e011822 x-openstack-request-id: req-76599547-ab99-4533-bc06-f7910e011822 {{(pid=101301) _http_log_response /usr/local/lib/python3.8/dist-packages/keystoneauth1/session.py:550}}
Nov 01 16:28:26.901440 dv-cinder-816187-1-smb neutron-server[101301]: DEBUG novaclient.v2.client [-] RESP BODY: {"events": [{"name": "network-changed", "server_uuid": "9993b550-f11d-42d9-8c32-149879ed50c8", "tag": "de5af4ca-9bc1-469b-98d3-d24ee1109a5d", "status": "completed", "code": 200}]} {{(pid=101301) _http_log_response /usr/local/lib/python3.8/dist-packages/keystoneauth1/session.py:582}}
Nov 01 16:28:26.901945 dv-cinder-816187-1-smb neutron-server[101301]: DEBUG novaclient.v2.client [-] POST call to compute for http://10.222.0.15/compute/v2.1/os-server-external-events used request id req-76599547-ab99-4533-bc06-f7910e011822 {{(pid=101301) request /usr/local/lib/python3.8/dist-packages/keystoneauth1/session.py:954}}
Nov 01 16:28:26.902543 dv-cinder-816187-1-smb neutron-server[101301]: INFO neutron.notifiers.nova [-] Nova event response: {'name': 'network-changed', 'server_uuid': '9993b550-f11d-42d9-8c32-149879ed50c8', 'tag': 'de5af4ca-9bc1-469b-98d3-d24ee1109a5d', 'status': 'completed', 'code': 200}
Nov 01 16:28:26.931980 dv-cinder-816187-1-smb neutron-server[101301]: DEBUG neutron.pecan_wsgi.hooks.policy_enforcement [req-91827163-02d1-4f48-a4fa-aa4ab0268eb5 req-1a3efbd7-709d-4946-88da-3fc8f72e9cad service neutron] Attributes excluded by policy engine: ['standard_attr_id'] {{(pid=101301) _exclude_attributes_by_policy /opt/stack/neutron/neutron/pecan_wsgi/hooks/policy_enforcement.py:255}}
Nov 01 16:28:26.934298 dv-cinder-816187-1-smb neutron-server[101301]: INFO neutron.wsgi [req-91827163-02d1-4f48-a4fa-aa4ab0268eb5 req-1a3efbd7-709d-4946-88da-3fc8f72e9cad service neutron] 10.222.0.31 "GET /v2.0/ports?tenant_id=871957c375d3432e8fbd73d80d110913&device_id=9993b550-f11d-42d9-8c32-149879ed50c8 HTTP/1.1" status: 200 len: 1101 time: 0.0645225
Nov 01 16:28:26.935420 dv-cinder-816187-1-smb neutron-server[101300]: DEBUG neutron_lib.callbacks.manager [req-f4f4dd16-2a44-4bf8-8c29-d54812e266e2 req-ce6a379a-39ab-4733-9c4c-26f1e3a55fcf service neutron] Publish callbacks ['neutron.plugins.ml2.plugin.SecurityGroupDbMixin._ensure_default_security_group_handler-976315'] for port, before_update {{(pid=101300) _notify_loop /usr/local/lib/python3.8/dist-packages/neutron_lib/callbacks/manager.py:175}}
Nov 01 16:28:27.050487 dv-cinder-816187-1-smb neutron-server[101301]: INFO neutron.wsgi [req-91827163-02d1-4f48-a4fa-aa4ab0268eb5 req-8da84b63-19b3-43d0-85da-5fb1b07b4739 service neutron] 10.222.0.31 "GET /v2.0/floatingips?fixed_ip_address=192.168.233.231&port_id=de5af4ca-9bc1-469b-98d3-d24ee1109a5d HTTP/1.1" status: 200 len: 217 time: 0.0923655
Nov 01 16:28:27.126673 dv-cinder-816187-1-smb neutron-server[101301]: DEBUG neutron.pecan_wsgi.hooks.policy_enforcement [req-91827163-02d1-4f48-a4fa-aa4ab0268eb5 req-029e4309-0019-4bef-bd12-7cb93729b3fc service neutron] Attributes excluded by policy engine: ['standard_attr_id', 'shared'] {{(pid=101301) _exclude_attributes_by_policy /opt/stack/neutron/neutron/pecan_wsgi/hooks/policy_enforcement.py:255}}
Nov 01 16:28:27.128227 dv-cinder-816187-1-smb neutron-server[101301]: INFO neutron.wsgi [req-91827163-02d1-4f48-a4fa-aa4ab0268eb5 req-029e4309-0019-4bef-bd12-7cb93729b3fc service neutron] 10.222.0.31 "GET /v2.0/subnets?id=6e7bd0d8-b312-4e3a-a6b1-98cc7f0315f2 HTTP/1.1" status: 200 len: 843 time: 0.0710709
Nov 01 16:28:27.195512 dv-cinder-816187-1-smb neutron-server[101301]: DEBUG neutron.pecan_wsgi.hooks.policy_enforcement [req-91827163-02d1-4f48-a4fa-aa4ab0268eb5 req-3aaa8640-22eb-4a8e-b243-44e417814939 service neutron] Attributes excluded by policy engine: ['standard_attr_id'] {{(pid=101301) _exclude_attributes_by_policy /opt/stack/neutron/neutron/pecan_wsgi/hooks/policy_enforcement.py:255}}
Nov 01 16:28:27.195952 dv-cinder-816187-1-smb neutron-server[101301]: INFO neutron.wsgi [req-91827163-02d1-4f48-a4fa-aa4ab0268eb5 req-3aaa8640-22eb-4a8e-b243-44e417814939 service neutron] 10.222.0.31 "GET /v2.0/ports?network_id=82ddb3c0-f1ab-4381-a92a-d67ba12d3afc&device_owner=network%3Adhcp HTTP/1.1" status: 200 len: 1176 time: 0.0556426
Nov 01 16:28:27.196761 dv-cinder-816187-1-smb neutron-server[101300]: DEBUG neutron.pecan_wsgi.hooks.policy_enforcement [req-0ce929be-6a63-4a90-b4a2-b99054b5d479 req-df06d236-a9fd-440c-b692-578a3f1fd6db tempest-VolumesNegativeTest-1623399087 tempest-VolumesNegativeTest-1623399087-project] Attributes excluded by policy engine: ['standard_attr_id', 'binding:profile', 'binding:host_id', 'binding:vif_type', 'binding:vif_details'] {{(pid=101300) _exclude_attributes_by_policy /opt/stack/neutron/neutron/pecan_wsgi/hooks/policy_enforcement.py:255}}
Nov 01 16:28:27.198868 dv-cinder-816187-1-smb neutron-server[101300]: INFO neutron.wsgi [req-0ce929be-6a63-4a90-b4a2-b99054b5d479 req-df06d236-a9fd-440c-b692-578a3f1fd6db tempest-VolumesNegativeTest-1623399087 tempest-VolumesNegativeTest-1623399087-project] 10.222.0.15 "GET /v2.0/ports?device_id=9993b550-f11d-42d9-8c32-149879ed50c8 HTTP/1.1" status: 200 len: 948 time: 0.1570070
Nov 01 16:28:27.287692 dv-cinder-816187-1-smb neutron-server[101300]: INFO neutron.wsgi [req-0ce929be-6a63-4a90-b4a2-b99054b5d479 req-680ae100-05ed-419e-a31d-5f9a05d299a9 tempest-VolumesNegativeTest-1623399087 tempest-VolumesNegativeTest-1623399087-project] 10.222.0.15 "GET /v2.0/security-groups?id=3c7269c2-0d0c-4dac-acf8-a9c19fce0775&fields=id&fields=name HTTP/1.1" status: 200 len: 286 time: 0.0736077
Nov 01 16:28:27.341634 dv-cinder-816187-1-smb neutron-server[101302]: DEBUG neutron_lib.callbacks.manager [None req-6536cbb0-5153-4b4a-a938-e1c687836318 None None] Publish callbacks ['neutron.services.segments.db._update_segment_host_mapping_for_agent-8753156144303', 'neutron.plugins.ml2.plugin.Ml2Plugin._retry_binding_revived_agents-944202'] for agent, after_update {{(pid=101302) _notify_loop /usr/local/lib/python3.8/dist-packages/neutron_lib/callbacks/manager.py:175}}
Nov 01 16:28:27.374958 dv-cinder-816187-1-smb neutron-server[101301]: INFO neutron.wsgi [req-91827163-02d1-4f48-a4fa-aa4ab0268eb5 req-1f29051b-534d-4553-b87b-3ff9ba16356f service neutron] 10.222.0.31 "GET /v2.0/networks/82ddb3c0-f1ab-4381-a92a-d67ba12d3afc?fields=segments HTTP/1.1" status: 200 len: 212 time: 0.1554253
Nov 01 16:28:27.385049 dv-cinder-816187-1-smb neutron-server[101301]: DEBUG neutron.pecan_wsgi.hooks.policy_enforcement [req-5a951541-ee8d-4f4e-b2f2-154cb66cde63 req-9d9720f8-d396-4287-807c-b3d897b0fdff tempest-VolumesActionsTest-1867270699 tempest-VolumesActionsTest-1867270699-project] Attributes excluded by policy engine: ['standard_attr_id', 'binding:profile', 'binding:host_id', 'binding:vif_type', 'binding:vif_details'] {{(pid=101301) _exclude_attributes_by_policy /opt/stack/neutron/neutron/pecan_wsgi/hooks/policy_enforcement.py:255}}
Nov 01 16:28:27.386735 dv-cinder-816187-1-smb neutron-server[101301]: INFO neutron.wsgi [req-5a951541-ee8d-4f4e-b2f2-154cb66cde63 req-9d9720f8-d396-4287-807c-b3d897b0fdff tempest-VolumesActionsTest-1867270699 tempest-VolumesActionsTest-1867270699-project] 10.222.0.15 "GET /v2.0/ports?device_id=71eb41f9-7c57-4511-8f4b-48918dfd514b HTTP/1.1" status: 200 len: 931 time: 0.1087065
Nov 01 16:28:27.417231 dv-cinder-816187-1-smb neutron-server[101300]: DEBUG neutron.notifiers.nova [req-f4f4dd16-2a44-4bf8-8c29-d54812e266e2 req-ce6a379a-39ab-4733-9c4c-26f1e3a55fcf service neutron] Ignoring state change previous_port_status: DOWN current_port_status: DOWN port_id 9cf23192-a604-4769-96c3-12da4397ab61 {{(pid=101300) record_port_status_changed /opt/stack/neutron/neutron/notifiers/nova.py:224}}
Nov 01 16:28:27.438496 dv-cinder-816187-1-smb neutron-server[101300]: DEBUG neutron_lib.callbacks.manager [req-f4f4dd16-2a44-4bf8-8c29-d54812e266e2 req-ce6a379a-39ab-4733-9c4c-26f1e3a55fcf service neutron] Publish callbacks [] for port, precommit_update {{(pid=101300) _notify_loop /usr/local/lib/python3.8/dist-packages/neutron_lib/callbacks/manager.py:175}}
Nov 01 16:28:27.456499 dv-cinder-816187-1-smb neutron-server[101300]: DEBUG neutron.db.provisioning_blocks [req-f4f4dd16-2a44-4bf8-8c29-d54812e266e2 req-ce6a379a-39ab-4733-9c4c-26f1e3a55fcf service neutron] Transition to ACTIVE for port object 9cf23192-a604-4769-96c3-12da4397ab61 will not be triggered until provisioned by entity L2. {{(pid=101300) add_provisioning_component /opt/stack/neutron/neutron/db/provisioning_blocks.py:73}}
Nov 01 16:28:27.462580 dv-cinder-816187-1-smb neutron-server[101300]: DEBUG neutron_lib.callbacks.manager [req-f4f4dd16-2a44-4bf8-8c29-d54812e266e2 req-ce6a379a-39ab-4733-9c4c-26f1e3a55fcf service neutron] Publish callbacks ['neutron.plugins.ml2.plugin.SecurityGroupServerNotifierRpcMixin._notify_sg_on_port_change-976343', 'neutron.plugins.ml2.ovo_rpc._ObjectChangeHandler.handle_event-215558', 'neutron.api.rpc.agentnotifiers.dhcp_rpc_agent_api.DhcpAgentNotifyAPI._native_event_send_dhcp_notification-8334018', 'neutron.db.l3_db.L3RpcNotifierMixin._notify_gateway_port_ip_changed-8753156222558', 'neutron.db.l3_dvrscheduler_db._notify_l3_agent_port_update-8753155642076', 'neutron.db.l3_hascheduler_db._notify_l3_agent_ha_port_update-8753155642094', 'neutron.services.segments.plugin.NovaSegmentNotifier._notify_port_updated-4682719'] for port, after_update {{(pid=101300) _notify_loop /usr/local/lib/python3.8/dist-packages/neutron_lib/callbacks/manager.py:175}}
Nov 01 16:28:27.490571 dv-cinder-816187-1-smb neutron-server[101301]: INFO neutron.wsgi [req-5a951541-ee8d-4f4e-b2f2-154cb66cde63 req-e2776414-d6f5-4811-93b4-c21f5b3ee20c tempest-VolumesActionsTest-1867270699 tempest-VolumesActionsTest-1867270699-project] 10.222.0.15 "GET /v2.0/security-groups?id=c8237d6c-5786-4b16-a575-91d77e09707d&fields=id&fields=name HTTP/1.1" status: 200 len: 286 time: 0.0962362
Nov 01 16:28:27.516791 dv-cinder-816187-1-smb neutron-server[101300]: DEBUG neutron.pecan_wsgi.hooks.policy_enforcement [req-8a1ee673-2c75-4f77-88a9-93b2da2b4892 req-f75ee9fa-fbc2-4b1c-bf9f-0b8c408f5e28 tempest-ServerRescueNegativeTestJSON-1672726480 tempest-ServerRescueNegativeTestJSON-1672726480-project] Attributes excluded by policy engine: ['standard_attr_id', 'binding:profile', 'binding:host_id', 'binding:vif_type', 'binding:vif_details'] {{(pid=101300) _exclude_attributes_by_policy /opt/stack/neutron/neutron/pecan_wsgi/hooks/policy_enforcement.py:255}}
Nov 01 16:28:27.518407 dv-cinder-816187-1-smb neutron-server[101300]: INFO neutron.wsgi [req-8a1ee673-2c75-4f77-88a9-93b2da2b4892 req-f75ee9fa-fbc2-4b1c-bf9f-0b8c408f5e28 tempest-ServerRescueNegativeTestJSON-1672726480 tempest-ServerRescueNegativeTestJSON-1672726480-project] 10.222.0.15 "GET /v2.0/ports?device_id=67d08194-ad9c-439d-a08d-2caefe3d4ebd HTTP/1.1" status: 200 len: 946 time: 0.1135375
Nov 01 16:28:27.540169 dv-cinder-816187-1-smb neutron-server[101301]: INFO neutron.wsgi [req-91827163-02d1-4f48-a4fa-aa4ab0268eb5 req-cad7c3ea-32e1-4062-baf7-44dd38ce8270 service neutron] 10.222.0.31 "GET /v2.0/networks/82ddb3c0-f1ab-4381-a92a-d67ba12d3afc?fields=provider%3Aphysical_network&fields=provider%3Anetwork_type HTTP/1.1" status: 200 len: 281 time: 0.1472366
Nov 01 16:28:27.560970 dv-cinder-816187-1-smb neutron-server[101300]: DEBUG neutron.api.rpc.handlers.resources_rpc [None req-ce6a379a-39ab-4733-9c4c-26f1e3a55fcf service neutron] Pushing event updated for resources: {'Port': ['ID=9cf23192-a604-4769-96c3-12da4397ab61,revision_number=2']} {{(pid=101300) push /opt/stack/neutron/neutron/api/rpc/handlers/resources_rpc.py:237}}
Nov 01 16:28:27.627349 dv-cinder-816187-1-smb neutron-server[101300]: INFO neutron.wsgi [req-8a1ee673-2c75-4f77-88a9-93b2da2b4892 req-b76013ab-6406-4760-8c02-a80dd4b171c4 tempest-ServerRescueNegativeTestJSON-1672726480 tempest-ServerRescueNegativeTestJSON-1672726480-project] 10.222.0.15 "GET /v2.0/security-groups?id=7dae1069-135d-4e36-aebc-d461d70207b7&fields=id&fields=name HTTP/1.1" status: 200 len: 286 time: 0.0999975
Nov 01 16:28:27.661483 dv-cinder-816187-1-smb neutron-server[101301]: DEBUG neutron.pecan_wsgi.hooks.policy_enforcement [req-2ad3928b-68b7-4640-bba7-3cf6c13efa7a req-38ef3cb6-a38b-467c-8b13-328656394bd0 service neutron] Attributes excluded by policy engine: ['standard_attr_id'] {{(pid=101301) _exclude_attributes_by_policy /opt/stack/neutron/neutron/pecan_wsgi/hooks/policy_enforcement.py:255}}
Nov 01 16:28:27.663352 dv-cinder-816187-1-smb neutron-server[101301]: INFO neutron.wsgi [req-2ad3928b-68b7-4640-bba7-3cf6c13efa7a req-38ef3cb6-a38b-467c-8b13-328656394bd0 service neutron] 10.222.0.31 "GET /v2.0/ports?tenant_id=871957c375d3432e8fbd73d80d110913&device_id=9993b550-f11d-42d9-8c32-149879ed50c8 HTTP/1.1" status: 200 len: 1101 time: 0.0574083
Nov 01 16:28:27.663791 dv-cinder-816187-1-smb neutron-server[101300]: DEBUG neutron.plugins.ml2.managers [req-f4f4dd16-2a44-4bf8-8c29-d54812e266e2 req-ce6a379a-39ab-4733-9c4c-26f1e3a55fcf service neutron] Attempting to bind port 9cf23192-a604-4769-96c3-12da4397ab61 on host hv-cinder-81618 for vnic_type normal with profile {{(pid=101300) bind_port /opt/stack/neutron/neutron/plugins/ml2/managers.py:795}}
Nov 01 16:28:27.664124 dv-cinder-816187-1-smb neutron-server[101300]: DEBUG neutron.plugins.ml2.managers [req-f4f4dd16-2a44-4bf8-8c29-d54812e266e2 req-ce6a379a-39ab-4733-9c4c-26f1e3a55fcf service neutron] Attempting to bind port 9cf23192-a604-4769-96c3-12da4397ab61 by drivers openvswitch,hyperv on host hv-cinder-81618 at level 0 using segments [{'id': 'daf96de7-adc4-466d-b734-01697635b2e8', 'network_type': 'vlan', 'physical_network': 'physnet1', 'segmentation_id': 561, 'network_id': 'f962054c-daa9-420f-9bba-2e92eb26c613'}] {{(pid=101300) _bind_port_level /opt/stack/neutron/neutron/plugins/ml2/managers.py:820}}
Nov 01 16:28:27.664440 dv-cinder-816187-1-smb neutron-server[101300]: DEBUG neutron.plugins.ml2.drivers.mech_agent [req-f4f4dd16-2a44-4bf8-8c29-d54812e266e2 req-ce6a379a-39ab-4733-9c4c-26f1e3a55fcf service neutron] Attempting to bind port 9cf23192-a604-4769-96c3-12da4397ab61 on network f962054c-daa9-420f-9bba-2e92eb26c613 {{(pid=101300) bind_port /opt/stack/neutron/neutron/plugins/ml2/drivers/mech_agent.py:91}}
Nov 01 16:28:27.669438 dv-cinder-816187-1-smb neutron-server[101300]: DEBUG neutron.plugins.ml2.drivers.mech_agent [req-f4f4dd16-2a44-4bf8-8c29-d54812e266e2 req-ce6a379a-39ab-4733-9c4c-26f1e3a55fcf service neutron] Port 9cf23192-a604-4769-96c3-12da4397ab61 on network f962054c-daa9-420f-9bba-2e92eb26c613 not bound, no agent of type Open vSwitch agent registered on host hv-cinder-81618 {{(pid=101300) bind_port /opt/stack/neutron/neutron/plugins/ml2/drivers/mech_agent.py:103}}
Nov 01 16:28:27.669747 dv-cinder-816187-1-smb neutron-server[101300]: DEBUG neutron.plugins.ml2.drivers.mech_agent [req-f4f4dd16-2a44-4bf8-8c29-d54812e266e2 req-ce6a379a-39ab-4733-9c4c-26f1e3a55fcf service neutron] Attempting to bind port 9cf23192-a604-4769-96c3-12da4397ab61 on network f962054c-daa9-420f-9bba-2e92eb26c613 {{(pid=101300) bind_port /opt/stack/neutron/neutron/plugins/ml2/drivers/mech_agent.py:91}}
Nov 01 16:28:27.674485 dv-cinder-816187-1-smb neutron-server[101300]: DEBUG neutron.plugins.ml2.drivers.mech_agent [req-f4f4dd16-2a44-4bf8-8c29-d54812e266e2 req-ce6a379a-39ab-4733-9c4c-26f1e3a55fcf service neutron] Checking agent: {'id': '1004e6b7-5f65-4627-af3d-10856600503a', 'agent_type': 'HyperV agent', 'binary': 'neutron-hyperv-agent', 'topic': 'N/A', 'host': 'hv-cinder-81618', 'admin_state_up': True, 'created_at': datetime.datetime(2021, 11, 1, 16, 25, 26), 'started_at': datetime.datetime(2021, 11, 1, 16, 25, 26), 'heartbeat_timestamp': datetime.datetime(2021, 11, 1, 16, 28, 26), 'description': None, 'resources_synced': None, 'availability_zone': None, 'alive': True, 'configurations': {'vswitch_mappings': {'physnet1$': 'br-data'}}, 'resource_versions': {}} {{(pid=101300) bind_port /opt/stack/neutron/neutron/plugins/ml2/drivers/mech_agent.py:110}}
Nov 01 16:28:27.674900 dv-cinder-816187-1-smb neutron-server[101300]: DEBUG neutron.plugins.ml2.drivers.mech_agent [req-f4f4dd16-2a44-4bf8-8c29-d54812e266e2 req-ce6a379a-39ab-4733-9c4c-26f1e3a55fcf service neutron] Checking segment: {'id': 'daf96de7-adc4-466d-b734-01697635b2e8', 'network_type': 'vlan', 'physical_network': 'physnet1', 'segmentation_id': 561, 'network_id': 'f962054c-daa9-420f-9bba-2e92eb26c613'} for mappings: {'physnet1$': 'br-data'} with network types: ['local', 'flat', 'vlan'] {{(pid=101300) check_segment_for_agent /opt/stack/neutron/neutron/plugins/ml2/drivers/mech_agent.py:371}}
Nov 01 16:28:27.675274 dv-cinder-816187-1-smb neutron-server[101300]: DEBUG neutron.plugins.ml2.drivers.mech_agent [req-f4f4dd16-2a44-4bf8-8c29-d54812e266e2 req-ce6a379a-39ab-4733-9c4c-26f1e3a55fcf service neutron] Bound using segment: {'id': 'daf96de7-adc4-466d-b734-01697635b2e8', 'network_type': 'vlan', 'physical_network': 'physnet1', 'segmentation_id': 561, 'network_id': 'f962054c-daa9-420f-9bba-2e92eb26c613'} {{(pid=101300) bind_port /opt/stack/neutron/neutron/plugins/ml2/drivers/mech_agent.py:120}}
Nov 01 16:28:27.675689 dv-cinder-816187-1-smb neutron-server[101300]: DEBUG neutron.plugins.ml2.managers [req-f4f4dd16-2a44-4bf8-8c29-d54812e266e2 req-ce6a379a-39ab-4733-9c4c-26f1e3a55fcf service neutron] Bound port: 9cf23192-a604-4769-96c3-12da4397ab61, host: hv-cinder-81618, vif_type: hyperv, vif_details: {"connectivity": "legacy", "port_filter": false}, binding_levels: [{'bound_driver': 'hyperv', 'bound_segment': {'id': 'daf96de7-adc4-466d-b734-01697635b2e8', 'network_type': 'vlan', 'physical_network': 'physnet1', 'segmentation_id': 561, 'network_id': 'f962054c-daa9-420f-9bba-2e92eb26c613'}}] {{(pid=101300) _bind_port_level /opt/stack/neutron/neutron/plugins/ml2/managers.py:932}}
Nov 01 16:28:27.676030 dv-cinder-816187-1-smb neutron-server[101300]: DEBUG neutron_lib.callbacks.manager [req-f4f4dd16-2a44-4bf8-8c29-d54812e266e2 req-ce6a379a-39ab-4733-9c4c-26f1e3a55fcf service neutron] Publish callbacks ['neutron.plugins.ml2.plugin.SecurityGroupDbMixin._ensure_default_security_group_handler-976315'] for port, before_update {{(pid=101300) _notify_loop /usr/local/lib/python3.8/dist-packages/neutron_lib/callbacks/manager.py:175}}
Nov 01 16:28:27.758389 dv-cinder-816187-1-smb neutron-server[101300]: DEBUG neutron.plugins.ml2.db [req-f4f4dd16-2a44-4bf8-8c29-d54812e266e2 req-ce6a379a-39ab-4733-9c4c-26f1e3a55fcf service neutron] For port 9cf23192-a604-4769-96c3-12da4397ab61, host hv-cinder-81618, cleared binding levels {{(pid=101300) clear_binding_levels /opt/stack/neutron/neutron/plugins/ml2/db.py:87}}
Nov 01 16:28:27.762935 dv-cinder-816187-1-smb neutron-server[101300]: DEBUG neutron.plugins.ml2.db [req-f4f4dd16-2a44-4bf8-8c29-d54812e266e2 req-ce6a379a-39ab-4733-9c4c-26f1e3a55fcf service neutron] For port 9cf23192-a604-4769-96c3-12da4397ab61, host hv-cinder-81618, set binding levels [PortBindingLevel(driver='hyperv',host='hv-cinder-81618',level=0,port_id=9cf23192-a604-4769-96c3-12da4397ab61,segment=NetworkSegment(daf96de7-adc4-466d-b734-01697635b2e8),segment_id=daf96de7-adc4-466d-b734-01697635b2e8)] {{(pid=101300) set_binding_levels /opt/stack/neutron/neutron/plugins/ml2/db.py:59}}
Nov 01 16:28:27.768270 dv-cinder-816187-1-smb neutron-server[101300]: DEBUG neutron_lib.callbacks.manager [req-f4f4dd16-2a44-4bf8-8c29-d54812e266e2 req-ce6a379a-39ab-4733-9c4c-26f1e3a55fcf service neutron] Publish callbacks ['neutron.plugins.ml2.plugin.SecurityGroupServerNotifierRpcMixin._notify_sg_on_port_change-976343', 'neutron.plugins.ml2.ovo_rpc._ObjectChangeHandler.handle_event-215558', 'neutron.api.rpc.agentnotifiers.dhcp_rpc_agent_api.DhcpAgentNotifyAPI._native_event_send_dhcp_notification-8334018', 'neutron.db.l3_db.L3RpcNotifierMixin._notify_gateway_port_ip_changed-8753156222558', 'neutron.db.l3_dvrscheduler_db._notify_l3_agent_port_update-8753155642076', 'neutron.db.l3_hascheduler_db._notify_l3_agent_ha_port_update-8753155642094', 'neutron.services.segments.plugin.NovaSegmentNotifier._notify_port_updated-4682719'] for port, after_update {{(pid=101300) _notify_loop /usr/local/lib/python3.8/dist-packages/neutron_lib/callbacks/manager.py:175}}
Nov 01 16:28:27.768473 dv-cinder-816187-1-smb neutron-server[101301]: DEBUG neutron.pecan_wsgi.hooks.policy_enforcement [req-2ad3928b-68b7-4640-bba7-3cf6c13efa7a req-fcef274e-ee36-4ef4-b099-582d816629b8 service neutron] Attributes excluded by policy engine: ['standard_attr_id', 'vlan_transparent'] {{(pid=101301) _exclude_attributes_by_policy /opt/stack/neutron/neutron/pecan_wsgi/hooks/policy_enforcement.py:255}}
Nov 01 16:28:27.770507 dv-cinder-816187-1-smb neutron-server[101301]: INFO neutron.wsgi [req-2ad3928b-68b7-4640-bba7-3cf6c13efa7a req-fcef274e-ee36-4ef4-b099-582d816629b8 service neutron] 10.222.0.31 "GET /v2.0/networks?id=82ddb3c0-f1ab-4381-a92a-d67ba12d3afc HTTP/1.1" status: 200 len: 870 time: 0.0943744
Nov 01 16:28:27.812591 dv-cinder-816187-1-smb neutron-server[101300]: DEBUG neutron.pecan_wsgi.hooks.policy_enforcement [req-f4f4dd16-2a44-4bf8-8c29-d54812e266e2 req-ce6a379a-39ab-4733-9c4c-26f1e3a55fcf service neutron] Attributes excluded by policy engine: ['standard_attr_id'] {{(pid=101300) _exclude_attributes_by_policy /opt/stack/neutron/neutron/pecan_wsgi/hooks/policy_enforcement.py:255}}
Nov 01 16:28:27.813201 dv-cinder-816187-1-smb neutron-server[101300]: DEBUG neutron_lib.callbacks.manager [req-f4f4dd16-2a44-4bf8-8c29-d54812e266e2 req-ce6a379a-39ab-4733-9c4c-26f1e3a55fcf service neutron] Publish callbacks ['neutron.notifiers.nova.Notifier._send_nova_notification-106159', 'neutron.api.rpc.agentnotifiers.dhcp_rpc_agent_api.DhcpAgentNotifyAPI._send_dhcp_notification-8334032'] for port, before_response {{(pid=101300) _notify_loop /usr/local/lib/python3.8/dist-packages/neutron_lib/callbacks/manager.py:175}}
Nov 01 16:28:27.814664 dv-cinder-816187-1-smb neutron-server[101300]: INFO neutron.wsgi [req-f4f4dd16-2a44-4bf8-8c29-d54812e266e2 req-ce6a379a-39ab-4733-9c4c-26f1e3a55fcf service neutron] 10.222.0.31 "PUT /v2.0/ports/9cf23192-a604-4769-96c3-12da4397ab61 HTTP/1.1" status: 200 len: 1093 time: 1.0554967
Nov 01 16:28:27.815097 dv-cinder-816187-1-smb neutron-server[101300]: DEBUG neutron.notifiers.nova [-] Sending events: [{'name': 'network-changed', 'server_uuid': '71eb41f9-7c57-4511-8f4b-48918dfd514b', 'tag': '9cf23192-a604-4769-96c3-12da4397ab61'}] {{(pid=101300) send_events /opt/stack/neutron/neutron/notifiers/nova.py:262}}
Nov 01 16:28:27.817365 dv-cinder-816187-1-smb neutron-server[101300]: DEBUG novaclient.v2.client [-] REQ: curl -g -i --cacert "/opt/stack/data/ca-bundle.pem" -X POST http://10.222.0.15/compute/v2.1/os-server-external-events -H "Accept: application/json" -H "Content-Type: application/json" -H "User-Agent: python-novaclient" -H "X-Auth-Token: {SHA256}b69a5241b960efad98e3b39a6884f53d0a957e95221a8839d3a00de7bfb65ef9" -H "X-OpenStack-Nova-API-Version: 2.1" -H "X-OpenStack-Request-ID: req-b753d7f1-c203-4b2e-95f0-115f3e810bf7" -d '{"events": [{"name": "network-changed", "server_uuid": "71eb41f9-7c57-4511-8f4b-48918dfd514b", "tag": "9cf23192-a604-4769-96c3-12da4397ab61"}]}' {{(pid=101300) _http_log_request /usr/local/lib/python3.8/dist-packages/keystoneauth1/session.py:519}}
Nov 01 16:28:27.822873 dv-cinder-816187-1-smb neutron-server[101301]: INFO neutron.wsgi [req-2ad3928b-68b7-4640-bba7-3cf6c13efa7a req-2465f7eb-7383-4cdb-b3da-d5b3441fcade service neutron] 10.222.0.31 "GET /v2.0/floatingips?fixed_ip_address=192.168.233.231&port_id=de5af4ca-9bc1-469b-98d3-d24ee1109a5d HTTP/1.1" status: 200 len: 217 time: 0.0453377
Nov 01 16:28:27.851995 dv-cinder-816187-1-smb neutron-server[101300]: DEBUG neutron.api.rpc.handlers.resources_rpc [None req-ce6a379a-39ab-4733-9c4c-26f1e3a55fcf service neutron] Pushing event updated for resources: {'Port': ['ID=9cf23192-a604-4769-96c3-12da4397ab61,revision_number=3']} {{(pid=101300) push /opt/stack/neutron/neutron/api/rpc/handlers/resources_rpc.py:237}}
Nov 01 16:28:27.883317 dv-cinder-816187-1-smb neutron-server[101301]: DEBUG neutron.pecan_wsgi.hooks.policy_enforcement [req-2ad3928b-68b7-4640-bba7-3cf6c13efa7a req-ed01d400-f345-473d-98b2-0f9a95ceb640 service neutron] Attributes excluded by policy engine: ['standard_attr_id', 'shared'] {{(pid=101301) _exclude_attributes_by_policy /opt/stack/neutron/neutron/pecan_wsgi/hooks/policy_enforcement.py:255}}
Nov 01 16:28:27.885197 dv-cinder-816187-1-smb neutron-server[101301]: INFO neutron.wsgi [req-2ad3928b-68b7-4640-bba7-3cf6c13efa7a req-ed01d400-f345-473d-98b2-0f9a95ceb640 service neutron] 10.222.0.31 "GET /v2.0/subnets?id=6e7bd0d8-b312-4e3a-a6b1-98cc7f0315f2 HTTP/1.1" status: 200 len: 843 time: 0.0506918
Nov 01 16:28:27.903780 dv-cinder-816187-1-smb neutron-server[101300]: DEBUG novaclient.v2.client [-] RESP: [200] Connection: close Content-Length: 179 Content-Type: application/json Date: Mon, 01 Nov 2021 16:28:27 GMT OpenStack-API-Version: compute 2.1 Server: Apache/2.4.41 (Ubuntu) Vary: OpenStack-API-Version,X-OpenStack-Nova-API-Version X-OpenStack-Nova-API-Version: 2.1 x-compute-request-id: req-f4d3b347-ca45-4904-9149-d980d6f4fdcc x-openstack-request-id: req-f4d3b347-ca45-4904-9149-d980d6f4fdcc {{(pid=101300) _http_log_response /usr/local/lib/python3.8/dist-packages/keystoneauth1/session.py:550}}
Nov 01 16:28:27.904064 dv-cinder-816187-1-smb neutron-server[101300]: DEBUG novaclient.v2.client [-] RESP BODY: {"events": [{"name": "network-changed", "server_uuid": "71eb41f9-7c57-4511-8f4b-48918dfd514b", "tag": "9cf23192-a604-4769-96c3-12da4397ab61", "status": "completed", "code": 200}]} {{(pid=101300) _http_log_response /usr/local/lib/python3.8/dist-packages/keystoneauth1/session.py:582}}
Nov 01 16:28:27.904315 dv-cinder-816187-1-smb neutron-server[101300]: DEBUG novaclient.v2.client [-] POST call to compute for http://10.222.0.15/compute/v2.1/os-server-external-events used request id req-f4d3b347-ca45-4904-9149-d980d6f4fdcc {{(pid=101300) request /usr/local/lib/python3.8/dist-packages/keystoneauth1/session.py:954}}
Nov 01 16:28:27.904716 dv-cinder-816187-1-smb neutron-server[101300]: INFO neutron.notifiers.nova [-] Nova event response: {'name': 'network-changed', 'server_uuid': '71eb41f9-7c57-4511-8f4b-48918dfd514b', 'tag': '9cf23192-a604-4769-96c3-12da4397ab61', 'status': 'completed', 'code': 200}
Nov 01 16:28:27.949263 dv-cinder-816187-1-smb neutron-server[101301]: DEBUG neutron.pecan_wsgi.hooks.policy_enforcement [req-2ad3928b-68b7-4640-bba7-3cf6c13efa7a req-795c483d-ed18-4d8f-8ccc-3371654b94f3 service neutron] Attributes excluded by policy engine: ['standard_attr_id'] {{(pid=101301) _exclude_attributes_by_policy /opt/stack/neutron/neutron/pecan_wsgi/hooks/policy_enforcement.py:255}}
Nov 01 16:28:27.951083 dv-cinder-816187-1-smb neutron-server[101301]: INFO neutron.wsgi [req-2ad3928b-68b7-4640-bba7-3cf6c13efa7a req-795c483d-ed18-4d8f-8ccc-3371654b94f3 service neutron] 10.222.0.31 "GET /v2.0/ports?network_id=82ddb3c0-f1ab-4381-a92a-d67ba12d3afc&device_owner=network%3Adhcp HTTP/1.1" status: 200 len: 1176 time: 0.0444891
Nov 01 16:28:27.963760 dv-cinder-816187-1-smb neutron-server[101300]: DEBUG neutron.pecan_wsgi.hooks.policy_enforcement [req-f4f4dd16-2a44-4bf8-8c29-d54812e266e2 req-19786401-e904-4241-9572-87b3843bc0df service neutron] Attributes excluded by policy engine: ['standard_attr_id'] {{(pid=101300) _exclude_attributes_by_policy /opt/stack/neutron/neutron/pecan_wsgi/hooks/policy_enforcement.py:255}}
Nov 01 16:28:27.965254 dv-cinder-816187-1-smb neutron-server[101300]: INFO neutron.wsgi [req-f4f4dd16-2a44-4bf8-8c29-d54812e266e2 req-19786401-e904-4241-9572-87b3843bc0df service neutron] 10.222.0.31 "GET /v2.0/ports?tenant_id=74a424c76cf54382b459b5847de4362c&device_id=71eb41f9-7c57-4511-8f4b-48918dfd514b HTTP/1.1" status: 200 len: 1096 time: 0.0446711
Nov 01 16:28:28.030825 dv-cinder-816187-1-smb neutron-server[101300]: INFO neutron.wsgi [req-f4f4dd16-2a44-4bf8-8c29-d54812e266e2 req-89fb5ddd-2b25-4294-88e0-2d8d325fcc7e service neutron] 10.222.0.31 "GET /v2.0/floatingips?fixed_ip_address=172.20.0.7&port_id=9cf23192-a604-4769-96c3-12da4397ab61 HTTP/1.1" status: 200 len: 217 time: 0.0513673
Nov 01 16:28:28.064058 dv-cinder-816187-1-smb neutron-server[101301]: INFO neutron.wsgi [req-2ad3928b-68b7-4640-bba7-3cf6c13efa7a req-83f10415-aa0a-485d-9371-a9210d31185c service neutron] 10.222.0.31 "GET /v2.0/networks/82ddb3c0-f1ab-4381-a92a-d67ba12d3afc?fields=segments HTTP/1.1" status: 200 len: 212 time: 0.0992527
Nov 01 16:28:28.094427 dv-cinder-816187-1-smb neutron-server[101300]: DEBUG neutron.pecan_wsgi.hooks.policy_enforcement [req-f4f4dd16-2a44-4bf8-8c29-d54812e266e2 req-d14bead9-15c9-4b7d-99eb-a6bdcbf7be93 service neutron] Attributes excluded by policy engine: ['standard_attr_id', 'shared', 'segment_id'] {{(pid=101300) _exclude_attributes_by_policy /opt/stack/neutron/neutron/pecan_wsgi/hooks/policy_enforcement.py:255}}
Nov 01 16:28:28.097382 dv-cinder-816187-1-smb neutron-server[101300]: INFO neutron.wsgi [req-f4f4dd16-2a44-4bf8-8c29-d54812e266e2 req-d14bead9-15c9-4b7d-99eb-a6bdcbf7be93 service neutron] 10.222.0.31 "GET /v2.0/subnets?id=af57d0bd-6929-4d91-881f-020fbd3594f1 HTTP/1.1" status: 200 len: 849 time: 0.0537486
Nov 01 16:28:28.131462 dv-cinder-816187-1-smb neutron-server[101300]: INFO neutron.wsgi [req-f4f4dd16-2a44-4bf8-8c29-d54812e266e2 req-c164195b-13ca-4a5f-9611-47fc1ebc6a24 service neutron] 10.222.0.31 "GET /v2.0/ports?network_id=f962054c-daa9-420f-9bba-2e92eb26c613&device_owner=network%3Adhcp HTTP/1.1" status: 200 len: 210 time: 0.0244164
Nov 01 16:28:28.202093 dv-cinder-816187-1-smb neutron-server[101301]: INFO neutron.wsgi [req-2ad3928b-68b7-4640-bba7-3cf6c13efa7a req-aeb86e63-a550-4938-8dad-a901c8f8f23f service neutron] 10.222.0.31 "GET /v2.0/networks/82ddb3c0-f1ab-4381-a92a-d67ba12d3afc?fields=provider%3Aphysical_network&fields=provider%3Anetwork_type HTTP/1.1" status: 200 len: 281 time: 0.1128168
Nov 01 16:28:28.258042 dv-cinder-816187-1-smb neutron-server[101300]: INFO neutron.wsgi [req-f4f4dd16-2a44-4bf8-8c29-d54812e266e2 req-f9720a24-fdd5-4aa3-80f5-18c86fb3533e service neutron] 10.222.0.31 "GET /v2.0/networks/f962054c-daa9-420f-9bba-2e92eb26c613?fields=segments HTTP/1.1" status: 200 len: 212 time: 0.1152880
Nov 01 16:28:28.402112 dv-cinder-816187-1-smb neutron-server[101300]: INFO neutron.wsgi [req-f4f4dd16-2a44-4bf8-8c29-d54812e266e2 req-17c7dd36-9685-4783-bd47-152aba24ca09 service neutron] 10.222.0.31 "GET /v2.0/networks/f962054c-daa9-420f-9bba-2e92eb26c613?fields=provider%3Aphysical_network&fields=provider%3Anetwork_type HTTP/1.1" status: 200 len: 281 time: 0.1314805
Nov 01 16:28:28.460446 dv-cinder-816187-1-smb neutron-server[101300]: DEBUG neutron.pecan_wsgi.hooks.policy_enforcement [req-7b33137c-6e21-4571-bb22-6066d1c2a712 req-c296e3e0-9731-45ed-8b15-9b9ed71d6686 tempest-VolumesNegativeTest-1623399087 tempest-VolumesNegativeTest-1623399087-project] Attributes excluded by policy engine: ['standard_attr_id', 'binding:profile', 'binding:host_id', 'binding:vif_type', 'binding:vif_details'] {{(pid=101300) _exclude_attributes_by_policy /opt/stack/neutron/neutron/pecan_wsgi/hooks/policy_enforcement.py:255}}
Nov 01 16:28:28.461977 dv-cinder-816187-1-smb neutron-server[101300]: INFO neutron.wsgi [req-7b33137c-6e21-4571-bb22-6066d1c2a712 req-c296e3e0-9731-45ed-8b15-9b9ed71d6686 tempest-VolumesNegativeTest-1623399087 tempest-VolumesNegativeTest-1623399087-project] 10.222.0.15 "GET /v2.0/ports?device_id=9993b550-f11d-42d9-8c32-149879ed50c8 HTTP/1.1" status: 200 len: 948 time: 0.0531204
Nov 01 16:28:28.537895 dv-cinder-816187-1-smb neutron-server[101300]: INFO neutron.wsgi [req-7b33137c-6e21-4571-bb22-6066d1c2a712 req-a28de997-aa9d-4bf9-b184-2d2136c39eb9 tempest-VolumesNegativeTest-1623399087 tempest-VolumesNegativeTest-1623399087-project] 10.222.0.15 "GET /v2.0/security-groups?id=3c7269c2-0d0c-4dac-acf8-a9c19fce0775&fields=id&fields=name HTTP/1.1" status: 200 len: 286 time: 0.0694299
Nov 01 16:28:28.553446 dv-cinder-816187-1-smb neutron-server[101300]: DEBUG neutron.pecan_wsgi.hooks.policy_enforcement [req-b753d7f1-c203-4b2e-95f0-115f3e810bf7 req-6f771e47-bbd7-4db7-83ee-88c579cdafa8 service neutron] Attributes excluded by policy engine: ['standard_attr_id'] {{(pid=101300) _exclude_attributes_by_policy /opt/stack/neutron/neutron/pecan_wsgi/hooks/policy_enforcement.py:255}}
Nov 01 16:28:28.553446 dv-cinder-816187-1-smb neutron-server[101300]: INFO neutron.wsgi [req-b753d7f1-c203-4b2e-95f0-115f3e810bf7 req-6f771e47-bbd7-4db7-83ee-88c579cdafa8 service neutron] 10.222.0.31 "GET /v2.0/ports?tenant_id=74a424c76cf54382b459b5847de4362c&device_id=71eb41f9-7c57-4511-8f4b-48918dfd514b HTTP/1.1" status: 200 len: 1096 time: 0.0752542
Nov 01 16:28:28.620079 dv-cinder-816187-1-smb neutron-server[101301]: DEBUG neutron.pecan_wsgi.hooks.policy_enforcement [req-4cf717e3-29ec-4439-a476-2bd832cdfa25 req-a4cf0c4d-c791-4592-ace1-15a17ea60135 tempest-VolumesActionsTest-1867270699 tempest-VolumesActionsTest-1867270699-project] Attributes excluded by policy engine: ['standard_attr_id', 'binding:profile', 'binding:host_id', 'binding:vif_type', 'binding:vif_details'] {{(pid=101301) _exclude_attributes_by_policy /opt/stack/neutron/neutron/pecan_wsgi/hooks/policy_enforcement.py:255}}
Nov 01 16:28:28.622100 dv-cinder-816187-1-smb neutron-server[101301]: INFO neutron.wsgi [req-4cf717e3-29ec-4439-a476-2bd832cdfa25 req-a4cf0c4d-c791-4592-ace1-15a17ea60135 tempest-VolumesActionsTest-1867270699 tempest-VolumesActionsTest-1867270699-project] 10.222.0.15 "GET /v2.0/ports?device_id=71eb41f9-7c57-4511-8f4b-48918dfd514b HTTP/1.1" status: 200 len: 943 time: 0.0564396
Nov 01 16:28:28.659443 dv-cinder-816187-1-smb neutron-server[101300]: DEBUG neutron.pecan_wsgi.hooks.policy_enforcement [req-b753d7f1-c203-4b2e-95f0-115f3e810bf7 req-d9044dfa-7f81-421c-9d51-aba1b05302f1 service neutron] Attributes excluded by policy engine: ['standard_attr_id', 'vlan_transparent'] {{(pid=101300) _exclude_attributes_by_policy /opt/stack/neutron/neutron/pecan_wsgi/hooks/policy_enforcement.py:255}}
Nov 01 16:28:28.663767 dv-cinder-816187-1-smb neutron-server[101300]: INFO neutron.wsgi [req-b753d7f1-c203-4b2e-95f0-115f3e810bf7 req-d9044dfa-7f81-421c-9d51-aba1b05302f1 service neutron] 10.222.0.31 "GET /v2.0/networks?id=f962054c-daa9-420f-9bba-2e92eb26c613 HTTP/1.1" status: 200 len: 910 time: 0.1009066
Nov 01 16:28:28.681968 dv-cinder-816187-1-smb neutron-server[101301]: INFO neutron.wsgi [req-4cf717e3-29ec-4439-a476-2bd832cdfa25 req-e522bec0-a0d5-4b3a-b34f-2a10c6dfec6d tempest-VolumesActionsTest-1867270699 tempest-VolumesActionsTest-1867270699-project] 10.222.0.15 "GET /v2.0/security-groups?id=c8237d6c-5786-4b16-a575-91d77e09707d&fields=id&fields=name HTTP/1.1" status: 200 len: 286 time: 0.0519819
Nov 01 16:28:28.732198 dv-cinder-816187-1-smb neutron-server[101300]: INFO neutron.wsgi [req-b753d7f1-c203-4b2e-95f0-115f3e810bf7 req-fc238b37-e10b-403e-8ac0-ef243de421ba service neutron] 10.222.0.31 "GET /v2.0/floatingips?fixed_ip_address=172.20.0.7&port_id=9cf23192-a604-4769-96c3-12da4397ab61 HTTP/1.1" status: 200 len: 217 time: 0.0521576
Nov 01 16:28:28.804066 dv-cinder-816187-1-smb neutron-server[101300]: DEBUG neutron.pecan_wsgi.hooks.policy_enforcement [req-b753d7f1-c203-4b2e-95f0-115f3e810bf7 req-9e11ae68-4003-41c5-bbad-c895a5960c23 service neutron] Attributes excluded by policy engine: ['standard_attr_id', 'shared', 'segment_id'] {{(pid=101300) _exclude_attributes_by_policy /opt/stack/neutron/neutron/pecan_wsgi/hooks/policy_enforcement.py:255}}
Nov 01 16:28:28.805429 dv-cinder-816187-1-smb neutron-server[101300]: INFO neutron.wsgi [req-b753d7f1-c203-4b2e-95f0-115f3e810bf7 req-9e11ae68-4003-41c5-bbad-c895a5960c23 service neutron] 10.222.0.31 "GET /v2.0/subnets?id=af57d0bd-6929-4d91-881f-020fbd3594f1 HTTP/1.1" status: 200 len: 849 time: 0.0644944
Nov 01 16:28:28.814401 dv-cinder-816187-1-smb neutron-server[101300]: DEBUG neutron.pecan_wsgi.hooks.policy_enforcement [req-8cef1954-572d-4bfa-a63c-eb35a0df7e83 req-5f618389-4dd8-432e-9036-09674160998f tempest-ServerRescueNegativeTestJSON-1672726480 tempest-ServerRescueNegativeTestJSON-1672726480-project] Attributes excluded by policy engine: ['standard_attr_id', 'binding:profile', 'binding:host_id', 'binding:vif_type', 'binding:vif_details'] {{(pid=101300) _exclude_attributes_by_policy /opt/stack/neutron/neutron/pecan_wsgi/hooks/policy_enforcement.py:255}}
Nov 01 16:28:28.815757 dv-cinder-816187-1-smb neutron-server[101300]: INFO neutron.wsgi [req-8cef1954-572d-4bfa-a63c-eb35a0df7e83 req-5f618389-4dd8-432e-9036-09674160998f tempest-ServerRescueNegativeTestJSON-1672726480 tempest-ServerRescueNegativeTestJSON-1672726480-project] 10.222.0.15 "GET /v2.0/ports?device_id=67d08194-ad9c-439d-a08d-2caefe3d4ebd HTTP/1.1" status: 200 len: 946 time: 0.0860782
Nov 01 16:28:28.864135 dv-cinder-816187-1-smb neutron-server[101300]: INFO neutron.wsgi [req-b753d7f1-c203-4b2e-95f0-115f3e810bf7 req-eac8e40f-37a8-45f4-b380-932deb251e3b service neutron] 10.222.0.31 "GET /v2.0/ports?network_id=f962054c-daa9-420f-9bba-2e92eb26c613&device_owner=network%3Adhcp HTTP/1.1" status: 200 len: 210 time: 0.0267305
Nov 01 16:28:28.876393 dv-cinder-816187-1-smb neutron-server[101300]: INFO neutron.wsgi [req-8cef1954-572d-4bfa-a63c-eb35a0df7e83 req-460cd1d1-4a36-439e-aef3-298736f98a5d tempest-ServerRescueNegativeTestJSON-1672726480 tempest-ServerRescueNegativeTestJSON-1672726480-project] 10.222.0.15 "GET /v2.0/security-groups?id=7dae1069-135d-4e36-aebc-d461d70207b7&fields=id&fields=name HTTP/1.1" status: 200 len: 286 time: 0.0544019
Nov 01 16:28:28.962884 dv-cinder-816187-1-smb neutron-server[101300]: INFO neutron.wsgi [req-b753d7f1-c203-4b2e-95f0-115f3e810bf7 req-72f12185-6432-45cd-ab0d-b083a6d5f2ef service neutron] 10.222.0.31 "GET /v2.0/networks/f962054c-daa9-420f-9bba-2e92eb26c613?fields=segments HTTP/1.1" status: 200 len: 212 time: 0.0855410
Nov 01 16:28:29.061809 dv-cinder-816187-1-smb neutron-server[101300]: INFO neutron.wsgi [req-b753d7f1-c203-4b2e-95f0-115f3e810bf7 req-2bad019e-1cac-49e0-94be-52ac309a1d48 service neutron] 10.222.0.31 "GET /v2.0/networks/f962054c-daa9-420f-9bba-2e92eb26c613?fields=provider%3Aphysical_network&fields=provider%3Anetwork_type HTTP/1.1" status: 200 len: 281 time: 0.0836847
Nov 01 16:28:29.669888 dv-cinder-816187-1-smb neutron-server[101300]: DEBUG neutron.pecan_wsgi.hooks.policy_enforcement [req-9658ac29-ea30-47f8-aabe-15aee8fa36af req-8fc517f2-fce1-497c-8de8-ffbeeb6dad88 tempest-VolumesNegativeTest-1623399087 tempest-VolumesNegativeTest-1623399087-project] Attributes excluded by policy engine: ['standard_attr_id', 'binding:profile', 'binding:host_id', 'binding:vif_type', 'binding:vif_details'] {{(pid=101300) _exclude_attributes_by_policy /opt/stack/neutron/neutron/pecan_wsgi/hooks/policy_enforcement.py:255}}
Nov 01 16:28:29.671389 dv-cinder-816187-1-smb neutron-server[101300]: INFO neutron.wsgi [req-9658ac29-ea30-47f8-aabe-15aee8fa36af req-8fc517f2-fce1-497c-8de8-ffbeeb6dad88 tempest-VolumesNegativeTest-1623399087 tempest-VolumesNegativeTest-1623399087-project] 10.222.0.15 "GET /v2.0/ports?device_id=9993b550-f11d-42d9-8c32-149879ed50c8 HTTP/1.1" status: 200 len: 948 time: 0.0529256
Nov 01 16:28:29.711159 dv-cinder-816187-1-smb neutron-server[101300]: INFO neutron.wsgi [req-9658ac29-ea30-47f8-aabe-15aee8fa36af req-1458e0fc-b617-4dfd-86d8-ac9b0fe79114 tempest-VolumesNegativeTest-1623399087 tempest-VolumesNegativeTest-1623399087-project] 10.222.0.15 "GET /v2.0/security-groups?id=3c7269c2-0d0c-4dac-acf8-a9c19fce0775&fields=id&fields=name HTTP/1.1" status: 200 len: 286 time: 0.0334251
Nov 01 16:28:29.807169 dv-cinder-816187-1-smb neutron-server[101301]: DEBUG neutron.pecan_wsgi.hooks.policy_enforcement [req-f0412395-012e-422e-a255-9b2686d34570 req-eedf8df7-5017-4f36-b6c7-25d377776fea tempest-VolumesActionsTest-1867270699 tempest-VolumesActionsTest-1867270699-project] Attributes excluded by policy engine: ['standard_attr_id', 'binding:profile', 'binding:host_id', 'binding:vif_type', 'binding:vif_details'] {{(pid=101301) _exclude_attributes_by_policy /opt/stack/neutron/neutron/pecan_wsgi/hooks/policy_enforcement.py:255}}
Nov 01 16:28:29.808630 dv-cinder-816187-1-smb neutron-server[101301]: INFO neutron.wsgi [req-f0412395-012e-422e-a255-9b2686d34570 req-eedf8df7-5017-4f36-b6c7-25d377776fea tempest-VolumesActionsTest-1867270699 tempest-VolumesActionsTest-1867270699-project] 10.222.0.15 "GET /v2.0/ports?device_id=71eb41f9-7c57-4511-8f4b-48918dfd514b HTTP/1.1" status: 200 len: 943 time: 0.0536630
Nov 01 16:28:29.850019 dv-cinder-816187-1-smb neutron-server[101301]: INFO neutron.wsgi [req-f0412395-012e-422e-a255-9b2686d34570 req-465afe4b-0a57-457b-ad8c-008932a29efe tempest-VolumesActionsTest-1867270699 tempest-VolumesActionsTest-1867270699-project] 10.222.0.15 "GET /v2.0/security-groups?id=c8237d6c-5786-4b16-a575-91d77e09707d&fields=id&fields=name HTTP/1.1" status: 200 len: 286 time: 0.0352504
Nov 01 16:28:29.992156 dv-cinder-816187-1-smb neutron-server[101301]: DEBUG neutron.pecan_wsgi.hooks.policy_enforcement [req-9304e88e-0e17-4e02-8f71-5a611ad7f6bc req-c84f80f7-fed6-4124-8989-623b0d61d2ab tempest-ServerRescueNegativeTestJSON-1672726480 tempest-ServerRescueNegativeTestJSON-1672726480-project] Attributes excluded by policy engine: ['standard_attr_id', 'binding:profile', 'binding:host_id', 'binding:vif_type', 'binding:vif_details'] {{(pid=101301) _exclude_attributes_by_policy /opt/stack/neutron/neutron/pecan_wsgi/hooks/policy_enforcement.py:255}}
Nov 01 16:28:29.994135 dv-cinder-816187-1-smb neutron-server[101301]: INFO neutron.wsgi [req-9304e88e-0e17-4e02-8f71-5a611ad7f6bc req-c84f80f7-fed6-4124-8989-623b0d61d2ab tempest-ServerRescueNegativeTestJSON-1672726480 tempest-ServerRescueNegativeTestJSON-1672726480-project] 10.222.0.15 "GET /v2.0/ports?device_id=67d08194-ad9c-439d-a08d-2caefe3d4ebd HTTP/1.1" status: 200 len: 946 time: 0.0501707
Nov 01 16:28:30.030866 dv-cinder-816187-1-smb neutron-server[101301]: INFO neutron.wsgi [req-9304e88e-0e17-4e02-8f71-5a611ad7f6bc req-79ef9ec1-8749-4a6b-a084-b3c3d7b61033 tempest-ServerRescueNegativeTestJSON-1672726480 tempest-ServerRescueNegativeTestJSON-1672726480-project] 10.222.0.15 "GET /v2.0/security-groups?id=7dae1069-135d-4e36-aebc-d461d70207b7&fields=id&fields=name HTTP/1.1" status: 200 len: 286 time: 0.0308504
Nov 01 16:28:30.596279 dv-cinder-816187-1-smb neutron-server[101302]: DEBUG neutron.plugins.ml2.rpc [None req-0742a6aa-a330-4c69-b6dd-c7ef78a119e9 None None] Device de5af4ca-9bc1-469b-98d3-d24ee1109a5d details requested by agent hyperv_hv-cinder-81618 with host hv-cinder-81618 {{(pid=101302) get_device_details /opt/stack/neutron/neutron/plugins/ml2/rpc.py:102}}
Nov 01 16:28:30.694221 dv-cinder-816187-1-smb neutron-server[101302]: DEBUG neutron.plugins.ml2.db [None req-0742a6aa-a330-4c69-b6dd-c7ef78a119e9 None None] For port de5af4ca-9bc1-469b-98d3-d24ee1109a5d, host hv-cinder-81618, got binding levels [PortBindingLevel(driver='hyperv',host='hv-cinder-81618',level=0,port_id=de5af4ca-9bc1-469b-98d3-d24ee1109a5d,segment=NetworkSegment(5df97b11-167a-492c-a76d-e60d3813c278),segment_id=5df97b11-167a-492c-a76d-e60d3813c278)] {{(pid=101302) get_binding_level_objs /opt/stack/neutron/neutron/plugins/ml2/db.py:74}}
Nov 01 16:28:30.706885 dv-cinder-816187-1-smb neutron-server[101302]: DEBUG neutron.plugins.ml2.rpc [None req-0742a6aa-a330-4c69-b6dd-c7ef78a119e9 None None] Returning: {'device': 'de5af4ca-9bc1-469b-98d3-d24ee1109a5d', 'network_id': '82ddb3c0-f1ab-4381-a92a-d67ba12d3afc', 'port_id': 'de5af4ca-9bc1-469b-98d3-d24ee1109a5d', 'mac_address': 'fa:16:3e:ba:1e:dd', 'admin_state_up': True, 'network_type': 'vlan', 'segmentation_id': 584, 'physical_network': 'physnet1', 'mtu': 1500, 'fixed_ips': [{'subnet_id': '6e7bd0d8-b312-4e3a-a6b1-98cc7f0315f2', 'ip_address': '192.168.233.231'}], 'device_owner': 'compute:nova', 'allowed_address_pairs': [], 'port_security_enabled': True, 'qos_policy_id': None, 'network_qos_policy_id': None, 'profile': {}, 'propagate_uplink_status': False} {{(pid=101302) _get_device_details /opt/stack/neutron/neutron/plugins/ml2/rpc.py:184}}
Nov 01 16:28:30.746848 dv-cinder-816187-1-smb neutron-server[101302]: DEBUG neutron_lib.callbacks.manager [None req-0742a6aa-a330-4c69-b6dd-c7ef78a119e9 None None] Publish callbacks ['neutron.plugins.ml2.plugin.SecurityGroupDbMixin._ensure_default_security_group_handler-976315'] for port, before_update {{(pid=101302) _notify_loop /usr/local/lib/python3.8/dist-packages/neutron_lib/callbacks/manager.py:175}}
Nov 01 16:28:30.760455 dv-cinder-816187-1-smb neutron-server[101302]: DEBUG neutron.notifiers.nova [None req-0742a6aa-a330-4c69-b6dd-c7ef78a119e9 None None] Ignoring state change previous_port_status: DOWN current_port_status: BUILD port_id de5af4ca-9bc1-469b-98d3-d24ee1109a5d {{(pid=101302) record_port_status_changed /opt/stack/neutron/neutron/notifiers/nova.py:224}}
Nov 01 16:28:30.780285 dv-cinder-816187-1-smb neutron-server[101302]: DEBUG neutron.plugins.ml2.db [None req-0742a6aa-a330-4c69-b6dd-c7ef78a119e9 None None] For port de5af4ca-9bc1-469b-98d3-d24ee1109a5d, host hv-cinder-81618, got binding levels [PortBindingLevel(driver='hyperv',host='hv-cinder-81618',level=0,port_id=de5af4ca-9bc1-469b-98d3-d24ee1109a5d,segment=NetworkSegment(5df97b11-167a-492c-a76d-e60d3813c278),segment_id=5df97b11-167a-492c-a76d-e60d3813c278)] {{(pid=101302) get_binding_level_objs /opt/stack/neutron/neutron/plugins/ml2/db.py:74}}
Nov 01 16:28:30.784455 dv-cinder-816187-1-smb neutron-server[101302]: DEBUG neutron_lib.callbacks.manager [None req-0742a6aa-a330-4c69-b6dd-c7ef78a119e9 None None] Publish callbacks ['neutron.plugins.ml2.plugin.SecurityGroupServerNotifierRpcMixin._notify_sg_on_port_change-976343', 'neutron.plugins.ml2.ovo_rpc._ObjectChangeHandler.handle_event-215558', 'neutron.api.rpc.agentnotifiers.dhcp_rpc_agent_api.DhcpAgentNotifyAPI._native_event_send_dhcp_notification-8334018', 'neutron.db.l3_db.L3RpcNotifierMixin._notify_gateway_port_ip_changed-8753156222558', 'neutron.db.l3_dvrscheduler_db._notify_l3_agent_port_update-8753155642076', 'neutron.db.l3_hascheduler_db._notify_l3_agent_ha_port_update-8753155642094'] for port, after_update {{(pid=101302) _notify_loop /usr/local/lib/python3.8/dist-packages/neutron_lib/callbacks/manager.py:175}}
Nov 01 16:28:30.830754 dv-cinder-816187-1-smb neutron-server[101302]: DEBUG neutron.api.rpc.handlers.resources_rpc [None req-0742a6aa-a330-4c69-b6dd-c7ef78a119e9 None None] Pushing event updated for resources: {'Port': ['ID=de5af4ca-9bc1-469b-98d3-d24ee1109a5d,revision_number=4']} {{(pid=101302) push /opt/stack/neutron/neutron/api/rpc/handlers/resources_rpc.py:237}}
Nov 01 16:28:30.830980 dv-cinder-816187-1-smb neutron-server[101301]: DEBUG neutron.pecan_wsgi.hooks.policy_enforcement [req-4308b8dd-53df-40c1-948c-de659c4f72ff req-4be5b686-26a4-49c6-87c4-506b80fecbaa tempest-VolumesNegativeTest-1623399087 tempest-VolumesNegativeTest-1623399087-project] Attributes excluded by policy engine: ['standard_attr_id', 'binding:profile', 'binding:host_id', 'binding:vif_type', 'binding:vif_details'] {{(pid=101301) _exclude_attributes_by_policy /opt/stack/neutron/neutron/pecan_wsgi/hooks/policy_enforcement.py:255}}
