Nov 01 16:01:53.952454 dv-cinder-816184-1-iscsi devstack@n-api.service[100864]: DEBUG oslo_db.sqlalchemy.engines [None req-dcfc5dee-4a29-494f-a4ea-79ee7398f001 None None] MySQL server mode set to STRICT_TRANS_TABLES,STRICT_ALL_TABLES,NO_ZERO_IN_DATE,NO_ZERO_DATE,ERROR_FOR_DIVISION_BY_ZERO,TRADITIONAL,NO_ENGINE_SUBSTITUTION {{(pid=100864) _check_effective_sql_mode /usr/local/lib/python3.8/dist-packages/oslo_db/sqlalchemy/engines.py:314}}
Nov 01 16:01:53.973159 dv-cinder-816184-1-iscsi devstack@n-api.service[100863]: DEBUG oslo_db.sqlalchemy.engines [None req-65da32af-81e1-494b-bec6-8dd660b6365a None None] MySQL server mode set to STRICT_TRANS_TABLES,STRICT_ALL_TABLES,NO_ZERO_IN_DATE,NO_ZERO_DATE,ERROR_FOR_DIVISION_BY_ZERO,TRADITIONAL,NO_ENGINE_SUBSTITUTION {{(pid=100863) _check_effective_sql_mode /usr/local/lib/python3.8/dist-packages/oslo_db/sqlalchemy/engines.py:314}}
Nov 01 16:01:54.303796 dv-cinder-816184-1-iscsi devstack@n-api.service[100863]: WARNING keystonemiddleware.auth_token [None req-65da32af-81e1-494b-bec6-8dd660b6365a None None] AuthToken middleware is set with keystone_authtoken.service_token_roles_required set to False. This is backwards compatible but deprecated behaviour. Please set this to True.
Nov 01 16:01:54.306298 dv-cinder-816184-1-iscsi devstack@n-api.service[100864]: WARNING keystonemiddleware.auth_token [None req-dcfc5dee-4a29-494f-a4ea-79ee7398f001 None None] AuthToken middleware is set with keystone_authtoken.service_token_roles_required set to False. This is backwards compatible but deprecated behaviour. Please set this to True.
Nov 01 16:01:54.310329 dv-cinder-816184-1-iscsi devstack@n-api.service[100863]: WARNING keystonemiddleware.auth_token [None req-65da32af-81e1-494b-bec6-8dd660b6365a None None] Configuring www_authenticate_uri to point to the public identity endpoint is required; clients may not be able to authenticate against an admin endpoint
Nov 01 16:01:54.312866 dv-cinder-816184-1-iscsi devstack@n-api.service[100864]: WARNING keystonemiddleware.auth_token [None req-dcfc5dee-4a29-494f-a4ea-79ee7398f001 None None] Configuring www_authenticate_uri to point to the public identity endpoint is required; clients may not be able to authenticate against an admin endpoint
Nov 01 16:01:54.659529 dv-cinder-816184-1-iscsi devstack@n-api.service[100863]: WARNING keystonemiddleware.auth_token [None req-65da32af-81e1-494b-bec6-8dd660b6365a None None] AuthToken middleware is set with keystone_authtoken.service_token_roles_required set to False. This is backwards compatible but deprecated behaviour. Please set this to True.
Nov 01 16:01:54.661659 dv-cinder-816184-1-iscsi devstack@n-api.service[100864]: WARNING keystonemiddleware.auth_token [None req-dcfc5dee-4a29-494f-a4ea-79ee7398f001 None None] AuthToken middleware is set with keystone_authtoken.service_token_roles_required set to False. This is backwards compatible but deprecated behaviour. Please set this to True.
Nov 01 16:01:54.664676 dv-cinder-816184-1-iscsi devstack@n-api.service[100863]: WARNING keystonemiddleware.auth_token [None req-65da32af-81e1-494b-bec6-8dd660b6365a None None] Configuring www_authenticate_uri to point to the public identity endpoint is required; clients may not be able to authenticate against an admin endpoint
Nov 01 16:01:54.666835 dv-cinder-816184-1-iscsi devstack@n-api.service[100864]: WARNING keystonemiddleware.auth_token [None req-dcfc5dee-4a29-494f-a4ea-79ee7398f001 None None] Configuring www_authenticate_uri to point to the public identity endpoint is required; clients may not be able to authenticate against an admin endpoint
Nov 01 16:01:54.669989 dv-cinder-816184-1-iscsi devstack@n-api.service[100863]: WSGI app 0 (mountpoint='') ready in 6 seconds on interpreter 0x5603bce819c0 pid: 100863 (default app)
Nov 01 16:01:54.672143 dv-cinder-816184-1-iscsi devstack@n-api.service[100863]: DEBUG nova.api.openstack.wsgi [None req-65da32af-81e1-494b-bec6-8dd660b6365a None None] Calling method '>' {{(pid=100863) _process_stack /opt/stack/nova/nova/api/openstack/wsgi.py:513}}
Nov 01 16:01:54.673094 dv-cinder-816184-1-iscsi devstack@n-api.service[100864]: WSGI app 0 (mountpoint='') ready in 6 seconds on interpreter 0x5603bce819c0 pid: 100864 (default app)
Nov 01 16:01:54.673316 dv-cinder-816184-1-iscsi devstack@n-api.service[100863]: INFO nova.api.openstack.requestlog [None req-65da32af-81e1-494b-bec6-8dd660b6365a None None] 10.222.0.44 "GET /compute/v2.1/" status: 200 len: 388 microversion: 2.1 time: 0.001804
Nov 01 16:01:54.674487 dv-cinder-816184-1-iscsi devstack@n-api.service[100863]: [pid: 100863|app: 0|req: 1/1] 10.222.0.44 () {50 vars in 788 bytes} [Mon Nov 1 16:01:54 2021] GET /compute/v2.1/ => generated 388 bytes in 4 msecs (HTTP/1.1 200) 9 headers in 357 bytes (1 switches on core 0)
Nov 01 16:03:19.099041 dv-cinder-816184-1-iscsi devstack@n-api.service[100864]: DEBUG nova.api.openstack.wsgi [None req-dcfc5dee-4a29-494f-a4ea-79ee7398f001 None None] Calling method '>' {{(pid=100864) _process_stack /opt/stack/nova/nova/api/openstack/wsgi.py:513}}
Nov 01 16:03:19.101127 dv-cinder-816184-1-iscsi devstack@n-api.service[100864]: INFO nova.api.openstack.requestlog [None req-dcfc5dee-4a29-494f-a4ea-79ee7398f001 None None] 10.222.0.44 "GET /compute/v2.1" status: 200 len: 388 microversion: 2.1 time: 0.002722
Nov 01 16:03:19.102345 dv-cinder-816184-1-iscsi devstack@n-api.service[100864]: [pid: 100864|app: 0|req: 1/2] 10.222.0.44 () {54 vars in 930 bytes} [Mon Nov 1 16:03:19 2021] GET /compute/v2.1 => generated 388 bytes in 4 msecs (HTTP/1.1 200) 9 headers in 357 bytes (2 switches on core 0)
Nov 01 16:03:19.596216 dv-cinder-816184-1-iscsi devstack@n-api.service[100863]: DEBUG nova.api.openstack.wsgi [None req-2f98fb1b-2f70-4ac4-a1d2-770593734ae7 admin admin] Calling method '>' {{(pid=100863) _process_stack /opt/stack/nova/nova/api/openstack/wsgi.py:513}}
Nov 01 16:03:19.625917 dv-cinder-816184-1-iscsi devstack@n-api.service[100863]: INFO nova.api.openstack.requestlog [None req-2f98fb1b-2f70-4ac4-a1d2-770593734ae7 admin admin] 10.222.0.44 "GET /compute/v2.1/flavors/detail?is_public=True" status: 200 len: 15 microversion: 2.61 time: 0.516165
Nov 01 16:03:19.626835 dv-cinder-816184-1-iscsi devstack@n-api.service[100863]: [pid: 100863|app: 0|req: 2/3] 10.222.0.44 () {60 vars in 1291 bytes} [Mon Nov 1 16:03:19 2021] GET /compute/v2.1/flavors/detail?is_public=True => generated 15 bytes in 518 msecs (HTTP/1.1 200) 9 headers in 358 bytes (1 switches on core 0)
Nov 01 16:03:22.021597 dv-cinder-816184-1-iscsi devstack@n-api.service[100864]: DEBUG nova.api.openstack.wsgi [None req-dcfc5dee-4a29-494f-a4ea-79ee7398f001 None None] Calling method '>' {{(pid=100864) _process_stack /opt/stack/nova/nova/api/openstack/wsgi.py:513}}
Nov 01 16:03:22.023238 dv-cinder-816184-1-iscsi devstack@n-api.service[100864]: INFO nova.api.openstack.requestlog [None req-dcfc5dee-4a29-494f-a4ea-79ee7398f001 None None] 10.222.0.44 "GET /compute/v2.1" status: 200 len: 388 microversion: 2.1 time: 0.002064
Nov 01 16:03:22.024104 dv-cinder-816184-1-iscsi devstack@n-api.service[100864]: [pid: 100864|app: 0|req: 2/4] 10.222.0.44 () {54 vars in 930 bytes} [Mon Nov 1 16:03:22 2021] GET /compute/v2.1 => generated 388 bytes in 4 msecs (HTTP/1.1 200) 9 headers in 357 bytes (2 switches on core 0)
Nov 01 16:03:22.096422 dv-cinder-816184-1-iscsi devstack@n-api.service[100863]: DEBUG nova.api.openstack.wsgi [None req-88414449-ab62-4a69-b6ed-024e688eaeb0 admin admin] Action: 'create', calling method: >, body: {"flavor": {"rxtx_factor": 1.0, "os-flavor-access:is_public": true, "OS-FLV-EXT-DATA:ephemeral": 0, "disk": 1, "name": "cirros256", "vcpus": 1, "ram": 256, "swap": 0, "id": "c1"}} {{(pid=100863) _process_stack /opt/stack/nova/nova/api/openstack/wsgi.py:511}}
Nov 01 16:03:22.116461 dv-cinder-816184-1-iscsi devstack@n-api.service[100863]: /usr/local/lib/python3.8/dist-packages/oslo_policy/policy.py:1075: UserWarning: Policy os_compute_api:os-flavor-manage:create failed scope check. The token used to make the request was project scoped but the policy requires ['system'] scope. This behavior may change in the future where using the intended scope is required
Nov 01 16:03:22.116461 dv-cinder-816184-1-iscsi devstack@n-api.service[100863]: warnings.warn(msg)
Nov 01 16:03:22.148669 dv-cinder-816184-1-iscsi devstack@n-api.service[100863]: INFO nova.api.openstack.requestlog [None req-88414449-ab62-4a69-b6ed-024e688eaeb0 admin admin] 10.222.0.44 "POST /compute/v2.1/flavors" status: 200 len: 407 microversion: 2.61 time: 0.116398
Nov 01 16:03:22.149424 dv-cinder-816184-1-iscsi devstack@n-api.service[100863]: [pid: 100863|app: 0|req: 3/5] 10.222.0.44 () {64 vars in 1282 bytes} [Mon Nov 1 16:03:22 2021] POST /compute/v2.1/flavors => generated 407 bytes in 118 msecs (HTTP/1.1 200) 9 headers in 359 bytes (2 switches on core 0)
Nov 01 16:03:22.373336 dv-cinder-816184-1-iscsi devstack@n-api.service[100864]: DEBUG nova.api.openstack.wsgi [None req-cd5a685f-c169-436f-81ee-81f64b619655 admin admin] Action: 'create', calling method: >, body: {"extra_specs": {"hw_rng:allowed": "True"}} {{(pid=100864) _process_stack /opt/stack/nova/nova/api/openstack/wsgi.py:511}}
Nov 01 16:03:22.376219 dv-cinder-816184-1-iscsi devstack@n-api.service[100864]: /usr/local/lib/python3.8/dist-packages/oslo_policy/policy.py:1075: UserWarning: Policy os_compute_api:os-flavor-extra-specs:create failed scope check. The token used to make the request was project scoped but the policy requires ['system'] scope. This behavior may change in the future where using the intended scope is required
Nov 01 16:03:22.376219 dv-cinder-816184-1-iscsi devstack@n-api.service[100864]: warnings.warn(msg)
Nov 01 16:03:22.429440 dv-cinder-816184-1-iscsi devstack@n-api.service[100864]: INFO nova.api.openstack.requestlog [None req-cd5a685f-c169-436f-81ee-81f64b619655 admin admin] 10.222.0.44 "POST /compute/v2.1/flavors/c1/os-extra_specs" status: 200 len: 43 microversion: 2.61 time: 0.271000
Nov 01 16:03:22.430239 dv-cinder-816184-1-iscsi devstack@n-api.service[100864]: [pid: 100864|app: 0|req: 3/6] 10.222.0.44 () {64 vars in 1335 bytes} [Mon Nov 1 16:03:22 2021] POST /compute/v2.1/flavors/c1/os-extra_specs => generated 43 bytes in 272 msecs (HTTP/1.1 200) 9 headers in 358 bytes (1 switches on core 0)
Nov 01 16:03:24.827588 dv-cinder-816184-1-iscsi devstack@n-api.service[100863]: DEBUG nova.api.openstack.wsgi [None req-88414449-ab62-4a69-b6ed-024e688eaeb0 admin admin] Calling method '>' {{(pid=100863) _process_stack /opt/stack/nova/nova/api/openstack/wsgi.py:513}}
Nov 01 16:03:24.828798 dv-cinder-816184-1-iscsi devstack@n-api.service[100863]: INFO nova.api.openstack.requestlog [None req-88414449-ab62-4a69-b6ed-024e688eaeb0 admin admin] 10.222.0.44 "GET /compute/v2.1" status: 200 len: 388 microversion: 2.1 time: 0.002287
Nov 01 16:03:24.829210 dv-cinder-816184-1-iscsi devstack@n-api.service[100863]: [pid: 100863|app: 0|req: 4/7] 10.222.0.44 () {54 vars in 930 bytes} [Mon Nov 1 16:03:24 2021] GET /compute/v2.1 => generated 388 bytes in 3 msecs (HTTP/1.1 200) 9 headers in 357 bytes (1 switches on core 0)
Nov 01 16:03:24.983992 dv-cinder-816184-1-iscsi devstack@n-api.service[100864]: DEBUG nova.api.openstack.wsgi [None req-73eaddbe-f90e-453c-a961-04ca01b9b856 admin admin] Action: 'create', calling method: >, body: {"flavor": {"ram": 512, "name": "ds512M", "vcpus": 1, "OS-FLV-EXT-DATA:ephemeral": 0, "rxtx_factor": 1.0, "swap": 0, "os-flavor-access:is_public": true, "id": "d1", "disk": 5}} {{(pid=100864) _process_stack /opt/stack/nova/nova/api/openstack/wsgi.py:511}}
Nov 01 16:03:25.008765 dv-cinder-816184-1-iscsi devstack@n-api.service[100864]: /usr/local/lib/python3.8/dist-packages/oslo_policy/policy.py:1075: UserWarning: Policy os_compute_api:os-flavor-manage:create failed scope check. The token used to make the request was project scoped but the policy requires ['system'] scope. This behavior may change in the future where using the intended scope is required
Nov 01 16:03:25.008765 dv-cinder-816184-1-iscsi devstack@n-api.service[100864]: warnings.warn(msg)
Nov 01 16:03:25.031670 dv-cinder-816184-1-iscsi devstack@n-api.service[100864]: INFO nova.api.openstack.requestlog [None req-73eaddbe-f90e-453c-a961-04ca01b9b856 admin admin] 10.222.0.44 "POST /compute/v2.1/flavors" status: 200 len: 404 microversion: 2.61 time: 0.194996
Nov 01 16:03:25.033208 dv-cinder-816184-1-iscsi devstack@n-api.service[100864]: [pid: 100864|app: 0|req: 4/8] 10.222.0.44 () {64 vars in 1282 bytes} [Mon Nov 1 16:03:24 2021] POST /compute/v2.1/flavors => generated 404 bytes in 197 msecs (HTTP/1.1 200) 9 headers in 359 bytes (1 switches on core 0)
Nov 01 16:03:25.047608 dv-cinder-816184-1-iscsi devstack@n-api.service[100863]: DEBUG nova.api.openstack.wsgi [None req-fcc6a4bc-60c3-4428-8974-2b6436c11e6f admin admin] Action: 'create', calling method: >, body: {"extra_specs": {"hw_rng:allowed": "True"}} {{(pid=100863) _process_stack /opt/stack/nova/nova/api/openstack/wsgi.py:511}}
Nov 01 16:03:25.049503 dv-cinder-816184-1-iscsi devstack@n-api.service[100863]: /usr/local/lib/python3.8/dist-packages/oslo_policy/policy.py:1075: UserWarning: Policy os_compute_api:os-flavor-extra-specs:create failed scope check. The token used to make the request was project scoped but the policy requires ['system'] scope. This behavior may change in the future where using the intended scope is required
Nov 01 16:03:25.049503 dv-cinder-816184-1-iscsi devstack@n-api.service[100863]: warnings.warn(msg)
Nov 01 16:03:25.088320 dv-cinder-816184-1-iscsi devstack@n-api.service[100863]: INFO nova.api.openstack.requestlog [None req-fcc6a4bc-60c3-4428-8974-2b6436c11e6f admin admin] 10.222.0.44 "POST /compute/v2.1/flavors/d1/os-extra_specs" status: 200 len: 43 microversion: 2.61 time: 0.044826
Nov 01 16:03:25.089152 dv-cinder-816184-1-iscsi devstack@n-api.service[100863]: [pid: 100863|app: 0|req: 5/9] 10.222.0.44 () {64 vars in 1335 bytes} [Mon Nov 1 16:03:25 2021] POST /compute/v2.1/flavors/d1/os-extra_specs => generated 43 bytes in 46 msecs (HTTP/1.1 200) 9 headers in 358 bytes (1 switches on core 0)
Nov 01 16:03:27.455493 dv-cinder-816184-1-iscsi devstack@n-api.service[100864]: DEBUG nova.api.openstack.wsgi [None req-73eaddbe-f90e-453c-a961-04ca01b9b856 admin admin] Calling method '>' {{(pid=100864) _process_stack /opt/stack/nova/nova/api/openstack/wsgi.py:513}}
Nov 01 16:03:27.456528 dv-cinder-816184-1-iscsi devstack@n-api.service[100864]: INFO nova.api.openstack.requestlog [None req-73eaddbe-f90e-453c-a961-04ca01b9b856 admin admin] 10.222.0.44 "GET /compute/v2.1" status: 200 len: 388 microversion: 2.1 time: 0.001490
Nov 01 16:03:27.456976 dv-cinder-816184-1-iscsi devstack@n-api.service[100864]: [pid: 100864|app: 0|req: 5/10] 10.222.0.44 () {54 vars in 930 bytes} [Mon Nov 1 16:03:27 2021] GET /compute/v2.1 => generated 388 bytes in 2 msecs (HTTP/1.1 200) 9 headers in 357 bytes (1 switches on core 0)
Nov 01 16:03:27.535415 dv-cinder-816184-1-iscsi devstack@n-api.service[100863]: DEBUG nova.api.openstack.wsgi [None req-e3fd6668-1da0-4a60-8a82-d036c60bb21b admin admin] Action: 'create', calling method: >, body: {"flavor": {"disk": 10, "name": "ds1G", "ram": 1024, "swap": 0, "id": "d2", "vcpus": 1, "rxtx_factor": 1.0, "OS-FLV-EXT-DATA:ephemeral": 0, "os-flavor-access:is_public": true}} {{(pid=100863) _process_stack /opt/stack/nova/nova/api/openstack/wsgi.py:511}}
Nov 01 16:03:27.556273 dv-cinder-816184-1-iscsi devstack@n-api.service[100863]: INFO nova.api.openstack.requestlog [None req-e3fd6668-1da0-4a60-8a82-d036c60bb21b admin admin] 10.222.0.44 "POST /compute/v2.1/flavors" status: 200 len: 404 microversion: 2.61 time: 0.091827
Nov 01 16:03:27.560247 dv-cinder-816184-1-iscsi devstack@n-api.service[100863]: [pid: 100863|app: 0|req: 6/11] 10.222.0.44 () {64 vars in 1282 bytes} [Mon Nov 1 16:03:27 2021] POST /compute/v2.1/flavors => generated 404 bytes in 97 msecs (HTTP/1.1 200) 9 headers in 359 bytes (2 switches on core 0)
Nov 01 16:03:27.569666 dv-cinder-816184-1-iscsi devstack@n-api.service[100864]: DEBUG nova.api.openstack.wsgi [None req-28e68514-cb7d-4c65-9ea8-8ee95634d076 admin admin] Action: 'create', calling method: >, body: {"extra_specs": {"hw_rng:allowed": "True"}} {{(pid=100864) _process_stack /opt/stack/nova/nova/api/openstack/wsgi.py:511}}
Nov 01 16:03:27.594737 dv-cinder-816184-1-iscsi devstack@n-api.service[100864]: INFO nova.api.openstack.requestlog [None req-28e68514-cb7d-4c65-9ea8-8ee95634d076 admin admin] 10.222.0.44 "POST /compute/v2.1/flavors/d2/os-extra_specs" status: 200 len: 43 microversion: 2.61 time: 0.028666
Nov 01 16:03:27.595324 dv-cinder-816184-1-iscsi devstack@n-api.service[100864]: [pid: 100864|app: 0|req: 6/12] 10.222.0.44 () {64 vars in 1335 bytes} [Mon Nov 1 16:03:27 2021] POST /compute/v2.1/flavors/d2/os-extra_specs => generated 43 bytes in 30 msecs (HTTP/1.1 200) 9 headers in 358 bytes (1 switches on core 0)
Nov 01 16:03:30.017977 dv-cinder-816184-1-iscsi devstack@n-api.service[100863]: DEBUG nova.api.openstack.wsgi [None req-e3fd6668-1da0-4a60-8a82-d036c60bb21b admin admin] Calling method '>' {{(pid=100863) _process_stack /opt/stack/nova/nova/api/openstack/wsgi.py:513}}
Nov 01 16:03:30.019206 dv-cinder-816184-1-iscsi devstack@n-api.service[100863]: INFO nova.api.openstack.requestlog [None req-e3fd6668-1da0-4a60-8a82-d036c60bb21b admin admin] 10.222.0.44 "GET /compute/v2.1" status: 200 len: 388 microversion: 2.1 time: 0.001754
Nov 01 16:03:30.019705 dv-cinder-816184-1-iscsi devstack@n-api.service[100863]: [pid: 100863|app: 0|req: 7/13] 10.222.0.44 () {54 vars in 930 bytes} [Mon Nov 1 16:03:30 2021] GET /compute/v2.1 => generated 388 bytes in 3 msecs (HTTP/1.1 200) 9 headers in 357 bytes (1 switches on core 0)
Nov 01 16:03:30.094166 dv-cinder-816184-1-iscsi devstack@n-api.service[100864]: DEBUG nova.api.openstack.wsgi [None req-3cca5082-9352-421f-aa99-3230bbbd9ef5 admin admin] Action: 'create', calling method: >, body: {"flavor": {"id": "d3", "swap": 0, "disk": 10, "vcpus": 2, "OS-FLV-EXT-DATA:ephemeral": 0, "ram": 2048, "name": "ds2G", "rxtx_factor": 1.0, "os-flavor-access:is_public": true}} {{(pid=100864) _process_stack /opt/stack/nova/nova/api/openstack/wsgi.py:511}}
Nov 01 16:03:30.116442 dv-cinder-816184-1-iscsi devstack@n-api.service[100864]: INFO nova.api.openstack.requestlog [None req-3cca5082-9352-421f-aa99-3230bbbd9ef5 admin admin] 10.222.0.44 "POST /compute/v2.1/flavors" status: 200 len: 404 microversion: 2.61 time: 0.085617
Nov 01 16:03:30.117148 dv-cinder-816184-1-iscsi devstack@n-api.service[100864]: [pid: 100864|app: 0|req: 7/14] 10.222.0.44 () {64 vars in 1282 bytes} [Mon Nov 1 16:03:30 2021] POST /compute/v2.1/flavors => generated 404 bytes in 87 msecs (HTTP/1.1 200) 9 headers in 359 bytes (1 switches on core 0)
Nov 01 16:03:30.130925 dv-cinder-816184-1-iscsi devstack@n-api.service[100863]: DEBUG nova.api.openstack.wsgi [None req-6b907a64-062f-459b-b63d-e622f7743c8e admin admin] Action: 'create', calling method: >, body: {"extra_specs": {"hw_rng:allowed": "True"}} {{(pid=100863) _process_stack /opt/stack/nova/nova/api/openstack/wsgi.py:511}}
Nov 01 16:03:30.154749 dv-cinder-816184-1-iscsi devstack@n-api.service[100863]: INFO nova.api.openstack.requestlog [None req-6b907a64-062f-459b-b63d-e622f7743c8e admin admin] 10.222.0.44 "POST /compute/v2.1/flavors/d3/os-extra_specs" status: 200 len: 43 microversion: 2.61 time: 0.027440
Nov 01 16:03:30.155360 dv-cinder-816184-1-iscsi devstack@n-api.service[100863]: [pid: 100863|app: 0|req: 8/15] 10.222.0.44 () {64 vars in 1335 bytes} [Mon Nov 1 16:03:30 2021] POST /compute/v2.1/flavors/d3/os-extra_specs => generated 43 bytes in 29 msecs (HTTP/1.1 200) 9 headers in 358 bytes (1 switches on core 0)
Nov 01 16:03:32.576137 dv-cinder-816184-1-iscsi devstack@n-api.service[100864]: DEBUG nova.api.openstack.wsgi [None req-3cca5082-9352-421f-aa99-3230bbbd9ef5 admin admin] Calling method '>' {{(pid=100864) _process_stack /opt/stack/nova/nova/api/openstack/wsgi.py:513}}
Nov 01 16:03:32.577512 dv-cinder-816184-1-iscsi devstack@n-api.service[100864]: INFO nova.api.openstack.requestlog [None req-3cca5082-9352-421f-aa99-3230bbbd9ef5 admin admin] 10.222.0.44 "GET /compute/v2.1" status: 200 len: 388 microversion: 2.1 time: 0.001477
Nov 01 16:03:32.578215 dv-cinder-816184-1-iscsi devstack@n-api.service[100864]: [pid: 100864|app: 0|req: 8/16] 10.222.0.44 () {54 vars in 930 bytes} [Mon Nov 1 16:03:32 2021] GET /compute/v2.1 => generated 388 bytes in 3 msecs (HTTP/1.1 200) 9 headers in 357 bytes (1 switches on core 0)
Nov 01 16:03:32.650831 dv-cinder-816184-1-iscsi devstack@n-api.service[100863]: DEBUG nova.api.openstack.wsgi [None req-f9e107c6-1c47-4121-87b2-1db3a22a33f1 admin admin] Action: 'create', calling method: >, body: {"flavor": {"id": "d4", "vcpus": 4, "disk": 20, "swap": 0, "ram": 4096, "rxtx_factor": 1.0, "os-flavor-access:is_public": true, "OS-FLV-EXT-DATA:ephemeral": 0, "name": "ds4G"}} {{(pid=100863) _process_stack /opt/stack/nova/nova/api/openstack/wsgi.py:511}}
Nov 01 16:03:32.672511 dv-cinder-816184-1-iscsi devstack@n-api.service[100863]: INFO nova.api.openstack.requestlog [None req-f9e107c6-1c47-4121-87b2-1db3a22a33f1 admin admin] 10.222.0.44 "POST /compute/v2.1/flavors" status: 200 len: 404 microversion: 2.61 time: 0.086884
Nov 01 16:03:32.673404 dv-cinder-816184-1-iscsi devstack@n-api.service[100863]: [pid: 100863|app: 0|req: 9/17] 10.222.0.44 () {64 vars in 1282 bytes} [Mon Nov 1 16:03:32 2021] POST /compute/v2.1/flavors => generated 404 bytes in 89 msecs (HTTP/1.1 200) 9 headers in 359 bytes (2 switches on core 0)
Nov 01 16:03:32.685936 dv-cinder-816184-1-iscsi devstack@n-api.service[100864]: DEBUG nova.api.openstack.wsgi [None req-c4acf65b-5f14-4d84-9b36-1bc0bdb0c6a3 admin admin] Action: 'create', calling method: >, body: {"extra_specs": {"hw_rng:allowed": "True"}} {{(pid=100864) _process_stack /opt/stack/nova/nova/api/openstack/wsgi.py:511}}
Nov 01 16:03:32.721835 dv-cinder-816184-1-iscsi devstack@n-api.service[100864]: INFO nova.api.openstack.requestlog [None req-c4acf65b-5f14-4d84-9b36-1bc0bdb0c6a3 admin admin] 10.222.0.44 "POST /compute/v2.1/flavors/d4/os-extra_specs" status: 200 len: 43 microversion: 2.61 time: 0.039023
Nov 01 16:03:32.722940 dv-cinder-816184-1-iscsi devstack@n-api.service[100864]: [pid: 100864|app: 0|req: 9/18] 10.222.0.44 () {64 vars in 1335 bytes} [Mon Nov 1 16:03:32 2021] POST /compute/v2.1/flavors/d4/os-extra_specs => generated 43 bytes in 41 msecs (HTTP/1.1 200) 9 headers in 358 bytes (1 switches on core 0)
Nov 01 16:03:35.128221 dv-cinder-816184-1-iscsi devstack@n-api.service[100863]: DEBUG nova.api.openstack.wsgi [None req-f9e107c6-1c47-4121-87b2-1db3a22a33f1 admin admin] Calling method '>' {{(pid=100863) _process_stack /opt/stack/nova/nova/api/openstack/wsgi.py:513}}
Nov 01 16:03:35.129338 dv-cinder-816184-1-iscsi devstack@n-api.service[100863]: INFO nova.api.openstack.requestlog [None req-f9e107c6-1c47-4121-87b2-1db3a22a33f1 admin admin] 10.222.0.44 "GET /compute/v2.1" status: 200 len: 388 microversion: 2.1 time: 0.001458
Nov 01 16:03:35.134706 dv-cinder-816184-1-iscsi devstack@n-api.service[100863]: [pid: 100863|app: 0|req: 10/19] 10.222.0.44 () {54 vars in 930 bytes} [Mon Nov 1 16:03:35 2021] GET /compute/v2.1 => generated 388 bytes in 2 msecs (HTTP/1.1 200) 9 headers in 357 bytes (1 switches on core 0)
Nov 01 16:03:35.205456 dv-cinder-816184-1-iscsi devstack@n-api.service[100864]: DEBUG nova.api.openstack.wsgi [None req-143e5171-ba91-4e0f-87fa-f9908924cd27 admin admin] Calling method '>' {{(pid=100864) _process_stack /opt/stack/nova/nova/api/openstack/wsgi.py:513}}
Nov 01 16:03:35.234229 dv-cinder-816184-1-iscsi devstack@n-api.service[100864]: INFO nova.api.openstack.requestlog [None req-143e5171-ba91-4e0f-87fa-f9908924cd27 admin admin] 10.222.0.44 "GET /compute/v2.1/flavors/detail?is_public=True" status: 200 len: 2106 microversion: 2.61 time: 0.097321
Nov 01 16:03:35.252701 dv-cinder-816184-1-iscsi devstack@n-api.service[100864]: [pid: 100864|app: 0|req: 10/20] 10.222.0.44 () {60 vars in 1291 bytes} [Mon Nov 1 16:03:35 2021] GET /compute/v2.1/flavors/detail?is_public=True => generated 2106 bytes in 116 msecs (HTTP/1.1 200) 9 headers in 360 bytes (1 switches on core 0)
Nov 01 16:03:37.691861 dv-cinder-816184-1-iscsi devstack@n-api.service[100863]: DEBUG nova.api.openstack.wsgi [None req-f9e107c6-1c47-4121-87b2-1db3a22a33f1 admin admin] Calling method '>' {{(pid=100863) _process_stack /opt/stack/nova/nova/api/openstack/wsgi.py:513}}
Nov 01 16:03:37.692920 dv-cinder-816184-1-iscsi devstack@n-api.service[100863]: INFO nova.api.openstack.requestlog [None req-f9e107c6-1c47-4121-87b2-1db3a22a33f1 admin admin] 10.222.0.44 "GET /compute/v2.1" status: 200 len: 388 microversion: 2.1 time: 0.001539
Nov 01 16:03:37.693429 dv-cinder-816184-1-iscsi devstack@n-api.service[100863]: [pid: 100863|app: 0|req: 11/21] 10.222.0.44 () {54 vars in 930 bytes} [Mon Nov 1 16:03:37 2021] GET /compute/v2.1 => generated 388 bytes in 2 msecs (HTTP/1.1 200) 9 headers in 357 bytes (1 switches on core 0)
Nov 01 16:03:37.758830 dv-cinder-816184-1-iscsi devstack@n-api.service[100864]: DEBUG nova.api.openstack.wsgi [None req-ef3f5202-5ac6-4866-be0a-6f48a2422736 admin admin] Action: 'create', calling method: >, body: {"flavor": {"vcpus": 1, "rxtx_factor": 1.0, "os-flavor-access:is_public": true, "id": "1", "OS-FLV-EXT-DATA:ephemeral": 0, "swap": 0, "ram": 512, "name": "m1.tiny", "disk": 1}} {{(pid=100864) _process_stack /opt/stack/nova/nova/api/openstack/wsgi.py:511}}
Nov 01 16:03:37.781092 dv-cinder-816184-1-iscsi devstack@n-api.service[100864]: INFO nova.api.openstack.requestlog [None req-ef3f5202-5ac6-4866-be0a-6f48a2422736 admin admin] 10.222.0.44 "POST /compute/v2.1/flavors" status: 200 len: 402 microversion: 2.61 time: 0.080743
Nov 01 16:03:37.781921 dv-cinder-816184-1-iscsi devstack@n-api.service[100864]: [pid: 100864|app: 0|req: 11/22] 10.222.0.44 () {64 vars in 1282 bytes} [Mon Nov 1 16:03:37 2021] POST /compute/v2.1/flavors => generated 402 bytes in 82 msecs (HTTP/1.1 200) 9 headers in 359 bytes (1 switches on core 0)
Nov 01 16:03:37.795758 dv-cinder-816184-1-iscsi devstack@n-api.service[100863]: DEBUG nova.api.openstack.wsgi [None req-ced34b40-cbba-4f56-b162-cbf771ca5cde admin admin] Action: 'create', calling method: >, body: {"extra_specs": {"hw_rng:allowed": "True"}} {{(pid=100863) _process_stack /opt/stack/nova/nova/api/openstack/wsgi.py:511}}
Nov 01 16:03:37.822315 dv-cinder-816184-1-iscsi devstack@n-api.service[100863]: INFO nova.api.openstack.requestlog [None req-ced34b40-cbba-4f56-b162-cbf771ca5cde admin admin] 10.222.0.44 "POST /compute/v2.1/flavors/1/os-extra_specs" status: 200 len: 43 microversion: 2.61 time: 0.030257
Nov 01 16:03:37.822936 dv-cinder-816184-1-iscsi devstack@n-api.service[100863]: [pid: 100863|app: 0|req: 12/23] 10.222.0.44 () {64 vars in 1332 bytes} [Mon Nov 1 16:03:37 2021] POST /compute/v2.1/flavors/1/os-extra_specs => generated 43 bytes in 32 msecs (HTTP/1.1 200) 9 headers in 358 bytes (1 switches on core 0)
Nov 01 16:03:40.286175 dv-cinder-816184-1-iscsi devstack@n-api.service[100864]: DEBUG nova.api.openstack.wsgi [None req-ef3f5202-5ac6-4866-be0a-6f48a2422736 admin admin] Calling method '>' {{(pid=100864) _process_stack /opt/stack/nova/nova/api/openstack/wsgi.py:513}}
Nov 01 16:03:40.287178 dv-cinder-816184-1-iscsi devstack@n-api.service[100864]: INFO nova.api.openstack.requestlog [None req-ef3f5202-5ac6-4866-be0a-6f48a2422736 admin admin] 10.222.0.44 "GET /compute/v2.1" status: 200 len: 388 microversion: 2.1 time: 0.001458
Nov 01 16:03:40.287581 dv-cinder-816184-1-iscsi devstack@n-api.service[100864]: [pid: 100864|app: 0|req: 12/24] 10.222.0.44 () {54 vars in 930 bytes} [Mon Nov 1 16:03:40 2021] GET /compute/v2.1 => generated 388 bytes in 2 msecs (HTTP/1.1 200) 9 headers in 357 bytes (1 switches on core 0)
Nov 01 16:03:40.359349 dv-cinder-816184-1-iscsi devstack@n-api.service[100863]: DEBUG nova.api.openstack.wsgi [None req-ea4f605b-2800-47a1-9b12-9ce9f9960a8b admin admin] Action: 'create', calling method: >, body: {"flavor": {"id": "2", "disk": 20, "swap": 0, "vcpus": 1, "name": "m1.small", "OS-FLV-EXT-DATA:ephemeral": 0, "ram": 2048, "rxtx_factor": 1.0, "os-flavor-access:is_public": true}} {{(pid=100863) _process_stack /opt/stack/nova/nova/api/openstack/wsgi.py:511}}
Nov 01 16:03:40.379156 dv-cinder-816184-1-iscsi devstack@n-api.service[100863]: INFO nova.api.openstack.requestlog [None req-ea4f605b-2800-47a1-9b12-9ce9f9960a8b admin admin] 10.222.0.44 "POST /compute/v2.1/flavors" status: 200 len: 405 microversion: 2.61 time: 0.084065
Nov 01 16:03:40.380068 dv-cinder-816184-1-iscsi devstack@n-api.service[100863]: [pid: 100863|app: 0|req: 13/25] 10.222.0.44 () {64 vars in 1282 bytes} [Mon Nov 1 16:03:40 2021] POST /compute/v2.1/flavors => generated 405 bytes in 86 msecs (HTTP/1.1 200) 9 headers in 359 bytes (1 switches on core 0)
Nov 01 16:03:40.394108 dv-cinder-816184-1-iscsi devstack@n-api.service[100864]: DEBUG nova.api.openstack.wsgi [None req-f1235470-bcc2-4e52-b779-3a65de586aa0 admin admin] Action: 'create', calling method: >, body: {"extra_specs": {"hw_rng:allowed": "True"}} {{(pid=100864) _process_stack /opt/stack/nova/nova/api/openstack/wsgi.py:511}}
Nov 01 16:03:40.417524 dv-cinder-816184-1-iscsi devstack@n-api.service[100864]: INFO nova.api.openstack.requestlog [None req-f1235470-bcc2-4e52-b779-3a65de586aa0 admin admin] 10.222.0.44 "POST /compute/v2.1/flavors/2/os-extra_specs" status: 200 len: 43 microversion: 2.61 time: 0.028075
Nov 01 16:03:40.418117 dv-cinder-816184-1-iscsi devstack@n-api.service[100864]: [pid: 100864|app: 0|req: 13/26] 10.222.0.44 () {64 vars in 1332 bytes} [Mon Nov 1 16:03:40 2021] POST /compute/v2.1/flavors/2/os-extra_specs => generated 43 bytes in 29 msecs (HTTP/1.1 200) 9 headers in 358 bytes (1 switches on core 0)
Nov 01 16:03:42.795289 dv-cinder-816184-1-iscsi devstack@n-api.service[100863]: DEBUG nova.api.openstack.wsgi [None req-ea4f605b-2800-47a1-9b12-9ce9f9960a8b admin admin] Calling method '>' {{(pid=100863) _process_stack /opt/stack/nova/nova/api/openstack/wsgi.py:513}}
Nov 01 16:03:42.797087 dv-cinder-816184-1-iscsi devstack@n-api.service[100863]: INFO nova.api.openstack.requestlog [None req-ea4f605b-2800-47a1-9b12-9ce9f9960a8b admin admin] 10.222.0.44 "GET /compute/v2.1" status: 200 len: 388 microversion: 2.1 time: 0.001554
Nov 01 16:03:42.797819 dv-cinder-816184-1-iscsi devstack@n-api.service[100863]: [pid: 100863|app: 0|req: 14/27] 10.222.0.44 () {54 vars in 930 bytes} [Mon Nov 1 16:03:42 2021] GET /compute/v2.1 => generated 388 bytes in 3 msecs (HTTP/1.1 200) 9 headers in 357 bytes (1 switches on core 0)
Nov 01 16:03:42.861624 dv-cinder-816184-1-iscsi devstack@n-api.service[100864]: DEBUG nova.api.openstack.wsgi [None req-b84d18e2-5e09-4c43-b409-6461a09c1d11 admin admin] Action: 'create', calling method: >, body: {"flavor": {"os-flavor-access:is_public": true, "name": "m1.medium", "swap": 0, "disk": 40, "ram": 4096, "vcpus": 2, "id": "3", "rxtx_factor": 1.0, "OS-FLV-EXT-DATA:ephemeral": 0}} {{(pid=100864) _process_stack /opt/stack/nova/nova/api/openstack/wsgi.py:511}}
Nov 01 16:03:42.882291 dv-cinder-816184-1-iscsi devstack@n-api.service[100864]: INFO nova.api.openstack.requestlog [None req-b84d18e2-5e09-4c43-b409-6461a09c1d11 admin admin] 10.222.0.44 "POST /compute/v2.1/flavors" status: 200 len: 406 microversion: 2.61 time: 0.076940
Nov 01 16:03:42.882954 dv-cinder-816184-1-iscsi devstack@n-api.service[100864]: [pid: 100864|app: 0|req: 14/28] 10.222.0.44 () {64 vars in 1282 bytes} [Mon Nov 1 16:03:42 2021] POST /compute/v2.1/flavors => generated 406 bytes in 78 msecs (HTTP/1.1 200) 9 headers in 359 bytes (1 switches on core 0)
Nov 01 16:03:42.896949 dv-cinder-816184-1-iscsi devstack@n-api.service[100863]: DEBUG nova.api.openstack.wsgi [None req-01ee93ce-ceb3-4085-9bcd-a12eefc97434 admin admin] Action: 'create', calling method: >, body: {"extra_specs": {"hw_rng:allowed": "True"}} {{(pid=100863) _process_stack /opt/stack/nova/nova/api/openstack/wsgi.py:511}}
Nov 01 16:03:42.923237 dv-cinder-816184-1-iscsi devstack@n-api.service[100863]: INFO nova.api.openstack.requestlog [None req-01ee93ce-ceb3-4085-9bcd-a12eefc97434 admin admin] 10.222.0.44 "POST /compute/v2.1/flavors/3/os-extra_specs" status: 200 len: 43 microversion: 2.61 time: 0.030678
Nov 01 16:03:42.923974 dv-cinder-816184-1-iscsi devstack@n-api.service[100863]: [pid: 100863|app: 0|req: 15/29] 10.222.0.44 () {64 vars in 1332 bytes} [Mon Nov 1 16:03:42 2021] POST /compute/v2.1/flavors/3/os-extra_specs => generated 43 bytes in 32 msecs (HTTP/1.1 200) 9 headers in 358 bytes (1 switches on core 0)
Nov 01 16:03:45.427917 dv-cinder-816184-1-iscsi devstack@n-api.service[100864]: DEBUG nova.api.openstack.wsgi [None req-b84d18e2-5e09-4c43-b409-6461a09c1d11 admin admin] Calling method '>' {{(pid=100864) _process_stack /opt/stack/nova/nova/api/openstack/wsgi.py:513}}
Nov 01 16:03:45.428920 dv-cinder-816184-1-iscsi devstack@n-api.service[100864]: INFO nova.api.openstack.requestlog [None req-b84d18e2-5e09-4c43-b409-6461a09c1d11 admin admin] 10.222.0.44 "GET /compute/v2.1" status: 200 len: 388 microversion: 2.1 time: 0.001466
Nov 01 16:03:45.429325 dv-cinder-816184-1-iscsi devstack@n-api.service[100864]: [pid: 100864|app: 0|req: 15/30] 10.222.0.44 () {54 vars in 930 bytes} [Mon Nov 1 16:03:45 2021] GET /compute/v2.1 => generated 388 bytes in 2 msecs (HTTP/1.1 200) 9 headers in 357 bytes (1 switches on core 0)
Nov 01 16:03:45.498006 dv-cinder-816184-1-iscsi devstack@n-api.service[100863]: DEBUG nova.api.openstack.wsgi [None req-5b1cb440-2503-4130-b38d-0bfdf32b3bc1 admin admin] Action: 'create', calling method: >, body: {"flavor": {"swap": 0, "os-flavor-access:is_public": true, "vcpus": 4, "rxtx_factor": 1.0, "name": "m1.large", "id": "4", "OS-FLV-EXT-DATA:ephemeral": 0, "ram": 8192, "disk": 80}} {{(pid=100863) _process_stack /opt/stack/nova/nova/api/openstack/wsgi.py:511}}
Nov 01 16:03:45.522884 dv-cinder-816184-1-iscsi devstack@n-api.service[100863]: INFO nova.api.openstack.requestlog [None req-5b1cb440-2503-4130-b38d-0bfdf32b3bc1 admin admin] 10.222.0.44 "POST /compute/v2.1/flavors" status: 200 len: 405 microversion: 2.61 time: 0.083768
Nov 01 16:03:45.523740 dv-cinder-816184-1-iscsi devstack@n-api.service[100863]: [pid: 100863|app: 0|req: 16/31] 10.222.0.44 () {64 vars in 1282 bytes} [Mon Nov 1 16:03:45 2021] POST /compute/v2.1/flavors => generated 405 bytes in 85 msecs (HTTP/1.1 200) 9 headers in 359 bytes (1 switches on core 0)
Nov 01 16:03:45.537395 dv-cinder-816184-1-iscsi devstack@n-api.service[100864]: DEBUG nova.api.openstack.wsgi [None req-50564b69-5ce9-4473-87ea-b2be8448e573 admin admin] Action: 'create', calling method: >, body: {"extra_specs": {"hw_rng:allowed": "True"}} {{(pid=100864) _process_stack /opt/stack/nova/nova/api/openstack/wsgi.py:511}}
Nov 01 16:03:45.565793 dv-cinder-816184-1-iscsi devstack@n-api.service[100864]: INFO nova.api.openstack.requestlog [None req-50564b69-5ce9-4473-87ea-b2be8448e573 admin admin] 10.222.0.44 "POST /compute/v2.1/flavors/4/os-extra_specs" status: 200 len: 43 microversion: 2.61 time: 0.032014
Nov 01 16:03:45.566386 dv-cinder-816184-1-iscsi devstack@n-api.service[100864]: [pid: 100864|app: 0|req: 16/32] 10.222.0.44 () {64 vars in 1332 bytes} [Mon Nov 1 16:03:45 2021] POST /compute/v2.1/flavors/4/os-extra_specs => generated 43 bytes in 33 msecs (HTTP/1.1 200) 9 headers in 358 bytes (1 switches on core 0)
Nov 01 16:03:48.043183 dv-cinder-816184-1-iscsi devstack@n-api.service[100863]: DEBUG nova.api.openstack.wsgi [None req-5b1cb440-2503-4130-b38d-0bfdf32b3bc1 admin admin] Calling method '>' {{(pid=100863) _process_stack /opt/stack/nova/nova/api/openstack/wsgi.py:513}}
Nov 01 16:03:48.044428 dv-cinder-816184-1-iscsi devstack@n-api.service[100863]: INFO nova.api.openstack.requestlog [None req-5b1cb440-2503-4130-b38d-0bfdf32b3bc1 admin admin] 10.222.0.44 "GET /compute/v2.1" status: 200 len: 388 microversion: 2.1 time: 0.001453
Nov 01 16:03:48.044838 dv-cinder-816184-1-iscsi devstack@n-api.service[100863]: [pid: 100863|app: 0|req: 17/33] 10.222.0.44 () {54 vars in 930 bytes} [Mon Nov 1 16:03:48 2021] GET /compute/v2.1 => generated 388 bytes in 3 msecs (HTTP/1.1 200) 9 headers in 357 bytes (1 switches on core 0)
Nov 01 16:03:48.112469 dv-cinder-816184-1-iscsi devstack@n-api.service[100864]: DEBUG nova.api.openstack.wsgi [None req-fc4eb6be-5fbe-4b14-a0b4-7806b0547dba admin admin] Action: 'create', calling method: >, body: {"flavor": {"id": "5", "name": "m1.xlarge", "OS-FLV-EXT-DATA:ephemeral": 0, "rxtx_factor": 1.0, "ram": 16384, "vcpus": 8, "os-flavor-access:is_public": true, "disk": 160, "swap": 0}} {{(pid=100864) _process_stack /opt/stack/nova/nova/api/openstack/wsgi.py:511}}
Nov 01 16:03:48.132697 dv-cinder-816184-1-iscsi devstack@n-api.service[100864]: INFO nova.api.openstack.requestlog [None req-fc4eb6be-5fbe-4b14-a0b4-7806b0547dba admin admin] 10.222.0.44 "POST /compute/v2.1/flavors" status: 200 len: 408 microversion: 2.61 time: 0.080184
Nov 01 16:03:48.133973 dv-cinder-816184-1-iscsi devstack@n-api.service[100864]: [pid: 100864|app: 0|req: 17/34] 10.222.0.44 () {64 vars in 1282 bytes} [Mon Nov 1 16:03:48 2021] POST /compute/v2.1/flavors => generated 408 bytes in 82 msecs (HTTP/1.1 200) 9 headers in 359 bytes (2 switches on core 0)
Nov 01 16:03:48.147050 dv-cinder-816184-1-iscsi devstack@n-api.service[100863]: DEBUG nova.api.openstack.wsgi [None req-d859903e-6736-43cb-a9dc-0e225621674e admin admin] Action: 'create', calling method: >, body: {"extra_specs": {"hw_rng:allowed": "True"}} {{(pid=100863) _process_stack /opt/stack/nova/nova/api/openstack/wsgi.py:511}}
Nov 01 16:03:48.175584 dv-cinder-816184-1-iscsi devstack@n-api.service[100863]: INFO nova.api.openstack.requestlog [None req-d859903e-6736-43cb-a9dc-0e225621674e admin admin] 10.222.0.44 "POST /compute/v2.1/flavors/5/os-extra_specs" status: 200 len: 43 microversion: 2.61 time: 0.032310
Nov 01 16:03:48.179869 dv-cinder-816184-1-iscsi devstack@n-api.service[100863]: [pid: 100863|app: 0|req: 18/35] 10.222.0.44 () {64 vars in 1332 bytes} [Mon Nov 1 16:03:48 2021] POST /compute/v2.1/flavors/5/os-extra_specs => generated 43 bytes in 34 msecs (HTTP/1.1 200) 9 headers in 358 bytes (1 switches on core 0)
Nov 01 16:04:29.522888 dv-cinder-816184-1-iscsi devstack@n-api.service[100864]: DEBUG nova.api.openstack.wsgi [None req-fc4eb6be-5fbe-4b14-a0b4-7806b0547dba admin admin] Calling method '>' {{(pid=100864) _process_stack /opt/stack/nova/nova/api/openstack/wsgi.py:513}}
Nov 01 16:04:29.523918 dv-cinder-816184-1-iscsi devstack@n-api.service[100864]: INFO nova.api.openstack.requestlog [None req-fc4eb6be-5fbe-4b14-a0b4-7806b0547dba admin admin] 10.222.0.44 "GET /compute/v2.1" status: 200 len: 388 microversion: 2.1 time: 0.001444
Nov 01 16:04:29.524320 dv-cinder-816184-1-iscsi devstack@n-api.service[100864]: [pid: 100864|app: 0|req: 18/36] 10.222.0.44 () {54 vars in 930 bytes} [Mon Nov 1 16:04:29 2021] GET /compute/v2.1 => generated 388 bytes in 2 msecs (HTTP/1.1 200) 9 headers in 357 bytes (1 switches on core 0)
Nov 01 16:04:29.587518 dv-cinder-816184-1-iscsi devstack@n-api.service[100863]: DEBUG nova.api.openstack.wsgi [None req-4f1e2e20-66b0-436b-a951-ca853d36c68b admin admin] Calling method '>' {{(pid=100863) _process_stack /opt/stack/nova/nova/api/openstack/wsgi.py:513}}
Nov 01 16:04:29.605576 dv-cinder-816184-1-iscsi devstack@n-api.service[100863]: INFO nova.api.openstack.requestlog [None req-4f1e2e20-66b0-436b-a951-ca853d36c68b admin admin] 10.222.0.44 "GET /compute/v2.1/flavors/detail?is_public=True" status: 200 len: 4202 microversion: 2.61 time: 0.074254
Nov 01 16:04:29.606374 dv-cinder-816184-1-iscsi devstack@n-api.service[100863]: [pid: 100863|app: 0|req: 19/37] 10.222.0.44 () {60 vars in 1291 bytes} [Mon Nov 1 16:04:29 2021] GET /compute/v2.1/flavors/detail?is_public=True => generated 4202 bytes in 75 msecs (HTTP/1.1 200) 9 headers in 360 bytes (1 switches on core 0)
Nov 01 16:04:31.176110 dv-cinder-816184-1-iscsi devstack@n-api.service[100864]: DEBUG nova.api.openstack.wsgi [None req-fc4eb6be-5fbe-4b14-a0b4-7806b0547dba admin admin] Calling method '>' {{(pid=100864) _process_stack /opt/stack/nova/nova/api/openstack/wsgi.py:513}}
Nov 01 16:04:31.177113 dv-cinder-816184-1-iscsi devstack@n-api.service[100864]: INFO nova.api.openstack.requestlog [None req-fc4eb6be-5fbe-4b14-a0b4-7806b0547dba admin admin] 10.222.0.44 "GET /compute/v2.1" status: 200 len: 388 microversion: 2.1 time: 0.001486
Nov 01 16:04:31.177542 dv-cinder-816184-1-iscsi devstack@n-api.service[100864]: [pid: 100864|app: 0|req: 19/38] 10.222.0.44 () {56 vars in 1074 bytes} [Mon Nov 1 16:04:31 2021] GET /compute/v2.1 => generated 388 bytes in 2 msecs (HTTP/1.1 200) 9 headers in 357 bytes (1 switches on core 0)
Nov 01 16:04:31.376307 dv-cinder-816184-1-iscsi devstack@n-api.service[100863]: DEBUG nova.api.openstack.wsgi [None req-a2e5bb8a-5ca1-4ee0-b302-567473eecbb2 admin admin] Calling method '>' {{(pid=100863) _process_stack /opt/stack/nova/nova/api/openstack/wsgi.py:513}}
Nov 01 16:04:31.381893 dv-cinder-816184-1-iscsi devstack@n-api.service[100863]: INFO nova.api.openstack.wsgi [None req-a2e5bb8a-5ca1-4ee0-b302-567473eecbb2 admin admin] HTTP exception thrown: Flavor 42 could not be found.
Nov 01 16:04:31.382396 dv-cinder-816184-1-iscsi devstack@n-api.service[100863]: DEBUG nova.api.openstack.wsgi [None req-a2e5bb8a-5ca1-4ee0-b302-567473eecbb2 admin admin] Returning 404 to user: Flavor 42 could not be found. {{(pid=100863) __call__ /opt/stack/nova/nova/api/openstack/wsgi.py:936}}
Nov 01 16:04:31.383196 dv-cinder-816184-1-iscsi devstack@n-api.service[100863]: INFO nova.api.openstack.requestlog [None req-a2e5bb8a-5ca1-4ee0-b302-567473eecbb2 admin admin] 10.222.0.44 "GET /compute/v2.1/flavors/42" status: 404 len: 75 microversion: 2.90 time: 0.060245
Nov 01 16:04:31.383722 dv-cinder-816184-1-iscsi devstack@n-api.service[100863]: [pid: 100863|app: 0|req: 20/39] 10.222.0.44 () {60 vars in 1190 bytes} [Mon Nov 1 16:04:31 2021] GET /compute/v2.1/flavors/42 => generated 75 bytes in 61 msecs (HTTP/1.1 404) 9 headers in 380 bytes (1 switches on core 0)
Nov 01 16:04:31.394203 dv-cinder-816184-1-iscsi devstack@n-api.service[100864]: DEBUG nova.api.openstack.wsgi [None req-64447953-779f-42e1-8c43-f6052994b264 admin admin] Calling method '>' {{(pid=100864) _process_stack /opt/stack/nova/nova/api/openstack/wsgi.py:513}}
Nov 01 16:04:31.415544 dv-cinder-816184-1-iscsi devstack@n-api.service[100864]: INFO nova.api.openstack.requestlog [None req-64447953-779f-42e1-8c43-f6052994b264 admin admin] 10.222.0.44 "GET /compute/v2.1/flavors?is_public=None" status: 200 len: 2056 microversion: 2.90 time: 0.025435
Nov 01 16:04:31.416146 dv-cinder-816184-1-iscsi devstack@n-api.service[100864]: [pid: 100864|app: 0|req: 20/40] 10.222.0.44 () {60 vars in 1210 bytes} [Mon Nov 1 16:04:31 2021] GET /compute/v2.1/flavors?is_public=None => generated 2056 bytes in 27 msecs (HTTP/1.1 200) 9 headers in 360 bytes (1 switches on core 0)
Nov 01 16:04:31.427221 dv-cinder-816184-1-iscsi devstack@n-api.service[100863]: DEBUG nova.api.openstack.wsgi [None req-beaa4cea-32f4-482b-8438-d0cd45cf8647 admin admin] Calling method '>' {{(pid=100863) _process_stack /opt/stack/nova/nova/api/openstack/wsgi.py:513}}
Nov 01 16:04:31.448708 dv-cinder-816184-1-iscsi devstack@n-api.service[100863]: INFO nova.api.openstack.requestlog [None req-beaa4cea-32f4-482b-8438-d0cd45cf8647 admin admin] 10.222.0.44 "GET /compute/v2.1/flavors?is_public=None" status: 200 len: 2056 microversion: 2.90 time: 0.025432
Nov 01 16:04:31.449291 dv-cinder-816184-1-iscsi devstack@n-api.service[100863]: [pid: 100863|app: 0|req: 21/41] 10.222.0.44 () {60 vars in 1210 bytes} [Mon Nov 1 16:04:31 2021] GET /compute/v2.1/flavors?is_public=None => generated 2056 bytes in 27 msecs (HTTP/1.1 200) 9 headers in 360 bytes (1 switches on core 0)
Nov 01 16:04:31.460410 dv-cinder-816184-1-iscsi devstack@n-api.service[100864]: DEBUG nova.api.openstack.wsgi [None req-b65e1b2a-9995-41e5-a255-701e433fd040 admin admin] Calling method '>' {{(pid=100864) _process_stack /opt/stack/nova/nova/api/openstack/wsgi.py:513}}
Nov 01 16:04:31.465931 dv-cinder-816184-1-iscsi devstack@n-api.service[100864]: INFO nova.api.openstack.wsgi [None req-b65e1b2a-9995-41e5-a255-701e433fd040 admin admin] HTTP exception thrown: Flavor 42 could not be found.
Nov 01 16:04:31.466505 dv-cinder-816184-1-iscsi devstack@n-api.service[100864]: DEBUG nova.api.openstack.wsgi [None req-b65e1b2a-9995-41e5-a255-701e433fd040 admin admin] Returning 404 to user: Flavor 42 could not be found. {{(pid=100864) __call__ /opt/stack/nova/nova/api/openstack/wsgi.py:936}}
Nov 01 16:04:31.467303 dv-cinder-816184-1-iscsi devstack@n-api.service[100864]: INFO nova.api.openstack.requestlog [None req-b65e1b2a-9995-41e5-a255-701e433fd040 admin admin] 10.222.0.44 "GET /compute/v2.1/flavors/42" status: 404 len: 75 microversion: 2.90 time: 0.010539
Nov 01 16:04:31.467820 dv-cinder-816184-1-iscsi devstack@n-api.service[100864]: [pid: 100864|app: 0|req: 21/42] 10.222.0.44 () {60 vars in 1190 bytes} [Mon Nov 1 16:04:31 2021] GET /compute/v2.1/flavors/42 => generated 75 bytes in 12 msecs (HTTP/1.1 404) 9 headers in 380 bytes (1 switches on core 0)
Nov 01 16:04:32.917179 dv-cinder-816184-1-iscsi devstack@n-api.service[100863]: DEBUG nova.api.openstack.wsgi [None req-beaa4cea-32f4-482b-8438-d0cd45cf8647 admin admin] Calling method '>' {{(pid=100863) _process_stack /opt/stack/nova/nova/api/openstack/wsgi.py:513}}
Nov 01 16:04:32.918165 dv-cinder-816184-1-iscsi devstack@n-api.service[100863]: INFO nova.api.openstack.requestlog [None req-beaa4cea-32f4-482b-8438-d0cd45cf8647 admin admin] 10.222.0.44 "GET /compute/v2.1" status: 200 len: 388 microversion: 2.1 time: 0.001428
Nov 01 16:04:32.918561 dv-cinder-816184-1-iscsi devstack@n-api.service[100863]: [pid: 100863|app: 0|req: 22/43] 10.222.0.44 () {56 vars in 1074 bytes} [Mon Nov 1 16:04:32 2021] GET /compute/v2.1 => generated 388 bytes in 2 msecs (HTTP/1.1 200) 9 headers in 357 bytes (1 switches on core 0)
Nov 01 16:04:33.114907 dv-cinder-816184-1-iscsi devstack@n-api.service[100864]: DEBUG nova.api.openstack.wsgi [None req-6e2eec18-d038-49db-806e-4ca51e628c11 admin admin] Calling method '>' {{(pid=100864) _process_stack /opt/stack/nova/nova/api/openstack/wsgi.py:513}}
Nov 01 16:04:33.120205 dv-cinder-816184-1-iscsi devstack@n-api.service[100864]: INFO nova.api.openstack.wsgi [None req-6e2eec18-d038-49db-806e-4ca51e628c11 admin admin] HTTP exception thrown: Flavor 84 could not be found.
Nov 01 16:04:33.120772 dv-cinder-816184-1-iscsi devstack@n-api.service[100864]: DEBUG nova.api.openstack.wsgi [None req-6e2eec18-d038-49db-806e-4ca51e628c11 admin admin] Returning 404 to user: Flavor 84 could not be found. {{(pid=100864) __call__ /opt/stack/nova/nova/api/openstack/wsgi.py:936}}
Nov 01 16:04:33.121560 dv-cinder-816184-1-iscsi devstack@n-api.service[100864]: INFO nova.api.openstack.requestlog [None req-6e2eec18-d038-49db-806e-4ca51e628c11 admin admin] 10.222.0.44 "GET /compute/v2.1/flavors/84" status: 404 len: 75 microversion: 2.90 time: 0.061431
Nov 01 16:04:33.122082 dv-cinder-816184-1-iscsi devstack@n-api.service[100864]: [pid: 100864|app: 0|req: 22/44] 10.222.0.44 () {60 vars in 1190 bytes} [Mon Nov 1 16:04:33 2021] GET /compute/v2.1/flavors/84 => generated 75 bytes in 62 msecs (HTTP/1.1 404) 9 headers in 380 bytes (1 switches on core 0)
Nov 01 16:04:33.132884 dv-cinder-816184-1-iscsi devstack@n-api.service[100863]: DEBUG nova.api.openstack.wsgi [None req-85112338-b2f4-464a-ba1d-d2dfe752959c admin admin] Calling method '>' {{(pid=100863) _process_stack /opt/stack/nova/nova/api/openstack/wsgi.py:513}}
Nov 01 16:04:33.147024 dv-cinder-816184-1-iscsi devstack@n-api.service[100863]: INFO nova.api.openstack.requestlog [None req-85112338-b2f4-464a-ba1d-d2dfe752959c admin admin] 10.222.0.44 "GET /compute/v2.1/flavors?is_public=None" status: 200 len: 2056 microversion: 2.90 time: 0.017668
Nov 01 16:04:33.147585 dv-cinder-816184-1-iscsi devstack@n-api.service[100863]: [pid: 100863|app: 0|req: 23/45] 10.222.0.44 () {60 vars in 1210 bytes} [Mon Nov 1 16:04:33 2021] GET /compute/v2.1/flavors?is_public=None => generated 2056 bytes in 19 msecs (HTTP/1.1 200) 9 headers in 360 bytes (1 switches on core 0)
Nov 01 16:04:33.158175 dv-cinder-816184-1-iscsi devstack@n-api.service[100864]: DEBUG nova.api.openstack.wsgi [None req-280153ef-bc22-4a94-a15f-0f1986e1dda5 admin admin] Calling method '>' {{(pid=100864) _process_stack /opt/stack/nova/nova/api/openstack/wsgi.py:513}}
Nov 01 16:04:33.171992 dv-cinder-816184-1-iscsi devstack@n-api.service[100864]: INFO nova.api.openstack.requestlog [None req-280153ef-bc22-4a94-a15f-0f1986e1dda5 admin admin] 10.222.0.44 "GET /compute/v2.1/flavors?is_public=None" status: 200 len: 2056 microversion: 2.90 time: 0.017530
Nov 01 16:04:33.172684 dv-cinder-816184-1-iscsi devstack@n-api.service[100864]: [pid: 100864|app: 0|req: 23/46] 10.222.0.44 () {60 vars in 1210 bytes} [Mon Nov 1 16:04:33 2021] GET /compute/v2.1/flavors?is_public=None => generated 2056 bytes in 19 msecs (HTTP/1.1 200) 9 headers in 360 bytes (2 switches on core 0)
Nov 01 16:04:33.182854 dv-cinder-816184-1-iscsi devstack@n-api.service[100863]: DEBUG nova.api.openstack.wsgi [None req-e89b60f6-cd47-49b5-b94d-5f391d995c03 admin admin] Calling method '>' {{(pid=100863) _process_stack /opt/stack/nova/nova/api/openstack/wsgi.py:513}}
Nov 01 16:04:33.188980 dv-cinder-816184-1-iscsi devstack@n-api.service[100863]: INFO nova.api.openstack.wsgi [None req-e89b60f6-cd47-49b5-b94d-5f391d995c03 admin admin] HTTP exception thrown: Flavor 84 could not be found.
Nov 01 16:04:33.189552 dv-cinder-816184-1-iscsi devstack@n-api.service[100863]: DEBUG nova.api.openstack.wsgi [None req-e89b60f6-cd47-49b5-b94d-5f391d995c03 admin admin] Returning 404 to user: Flavor 84 could not be found. {{(pid=100863) __call__ /opt/stack/nova/nova/api/openstack/wsgi.py:936}}
