Feb 15 04:21:18.563820 dv-cinder-816104-2-smb devstack@c-api.service[109479]: INFO cinder.volume.api [None req-33204691-07ec-4aa4-b310-4de83369a72d tempest-VolumesGetTest-2098350458 tempest-VolumesGetTest-2098350458-project] Volume info retrieved successfully.
Feb 15 04:21:18.566979 dv-cinder-816104-2-smb devstack@c-api.service[109480]: INFO cinder.api.openstack.wsgi [None req-abe58501-c747-4f24-9903-731fdff28e63 tempest-AttachVolumeNegativeTest-760129389 tempest-AttachVolumeNegativeTest-760129389-project] GET http://10.222.0.35/volume/v3/814143051a5d489fa1be65f0d445df0b/volumes/cac891f7-81d4-4597-934b-fd3468f95c05
Feb 15 04:21:18.567604 dv-cinder-816104-2-smb devstack@c-api.service[109480]: DEBUG cinder.api.openstack.wsgi [None req-abe58501-c747-4f24-9903-731fdff28e63 tempest-AttachVolumeNegativeTest-760129389 tempest-AttachVolumeNegativeTest-760129389-project] Empty body provided in request {{(pid=109480) get_body /opt/stack/cinder/cinder/api/openstack/wsgi.py:715}}
Feb 15 04:21:18.568037 dv-cinder-816104-2-smb devstack@c-api.service[109480]: DEBUG cinder.api.openstack.wsgi [None req-abe58501-c747-4f24-9903-731fdff28e63 tempest-AttachVolumeNegativeTest-760129389 tempest-AttachVolumeNegativeTest-760129389-project] Calling method 'show' {{(pid=109480) _process_stack /opt/stack/cinder/cinder/api/openstack/wsgi.py:868}}
Feb 15 04:21:18.574996 dv-cinder-816104-2-smb devstack@c-api.service[109479]: INFO cinder.api.openstack.wsgi [None req-33204691-07ec-4aa4-b310-4de83369a72d tempest-VolumesGetTest-2098350458 tempest-VolumesGetTest-2098350458-project] http://10.222.0.35/volume/v3/f4904044d0ce4d389ab2617e9bdf5cb2/volumes/61d00b97-de57-4af2-9786-64a5fa5f595f returned with HTTP 200
Feb 15 04:21:18.576551 dv-cinder-816104-2-smb devstack@c-api.service[109479]: [pid: 109479|app: 0|req: 239/476] 10.222.0.35 () {58 vars in 1324 bytes} [Tue Feb 15 04:21:18 2022] GET /volume/v3/f4904044d0ce4d389ab2617e9bdf5cb2/volumes/61d00b97-de57-4af2-9786-64a5fa5f595f => generated 960 bytes in 43 msecs (HTTP/1.1 200) 7 headers in 285 bytes (1 switches on core 0)
Feb 15 04:21:18.586953 dv-cinder-816104-2-smb devstack@c-api.service[109480]: /usr/local/lib/python3.8/dist-packages/oslo_context/context.py:105: DeprecationWarning: Policy enforcement is depending on the value of is_admin. This key is deprecated. Please update your policy file to use the standard policy values.
Feb 15 04:21:18.586953 dv-cinder-816104-2-smb devstack@c-api.service[109480]: warnings.warn('Policy enforcement is depending on the value of '
Feb 15 04:21:18.596645 dv-cinder-816104-2-smb devstack@c-api.service[109480]: INFO cinder.volume.api [None req-abe58501-c747-4f24-9903-731fdff28e63 tempest-AttachVolumeNegativeTest-760129389 tempest-AttachVolumeNegativeTest-760129389-project] Volume info retrieved successfully.
Feb 15 04:21:18.600077 dv-cinder-816104-2-smb devstack@c-api.service[109479]: INFO cinder.api.openstack.wsgi [None req-aebabbda-ed6d-48c6-aec8-40b65f1546ab tempest-VolumesGetTest-2098350458 tempest-VolumesGetTest-2098350458-project] POST http://10.222.0.35/volume/v3/f4904044d0ce4d389ab2617e9bdf5cb2/volumes
Feb 15 04:21:18.600799 dv-cinder-816104-2-smb devstack@c-api.service[109479]: DEBUG cinder.api.openstack.wsgi [None req-aebabbda-ed6d-48c6-aec8-40b65f1546ab tempest-VolumesGetTest-2098350458 tempest-VolumesGetTest-2098350458-project] Action: 'create', calling method: create, body: {"volume": {"description": "tempest-@#$%^* description-1857057585", "availability_zone": "nova", "size": 1}} {{(pid=109479) _process_stack /opt/stack/cinder/cinder/api/openstack/wsgi.py:866}}
Feb 15 04:21:18.601919 dv-cinder-816104-2-smb devstack@c-api.service[109479]: DEBUG cinder.api.v3.volumes [None req-aebabbda-ed6d-48c6-aec8-40b65f1546ab tempest-VolumesGetTest-2098350458 tempest-VolumesGetTest-2098350458-project] Create volume request body: {'volume': {'description': 'tempest-@#$%^* description-1857057585', 'availability_zone': 'nova', 'size': 1}} {{(pid=109479) create /opt/stack/cinder/cinder/api/v3/volumes.py:298}}
Feb 15 04:21:18.602418 dv-cinder-816104-2-smb devstack@c-api.service[109479]: INFO cinder.api.v3.volumes [None req-aebabbda-ed6d-48c6-aec8-40b65f1546ab tempest-VolumesGetTest-2098350458 tempest-VolumesGetTest-2098350458-project] Create volume of 1 GB
Feb 15 04:21:18.607429 dv-cinder-816104-2-smb devstack@c-api.service[109480]: INFO cinder.api.openstack.wsgi [None req-abe58501-c747-4f24-9903-731fdff28e63 tempest-AttachVolumeNegativeTest-760129389 tempest-AttachVolumeNegativeTest-760129389-project] http://10.222.0.35/volume/v3/814143051a5d489fa1be65f0d445df0b/volumes/cac891f7-81d4-4597-934b-fd3468f95c05 returned with HTTP 200
Feb 15 04:21:18.613014 dv-cinder-816104-2-smb devstack@c-api.service[109479]: INFO cinder.volume.api [None req-aebabbda-ed6d-48c6-aec8-40b65f1546ab tempest-VolumesGetTest-2098350458 tempest-VolumesGetTest-2098350458-project] Availability Zones retrieved successfully.
Feb 15 04:21:18.616739 dv-cinder-816104-2-smb devstack@c-api.service[109480]: [pid: 109480|app: 0|req: 238/477] 10.222.0.35 () {58 vars in 1324 bytes} [Tue Feb 15 04:21:18 2022] GET /volume/v3/814143051a5d489fa1be65f0d445df0b/volumes/cac891f7-81d4-4597-934b-fd3468f95c05 => generated 891 bytes in 54 msecs (HTTP/1.1 200) 7 headers in 285 bytes (1 switches on core 0)
Feb 15 04:21:18.631628 dv-cinder-816104-2-smb devstack@c-api.service[109479]: DEBUG cinder.volume.api [None req-aebabbda-ed6d-48c6-aec8-40b65f1546ab tempest-VolumesGetTest-2098350458 tempest-VolumesGetTest-2098350458-project] Flow 'volume_create_api' (76772d98-863e-47c8-85b6-84013b87a96b) transitioned into state 'RUNNING' from state 'PENDING' {{(pid=109479) _flow_receiver /usr/local/lib/python3.8/dist-packages/taskflow/listeners/logging.py:141}}
Feb 15 04:21:18.634460 dv-cinder-816104-2-smb devstack@c-api.service[109479]: DEBUG cinder.volume.api [None req-aebabbda-ed6d-48c6-aec8-40b65f1546ab tempest-VolumesGetTest-2098350458 tempest-VolumesGetTest-2098350458-project] Task 'cinder.volume.flows.api.create_volume.ExtractVolumeRequestTask;volume:create' (a8b2605d-ba7b-481b-b530-c8a69de877a9) transitioned into state 'RUNNING' from state 'PENDING' {{(pid=109479) _task_receiver /usr/local/lib/python3.8/dist-packages/taskflow/listeners/logging.py:190}}
Feb 15 04:21:18.637131 dv-cinder-816104-2-smb devstack@c-api.service[109479]: DEBUG cinder.volume.flows.api.create_volume [None req-aebabbda-ed6d-48c6-aec8-40b65f1546ab tempest-VolumesGetTest-2098350458 tempest-VolumesGetTest-2098350458-project] Validating volume size '1' using validate_int {{(pid=109479) _extract_size /opt/stack/cinder/cinder/volume/flows/api/create_volume.py:225}}
Feb 15 04:21:18.677381 dv-cinder-816104-2-smb devstack@c-api.service[109480]: INFO cinder.api.openstack.wsgi [None req-388b64fa-e01f-4c2c-8225-536c23b7134d tempest-VolumesServicesTestJSON-1705172067 tempest-VolumesServicesTestJSON-1705172067-project] GET http://10.222.0.35/volume/v3/f9784f2686244f57b5ca2bd14530ccf5/volumes/98a58262-c3b1-42fc-9064-ba178bf3540d
Feb 15 04:21:18.678317 dv-cinder-816104-2-smb devstack@c-api.service[109480]: DEBUG cinder.api.openstack.wsgi [None req-388b64fa-e01f-4c2c-8225-536c23b7134d tempest-VolumesServicesTestJSON-1705172067 tempest-VolumesServicesTestJSON-1705172067-project] Empty body provided in request {{(pid=109480) get_body /opt/stack/cinder/cinder/api/openstack/wsgi.py:715}}
Feb 15 04:21:18.678836 dv-cinder-816104-2-smb devstack@c-api.service[109480]: DEBUG cinder.api.openstack.wsgi [None req-388b64fa-e01f-4c2c-8225-536c23b7134d tempest-VolumesServicesTestJSON-1705172067 tempest-VolumesServicesTestJSON-1705172067-project] Calling method 'show' {{(pid=109480) _process_stack /opt/stack/cinder/cinder/api/openstack/wsgi.py:868}}
Feb 15 04:21:18.681970 dv-cinder-816104-2-smb devstack@c-api.service[109479]: DEBUG cinder.volume.api [None req-aebabbda-ed6d-48c6-aec8-40b65f1546ab tempest-VolumesGetTest-2098350458 tempest-VolumesGetTest-2098350458-project] Task 'cinder.volume.flows.api.create_volume.ExtractVolumeRequestTask;volume:create' (a8b2605d-ba7b-481b-b530-c8a69de877a9) transitioned into state 'SUCCESS' from state 'RUNNING' with result '{'size': 1, 'snapshot_id': None, 'source_volid': None, 'volume_type': VolumeType(created_at=2022-02-15T04:09:59Z,deleted=False,deleted_at=None,description='Default Volume Type',extra_specs={},id=925a7acd-73b7-4435-94b6-5e921b93e25b,is_public=True,name='__DEFAULT__',projects=[],qos_specs=,qos_specs_id=None,updated_at=2022-02-15T04:09:59Z), 'volume_type_id': '925a7acd-73b7-4435-94b6-5e921b93e25b', 'encryption_key_id': None, 'qos_specs': None, 'consistencygroup_id': None, 'cgsnapshot_id': None, 'group_id': None, 'replication_status': 'disabled', 'refresh_az': False, 'backup_id': None, 'multiattach': False, 'availability_zones': ['nova']}' {{(pid=109479) _task_receiver /usr/local/lib/python3.8/dist-packages/taskflow/listeners/logging.py:178}}
Feb 15 04:21:18.684195 dv-cinder-816104-2-smb devstack@c-api.service[109479]: DEBUG cinder.volume.api [None req-aebabbda-ed6d-48c6-aec8-40b65f1546ab tempest-VolumesGetTest-2098350458 tempest-VolumesGetTest-2098350458-project] Task 'cinder.volume.flows.api.create_volume.QuotaReserveTask;volume:create' (e7e18fa0-9845-4d7e-b461-21a1d059774f) transitioned into state 'RUNNING' from state 'PENDING' {{(pid=109479) _task_receiver /usr/local/lib/python3.8/dist-packages/taskflow/listeners/logging.py:190}}
Feb 15 04:21:18.711386 dv-cinder-816104-2-smb devstack@c-api.service[109480]: INFO cinder.api.openstack.wsgi [None req-388b64fa-e01f-4c2c-8225-536c23b7134d tempest-VolumesServicesTestJSON-1705172067 tempest-VolumesServicesTestJSON-1705172067-project] http://10.222.0.35/volume/v3/f9784f2686244f57b5ca2bd14530ccf5/volumes/98a58262-c3b1-42fc-9064-ba178bf3540d returned with HTTP 404
Feb 15 04:21:18.719237 dv-cinder-816104-2-smb devstack@c-api.service[109480]: [pid: 109480|app: 0|req: 239/478] 10.222.0.35 () {58 vars in 1324 bytes} [Tue Feb 15 04:21:18 2022] GET /volume/v3/f9784f2686244f57b5ca2bd14530ccf5/volumes/98a58262-c3b1-42fc-9064-ba178bf3540d => generated 109 bytes in 50 msecs (HTTP/1.1 404) 7 headers in 292 bytes (1 switches on core 0)
Feb 15 04:21:18.756749 dv-cinder-816104-2-smb devstack@c-api.service[109479]: DEBUG cinder.quota [None req-aebabbda-ed6d-48c6-aec8-40b65f1546ab tempest-VolumesGetTest-2098350458 tempest-VolumesGetTest-2098350458-project] Created reservations ['f4ca0503-335e-403b-b369-2b14fe3f1413', 'b065a0d8-f5eb-47e8-bf74-0d011c38b1a0', '95ffaf9e-f248-407c-a2e9-8acc1b143c0f', '080bf380-e88e-47d4-a548-3cbfa40fdb75'] {{(pid=109479) reserve /opt/stack/cinder/cinder/quota.py:755}}
Feb 15 04:21:18.759774 dv-cinder-816104-2-smb devstack@c-api.service[109479]: DEBUG cinder.volume.api [None req-aebabbda-ed6d-48c6-aec8-40b65f1546ab tempest-VolumesGetTest-2098350458 tempest-VolumesGetTest-2098350458-project] Task 'cinder.volume.flows.api.create_volume.QuotaReserveTask;volume:create' (e7e18fa0-9845-4d7e-b461-21a1d059774f) transitioned into state 'SUCCESS' from state 'RUNNING' with result '{'reservations': ['f4ca0503-335e-403b-b369-2b14fe3f1413', 'b065a0d8-f5eb-47e8-bf74-0d011c38b1a0', '95ffaf9e-f248-407c-a2e9-8acc1b143c0f', '080bf380-e88e-47d4-a548-3cbfa40fdb75']}' {{(pid=109479) _task_receiver /usr/local/lib/python3.8/dist-packages/taskflow/listeners/logging.py:178}}
Feb 15 04:21:18.763122 dv-cinder-816104-2-smb devstack@c-api.service[109479]: DEBUG cinder.volume.api [None req-aebabbda-ed6d-48c6-aec8-40b65f1546ab tempest-VolumesGetTest-2098350458 tempest-VolumesGetTest-2098350458-project] Task 'cinder.volume.flows.api.create_volume.EntryCreateTask;volume:create' (530f92ea-0365-4241-8b89-e3add8cf9550) transitioned into state 'RUNNING' from state 'PENDING' {{(pid=109479) _task_receiver /usr/local/lib/python3.8/dist-packages/taskflow/listeners/logging.py:190}}
Feb 15 04:21:18.794134 dv-cinder-816104-2-smb devstack@c-api.service[109479]: DEBUG cinder.volume.api [None req-aebabbda-ed6d-48c6-aec8-40b65f1546ab tempest-VolumesGetTest-2098350458 tempest-VolumesGetTest-2098350458-project] Task 'cinder.volume.flows.api.create_volume.EntryCreateTask;volume:create' (530f92ea-0365-4241-8b89-e3add8cf9550) transitioned into state 'SUCCESS' from state 'RUNNING' with result '{'volume_id': '434fe458-eb93-4bd5-b8d1-9a4536122924', 'volume_properties': VolumeProperties(attach_status='detached',availability_zone='nova',cgsnapshot_id=None,consistencygroup_id=None,display_description='tempest-@#$%^* description-1857057585',display_name=None,encryption_key_id=None,group_id=None,group_type_id=,metadata={},multiattach=False,project_id='f4904044d0ce4d389ab2617e9bdf5cb2',qos_specs=None,replication_status=,reservations=['f4ca0503-335e-403b-b369-2b14fe3f1413','b065a0d8-f5eb-47e8-bf74-0d011c38b1a0','95ffaf9e-f248-407c-a2e9-8acc1b143c0f','080bf380-e88e-47d4-a548-3cbfa40fdb75'],size=1,snapshot_id=None,source_replicaid=,source_volid=None,status='creating',user_id='4e899ba65d4a44f7aa1feff6bf5fce53',volume_type_id=925a7acd-73b7-4435-94b6-5e921b93e25b), 'volume': Volume(_name_id=None,admin_metadata=,attach_status='detached',availability_zone='nova',bootable=False,cluster=,cluster_name=None,consistencygroup=,consistencygroup_id=None,created_at=2022-02-15T04:21:18Z,deleted=False,deleted_at=None,display_description='tempest-@#$%^* description-1857057585',display_name=None,ec2_id=None,encryption_key_id=None,glance_metadata=,group=,group_id=None,host=None,id=434fe458-eb93-4bd5-b8d1-9a4536122924,launched_at=None,metadata={},migration_status=None,multiattach=False,previous_status=None,project_id='f4904044d0ce4d389ab2617e9bdf5cb2',provider_auth=None,provider_geometry=None,provider_id=None,provider_location=None,replication_driver_data=None,replication_extended_status=None,replication_status=None,scheduled_at=None,service_uuid=None,shared_targets=True,size=1,snapshot_id=None,snapshots=,source_volid=None,status='creating',terminated_at=None,updated_at=None,use_quota=True,user_id='4e899ba65d4a44f7aa1feff6bf5fce53',volume_attachment=VolumeAttachmentList,volume_type=VolumeType(925a7acd-73b7-4435-94b6-5e921b93e25b),volume_type_id=925a7acd-73b7-4435-94b6-5e921b93e25b)}' {{(pid=109479) _task_receiver /usr/local/lib/python3.8/dist-packages/taskflow/listeners/logging.py:178}}
Feb 15 04:21:18.797079 dv-cinder-816104-2-smb devstack@c-api.service[109479]: DEBUG cinder.volume.api [None req-aebabbda-ed6d-48c6-aec8-40b65f1546ab tempest-VolumesGetTest-2098350458 tempest-VolumesGetTest-2098350458-project] Task 'cinder.volume.flows.api.create_volume.QuotaCommitTask;volume:create' (ec4b76ef-91fe-49bd-9250-c4985696db64) transitioned into state 'RUNNING' from state 'PENDING' {{(pid=109479) _task_receiver /usr/local/lib/python3.8/dist-packages/taskflow/listeners/logging.py:190}}
Feb 15 04:21:18.830275 dv-cinder-816104-2-smb devstack@c-api.service[109479]: DEBUG cinder.volume.api [None req-aebabbda-ed6d-48c6-aec8-40b65f1546ab tempest-VolumesGetTest-2098350458 tempest-VolumesGetTest-2098350458-project] Task 'cinder.volume.flows.api.create_volume.QuotaCommitTask;volume:create' (ec4b76ef-91fe-49bd-9250-c4985696db64) transitioned into state 'SUCCESS' from state 'RUNNING' with result '{'volume_properties': VolumeProperties(attach_status='detached',availability_zone='nova',cgsnapshot_id=None,consistencygroup_id=None,display_description='tempest-@#$%^* description-1857057585',display_name=None,encryption_key_id=None,group_id=None,group_type_id=,metadata={},multiattach=False,project_id='f4904044d0ce4d389ab2617e9bdf5cb2',qos_specs=None,replication_status=,reservations=['f4ca0503-335e-403b-b369-2b14fe3f1413','b065a0d8-f5eb-47e8-bf74-0d011c38b1a0','95ffaf9e-f248-407c-a2e9-8acc1b143c0f','080bf380-e88e-47d4-a548-3cbfa40fdb75'],size=1,snapshot_id=None,source_replicaid=,source_volid=None,status='creating',user_id='4e899ba65d4a44f7aa1feff6bf5fce53',volume_type_id=925a7acd-73b7-4435-94b6-5e921b93e25b)}' {{(pid=109479) _task_receiver /usr/local/lib/python3.8/dist-packages/taskflow/listeners/logging.py:178}}
Feb 15 04:21:18.834029 dv-cinder-816104-2-smb devstack@c-api.service[109479]: DEBUG cinder.volume.api [None req-aebabbda-ed6d-48c6-aec8-40b65f1546ab tempest-VolumesGetTest-2098350458 tempest-VolumesGetTest-2098350458-project] Task 'cinder.volume.flows.api.create_volume.VolumeCastTask;volume:create' (f3bc40a5-9f8c-4c18-8890-b9f75c5d8f16) transitioned into state 'RUNNING' from state 'PENDING' {{(pid=109479) _task_receiver /usr/local/lib/python3.8/dist-packages/taskflow/listeners/logging.py:190}}
Feb 15 04:21:18.861444 dv-cinder-816104-2-smb devstack@c-api.service[109479]: DEBUG cinder.volume.api [None req-aebabbda-ed6d-48c6-aec8-40b65f1546ab tempest-VolumesGetTest-2098350458 tempest-VolumesGetTest-2098350458-project] Task 'cinder.volume.flows.api.create_volume.VolumeCastTask;volume:create' (f3bc40a5-9f8c-4c18-8890-b9f75c5d8f16) transitioned into state 'SUCCESS' from state 'RUNNING' with result 'None' {{(pid=109479) _task_receiver /usr/local/lib/python3.8/dist-packages/taskflow/listeners/logging.py:178}}
Feb 15 04:21:18.866074 dv-cinder-816104-2-smb devstack@c-api.service[109479]: DEBUG cinder.volume.api [None req-aebabbda-ed6d-48c6-aec8-40b65f1546ab tempest-VolumesGetTest-2098350458 tempest-VolumesGetTest-2098350458-project] Flow 'volume_create_api' (76772d98-863e-47c8-85b6-84013b87a96b) transitioned into state 'SUCCESS' from state 'RUNNING' {{(pid=109479) _flow_receiver /usr/local/lib/python3.8/dist-packages/taskflow/listeners/logging.py:141}}
Feb 15 04:21:18.866950 dv-cinder-816104-2-smb devstack@c-api.service[109479]: INFO cinder.volume.api [None req-aebabbda-ed6d-48c6-aec8-40b65f1546ab tempest-VolumesGetTest-2098350458 tempest-VolumesGetTest-2098350458-project] Create volume request issued successfully.
Feb 15 04:21:18.869127 dv-cinder-816104-2-smb devstack@c-api.service[109479]: INFO cinder.api.openstack.wsgi [None req-aebabbda-ed6d-48c6-aec8-40b65f1546ab tempest-VolumesGetTest-2098350458 tempest-VolumesGetTest-2098350458-project] http://10.222.0.35/volume/v3/f4904044d0ce4d389ab2617e9bdf5cb2/volumes returned with HTTP 202
Feb 15 04:21:18.870233 dv-cinder-816104-2-smb devstack@c-api.service[109479]: [pid: 109479|app: 0|req: 240/479] 10.222.0.35 () {60 vars in 1235 bytes} [Tue Feb 15 04:21:18 2022] POST /volume/v3/f4904044d0ce4d389ab2617e9bdf5cb2/volumes => generated 811 bytes in 274 msecs (HTTP/1.1 202) 7 headers in 291 bytes (1 switches on core 0)
Feb 15 04:21:18.890212 dv-cinder-816104-2-smb devstack@c-api.service[109480]: INFO cinder.api.openstack.wsgi [None req-93a0d27b-c8fb-43d7-ba6d-6e0564c9dbb5 tempest-VolumesGetTest-2098350458 tempest-VolumesGetTest-2098350458-project] GET http://10.222.0.35/volume/v3/f4904044d0ce4d389ab2617e9bdf5cb2/volumes/434fe458-eb93-4bd5-b8d1-9a4536122924
Feb 15 04:21:18.891603 dv-cinder-816104-2-smb devstack@c-api.service[109480]: DEBUG cinder.api.openstack.wsgi [None req-93a0d27b-c8fb-43d7-ba6d-6e0564c9dbb5 tempest-VolumesGetTest-2098350458 tempest-VolumesGetTest-2098350458-project] Empty body provided in request {{(pid=109480) get_body /opt/stack/cinder/cinder/api/openstack/wsgi.py:715}}
Feb 15 04:21:18.892656 dv-cinder-816104-2-smb devstack@c-api.service[109480]: DEBUG cinder.api.openstack.wsgi [None req-93a0d27b-c8fb-43d7-ba6d-6e0564c9dbb5 tempest-VolumesGetTest-2098350458 tempest-VolumesGetTest-2098350458-project] Calling method 'show' {{(pid=109480) _process_stack /opt/stack/cinder/cinder/api/openstack/wsgi.py:868}}
Feb 15 04:21:18.914814 dv-cinder-816104-2-smb devstack@c-api.service[109480]: /usr/local/lib/python3.8/dist-packages/oslo_context/context.py:105: DeprecationWarning: Policy enforcement is depending on the value of is_admin. This key is deprecated. Please update your policy file to use the standard policy values.
Feb 15 04:21:18.914814 dv-cinder-816104-2-smb devstack@c-api.service[109480]: warnings.warn('Policy enforcement is depending on the value of '
Feb 15 04:21:18.925227 dv-cinder-816104-2-smb devstack@c-api.service[109480]: INFO cinder.volume.api [None req-93a0d27b-c8fb-43d7-ba6d-6e0564c9dbb5 tempest-VolumesGetTest-2098350458 tempest-VolumesGetTest-2098350458-project] Volume info retrieved successfully.
Feb 15 04:21:18.937016 dv-cinder-816104-2-smb devstack@c-api.service[109480]: INFO cinder.api.openstack.wsgi [None req-93a0d27b-c8fb-43d7-ba6d-6e0564c9dbb5 tempest-VolumesGetTest-2098350458 tempest-VolumesGetTest-2098350458-project] http://10.222.0.35/volume/v3/f4904044d0ce4d389ab2617e9bdf5cb2/volumes/434fe458-eb93-4bd5-b8d1-9a4536122924 returned with HTTP 200
Feb 15 04:21:18.937873 dv-cinder-816104-2-smb devstack@c-api.service[109480]: [pid: 109480|app: 0|req: 240/480] 10.222.0.35 () {58 vars in 1324 bytes} [Tue Feb 15 04:21:18 2022] GET /volume/v3/f4904044d0ce4d389ab2617e9bdf5cb2/volumes/434fe458-eb93-4bd5-b8d1-9a4536122924 => generated 879 bytes in 56 msecs (HTTP/1.1 200) 7 headers in 285 bytes (1 switches on core 0)
Feb 15 04:21:19.279428 dv-cinder-816104-2-smb devstack@c-api.service[109479]: INFO cinder.api.openstack.wsgi [None req-961bb966-fd12-4baf-8ecf-154a909f543a tempest-VolumesSnapshotNegativeTestJSON-610721252 tempest-VolumesSnapshotNegativeTestJSON-610721252-project] GET http://10.222.0.35/volume/v3/c05d7c61249f446ba12f1d765d057ce0/snapshots/0c563d28-de4a-4983-8339-9ea0c2e2cfee
Feb 15 04:21:19.280968 dv-cinder-816104-2-smb devstack@c-api.service[109479]: DEBUG cinder.api.openstack.wsgi [None req-961bb966-fd12-4baf-8ecf-154a909f543a tempest-VolumesSnapshotNegativeTestJSON-610721252 tempest-VolumesSnapshotNegativeTestJSON-610721252-project] Empty body provided in request {{(pid=109479) get_body /opt/stack/cinder/cinder/api/openstack/wsgi.py:715}}
Feb 15 04:21:19.282024 dv-cinder-816104-2-smb devstack@c-api.service[109479]: DEBUG cinder.api.openstack.wsgi [None req-961bb966-fd12-4baf-8ecf-154a909f543a tempest-VolumesSnapshotNegativeTestJSON-610721252 tempest-VolumesSnapshotNegativeTestJSON-610721252-project] Calling method 'show' {{(pid=109479) _process_stack /opt/stack/cinder/cinder/api/openstack/wsgi.py:868}}
Feb 15 04:21:19.293277 dv-cinder-816104-2-smb devstack@c-api.service[109479]: /usr/local/lib/python3.8/dist-packages/oslo_context/context.py:105: DeprecationWarning: Policy enforcement is depending on the value of is_admin. This key is deprecated. Please update your policy file to use the standard policy values.
Feb 15 04:21:19.293277 dv-cinder-816104-2-smb devstack@c-api.service[109479]: warnings.warn('Policy enforcement is depending on the value of '
Feb 15 04:21:19.294980 dv-cinder-816104-2-smb devstack@c-api.service[109479]: INFO cinder.volume.api [None req-961bb966-fd12-4baf-8ecf-154a909f543a tempest-VolumesSnapshotNegativeTestJSON-610721252 tempest-VolumesSnapshotNegativeTestJSON-610721252-project] Snapshot retrieved successfully.
Feb 15 04:21:19.297201 dv-cinder-816104-2-smb devstack@c-api.service[109479]: INFO cinder.api.openstack.wsgi [None req-961bb966-fd12-4baf-8ecf-154a909f543a tempest-VolumesSnapshotNegativeTestJSON-610721252 tempest-VolumesSnapshotNegativeTestJSON-610721252-project] http://10.222.0.35/volume/v3/c05d7c61249f446ba12f1d765d057ce0/snapshots/0c563d28-de4a-4983-8339-9ea0c2e2cfee returned with HTTP 200
Feb 15 04:21:19.298177 dv-cinder-816104-2-smb devstack@c-api.service[109479]: [pid: 109479|app: 0|req: 241/481] 10.222.0.35 () {58 vars in 1330 bytes} [Tue Feb 15 04:21:19 2022] GET /volume/v3/c05d7c61249f446ba12f1d765d057ce0/snapshots/0c563d28-de4a-4983-8339-9ea0c2e2cfee => generated 543 bytes in 29 msecs (HTTP/1.1 200) 7 headers in 285 bytes (1 switches on core 0)
Feb 15 04:21:19.308414 dv-cinder-816104-2-smb devstack@c-api.service[109480]: INFO cinder.api.openstack.wsgi [None req-0e5d1462-c76e-4423-b763-b0065f2df573 tempest-VolumesSnapshotNegativeTestJSON-610721252 tempest-VolumesSnapshotNegativeTestJSON-610721252-project] POST http://10.222.0.35/volume/v3/c05d7c61249f446ba12f1d765d057ce0/volumes
Feb 15 04:21:19.309207 dv-cinder-816104-2-smb devstack@c-api.service[109480]: DEBUG cinder.api.openstack.wsgi [None req-0e5d1462-c76e-4423-b763-b0065f2df573 tempest-VolumesSnapshotNegativeTestJSON-610721252 tempest-VolumesSnapshotNegativeTestJSON-610721252-project] Action: 'create', calling method: create, body: {"volume": {"size": 1, "snapshot_id": "0c563d28-de4a-4983-8339-9ea0c2e2cfee"}} {{(pid=109480) _process_stack /opt/stack/cinder/cinder/api/openstack/wsgi.py:866}}
Feb 15 04:21:19.310985 dv-cinder-816104-2-smb devstack@c-api.service[109480]: DEBUG cinder.api.v3.volumes [None req-0e5d1462-c76e-4423-b763-b0065f2df573 tempest-VolumesSnapshotNegativeTestJSON-610721252 tempest-VolumesSnapshotNegativeTestJSON-610721252-project] Create volume request body: {'volume': {'size': 1, 'snapshot_id': '0c563d28-de4a-4983-8339-9ea0c2e2cfee'}} {{(pid=109480) create /opt/stack/cinder/cinder/api/v3/volumes.py:298}}
Feb 15 04:21:19.328024 dv-cinder-816104-2-smb devstack@c-api.service[109480]: /usr/local/lib/python3.8/dist-packages/oslo_context/context.py:105: DeprecationWarning: Policy enforcement is depending on the value of is_admin. This key is deprecated. Please update your policy file to use the standard policy values.
Feb 15 04:21:19.328024 dv-cinder-816104-2-smb devstack@c-api.service[109480]: warnings.warn('Policy enforcement is depending on the value of '
Feb 15 04:21:19.330382 dv-cinder-816104-2-smb devstack@c-api.service[109480]: INFO cinder.volume.api [None req-0e5d1462-c76e-4423-b763-b0065f2df573 tempest-VolumesSnapshotNegativeTestJSON-610721252 tempest-VolumesSnapshotNegativeTestJSON-610721252-project] Snapshot retrieved successfully.
Feb 15 04:21:19.330507 dv-cinder-816104-2-smb devstack@c-api.service[109480]: INFO cinder.api.v3.volumes [None req-0e5d1462-c76e-4423-b763-b0065f2df573 tempest-VolumesSnapshotNegativeTestJSON-610721252 tempest-VolumesSnapshotNegativeTestJSON-610721252-project] Create volume of 1 GB
Feb 15 04:21:19.342103 dv-cinder-816104-2-smb devstack@c-api.service[109480]: INFO cinder.volume.api [None req-0e5d1462-c76e-4423-b763-b0065f2df573 tempest-VolumesSnapshotNegativeTestJSON-610721252 tempest-VolumesSnapshotNegativeTestJSON-610721252-project] Availability Zones retrieved successfully.
Feb 15 04:21:19.362938 dv-cinder-816104-2-smb devstack@c-api.service[109480]: DEBUG cinder.volume.api [None req-0e5d1462-c76e-4423-b763-b0065f2df573 tempest-VolumesSnapshotNegativeTestJSON-610721252 tempest-VolumesSnapshotNegativeTestJSON-610721252-project] Flow 'volume_create_api' (42ec31a4-c627-4e27-8aad-92476e2b8921) transitioned into state 'RUNNING' from state 'PENDING' {{(pid=109480) _flow_receiver /usr/local/lib/python3.8/dist-packages/taskflow/listeners/logging.py:141}}
Feb 15 04:21:19.365503 dv-cinder-816104-2-smb devstack@c-api.service[109480]: DEBUG cinder.volume.api [None req-0e5d1462-c76e-4423-b763-b0065f2df573 tempest-VolumesSnapshotNegativeTestJSON-610721252 tempest-VolumesSnapshotNegativeTestJSON-610721252-project] Task 'cinder.volume.flows.api.create_volume.ExtractVolumeRequestTask;volume:create' (05f37d2b-5fc3-4463-bc2d-0347ddf831e9) transitioned into state 'RUNNING' from state 'PENDING' {{(pid=109480) _task_receiver /usr/local/lib/python3.8/dist-packages/taskflow/listeners/logging.py:190}}
Feb 15 04:21:19.368062 dv-cinder-816104-2-smb devstack@c-api.service[109480]: DEBUG cinder.volume.flows.api.create_volume [None req-0e5d1462-c76e-4423-b763-b0065f2df573 tempest-VolumesSnapshotNegativeTestJSON-610721252 tempest-VolumesSnapshotNegativeTestJSON-610721252-project] Validating volume size '1' using validate_int, validate_snap_size {{(pid=109480) _extract_size /opt/stack/cinder/cinder/volume/flows/api/create_volume.py:225}}
Feb 15 04:21:19.369744 dv-cinder-816104-2-smb devstack@c-api.service[109480]: WARNING cinder.volume.api [None req-0e5d1462-c76e-4423-b763-b0065f2df573 tempest-VolumesSnapshotNegativeTestJSON-610721252 tempest-VolumesSnapshotNegativeTestJSON-610721252-project] Task 'cinder.volume.flows.api.create_volume.ExtractVolumeRequestTask;volume:create' (05f37d2b-5fc3-4463-bc2d-0347ddf831e9) transitioned into state 'FAILURE' from state 'RUNNING'
Feb 15 04:21:19.369744 dv-cinder-816104-2-smb devstack@c-api.service[109480]: Failure: cinder.exception.InvalidInput: Invalid input received: Volume size '1'GB cannot be smaller than the snapshot size 2GB. They must be >= original snapshot size.
Feb 15 04:21:19.374662 dv-cinder-816104-2-smb devstack@c-api.service[109480]: DEBUG cinder.volume.api [None req-0e5d1462-c76e-4423-b763-b0065f2df573 tempest-VolumesSnapshotNegativeTestJSON-610721252 tempest-VolumesSnapshotNegativeTestJSON-610721252-project] Task 'cinder.volume.flows.api.create_volume.ExtractVolumeRequestTask;volume:create' (05f37d2b-5fc3-4463-bc2d-0347ddf831e9) transitioned into state 'REVERTING' from state 'FAILURE' {{(pid=109480) _task_receiver /usr/local/lib/python3.8/dist-packages/taskflow/listeners/logging.py:190}}
Feb 15 04:21:19.376660 dv-cinder-816104-2-smb devstack@c-api.service[109480]: WARNING cinder.volume.api [None req-0e5d1462-c76e-4423-b763-b0065f2df573 tempest-VolumesSnapshotNegativeTestJSON-610721252 tempest-VolumesSnapshotNegativeTestJSON-610721252-project] Task 'cinder.volume.flows.api.create_volume.ExtractVolumeRequestTask;volume:create' (05f37d2b-5fc3-4463-bc2d-0347ddf831e9) transitioned into state 'REVERTED' from state 'REVERTING' with result 'None'
Feb 15 04:21:19.379366 dv-cinder-816104-2-smb devstack@c-api.service[109480]: WARNING cinder.volume.api [None req-0e5d1462-c76e-4423-b763-b0065f2df573 tempest-VolumesSnapshotNegativeTestJSON-610721252 tempest-VolumesSnapshotNegativeTestJSON-610721252-project] Flow 'volume_create_api' (42ec31a4-c627-4e27-8aad-92476e2b8921) transitioned into state 'REVERTED' from state 'RUNNING'
Feb 15 04:21:19.380238 dv-cinder-816104-2-smb devstack@c-api.service[109480]: INFO cinder.api.openstack.wsgi [None req-0e5d1462-c76e-4423-b763-b0065f2df573 tempest-VolumesSnapshotNegativeTestJSON-610721252 tempest-VolumesSnapshotNegativeTestJSON-610721252-project] http://10.222.0.35/volume/v3/c05d7c61249f446ba12f1d765d057ce0/volumes returned with HTTP 400
Feb 15 04:21:19.381203 dv-cinder-816104-2-smb devstack@c-api.service[109480]: [pid: 109480|app: 0|req: 241/482] 10.222.0.35 () {60 vars in 1234 bytes} [Tue Feb 15 04:21:19 2022] POST /volume/v3/c05d7c61249f446ba12f1d765d057ce0/volumes => generated 171 bytes in 76 msecs (HTTP/1.1 400) 7 headers in 294 bytes (2 switches on core 0)
Feb 15 04:21:19.390985 dv-cinder-816104-2-smb devstack@c-api.service[109479]: INFO cinder.api.openstack.wsgi [None req-62dc1435-5051-4b29-8a5e-14d0de04ef20 tempest-VolumesSnapshotNegativeTestJSON-610721252 tempest-VolumesSnapshotNegativeTestJSON-610721252-project] DELETE http://10.222.0.35/volume/v3/c05d7c61249f446ba12f1d765d057ce0/snapshots/0c563d28-de4a-4983-8339-9ea0c2e2cfee
Feb 15 04:21:19.392626 dv-cinder-816104-2-smb devstack@c-api.service[109479]: DEBUG cinder.api.openstack.wsgi [None req-62dc1435-5051-4b29-8a5e-14d0de04ef20 tempest-VolumesSnapshotNegativeTestJSON-610721252 tempest-VolumesSnapshotNegativeTestJSON-610721252-project] Empty body provided in request {{(pid=109479) get_body /opt/stack/cinder/cinder/api/openstack/wsgi.py:715}}
Feb 15 04:21:19.393323 dv-cinder-816104-2-smb devstack@c-api.service[109479]: DEBUG cinder.api.openstack.wsgi [None req-62dc1435-5051-4b29-8a5e-14d0de04ef20 tempest-VolumesSnapshotNegativeTestJSON-610721252 tempest-VolumesSnapshotNegativeTestJSON-610721252-project] Calling method 'delete' {{(pid=109479) _process_stack /opt/stack/cinder/cinder/api/openstack/wsgi.py:868}}
Feb 15 04:21:19.393504 dv-cinder-816104-2-smb devstack@c-api.service[109479]: INFO cinder.api.v2.snapshots [None req-62dc1435-5051-4b29-8a5e-14d0de04ef20 tempest-VolumesSnapshotNegativeTestJSON-610721252 tempest-VolumesSnapshotNegativeTestJSON-610721252-project] Delete snapshot with id: 0c563d28-de4a-4983-8339-9ea0c2e2cfee
Feb 15 04:21:19.407581 dv-cinder-816104-2-smb devstack@c-api.service[109479]: /usr/local/lib/python3.8/dist-packages/oslo_context/context.py:105: DeprecationWarning: Policy enforcement is depending on the value of is_admin. This key is deprecated. Please update your policy file to use the standard policy values.
Feb 15 04:21:19.407581 dv-cinder-816104-2-smb devstack@c-api.service[109479]: warnings.warn('Policy enforcement is depending on the value of '
Feb 15 04:21:19.408879 dv-cinder-816104-2-smb devstack@c-api.service[109479]: INFO cinder.volume.api [None req-62dc1435-5051-4b29-8a5e-14d0de04ef20 tempest-VolumesSnapshotNegativeTestJSON-610721252 tempest-VolumesSnapshotNegativeTestJSON-610721252-project] Snapshot retrieved successfully.
Feb 15 04:21:19.442437 dv-cinder-816104-2-smb devstack@c-api.service[109479]: INFO cinder.volume.api [None req-62dc1435-5051-4b29-8a5e-14d0de04ef20 tempest-VolumesSnapshotNegativeTestJSON-610721252 tempest-VolumesSnapshotNegativeTestJSON-610721252-project] Snapshot delete request issued successfully.
Feb 15 04:21:19.443158 dv-cinder-816104-2-smb devstack@c-api.service[109479]: INFO cinder.api.openstack.wsgi [None req-62dc1435-5051-4b29-8a5e-14d0de04ef20 tempest-VolumesSnapshotNegativeTestJSON-610721252 tempest-VolumesSnapshotNegativeTestJSON-610721252-project] http://10.222.0.35/volume/v3/c05d7c61249f446ba12f1d765d057ce0/snapshots/0c563d28-de4a-4983-8339-9ea0c2e2cfee returned with HTTP 202
Feb 15 04:21:19.447857 dv-cinder-816104-2-smb devstack@c-api.service[109479]: [pid: 109479|app: 0|req: 242/483] 10.222.0.35 () {58 vars in 1333 bytes} [Tue Feb 15 04:21:19 2022] DELETE /volume/v3/c05d7c61249f446ba12f1d765d057ce0/snapshots/0c563d28-de4a-4983-8339-9ea0c2e2cfee => generated 0 bytes in 62 msecs (HTTP/1.1 202) 6 headers in 233 bytes (1 switches on core 0)
Feb 15 04:21:19.453038 dv-cinder-816104-2-smb devstack@c-api.service[109480]: INFO cinder.api.openstack.wsgi [None req-dc6bebec-48b8-4809-8532-b58935c1c391 tempest-VolumesSnapshotNegativeTestJSON-610721252 tempest-VolumesSnapshotNegativeTestJSON-610721252-project] GET http://10.222.0.35/volume/v3/c05d7c61249f446ba12f1d765d057ce0/snapshots/0c563d28-de4a-4983-8339-9ea0c2e2cfee
Feb 15 04:21:19.453504 dv-cinder-816104-2-smb devstack@c-api.service[109480]: DEBUG cinder.api.openstack.wsgi [None req-dc6bebec-48b8-4809-8532-b58935c1c391 tempest-VolumesSnapshotNegativeTestJSON-610721252 tempest-VolumesSnapshotNegativeTestJSON-610721252-project] Empty body provided in request {{(pid=109480) get_body /opt/stack/cinder/cinder/api/openstack/wsgi.py:715}}
Feb 15 04:21:19.453964 dv-cinder-816104-2-smb devstack@c-api.service[109480]: DEBUG cinder.api.openstack.wsgi [None req-dc6bebec-48b8-4809-8532-b58935c1c391 tempest-VolumesSnapshotNegativeTestJSON-610721252 tempest-VolumesSnapshotNegativeTestJSON-610721252-project] Calling method 'show' {{(pid=109480) _process_stack /opt/stack/cinder/cinder/api/openstack/wsgi.py:868}}
Feb 15 04:21:19.465520 dv-cinder-816104-2-smb devstack@c-api.service[109480]: /usr/local/lib/python3.8/dist-packages/oslo_context/context.py:105: DeprecationWarning: Policy enforcement is depending on the value of is_admin. This key is deprecated. Please update your policy file to use the standard policy values.
Feb 15 04:21:19.465520 dv-cinder-816104-2-smb devstack@c-api.service[109480]: warnings.warn('Policy enforcement is depending on the value of '
Feb 15 04:21:19.467259 dv-cinder-816104-2-smb devstack@c-api.service[109480]: INFO cinder.volume.api [None req-dc6bebec-48b8-4809-8532-b58935c1c391 tempest-VolumesSnapshotNegativeTestJSON-610721252 tempest-VolumesSnapshotNegativeTestJSON-610721252-project] Snapshot retrieved successfully.
Feb 15 04:21:19.469017 dv-cinder-816104-2-smb devstack@c-api.service[109480]: INFO cinder.api.openstack.wsgi [None req-dc6bebec-48b8-4809-8532-b58935c1c391 tempest-VolumesSnapshotNegativeTestJSON-610721252 tempest-VolumesSnapshotNegativeTestJSON-610721252-project] http://10.222.0.35/volume/v3/c05d7c61249f446ba12f1d765d057ce0/snapshots/0c563d28-de4a-4983-8339-9ea0c2e2cfee returned with HTTP 200
Feb 15 04:21:19.474030 dv-cinder-816104-2-smb devstack@c-api.service[109480]: [pid: 109480|app: 0|req: 242/484] 10.222.0.35 () {58 vars in 1330 bytes} [Tue Feb 15 04:21:19 2022] GET /volume/v3/c05d7c61249f446ba12f1d765d057ce0/snapshots/0c563d28-de4a-4983-8339-9ea0c2e2cfee => generated 542 bytes in 26 msecs (HTTP/1.1 200) 7 headers in 285 bytes (2 switches on core 0)
Feb 15 04:21:19.625550 dv-cinder-816104-2-smb devstack@c-api.service[109479]: INFO cinder.api.openstack.wsgi [None req-d532d37b-c528-4418-8ed9-071010cca7df tempest-AttachVolumeNegativeTest-760129389 tempest-AttachVolumeNegativeTest-760129389-project] GET http://10.222.0.35/volume/v3/814143051a5d489fa1be65f0d445df0b/volumes/cac891f7-81d4-4597-934b-fd3468f95c05
Feb 15 04:21:19.626083 dv-cinder-816104-2-smb devstack@c-api.service[109479]: DEBUG cinder.api.openstack.wsgi [None req-d532d37b-c528-4418-8ed9-071010cca7df tempest-AttachVolumeNegativeTest-760129389 tempest-AttachVolumeNegativeTest-760129389-project] Empty body provided in request {{(pid=109479) get_body /opt/stack/cinder/cinder/api/openstack/wsgi.py:715}}
Feb 15 04:21:19.627230 dv-cinder-816104-2-smb devstack@c-api.service[109479]: DEBUG cinder.api.openstack.wsgi [None req-d532d37b-c528-4418-8ed9-071010cca7df tempest-AttachVolumeNegativeTest-760129389 tempest-AttachVolumeNegativeTest-760129389-project] Calling method 'show' {{(pid=109479) _process_stack /opt/stack/cinder/cinder/api/openstack/wsgi.py:868}}
Feb 15 04:21:19.642379 dv-cinder-816104-2-smb devstack@c-api.service[109479]: /usr/local/lib/python3.8/dist-packages/oslo_context/context.py:105: DeprecationWarning: Policy enforcement is depending on the value of is_admin. This key is deprecated. Please update your policy file to use the standard policy values.
Feb 15 04:21:19.642379 dv-cinder-816104-2-smb devstack@c-api.service[109479]: warnings.warn('Policy enforcement is depending on the value of '
Feb 15 04:21:19.656670 dv-cinder-816104-2-smb devstack@c-api.service[109479]: INFO cinder.volume.api [None req-d532d37b-c528-4418-8ed9-071010cca7df tempest-AttachVolumeNegativeTest-760129389 tempest-AttachVolumeNegativeTest-760129389-project] Volume info retrieved successfully.
Feb 15 04:21:19.674535 dv-cinder-816104-2-smb devstack@c-api.service[109479]: INFO cinder.api.openstack.wsgi [None req-d532d37b-c528-4418-8ed9-071010cca7df tempest-AttachVolumeNegativeTest-760129389 tempest-AttachVolumeNegativeTest-760129389-project] http://10.222.0.35/volume/v3/814143051a5d489fa1be65f0d445df0b/volumes/cac891f7-81d4-4597-934b-fd3468f95c05 returned with HTTP 200
Feb 15 04:21:19.688210 dv-cinder-816104-2-smb devstack@c-api.service[109479]: [pid: 109479|app: 0|req: 243/485] 10.222.0.35 () {58 vars in 1324 bytes} [Tue Feb 15 04:21:19 2022] GET /volume/v3/814143051a5d489fa1be65f0d445df0b/volumes/cac891f7-81d4-4597-934b-fd3468f95c05 => generated 916 bytes in 56 msecs (HTTP/1.1 200) 7 headers in 285 bytes (1 switches on core 0)
Feb 15 04:21:19.750285 dv-cinder-816104-2-smb devstack@c-api.service[109480]: INFO cinder.api.openstack.wsgi [req-ebad7dc7-e12d-423c-a5f2-527ea575f232 req-fe46d58d-4a68-4366-a6c6-7cd51b67f0f0 tempest-AttachVolumeNegativeTest-760129389 tempest-AttachVolumeNegativeTest-760129389-project] GET http://10.222.0.35/volume/v3/814143051a5d489fa1be65f0d445df0b/volumes/cac891f7-81d4-4597-934b-fd3468f95c05
Feb 15 04:21:19.750927 dv-cinder-816104-2-smb devstack@c-api.service[109480]: DEBUG cinder.api.openstack.wsgi [req-ebad7dc7-e12d-423c-a5f2-527ea575f232 req-fe46d58d-4a68-4366-a6c6-7cd51b67f0f0 tempest-AttachVolumeNegativeTest-760129389 tempest-AttachVolumeNegativeTest-760129389-project] Empty body provided in request {{(pid=109480) get_body /opt/stack/cinder/cinder/api/openstack/wsgi.py:715}}
Feb 15 04:21:19.751500 dv-cinder-816104-2-smb devstack@c-api.service[109480]: DEBUG cinder.api.openstack.wsgi [req-ebad7dc7-e12d-423c-a5f2-527ea575f232 req-fe46d58d-4a68-4366-a6c6-7cd51b67f0f0 tempest-AttachVolumeNegativeTest-760129389 tempest-AttachVolumeNegativeTest-760129389-project] Calling method 'show' {{(pid=109480) _process_stack /opt/stack/cinder/cinder/api/openstack/wsgi.py:868}}
Feb 15 04:21:19.772900 dv-cinder-816104-2-smb devstack@c-api.service[109480]: /usr/local/lib/python3.8/dist-packages/oslo_context/context.py:105: DeprecationWarning: Policy enforcement is depending on the value of is_admin. This key is deprecated. Please update your policy file to use the standard policy values.
Feb 15 04:21:19.772900 dv-cinder-816104-2-smb devstack@c-api.service[109480]: warnings.warn('Policy enforcement is depending on the value of '
Feb 15 04:21:19.781837 dv-cinder-816104-2-smb devstack@c-api.service[109480]: INFO cinder.volume.api [req-ebad7dc7-e12d-423c-a5f2-527ea575f232 req-fe46d58d-4a68-4366-a6c6-7cd51b67f0f0 tempest-AttachVolumeNegativeTest-760129389 tempest-AttachVolumeNegativeTest-760129389-project] Volume info retrieved successfully.
Feb 15 04:21:19.792035 dv-cinder-816104-2-smb devstack@c-api.service[109480]: INFO cinder.api.openstack.wsgi [req-ebad7dc7-e12d-423c-a5f2-527ea575f232 req-fe46d58d-4a68-4366-a6c6-7cd51b67f0f0 tempest-AttachVolumeNegativeTest-760129389 tempest-AttachVolumeNegativeTest-760129389-project] http://10.222.0.35/volume/v3/814143051a5d489fa1be65f0d445df0b/volumes/cac891f7-81d4-4597-934b-fd3468f95c05 returned with HTTP 200
Feb 15 04:21:19.793112 dv-cinder-816104-2-smb devstack@c-api.service[109480]: [pid: 109480|app: 0|req: 243/486] 10.222.0.35 () {60 vars in 1578 bytes} [Tue Feb 15 04:21:19 2022] GET /volume/v3/814143051a5d489fa1be65f0d445df0b/volumes/cac891f7-81d4-4597-934b-fd3468f95c05 => generated 916 bytes in 48 msecs (HTTP/1.1 200) 7 headers in 285 bytes (2 switches on core 0)
Feb 15 04:21:19.882318 dv-cinder-816104-2-smb devstack@c-api.service[109479]: INFO cinder.api.openstack.wsgi [None req-d532d37b-c528-4418-8ed9-071010cca7df tempest-AttachVolumeNegativeTest-760129389 tempest-AttachVolumeNegativeTest-760129389-project] GET http://10.222.0.35/volume//
Feb 15 04:21:19.883822 dv-cinder-816104-2-smb devstack@c-api.service[109479]: DEBUG cinder.api.openstack.wsgi [None req-d532d37b-c528-4418-8ed9-071010cca7df tempest-AttachVolumeNegativeTest-760129389 tempest-AttachVolumeNegativeTest-760129389-project] Empty body provided in request {{(pid=109479) get_body /opt/stack/cinder/cinder/api/openstack/wsgi.py:715}}
Feb 15 04:21:19.883822 dv-cinder-816104-2-smb devstack@c-api.service[109479]: DEBUG cinder.api.openstack.wsgi [None req-d532d37b-c528-4418-8ed9-071010cca7df tempest-AttachVolumeNegativeTest-760129389 tempest-AttachVolumeNegativeTest-760129389-project] Calling method 'all' {{(pid=109479) _process_stack /opt/stack/cinder/cinder/api/openstack/wsgi.py:868}}
Feb 15 04:21:19.885128 dv-cinder-816104-2-smb devstack@c-api.service[109479]: INFO cinder.api.openstack.wsgi [None req-d532d37b-c528-4418-8ed9-071010cca7df tempest-AttachVolumeNegativeTest-760129389 tempest-AttachVolumeNegativeTest-760129389-project] http://10.222.0.35/volume// returned with HTTP 300
Feb 15 04:21:19.887175 dv-cinder-816104-2-smb devstack@c-api.service[109479]: [pid: 109479|app: 0|req: 244/487] 10.222.0.35 () {58 vars in 1299 bytes} [Tue Feb 15 04:21:19 2022] GET /volume/ => generated 386 bytes in 6 msecs (HTTP/1.1 300) 5 headers in 169 bytes (1 switches on core 0)
Feb 15 04:21:19.907895 dv-cinder-816104-2-smb devstack@c-api.service[109480]: INFO cinder.api.openstack.wsgi [req-ebad7dc7-e12d-423c-a5f2-527ea575f232 req-4675be70-c34d-41a5-870f-d9e2e0423b1a tempest-AttachVolumeNegativeTest-760129389 tempest-AttachVolumeNegativeTest-760129389-project] POST http://10.222.0.35/volume/v3/814143051a5d489fa1be65f0d445df0b/attachments
Feb 15 04:21:19.908680 dv-cinder-816104-2-smb devstack@c-api.service[109480]: DEBUG cinder.api.openstack.wsgi [req-ebad7dc7-e12d-423c-a5f2-527ea575f232 req-4675be70-c34d-41a5-870f-d9e2e0423b1a tempest-AttachVolumeNegativeTest-760129389 tempest-AttachVolumeNegativeTest-760129389-project] Action: 'create', calling method: version_select, body: {"attachment": {"volume_uuid": "cac891f7-81d4-4597-934b-fd3468f95c05", "connector": null, "instance_uuid": "811690f9-5500-4962-90e5-af7f78a0c3a2"}} {{(pid=109480) _process_stack /opt/stack/cinder/cinder/api/openstack/wsgi.py:866}}
Feb 15 04:21:19.930344 dv-cinder-816104-2-smb devstack@c-api.service[109480]: /usr/local/lib/python3.8/dist-packages/oslo_context/context.py:105: DeprecationWarning: Policy enforcement is depending on the value of is_admin. This key is deprecated. Please update your policy file to use the standard policy values.
Feb 15 04:21:19.930344 dv-cinder-816104-2-smb devstack@c-api.service[109480]: warnings.warn('Policy enforcement is depending on the value of '
Feb 15 04:21:19.964873 dv-cinder-816104-2-smb devstack@c-api.service[109479]: INFO cinder.api.openstack.wsgi [None req-98cfc21e-bd22-4205-b846-a777c2873e4b tempest-VolumesGetTest-2098350458 tempest-VolumesGetTest-2098350458-project] GET http://10.222.0.35/volume/v3/f4904044d0ce4d389ab2617e9bdf5cb2/volumes/434fe458-eb93-4bd5-b8d1-9a4536122924
Feb 15 04:21:19.965428 dv-cinder-816104-2-smb devstack@c-api.service[109479]: DEBUG cinder.api.openstack.wsgi [None req-98cfc21e-bd22-4205-b846-a777c2873e4b tempest-VolumesGetTest-2098350458 tempest-VolumesGetTest-2098350458-project] Empty body provided in request {{(pid=109479) get_body /opt/stack/cinder/cinder/api/openstack/wsgi.py:715}}
Feb 15 04:21:19.966491 dv-cinder-816104-2-smb devstack@c-api.service[109479]: DEBUG cinder.api.openstack.wsgi [None req-98cfc21e-bd22-4205-b846-a777c2873e4b tempest-VolumesGetTest-2098350458 tempest-VolumesGetTest-2098350458-project] Calling method 'show' {{(pid=109479) _process_stack /opt/stack/cinder/cinder/api/openstack/wsgi.py:868}}
Feb 15 04:21:19.992338 dv-cinder-816104-2-smb devstack@c-api.service[109479]: /usr/local/lib/python3.8/dist-packages/oslo_context/context.py:105: DeprecationWarning: Policy enforcement is depending on the value of is_admin. This key is deprecated. Please update your policy file to use the standard policy values.
Feb 15 04:21:19.992338 dv-cinder-816104-2-smb devstack@c-api.service[109479]: warnings.warn('Policy enforcement is depending on the value of '
Feb 15 04:21:20.008686 dv-cinder-816104-2-smb devstack@c-api.service[109479]: INFO cinder.volume.api [None req-98cfc21e-bd22-4205-b846-a777c2873e4b tempest-VolumesGetTest-2098350458 tempest-VolumesGetTest-2098350458-project] Volume info retrieved successfully.
Feb 15 04:21:20.023607 dv-cinder-816104-2-smb devstack@c-api.service[109479]: INFO cinder.api.openstack.wsgi [None req-98cfc21e-bd22-4205-b846-a777c2873e4b tempest-VolumesGetTest-2098350458 tempest-VolumesGetTest-2098350458-project] http://10.222.0.35/volume/v3/f4904044d0ce4d389ab2617e9bdf5cb2/volumes/434fe458-eb93-4bd5-b8d1-9a4536122924 returned with HTTP 200
Feb 15 04:21:20.026784 dv-cinder-816104-2-smb devstack@c-api.service[109479]: [pid: 109479|app: 0|req: 245/488] 10.222.0.35 () {58 vars in 1324 bytes} [Tue Feb 15 04:21:19 2022] GET /volume/v3/f4904044d0ce4d389ab2617e9bdf5cb2/volumes/434fe458-eb93-4bd5-b8d1-9a4536122924 => generated 904 bytes in 67 msecs (HTTP/1.1 200) 7 headers in 285 bytes (1 switches on core 0)
Feb 15 04:21:20.039751 dv-cinder-816104-2-smb devstack@c-api.service[109480]: INFO cinder.api.openstack.wsgi [req-ebad7dc7-e12d-423c-a5f2-527ea575f232 req-4675be70-c34d-41a5-870f-d9e2e0423b1a tempest-AttachVolumeNegativeTest-760129389 tempest-AttachVolumeNegativeTest-760129389-project] http://10.222.0.35/volume/v3/814143051a5d489fa1be65f0d445df0b/attachments returned with HTTP 200
Feb 15 04:21:20.041499 dv-cinder-816104-2-smb devstack@c-api.service[109480]: [pid: 109480|app: 0|req: 244/489] 10.222.0.35 () {66 vars in 1574 bytes} [Tue Feb 15 04:21:19 2022] POST /volume/v3/814143051a5d489fa1be65f0d445df0b/attachments => generated 273 bytes in 140 msecs (HTTP/1.1 200) 7 headers in 286 bytes (1 switches on core 0)
Feb 15 04:21:20.041786 dv-cinder-816104-2-smb devstack@c-api.service[109479]: INFO cinder.api.openstack.wsgi [None req-61a4a547-e871-4beb-a83c-c5a0bc197f37 tempest-VolumesGetTest-2098350458 tempest-VolumesGetTest-2098350458-project] PUT http://10.222.0.35/volume/v3/f4904044d0ce4d389ab2617e9bdf5cb2/volumes/434fe458-eb93-4bd5-b8d1-9a4536122924
Feb 15 04:21:20.043233 dv-cinder-816104-2-smb devstack@c-api.service[109479]: DEBUG cinder.api.openstack.wsgi [None req-61a4a547-e871-4beb-a83c-c5a0bc197f37 tempest-VolumesGetTest-2098350458 tempest-VolumesGetTest-2098350458-project] Action: 'update', calling method: update, body: {"volume": {"name": "tempest-VolumesGetTest-Volume-951950943", "description": null}} {{(pid=109479) _process_stack /opt/stack/cinder/cinder/api/openstack/wsgi.py:866}}
Feb 15 04:21:20.058861 dv-cinder-816104-2-smb devstack@c-api.service[109479]: /usr/local/lib/python3.8/dist-packages/oslo_context/context.py:105: DeprecationWarning: Policy enforcement is depending on the value of is_admin. This key is deprecated. Please update your policy file to use the standard policy values.
Feb 15 04:21:20.058861 dv-cinder-816104-2-smb devstack@c-api.service[109479]: warnings.warn('Policy enforcement is depending on the value of '
Feb 15 04:21:20.067678 dv-cinder-816104-2-smb devstack@c-api.service[109479]: INFO cinder.volume.api [None req-61a4a547-e871-4beb-a83c-c5a0bc197f37 tempest-VolumesGetTest-2098350458 tempest-VolumesGetTest-2098350458-project] Volume info retrieved successfully.
Feb 15 04:21:20.088316 dv-cinder-816104-2-smb devstack@c-api.service[109480]: INFO cinder.api.openstack.wsgi [None req-fd61cc50-833d-45f8-9402-75cb4f143e6e tempest-AttachVolumeNegativeTest-760129389 tempest-AttachVolumeNegativeTest-760129389-project] GET http://10.222.0.35/volume/v3/814143051a5d489fa1be65f0d445df0b/volumes/cac891f7-81d4-4597-934b-fd3468f95c05
Feb 15 04:21:20.090137 dv-cinder-816104-2-smb devstack@c-api.service[109480]: DEBUG cinder.api.openstack.wsgi [None req-fd61cc50-833d-45f8-9402-75cb4f143e6e tempest-AttachVolumeNegativeTest-760129389 tempest-AttachVolumeNegativeTest-760129389-project] Empty body provided in request {{(pid=109480) get_body /opt/stack/cinder/cinder/api/openstack/wsgi.py:715}}
