Feb 15 04:20:43.484555 dv-cinder-816104-2-smb devstack@c-api.service[109479]: DEBUG cinder.api.v3.volumes [None req-88cbff2f-a678-4fbf-a8af-72576071db5f tempest-DeleteServersTestJSON-766037884 tempest-DeleteServersTestJSON-766037884-project] Create volume request body: {'volume': {'size': 1, 'display_name': 'tempest-DeleteServersTestJSON-volume-1028327980'}} {{(pid=109479) create /opt/stack/cinder/cinder/api/v3/volumes.py:298}}
Feb 15 04:20:43.484967 dv-cinder-816104-2-smb devstack@c-api.service[109479]: INFO cinder.api.v3.volumes [None req-88cbff2f-a678-4fbf-a8af-72576071db5f tempest-DeleteServersTestJSON-766037884 tempest-DeleteServersTestJSON-766037884-project] Create volume of 1 GB
Feb 15 04:20:43.494091 dv-cinder-816104-2-smb devstack@c-api.service[109479]: INFO cinder.volume.api [None req-88cbff2f-a678-4fbf-a8af-72576071db5f tempest-DeleteServersTestJSON-766037884 tempest-DeleteServersTestJSON-766037884-project] Availability Zones retrieved successfully.
Feb 15 04:20:43.523964 dv-cinder-816104-2-smb devstack@c-api.service[109479]: DEBUG cinder.volume.api [None req-88cbff2f-a678-4fbf-a8af-72576071db5f tempest-DeleteServersTestJSON-766037884 tempest-DeleteServersTestJSON-766037884-project] Flow 'volume_create_api' (7707da94-a624-4fdf-84b8-5e47c5b04f2c) transitioned into state 'RUNNING' from state 'PENDING' {{(pid=109479) _flow_receiver /usr/local/lib/python3.8/dist-packages/taskflow/listeners/logging.py:141}}
Feb 15 04:20:43.527040 dv-cinder-816104-2-smb devstack@c-api.service[109479]: DEBUG cinder.volume.api [None req-88cbff2f-a678-4fbf-a8af-72576071db5f tempest-DeleteServersTestJSON-766037884 tempest-DeleteServersTestJSON-766037884-project] Task 'cinder.volume.flows.api.create_volume.ExtractVolumeRequestTask;volume:create' (223f8818-6e01-4d69-a926-aea33f9f9bde) transitioned into state 'RUNNING' from state 'PENDING' {{(pid=109479) _task_receiver /usr/local/lib/python3.8/dist-packages/taskflow/listeners/logging.py:190}}
Feb 15 04:20:43.531701 dv-cinder-816104-2-smb devstack@c-api.service[109479]: DEBUG cinder.volume.flows.api.create_volume [None req-88cbff2f-a678-4fbf-a8af-72576071db5f tempest-DeleteServersTestJSON-766037884 tempest-DeleteServersTestJSON-766037884-project] Validating volume size '1' using validate_int {{(pid=109479) _extract_size /opt/stack/cinder/cinder/volume/flows/api/create_volume.py:225}}
Feb 15 04:20:43.547853 dv-cinder-816104-2-smb devstack@c-api.service[109480]: INFO cinder.api.openstack.wsgi [None req-28b031ae-9e48-45fb-8690-29b6acc8ca10 tempest-VolumeManageAdminTest-1884291298 tempest-VolumeManageAdminTest-1884291298-project-admin] GET http://10.222.0.35/volume/v3/0ba231b73a3647bd87761d0ef6a77a2f/volumes/4080a4fb-e757-4774-9ed1-81de3ff3ae5d
Feb 15 04:20:43.549655 dv-cinder-816104-2-smb devstack@c-api.service[109480]: DEBUG cinder.api.openstack.wsgi [None req-28b031ae-9e48-45fb-8690-29b6acc8ca10 tempest-VolumeManageAdminTest-1884291298 tempest-VolumeManageAdminTest-1884291298-project-admin] Empty body provided in request {{(pid=109480) get_body /opt/stack/cinder/cinder/api/openstack/wsgi.py:715}}
Feb 15 04:20:43.551399 dv-cinder-816104-2-smb devstack@c-api.service[109480]: DEBUG cinder.api.openstack.wsgi [None req-28b031ae-9e48-45fb-8690-29b6acc8ca10 tempest-VolumeManageAdminTest-1884291298 tempest-VolumeManageAdminTest-1884291298-project-admin] Calling method 'show' {{(pid=109480) _process_stack /opt/stack/cinder/cinder/api/openstack/wsgi.py:868}}
Feb 15 04:20:43.584575 dv-cinder-816104-2-smb devstack@c-api.service[109480]: /usr/local/lib/python3.8/dist-packages/oslo_context/context.py:105: DeprecationWarning: Policy enforcement is depending on the value of is_admin. This key is deprecated. Please update your policy file to use the standard policy values.
Feb 15 04:20:43.584575 dv-cinder-816104-2-smb devstack@c-api.service[109480]: warnings.warn('Policy enforcement is depending on the value of '
Feb 15 04:20:43.601659 dv-cinder-816104-2-smb devstack@c-api.service[109480]: INFO cinder.volume.api [None req-28b031ae-9e48-45fb-8690-29b6acc8ca10 tempest-VolumeManageAdminTest-1884291298 tempest-VolumeManageAdminTest-1884291298-project-admin] Volume info retrieved successfully.
Feb 15 04:20:43.619104 dv-cinder-816104-2-smb devstack@c-api.service[109479]: DEBUG cinder.volume.api [None req-88cbff2f-a678-4fbf-a8af-72576071db5f tempest-DeleteServersTestJSON-766037884 tempest-DeleteServersTestJSON-766037884-project] Task 'cinder.volume.flows.api.create_volume.ExtractVolumeRequestTask;volume:create' (223f8818-6e01-4d69-a926-aea33f9f9bde) transitioned into state 'SUCCESS' from state 'RUNNING' with result '{'size': 1, 'snapshot_id': None, 'source_volid': None, 'volume_type': VolumeType(created_at=2022-02-15T04:09:59Z,deleted=False,deleted_at=None,description='Default Volume Type',extra_specs={},id=925a7acd-73b7-4435-94b6-5e921b93e25b,is_public=True,name='__DEFAULT__',projects=[],qos_specs=,qos_specs_id=None,updated_at=2022-02-15T04:09:59Z), 'volume_type_id': '925a7acd-73b7-4435-94b6-5e921b93e25b', 'encryption_key_id': None, 'qos_specs': None, 'consistencygroup_id': None, 'cgsnapshot_id': None, 'group_id': None, 'replication_status': 'disabled', 'refresh_az': False, 'backup_id': None, 'multiattach': False, 'availability_zones': ['nova']}' {{(pid=109479) _task_receiver /usr/local/lib/python3.8/dist-packages/taskflow/listeners/logging.py:178}}
Feb 15 04:20:43.624290 dv-cinder-816104-2-smb devstack@c-api.service[109480]: INFO cinder.api.openstack.wsgi [None req-28b031ae-9e48-45fb-8690-29b6acc8ca10 tempest-VolumeManageAdminTest-1884291298 tempest-VolumeManageAdminTest-1884291298-project-admin] http://10.222.0.35/volume/v3/0ba231b73a3647bd87761d0ef6a77a2f/volumes/4080a4fb-e757-4774-9ed1-81de3ff3ae5d returned with HTTP 200
Feb 15 04:20:43.625257 dv-cinder-816104-2-smb devstack@c-api.service[109480]: [pid: 109480|app: 0|req: 111/216] 10.222.0.35 () {58 vars in 1324 bytes} [Tue Feb 15 04:20:43 2022] GET /volume/v3/0ba231b73a3647bd87761d0ef6a77a2f/volumes/4080a4fb-e757-4774-9ed1-81de3ff3ae5d => generated 1080 bytes in 568 msecs (HTTP/1.1 200) 7 headers in 286 bytes (1 switches on core 0)
Feb 15 04:20:43.632089 dv-cinder-816104-2-smb devstack@c-api.service[109479]: DEBUG cinder.volume.api [None req-88cbff2f-a678-4fbf-a8af-72576071db5f tempest-DeleteServersTestJSON-766037884 tempest-DeleteServersTestJSON-766037884-project] Task 'cinder.volume.flows.api.create_volume.QuotaReserveTask;volume:create' (0f04e7bf-f155-4186-8995-5f4c3aac532e) transitioned into state 'RUNNING' from state 'PENDING' {{(pid=109479) _task_receiver /usr/local/lib/python3.8/dist-packages/taskflow/listeners/logging.py:190}}
Feb 15 04:20:43.649930 dv-cinder-816104-2-smb devstack@c-api.service[109480]: INFO cinder.api.openstack.wsgi [None req-af27d71e-d0eb-4cad-b48e-d4bb0a8d820b tempest-SnapshotsActionsTest-870004568 tempest-SnapshotsActionsTest-870004568-project] GET http://10.222.0.35/volume/v3/67045097135e484280a3fe63a3701c36/snapshots/1f8ebc68-b3fa-4d82-b1f1-208f61ffc794
Feb 15 04:20:43.651029 dv-cinder-816104-2-smb devstack@c-api.service[109480]: DEBUG cinder.api.openstack.wsgi [None req-af27d71e-d0eb-4cad-b48e-d4bb0a8d820b tempest-SnapshotsActionsTest-870004568 tempest-SnapshotsActionsTest-870004568-project] Empty body provided in request {{(pid=109480) get_body /opt/stack/cinder/cinder/api/openstack/wsgi.py:715}}
Feb 15 04:20:43.652192 dv-cinder-816104-2-smb devstack@c-api.service[109480]: DEBUG cinder.api.openstack.wsgi [None req-af27d71e-d0eb-4cad-b48e-d4bb0a8d820b tempest-SnapshotsActionsTest-870004568 tempest-SnapshotsActionsTest-870004568-project] Calling method 'show' {{(pid=109480) _process_stack /opt/stack/cinder/cinder/api/openstack/wsgi.py:868}}
Feb 15 04:20:43.662362 dv-cinder-816104-2-smb devstack@c-api.service[109480]: INFO cinder.api.openstack.wsgi [None req-af27d71e-d0eb-4cad-b48e-d4bb0a8d820b tempest-SnapshotsActionsTest-870004568 tempest-SnapshotsActionsTest-870004568-project] http://10.222.0.35/volume/v3/67045097135e484280a3fe63a3701c36/snapshots/1f8ebc68-b3fa-4d82-b1f1-208f61ffc794 returned with HTTP 404
Feb 15 04:20:43.664244 dv-cinder-816104-2-smb devstack@c-api.service[109480]: [pid: 109480|app: 0|req: 112/217] 10.222.0.35 () {58 vars in 1330 bytes} [Tue Feb 15 04:20:43 2022] GET /volume/v3/67045097135e484280a3fe63a3701c36/snapshots/1f8ebc68-b3fa-4d82-b1f1-208f61ffc794 => generated 111 bytes in 38 msecs (HTTP/1.1 404) 7 headers in 292 bytes (1 switches on core 0)
Feb 15 04:20:43.673185 dv-cinder-816104-2-smb devstack@c-api.service[109480]: INFO cinder.api.openstack.wsgi [None req-11b9cd3b-dcec-4e64-a91a-5bfc3377383a tempest-VolumeManageAdminTest-1884291298 tempest-VolumeManageAdminTest-1884291298-project-admin] POST http://10.222.0.35/volume/v3/0ba231b73a3647bd87761d0ef6a77a2f/volumes/4080a4fb-e757-4774-9ed1-81de3ff3ae5d/action
Feb 15 04:20:43.674422 dv-cinder-816104-2-smb devstack@c-api.service[109480]: DEBUG cinder.api.openstack.wsgi [None req-11b9cd3b-dcec-4e64-a91a-5bfc3377383a tempest-VolumeManageAdminTest-1884291298 tempest-VolumeManageAdminTest-1884291298-project-admin] Action body: b'{"os-unmanage": {}}' {{(pid=109480) get_method /opt/stack/cinder/cinder/api/openstack/wsgi.py:983}}
Feb 15 04:20:43.674949 dv-cinder-816104-2-smb devstack@c-api.service[109480]: DEBUG cinder.api.openstack.wsgi [None req-11b9cd3b-dcec-4e64-a91a-5bfc3377383a tempest-VolumeManageAdminTest-1884291298 tempest-VolumeManageAdminTest-1884291298-project-admin] Action: 'action', calling method: unmanage, body: {"os-unmanage": {}} {{(pid=109480) _process_stack /opt/stack/cinder/cinder/api/openstack/wsgi.py:866}}
Feb 15 04:20:43.675448 dv-cinder-816104-2-smb devstack@c-api.service[109480]: INFO cinder.api.contrib.volume_unmanage [None req-11b9cd3b-dcec-4e64-a91a-5bfc3377383a tempest-VolumeManageAdminTest-1884291298 tempest-VolumeManageAdminTest-1884291298-project-admin] Unmanage volume with id: 4080a4fb-e757-4774-9ed1-81de3ff3ae5d
Feb 15 04:20:43.694341 dv-cinder-816104-2-smb devstack@c-api.service[109480]: /usr/local/lib/python3.8/dist-packages/oslo_context/context.py:105: DeprecationWarning: Policy enforcement is depending on the value of is_admin. This key is deprecated. Please update your policy file to use the standard policy values.
Feb 15 04:20:43.694341 dv-cinder-816104-2-smb devstack@c-api.service[109480]: warnings.warn('Policy enforcement is depending on the value of '
Feb 15 04:20:43.695424 dv-cinder-816104-2-smb devstack@c-api.service[109480]: INFO cinder.volume.api [None req-11b9cd3b-dcec-4e64-a91a-5bfc3377383a tempest-VolumeManageAdminTest-1884291298 tempest-VolumeManageAdminTest-1884291298-project-admin] Volume info retrieved successfully.
Feb 15 04:20:43.749326 dv-cinder-816104-2-smb devstack@c-api.service[109480]: INFO cinder.volume.api [None req-11b9cd3b-dcec-4e64-a91a-5bfc3377383a tempest-VolumeManageAdminTest-1884291298 tempest-VolumeManageAdminTest-1884291298-project-admin] Delete volume request issued successfully.
Feb 15 04:20:43.752797 dv-cinder-816104-2-smb devstack@c-api.service[109480]: INFO cinder.api.openstack.wsgi [None req-11b9cd3b-dcec-4e64-a91a-5bfc3377383a tempest-VolumeManageAdminTest-1884291298 tempest-VolumeManageAdminTest-1884291298-project-admin] http://10.222.0.35/volume/v3/0ba231b73a3647bd87761d0ef6a77a2f/volumes/4080a4fb-e757-4774-9ed1-81de3ff3ae5d/action returned with HTTP 202
Feb 15 04:20:43.758752 dv-cinder-816104-2-smb devstack@c-api.service[109480]: [pid: 109480|app: 0|req: 113/218] 10.222.0.35 () {60 vars in 1366 bytes} [Tue Feb 15 04:20:43 2022] POST /volume/v3/0ba231b73a3647bd87761d0ef6a77a2f/volumes/4080a4fb-e757-4774-9ed1-81de3ff3ae5d/action => generated 0 bytes in 90 msecs (HTTP/1.1 202) 6 headers in 233 bytes (1 switches on core 0)
Feb 15 04:20:43.785065 dv-cinder-816104-2-smb devstack@c-api.service[109480]: INFO cinder.api.openstack.wsgi [None req-5dc48347-3489-44dd-a5ca-6c46dfde2b9e tempest-SnapshotsActionsTest-2035743603 tempest-SnapshotsActionsTest-2035743603-project-admin] POST http://10.222.0.35/volume/v3/f6e330c629e747e6b4eaf98bf4c31bff/snapshots/14329569-792b-420c-b9c0-ec453fc43bba/action
Feb 15 04:20:43.787853 dv-cinder-816104-2-smb devstack@c-api.service[109480]: DEBUG cinder.api.openstack.wsgi [None req-5dc48347-3489-44dd-a5ca-6c46dfde2b9e tempest-SnapshotsActionsTest-2035743603 tempest-SnapshotsActionsTest-2035743603-project-admin] Action body: b'{"os-reset_status": {"status": "available"}}' {{(pid=109480) get_method /opt/stack/cinder/cinder/api/openstack/wsgi.py:983}}
Feb 15 04:20:43.789105 dv-cinder-816104-2-smb devstack@c-api.service[109480]: DEBUG cinder.api.openstack.wsgi [None req-5dc48347-3489-44dd-a5ca-6c46dfde2b9e tempest-SnapshotsActionsTest-2035743603 tempest-SnapshotsActionsTest-2035743603-project-admin] Action: 'action', calling method: _reset_status, body: {"os-reset_status": {"status": "available"}} {{(pid=109480) _process_stack /opt/stack/cinder/cinder/api/openstack/wsgi.py:866}}
Feb 15 04:20:43.790792 dv-cinder-816104-2-smb devstack@c-api.service[109480]: DEBUG cinder.api.contrib.admin_actions [None req-5dc48347-3489-44dd-a5ca-6c46dfde2b9e tempest-SnapshotsActionsTest-2035743603 tempest-SnapshotsActionsTest-2035743603-project-admin] Updating snapshot '14329569-792b-420c-b9c0-ec453fc43bba' with '{'status': 'available'}' {{(pid=109480) _reset_status /opt/stack/cinder/cinder/api/contrib/admin_actions.py:100}}
Feb 15 04:20:43.841811 dv-cinder-816104-2-smb devstack@c-api.service[109480]: /usr/local/lib/python3.8/dist-packages/oslo_context/context.py:105: DeprecationWarning: Policy enforcement is depending on the value of is_admin. This key is deprecated. Please update your policy file to use the standard policy values.
Feb 15 04:20:43.841811 dv-cinder-816104-2-smb devstack@c-api.service[109480]: warnings.warn('Policy enforcement is depending on the value of '
Feb 15 04:20:43.850936 dv-cinder-816104-2-smb devstack@c-api.service[109479]: DEBUG cinder.quota [None req-88cbff2f-a678-4fbf-a8af-72576071db5f tempest-DeleteServersTestJSON-766037884 tempest-DeleteServersTestJSON-766037884-project] Created reservations ['18010b52-715f-4b76-9080-fff489c2c36c', '095405b5-95c6-4da1-bfae-d77bd8ad59fa', 'a3bcab8d-98ad-4df9-8e6c-46af0d30c6f2', '3386c32b-f333-4e97-abe5-a435fbdeeb7d'] {{(pid=109479) reserve /opt/stack/cinder/cinder/quota.py:755}}
Feb 15 04:20:43.853241 dv-cinder-816104-2-smb devstack@c-api.service[109479]: DEBUG cinder.volume.api [None req-88cbff2f-a678-4fbf-a8af-72576071db5f tempest-DeleteServersTestJSON-766037884 tempest-DeleteServersTestJSON-766037884-project] Task 'cinder.volume.flows.api.create_volume.QuotaReserveTask;volume:create' (0f04e7bf-f155-4186-8995-5f4c3aac532e) transitioned into state 'SUCCESS' from state 'RUNNING' with result '{'reservations': ['18010b52-715f-4b76-9080-fff489c2c36c', '095405b5-95c6-4da1-bfae-d77bd8ad59fa', 'a3bcab8d-98ad-4df9-8e6c-46af0d30c6f2', '3386c32b-f333-4e97-abe5-a435fbdeeb7d']}' {{(pid=109479) _task_receiver /usr/local/lib/python3.8/dist-packages/taskflow/listeners/logging.py:178}}
Feb 15 04:20:43.856065 dv-cinder-816104-2-smb devstack@c-api.service[109479]: DEBUG cinder.volume.api [None req-88cbff2f-a678-4fbf-a8af-72576071db5f tempest-DeleteServersTestJSON-766037884 tempest-DeleteServersTestJSON-766037884-project] Task 'cinder.volume.flows.api.create_volume.EntryCreateTask;volume:create' (80f5a8d5-b856-4d32-be30-29fdb36a5afd) transitioned into state 'RUNNING' from state 'PENDING' {{(pid=109479) _task_receiver /usr/local/lib/python3.8/dist-packages/taskflow/listeners/logging.py:190}}
Feb 15 04:20:43.880970 dv-cinder-816104-2-smb devstack@c-api.service[109480]: INFO cinder.api.openstack.wsgi [None req-5dc48347-3489-44dd-a5ca-6c46dfde2b9e tempest-SnapshotsActionsTest-2035743603 tempest-SnapshotsActionsTest-2035743603-project-admin] http://10.222.0.35/volume/v3/f6e330c629e747e6b4eaf98bf4c31bff/snapshots/14329569-792b-420c-b9c0-ec453fc43bba/action returned with HTTP 202
Feb 15 04:20:43.882356 dv-cinder-816104-2-smb devstack@c-api.service[109480]: [pid: 109480|app: 0|req: 114/219] 10.222.0.35 () {60 vars in 1372 bytes} [Tue Feb 15 04:20:43 2022] POST /volume/v3/f6e330c629e747e6b4eaf98bf4c31bff/snapshots/14329569-792b-420c-b9c0-ec453fc43bba/action => generated 0 bytes in 123 msecs (HTTP/1.1 202) 7 headers in 289 bytes (1 switches on core 0)
Feb 15 04:20:43.893036 dv-cinder-816104-2-smb devstack@c-api.service[109480]: INFO cinder.api.openstack.wsgi [None req-f9aab92a-99e8-4274-be53-00c314d06fd1 tempest-VolumeManageAdminTest-1884291298 tempest-VolumeManageAdminTest-1884291298-project-admin] GET http://10.222.0.35/volume/v3/0ba231b73a3647bd87761d0ef6a77a2f/volumes/4080a4fb-e757-4774-9ed1-81de3ff3ae5d
Feb 15 04:20:43.895155 dv-cinder-816104-2-smb devstack@c-api.service[109480]: DEBUG cinder.api.openstack.wsgi [None req-f9aab92a-99e8-4274-be53-00c314d06fd1 tempest-VolumeManageAdminTest-1884291298 tempest-VolumeManageAdminTest-1884291298-project-admin] Empty body provided in request {{(pid=109480) get_body /opt/stack/cinder/cinder/api/openstack/wsgi.py:715}}
Feb 15 04:20:43.896066 dv-cinder-816104-2-smb devstack@c-api.service[109480]: DEBUG cinder.api.openstack.wsgi [None req-f9aab92a-99e8-4274-be53-00c314d06fd1 tempest-VolumeManageAdminTest-1884291298 tempest-VolumeManageAdminTest-1884291298-project-admin] Calling method 'show' {{(pid=109480) _process_stack /opt/stack/cinder/cinder/api/openstack/wsgi.py:868}}
Feb 15 04:20:43.918424 dv-cinder-816104-2-smb devstack@c-api.service[109479]: DEBUG cinder.volume.api [None req-88cbff2f-a678-4fbf-a8af-72576071db5f tempest-DeleteServersTestJSON-766037884 tempest-DeleteServersTestJSON-766037884-project] Task 'cinder.volume.flows.api.create_volume.EntryCreateTask;volume:create' (80f5a8d5-b856-4d32-be30-29fdb36a5afd) transitioned into state 'SUCCESS' from state 'RUNNING' with result '{'volume_id': '97095f22-a832-421e-90d0-5706335d40f5', 'volume_properties': VolumeProperties(attach_status='detached',availability_zone='nova',cgsnapshot_id=None,consistencygroup_id=None,display_description=None,display_name='tempest-DeleteServersTestJSON-volume-1028327980',encryption_key_id=None,group_id=None,group_type_id=,metadata={},multiattach=False,project_id='369b00f0d417451189bb96368c4496ee',qos_specs=None,replication_status=,reservations=['18010b52-715f-4b76-9080-fff489c2c36c','095405b5-95c6-4da1-bfae-d77bd8ad59fa','a3bcab8d-98ad-4df9-8e6c-46af0d30c6f2','3386c32b-f333-4e97-abe5-a435fbdeeb7d'],size=1,snapshot_id=None,source_replicaid=,source_volid=None,status='creating',user_id='b0244899500b44529ff7708d8dab95b2',volume_type_id=925a7acd-73b7-4435-94b6-5e921b93e25b), 'volume': Volume(_name_id=None,admin_metadata=,attach_status='detached',availability_zone='nova',bootable=False,cluster=,cluster_name=None,consistencygroup=,consistencygroup_id=None,created_at=2022-02-15T04:20:43Z,deleted=False,deleted_at=None,display_description=None,display_name='tempest-DeleteServersTestJSON-volume-1028327980',ec2_id=None,encryption_key_id=None,glance_metadata=,group=,group_id=None,host=None,id=97095f22-a832-421e-90d0-5706335d40f5,launched_at=None,metadata={},migration_status=None,multiattach=False,previous_status=None,project_id='369b00f0d417451189bb96368c4496ee',provider_auth=None,provider_geometry=None,provider_id=None,provider_location=None,replication_driver_data=None,replication_extended_status=None,replication_status=None,scheduled_at=None,service_uuid=None,shared_targets=True,size=1,snapshot_id=None,snapshots=,source_volid=None,status='creating',terminated_at=None,updated_at=None,use_quota=True,user_id='b0244899500b44529ff7708d8dab95b2',volume_attachment=VolumeAttachmentList,volume_type=VolumeType(925a7acd-73b7-4435-94b6-5e921b93e25b),volume_type_id=925a7acd-73b7-4435-94b6-5e921b93e25b)}' {{(pid=109479) _task_receiver /usr/local/lib/python3.8/dist-packages/taskflow/listeners/logging.py:178}}
Feb 15 04:20:43.925197 dv-cinder-816104-2-smb devstack@c-api.service[109479]: DEBUG cinder.volume.api [None req-88cbff2f-a678-4fbf-a8af-72576071db5f tempest-DeleteServersTestJSON-766037884 tempest-DeleteServersTestJSON-766037884-project] Task 'cinder.volume.flows.api.create_volume.QuotaCommitTask;volume:create' (b3de96e3-4f59-42b3-8969-6d400be9aad9) transitioned into state 'RUNNING' from state 'PENDING' {{(pid=109479) _task_receiver /usr/local/lib/python3.8/dist-packages/taskflow/listeners/logging.py:190}}
Feb 15 04:20:43.937875 dv-cinder-816104-2-smb devstack@c-api.service[109480]: INFO cinder.api.openstack.wsgi [None req-f9aab92a-99e8-4274-be53-00c314d06fd1 tempest-VolumeManageAdminTest-1884291298 tempest-VolumeManageAdminTest-1884291298-project-admin] http://10.222.0.35/volume/v3/0ba231b73a3647bd87761d0ef6a77a2f/volumes/4080a4fb-e757-4774-9ed1-81de3ff3ae5d returned with HTTP 404
Feb 15 04:20:43.961420 dv-cinder-816104-2-smb devstack@c-api.service[109480]: [pid: 109480|app: 0|req: 115/220] 10.222.0.35 () {58 vars in 1324 bytes} [Tue Feb 15 04:20:43 2022] GET /volume/v3/0ba231b73a3647bd87761d0ef6a77a2f/volumes/4080a4fb-e757-4774-9ed1-81de3ff3ae5d => generated 109 bytes in 74 msecs (HTTP/1.1 404) 7 headers in 292 bytes (1 switches on core 0)
Feb 15 04:20:43.985814 dv-cinder-816104-2-smb devstack@c-api.service[109480]: INFO cinder.api.openstack.wsgi [None req-08831a92-fd63-4a47-80b9-4ad87354e32a tempest-SnapshotsActionsTest-870004568 tempest-SnapshotsActionsTest-870004568-project] GET http://10.222.0.35/volume/v3/67045097135e484280a3fe63a3701c36/snapshots/14329569-792b-420c-b9c0-ec453fc43bba
Feb 15 04:20:43.988963 dv-cinder-816104-2-smb devstack@c-api.service[109480]: DEBUG cinder.api.openstack.wsgi [None req-08831a92-fd63-4a47-80b9-4ad87354e32a tempest-SnapshotsActionsTest-870004568 tempest-SnapshotsActionsTest-870004568-project] Empty body provided in request {{(pid=109480) get_body /opt/stack/cinder/cinder/api/openstack/wsgi.py:715}}
Feb 15 04:20:43.989835 dv-cinder-816104-2-smb devstack@c-api.service[109480]: DEBUG cinder.api.openstack.wsgi [None req-08831a92-fd63-4a47-80b9-4ad87354e32a tempest-SnapshotsActionsTest-870004568 tempest-SnapshotsActionsTest-870004568-project] Calling method 'show' {{(pid=109480) _process_stack /opt/stack/cinder/cinder/api/openstack/wsgi.py:868}}
Feb 15 04:20:44.023389 dv-cinder-816104-2-smb devstack@c-api.service[109480]: /usr/local/lib/python3.8/dist-packages/oslo_context/context.py:105: DeprecationWarning: Policy enforcement is depending on the value of is_admin. This key is deprecated. Please update your policy file to use the standard policy values.
Feb 15 04:20:44.023389 dv-cinder-816104-2-smb devstack@c-api.service[109480]: warnings.warn('Policy enforcement is depending on the value of '
Feb 15 04:20:44.023642 dv-cinder-816104-2-smb devstack@c-api.service[109479]: DEBUG cinder.volume.api [None req-88cbff2f-a678-4fbf-a8af-72576071db5f tempest-DeleteServersTestJSON-766037884 tempest-DeleteServersTestJSON-766037884-project] Task 'cinder.volume.flows.api.create_volume.QuotaCommitTask;volume:create' (b3de96e3-4f59-42b3-8969-6d400be9aad9) transitioned into state 'SUCCESS' from state 'RUNNING' with result '{'volume_properties': VolumeProperties(attach_status='detached',availability_zone='nova',cgsnapshot_id=None,consistencygroup_id=None,display_description=None,display_name='tempest-DeleteServersTestJSON-volume-1028327980',encryption_key_id=None,group_id=None,group_type_id=,metadata={},multiattach=False,project_id='369b00f0d417451189bb96368c4496ee',qos_specs=None,replication_status=,reservations=['18010b52-715f-4b76-9080-fff489c2c36c','095405b5-95c6-4da1-bfae-d77bd8ad59fa','a3bcab8d-98ad-4df9-8e6c-46af0d30c6f2','3386c32b-f333-4e97-abe5-a435fbdeeb7d'],size=1,snapshot_id=None,source_replicaid=,source_volid=None,status='creating',user_id='b0244899500b44529ff7708d8dab95b2',volume_type_id=925a7acd-73b7-4435-94b6-5e921b93e25b)}' {{(pid=109479) _task_receiver /usr/local/lib/python3.8/dist-packages/taskflow/listeners/logging.py:178}}
Feb 15 04:20:44.034386 dv-cinder-816104-2-smb devstack@c-api.service[109480]: INFO cinder.volume.api [None req-08831a92-fd63-4a47-80b9-4ad87354e32a tempest-SnapshotsActionsTest-870004568 tempest-SnapshotsActionsTest-870004568-project] Snapshot retrieved successfully.
Feb 15 04:20:44.034585 dv-cinder-816104-2-smb devstack@c-api.service[109479]: DEBUG cinder.volume.api [None req-88cbff2f-a678-4fbf-a8af-72576071db5f tempest-DeleteServersTestJSON-766037884 tempest-DeleteServersTestJSON-766037884-project] Task 'cinder.volume.flows.api.create_volume.VolumeCastTask;volume:create' (aaca03ab-7527-43f6-8d4b-8b3fc9a892c9) transitioned into state 'RUNNING' from state 'PENDING' {{(pid=109479) _task_receiver /usr/local/lib/python3.8/dist-packages/taskflow/listeners/logging.py:190}}
Feb 15 04:20:44.044574 dv-cinder-816104-2-smb devstack@c-api.service[109480]: INFO cinder.api.openstack.wsgi [None req-08831a92-fd63-4a47-80b9-4ad87354e32a tempest-SnapshotsActionsTest-870004568 tempest-SnapshotsActionsTest-870004568-project] http://10.222.0.35/volume/v3/67045097135e484280a3fe63a3701c36/snapshots/14329569-792b-420c-b9c0-ec453fc43bba returned with HTTP 200
Feb 15 04:20:44.062583 dv-cinder-816104-2-smb devstack@c-api.service[109480]: [pid: 109480|app: 0|req: 116/221] 10.222.0.35 () {58 vars in 1330 bytes} [Tue Feb 15 04:20:43 2022] GET /volume/v3/67045097135e484280a3fe63a3701c36/snapshots/14329569-792b-420c-b9c0-ec453fc43bba => generated 532 bytes in 92 msecs (HTTP/1.1 200) 7 headers in 285 bytes (1 switches on core 0)
Feb 15 04:20:44.083762 dv-cinder-816104-2-smb devstack@c-api.service[109480]: INFO cinder.api.openstack.wsgi [None req-643dc569-18af-49bf-97d7-366d5936e959 tempest-VolumeManageAdminTest-1884291298 tempest-VolumeManageAdminTest-1884291298-project-admin] GET http://10.222.0.35/volume/v3/0ba231b73a3647bd87761d0ef6a77a2f/volumes/detail?all_tenants=1
Feb 15 04:20:44.109707 dv-cinder-816104-2-smb devstack@c-api.service[109480]: DEBUG cinder.api.openstack.wsgi [None req-643dc569-18af-49bf-97d7-366d5936e959 tempest-VolumeManageAdminTest-1884291298 tempest-VolumeManageAdminTest-1884291298-project-admin] Empty body provided in request {{(pid=109480) get_body /opt/stack/cinder/cinder/api/openstack/wsgi.py:715}}
Feb 15 04:20:44.110796 dv-cinder-816104-2-smb devstack@c-api.service[109480]: DEBUG cinder.api.openstack.wsgi [None req-643dc569-18af-49bf-97d7-366d5936e959 tempest-VolumeManageAdminTest-1884291298 tempest-VolumeManageAdminTest-1884291298-project-admin] Calling method 'detail' {{(pid=109480) _process_stack /opt/stack/cinder/cinder/api/openstack/wsgi.py:868}}
Feb 15 04:20:44.113849 dv-cinder-816104-2-smb devstack@c-api.service[109479]: DEBUG cinder.volume.api [None req-88cbff2f-a678-4fbf-a8af-72576071db5f tempest-DeleteServersTestJSON-766037884 tempest-DeleteServersTestJSON-766037884-project] Task 'cinder.volume.flows.api.create_volume.VolumeCastTask;volume:create' (aaca03ab-7527-43f6-8d4b-8b3fc9a892c9) transitioned into state 'SUCCESS' from state 'RUNNING' with result 'None' {{(pid=109479) _task_receiver /usr/local/lib/python3.8/dist-packages/taskflow/listeners/logging.py:178}}
Feb 15 04:20:44.127445 dv-cinder-816104-2-smb devstack@c-api.service[109479]: DEBUG cinder.volume.api [None req-88cbff2f-a678-4fbf-a8af-72576071db5f tempest-DeleteServersTestJSON-766037884 tempest-DeleteServersTestJSON-766037884-project] Flow 'volume_create_api' (7707da94-a624-4fdf-84b8-5e47c5b04f2c) transitioned into state 'SUCCESS' from state 'RUNNING' {{(pid=109479) _flow_receiver /usr/local/lib/python3.8/dist-packages/taskflow/listeners/logging.py:141}}
Feb 15 04:20:44.129564 dv-cinder-816104-2-smb devstack@c-api.service[109480]: DEBUG cinder.volume.api [None req-643dc569-18af-49bf-97d7-366d5936e959 tempest-VolumeManageAdminTest-1884291298 tempest-VolumeManageAdminTest-1884291298-project-admin] Searching by: MultiDict([('all_tenants', 1)]). {{(pid=109480) get_all /opt/stack/cinder/cinder/volume/api.py:661}}
Feb 15 04:20:44.130227 dv-cinder-816104-2-smb devstack@c-api.service[109479]: INFO cinder.volume.api [None req-88cbff2f-a678-4fbf-a8af-72576071db5f tempest-DeleteServersTestJSON-766037884 tempest-DeleteServersTestJSON-766037884-project] Create volume request issued successfully.
Feb 15 04:20:44.138179 dv-cinder-816104-2-smb devstack@c-api.service[109479]: INFO cinder.api.openstack.wsgi [None req-88cbff2f-a678-4fbf-a8af-72576071db5f tempest-DeleteServersTestJSON-766037884 tempest-DeleteServersTestJSON-766037884-project] http://10.222.0.35/volume/v3/369b00f0d417451189bb96368c4496ee/volumes returned with HTTP 202
Feb 15 04:20:44.142785 dv-cinder-816104-2-smb devstack@c-api.service[109479]: [pid: 109479|app: 0|req: 106/222] 10.222.0.35 () {60 vars in 1234 bytes} [Tue Feb 15 04:20:43 2022] POST /volume/v3/369b00f0d417451189bb96368c4496ee/volumes => generated 821 bytes in 666 msecs (HTTP/1.1 202) 7 headers in 291 bytes (2 switches on core 0)
Feb 15 04:20:44.169265 dv-cinder-816104-2-smb devstack@c-api.service[109479]: INFO cinder.api.openstack.wsgi [None req-73c19f19-5f27-49f1-adb2-2463cbc999f9 tempest-SnapshotsActionsTest-2035743603 tempest-SnapshotsActionsTest-2035743603-project-admin] POST http://10.222.0.35/volume/v3/f6e330c629e747e6b4eaf98bf4c31bff/snapshots/14329569-792b-420c-b9c0-ec453fc43bba/action
Feb 15 04:20:44.174728 dv-cinder-816104-2-smb devstack@c-api.service[109479]: DEBUG cinder.api.openstack.wsgi [None req-73c19f19-5f27-49f1-adb2-2463cbc999f9 tempest-SnapshotsActionsTest-2035743603 tempest-SnapshotsActionsTest-2035743603-project-admin] Action body: b'{"os-reset_status": {"status": "creating"}}' {{(pid=109479) get_method /opt/stack/cinder/cinder/api/openstack/wsgi.py:983}}
Feb 15 04:20:44.175717 dv-cinder-816104-2-smb devstack@c-api.service[109479]: DEBUG cinder.api.openstack.wsgi [None req-73c19f19-5f27-49f1-adb2-2463cbc999f9 tempest-SnapshotsActionsTest-2035743603 tempest-SnapshotsActionsTest-2035743603-project-admin] Action: 'action', calling method: _reset_status, body: {"os-reset_status": {"status": "creating"}} {{(pid=109479) _process_stack /opt/stack/cinder/cinder/api/openstack/wsgi.py:866}}
Feb 15 04:20:44.183105 dv-cinder-816104-2-smb devstack@c-api.service[109479]: DEBUG cinder.api.contrib.admin_actions [None req-73c19f19-5f27-49f1-adb2-2463cbc999f9 tempest-SnapshotsActionsTest-2035743603 tempest-SnapshotsActionsTest-2035743603-project-admin] Updating snapshot '14329569-792b-420c-b9c0-ec453fc43bba' with '{'status': 'creating'}' {{(pid=109479) _reset_status /opt/stack/cinder/cinder/api/contrib/admin_actions.py:100}}
Feb 15 04:20:44.228589 dv-cinder-816104-2-smb devstack@c-api.service[109479]: /usr/local/lib/python3.8/dist-packages/oslo_context/context.py:105: DeprecationWarning: Policy enforcement is depending on the value of is_admin. This key is deprecated. Please update your policy file to use the standard policy values.
Feb 15 04:20:44.228589 dv-cinder-816104-2-smb devstack@c-api.service[109479]: warnings.warn('Policy enforcement is depending on the value of '
Feb 15 04:20:44.270485 dv-cinder-816104-2-smb devstack@c-api.service[109479]: INFO cinder.api.openstack.wsgi [None req-73c19f19-5f27-49f1-adb2-2463cbc999f9 tempest-SnapshotsActionsTest-2035743603 tempest-SnapshotsActionsTest-2035743603-project-admin] http://10.222.0.35/volume/v3/f6e330c629e747e6b4eaf98bf4c31bff/snapshots/14329569-792b-420c-b9c0-ec453fc43bba/action returned with HTTP 202
Feb 15 04:20:44.282090 dv-cinder-816104-2-smb devstack@c-api.service[109479]: [pid: 109479|app: 0|req: 107/223] 10.222.0.35 () {60 vars in 1372 bytes} [Tue Feb 15 04:20:44 2022] POST /volume/v3/f6e330c629e747e6b4eaf98bf4c31bff/snapshots/14329569-792b-420c-b9c0-ec453fc43bba/action => generated 0 bytes in 138 msecs (HTTP/1.1 202) 7 headers in 289 bytes (1 switches on core 0)
Feb 15 04:20:44.301718 dv-cinder-816104-2-smb devstack@c-api.service[109479]: INFO cinder.api.openstack.wsgi [None req-280085f5-3503-484e-b42e-0c59c493cbea tempest-DeleteServersTestJSON-766037884 tempest-DeleteServersTestJSON-766037884-project] GET http://10.222.0.35/volume/v3/369b00f0d417451189bb96368c4496ee/volumes/97095f22-a832-421e-90d0-5706335d40f5
Feb 15 04:20:44.302188 dv-cinder-816104-2-smb devstack@c-api.service[109479]: DEBUG cinder.api.openstack.wsgi [None req-280085f5-3503-484e-b42e-0c59c493cbea tempest-DeleteServersTestJSON-766037884 tempest-DeleteServersTestJSON-766037884-project] Empty body provided in request {{(pid=109479) get_body /opt/stack/cinder/cinder/api/openstack/wsgi.py:715}}
Feb 15 04:20:44.305809 dv-cinder-816104-2-smb devstack@c-api.service[109479]: DEBUG cinder.api.openstack.wsgi [None req-280085f5-3503-484e-b42e-0c59c493cbea tempest-DeleteServersTestJSON-766037884 tempest-DeleteServersTestJSON-766037884-project] Calling method 'show' {{(pid=109479) _process_stack /opt/stack/cinder/cinder/api/openstack/wsgi.py:868}}
Feb 15 04:20:44.376705 dv-cinder-816104-2-smb devstack@c-api.service[109480]: INFO cinder.volume.api [None req-643dc569-18af-49bf-97d7-366d5936e959 tempest-VolumeManageAdminTest-1884291298 tempest-VolumeManageAdminTest-1884291298-project-admin] Get all volumes completed successfully.
Feb 15 04:20:44.379403 dv-cinder-816104-2-smb devstack@c-api.service[109480]: /usr/local/lib/python3.8/dist-packages/oslo_context/context.py:105: DeprecationWarning: Policy enforcement is depending on the value of is_admin. This key is deprecated. Please update your policy file to use the standard policy values.
Feb 15 04:20:44.379403 dv-cinder-816104-2-smb devstack@c-api.service[109480]: warnings.warn('Policy enforcement is depending on the value of '
Feb 15 04:20:44.386165 dv-cinder-816104-2-smb devstack@c-api.service[109479]: /usr/local/lib/python3.8/dist-packages/oslo_context/context.py:105: DeprecationWarning: Policy enforcement is depending on the value of is_admin. This key is deprecated. Please update your policy file to use the standard policy values.
Feb 15 04:20:44.386165 dv-cinder-816104-2-smb devstack@c-api.service[109479]: warnings.warn('Policy enforcement is depending on the value of '
Feb 15 04:20:44.424177 dv-cinder-816104-2-smb devstack@c-api.service[109480]: INFO cinder.api.openstack.wsgi [None req-643dc569-18af-49bf-97d7-366d5936e959 tempest-VolumeManageAdminTest-1884291298 tempest-VolumeManageAdminTest-1884291298-project-admin] http://10.222.0.35/volume/v3/0ba231b73a3647bd87761d0ef6a77a2f/volumes/detail?all_tenants=1 returned with HTTP 200
Feb 15 04:20:44.431731 dv-cinder-816104-2-smb devstack@c-api.service[109479]: INFO cinder.volume.api [None req-280085f5-3503-484e-b42e-0c59c493cbea tempest-DeleteServersTestJSON-766037884 tempest-DeleteServersTestJSON-766037884-project] Volume info retrieved successfully.
Feb 15 04:20:44.432040 dv-cinder-816104-2-smb devstack@c-api.service[109480]: [pid: 109480|app: 0|req: 117/224] 10.222.0.35 () {58 vars in 1261 bytes} [Tue Feb 15 04:20:44 2022] GET /volume/v3/0ba231b73a3647bd87761d0ef6a77a2f/volumes/detail?all_tenants=1 => generated 2098 bytes in 366 msecs (HTTP/1.1 200) 7 headers in 286 bytes (1 switches on core 0)
Feb 15 04:20:44.461423 dv-cinder-816104-2-smb devstack@c-api.service[109479]: INFO cinder.api.openstack.wsgi [None req-280085f5-3503-484e-b42e-0c59c493cbea tempest-DeleteServersTestJSON-766037884 tempest-DeleteServersTestJSON-766037884-project] http://10.222.0.35/volume/v3/369b00f0d417451189bb96368c4496ee/volumes/97095f22-a832-421e-90d0-5706335d40f5 returned with HTTP 200
Feb 15 04:20:44.462210 dv-cinder-816104-2-smb devstack@c-api.service[109479]: [pid: 109479|app: 0|req: 108/225] 10.222.0.35 () {58 vars in 1324 bytes} [Tue Feb 15 04:20:44 2022] GET /volume/v3/369b00f0d417451189bb96368c4496ee/volumes/97095f22-a832-421e-90d0-5706335d40f5 => generated 889 bytes in 179 msecs (HTTP/1.1 200) 7 headers in 285 bytes (1 switches on core 0)
Feb 15 04:20:44.463539 dv-cinder-816104-2-smb devstack@c-api.service[109480]: INFO cinder.api.openstack.wsgi [None req-00f2582f-8923-43d1-9bba-9b3b03f410c9 tempest-SnapshotsActionsTest-870004568 tempest-SnapshotsActionsTest-870004568-project] GET http://10.222.0.35/volume/v3/67045097135e484280a3fe63a3701c36/snapshots/14329569-792b-420c-b9c0-ec453fc43bba
Feb 15 04:20:44.464357 dv-cinder-816104-2-smb devstack@c-api.service[109480]: DEBUG cinder.api.openstack.wsgi [None req-00f2582f-8923-43d1-9bba-9b3b03f410c9 tempest-SnapshotsActionsTest-870004568 tempest-SnapshotsActionsTest-870004568-project] Empty body provided in request {{(pid=109480) get_body /opt/stack/cinder/cinder/api/openstack/wsgi.py:715}}
Feb 15 04:20:44.465189 dv-cinder-816104-2-smb devstack@c-api.service[109480]: DEBUG cinder.api.openstack.wsgi [None req-00f2582f-8923-43d1-9bba-9b3b03f410c9 tempest-SnapshotsActionsTest-870004568 tempest-SnapshotsActionsTest-870004568-project] Calling method 'show' {{(pid=109480) _process_stack /opt/stack/cinder/cinder/api/openstack/wsgi.py:868}}
Feb 15 04:20:44.474649 dv-cinder-816104-2-smb devstack@c-api.service[109479]: INFO cinder.api.openstack.wsgi [None req-29138e3f-3e9d-4d97-b648-53c1e9667070 tempest-VolumeManageAdminTest-1884291298 tempest-VolumeManageAdminTest-1884291298-project-admin] POST http://10.222.0.35/volume/v3/0ba231b73a3647bd87761d0ef6a77a2f/os-volume-manage
Feb 15 04:20:44.475382 dv-cinder-816104-2-smb devstack@c-api.service[109479]: DEBUG cinder.api.openstack.wsgi [None req-29138e3f-3e9d-4d97-b648-53c1e9667070 tempest-VolumeManageAdminTest-1884291298 tempest-VolumeManageAdminTest-1884291298-project-admin] Action: 'create', calling method: create, body: {"volume": {"name": "tempest-VolumeManageAdminTest-volume-1338590073", "host": "hv-cinder-81610@wincnd#smbshare", "ref": {"source-name": "//127.0.0.1/smbshare/volume-4080a4fb-e757-4774-9ed1-81de3ff3ae5d.vhdx"}, "volume_type": "__DEFAULT__", "availability_zone": "nova"}} {{(pid=109479) _process_stack /opt/stack/cinder/cinder/api/openstack/wsgi.py:866}}
Feb 15 04:20:44.483853 dv-cinder-816104-2-smb devstack@c-api.service[109479]: DEBUG cinder.api.contrib.volume_manage [None req-29138e3f-3e9d-4d97-b648-53c1e9667070 tempest-VolumeManageAdminTest-1884291298 tempest-VolumeManageAdminTest-1884291298-project-admin] Manage volume request body: {'volume': {'name': 'tempest-VolumeManageAdminTest-volume-1338590073', 'host': 'hv-cinder-81610@wincnd#smbshare', 'ref': {'source-name': '//127.0.0.1/smbshare/volume-4080a4fb-e757-4774-9ed1-81de3ff3ae5d.vhdx'}, 'volume_type': '__DEFAULT__', 'availability_zone': 'nova'}} {{(pid=109479) create /opt/stack/cinder/cinder/api/contrib/volume_manage.py:113}}
Feb 15 04:20:44.528368 dv-cinder-816104-2-smb devstack@c-api.service[109479]: DEBUG cinder.volume.api [None req-29138e3f-3e9d-4d97-b648-53c1e9667070 tempest-VolumeManageAdminTest-1884291298 tempest-VolumeManageAdminTest-1884291298-project-admin] Flow 'volume_manage_existing_api' (66b94bc3-21e6-4954-8123-198c951ea4d9) transitioned into state 'RUNNING' from state 'PENDING' {{(pid=109479) _flow_receiver /usr/local/lib/python3.8/dist-packages/taskflow/listeners/logging.py:141}}
Feb 15 04:20:44.531467 dv-cinder-816104-2-smb devstack@c-api.service[109480]: /usr/local/lib/python3.8/dist-packages/oslo_context/context.py:105: DeprecationWarning: Policy enforcement is depending on the value of is_admin. This key is deprecated. Please update your policy file to use the standard policy values.
Feb 15 04:20:44.531467 dv-cinder-816104-2-smb devstack@c-api.service[109480]: warnings.warn('Policy enforcement is depending on the value of '
Feb 15 04:20:44.533358 dv-cinder-816104-2-smb devstack@c-api.service[109479]: DEBUG cinder.volume.api [None req-29138e3f-3e9d-4d97-b648-53c1e9667070 tempest-VolumeManageAdminTest-1884291298 tempest-VolumeManageAdminTest-1884291298-project-admin] Task 'cinder.volume.flows.api.create_volume.QuotaReserveTask;volume:create' (7eeaecce-128c-4915-824c-c790c9b49d00) transitioned into state 'RUNNING' from state 'PENDING' {{(pid=109479) _task_receiver /usr/local/lib/python3.8/dist-packages/taskflow/listeners/logging.py:190}}
Feb 15 04:20:44.533515 dv-cinder-816104-2-smb devstack@c-api.service[109480]: INFO cinder.volume.api [None req-00f2582f-8923-43d1-9bba-9b3b03f410c9 tempest-SnapshotsActionsTest-870004568 tempest-SnapshotsActionsTest-870004568-project] Snapshot retrieved successfully.
Feb 15 04:20:44.536989 dv-cinder-816104-2-smb devstack@c-api.service[109480]: INFO cinder.api.openstack.wsgi [None req-00f2582f-8923-43d1-9bba-9b3b03f410c9 tempest-SnapshotsActionsTest-870004568 tempest-SnapshotsActionsTest-870004568-project] http://10.222.0.35/volume/v3/67045097135e484280a3fe63a3701c36/snapshots/14329569-792b-420c-b9c0-ec453fc43bba returned with HTTP 200
Feb 15 04:20:44.541591 dv-cinder-816104-2-smb devstack@c-api.service[109480]: [pid: 109480|app: 0|req: 118/226] 10.222.0.35 () {58 vars in 1330 bytes} [Tue Feb 15 04:20:44 2022] GET /volume/v3/67045097135e484280a3fe63a3701c36/snapshots/14329569-792b-420c-b9c0-ec453fc43bba => generated 531 bytes in 109 msecs (HTTP/1.1 200) 7 headers in 285 bytes (1 switches on core 0)
Feb 15 04:20:44.569117 dv-cinder-816104-2-smb devstack@c-api.service[109480]: INFO cinder.api.openstack.wsgi [None req-51d89f50-5c5c-4f5b-967f-28315d75cdc8 tempest-SnapshotsActionsTest-870004568 tempest-SnapshotsActionsTest-870004568-project] POST http://10.222.0.35/volume/v3/67045097135e484280a3fe63a3701c36/snapshots/14329569-792b-420c-b9c0-ec453fc43bba/action
Feb 15 04:20:44.570442 dv-cinder-816104-2-smb devstack@c-api.service[109480]: DEBUG cinder.api.openstack.wsgi [None req-51d89f50-5c5c-4f5b-967f-28315d75cdc8 tempest-SnapshotsActionsTest-870004568 tempest-SnapshotsActionsTest-870004568-project] Action body: b'{"os-update_snapshot_status": {"status": "error", "progress": "80%"}}' {{(pid=109480) get_method /opt/stack/cinder/cinder/api/openstack/wsgi.py:983}}
Feb 15 04:20:44.571092 dv-cinder-816104-2-smb devstack@c-api.service[109480]: DEBUG cinder.api.openstack.wsgi [None req-51d89f50-5c5c-4f5b-967f-28315d75cdc8 tempest-SnapshotsActionsTest-870004568 tempest-SnapshotsActionsTest-870004568-project] Action: 'action', calling method: _update_snapshot_status, body: {"os-update_snapshot_status": {"status": "error", "progress": "80%"}} {{(pid=109480) _process_stack /opt/stack/cinder/cinder/api/openstack/wsgi.py:866}}
Feb 15 04:20:44.572548 dv-cinder-816104-2-smb devstack@c-api.service[109480]: DEBUG cinder.api.contrib.snapshot_actions [None req-51d89f50-5c5c-4f5b-967f-28315d75cdc8 tempest-SnapshotsActionsTest-870004568 tempest-SnapshotsActionsTest-870004568-project] body: {'os-update_snapshot_status': {'status': 'error', 'progress': '80%'}} {{(pid=109480) _update_snapshot_status /opt/stack/cinder/cinder/api/contrib/snapshot_actions.py:46}}
Feb 15 04:20:44.648635 dv-cinder-816104-2-smb devstack@c-api.service[109480]: /usr/local/lib/python3.8/dist-packages/oslo_context/context.py:105: DeprecationWarning: Policy enforcement is depending on the value of is_admin. This key is deprecated. Please update your policy file to use the standard policy values.
Feb 15 04:20:44.648635 dv-cinder-816104-2-smb devstack@c-api.service[109480]: warnings.warn('Policy enforcement is depending on the value of '
Feb 15 04:20:44.649811 dv-cinder-816104-2-smb devstack@c-api.service[109480]: INFO cinder.api.contrib.snapshot_actions [None req-51d89f50-5c5c-4f5b-967f-28315d75cdc8 tempest-SnapshotsActionsTest-870004568 tempest-SnapshotsActionsTest-870004568-project] Updating snapshot 14329569-792b-420c-b9c0-ec453fc43bba with info {'id': '14329569-792b-420c-b9c0-ec453fc43bba', 'status': 'error', 'progress': '80%'}
Feb 15 04:20:44.681132 dv-cinder-816104-2-smb devstack@c-api.service[109480]: INFO cinder.api.openstack.wsgi [None req-51d89f50-5c5c-4f5b-967f-28315d75cdc8 tempest-SnapshotsActionsTest-870004568 tempest-SnapshotsActionsTest-870004568-project] http://10.222.0.35/volume/v3/67045097135e484280a3fe63a3701c36/snapshots/14329569-792b-420c-b9c0-ec453fc43bba/action returned with HTTP 202
Feb 15 04:20:44.682344 dv-cinder-816104-2-smb devstack@c-api.service[109480]: [pid: 109480|app: 0|req: 119/227] 10.222.0.35 () {60 vars in 1372 bytes} [Tue Feb 15 04:20:44 2022] POST /volume/v3/67045097135e484280a3fe63a3701c36/snapshots/14329569-792b-420c-b9c0-ec453fc43bba/action => generated 0 bytes in 135 msecs (HTTP/1.1 202) 6 headers in 233 bytes (1 switches on core 0)
Feb 15 04:20:44.707486 dv-cinder-816104-2-smb devstack@c-api.service[109480]: INFO cinder.api.openstack.wsgi [None req-577236a2-a914-4c8e-8542-db49ef86aaf4 tempest-SnapshotsActionsTest-2035743603 tempest-SnapshotsActionsTest-2035743603-project-admin] GET http://10.222.0.35/volume/v3/f6e330c629e747e6b4eaf98bf4c31bff/snapshots/14329569-792b-420c-b9c0-ec453fc43bba
Feb 15 04:20:44.711439 dv-cinder-816104-2-smb devstack@c-api.service[109480]: DEBUG cinder.api.openstack.wsgi [None req-577236a2-a914-4c8e-8542-db49ef86aaf4 tempest-SnapshotsActionsTest-2035743603 tempest-SnapshotsActionsTest-2035743603-project-admin] Empty body provided in request {{(pid=109480) get_body /opt/stack/cinder/cinder/api/openstack/wsgi.py:715}}
Feb 15 04:20:44.721384 dv-cinder-816104-2-smb devstack@c-api.service[109480]: DEBUG cinder.api.openstack.wsgi [None req-577236a2-a914-4c8e-8542-db49ef86aaf4 tempest-SnapshotsActionsTest-2035743603 tempest-SnapshotsActionsTest-2035743603-project-admin] Calling method 'show' {{(pid=109480) _process_stack /opt/stack/cinder/cinder/api/openstack/wsgi.py:868}}
Feb 15 04:20:44.780851 dv-cinder-816104-2-smb devstack@c-api.service[109480]: /usr/local/lib/python3.8/dist-packages/oslo_context/context.py:105: DeprecationWarning: Policy enforcement is depending on the value of is_admin. This key is deprecated. Please update your policy file to use the standard policy values.
Feb 15 04:20:44.780851 dv-cinder-816104-2-smb devstack@c-api.service[109480]: warnings.warn('Policy enforcement is depending on the value of '
Feb 15 04:20:44.783754 dv-cinder-816104-2-smb devstack@c-api.service[109479]: DEBUG cinder.quota [None req-29138e3f-3e9d-4d97-b648-53c1e9667070 tempest-VolumeManageAdminTest-1884291298 tempest-VolumeManageAdminTest-1884291298-project-admin] Created reservations ['b4faa389-f720-4056-8309-f7f6a2677687', '08bd2a90-6577-481a-9163-4e654177b8f1', '08ee4b58-9dfc-4615-87ea-c125b74384bf', 'ade1de6d-c7ae-43ce-aa7c-5c37da19df3b'] {{(pid=109479) reserve /opt/stack/cinder/cinder/quota.py:755}}
Feb 15 04:20:44.789071 dv-cinder-816104-2-smb devstack@c-api.service[109480]: INFO cinder.volume.api [None req-577236a2-a914-4c8e-8542-db49ef86aaf4 tempest-SnapshotsActionsTest-2035743603 tempest-SnapshotsActionsTest-2035743603-project-admin] Snapshot retrieved successfully.
Feb 15 04:20:44.791423 dv-cinder-816104-2-smb devstack@c-api.service[109479]: DEBUG cinder.volume.api [None req-29138e3f-3e9d-4d97-b648-53c1e9667070 tempest-VolumeManageAdminTest-1884291298 tempest-VolumeManageAdminTest-1884291298-project-admin] Task 'cinder.volume.flows.api.create_volume.QuotaReserveTask;volume:create' (7eeaecce-128c-4915-824c-c790c9b49d00) transitioned into state 'SUCCESS' from state 'RUNNING' with result '{'reservations': ['b4faa389-f720-4056-8309-f7f6a2677687', '08bd2a90-6577-481a-9163-4e654177b8f1', '08ee4b58-9dfc-4615-87ea-c125b74384bf', 'ade1de6d-c7ae-43ce-aa7c-5c37da19df3b']}' {{(pid=109479) _task_receiver /usr/local/lib/python3.8/dist-packages/taskflow/listeners/logging.py:178}}
Feb 15 04:20:44.795497 dv-cinder-816104-2-smb devstack@c-api.service[109480]: INFO cinder.api.openstack.wsgi [None req-577236a2-a914-4c8e-8542-db49ef86aaf4 tempest-SnapshotsActionsTest-2035743603 tempest-SnapshotsActionsTest-2035743603-project-admin] http://10.222.0.35/volume/v3/f6e330c629e747e6b4eaf98bf4c31bff/snapshots/14329569-792b-420c-b9c0-ec453fc43bba returned with HTTP 200
Feb 15 04:20:44.805998 dv-cinder-816104-2-smb devstack@c-api.service[109479]: DEBUG cinder.volume.api [None req-29138e3f-3e9d-4d97-b648-53c1e9667070 tempest-VolumeManageAdminTest-1884291298 tempest-VolumeManageAdminTest-1884291298-project-admin] Task 'cinder.volume.flows.api.manage_existing.EntryCreateTask;volume:manage_existing' (915abfbb-7bab-4133-9f60-c17234018f0c) transitioned into state 'RUNNING' from state 'PENDING' {{(pid=109479) _task_receiver /usr/local/lib/python3.8/dist-packages/taskflow/listeners/logging.py:190}}
Feb 15 04:20:44.823408 dv-cinder-816104-2-smb devstack@c-api.service[109480]: [pid: 109480|app: 0|req: 120/228] 10.222.0.35 () {58 vars in 1330 bytes} [Tue Feb 15 04:20:44 2022] GET /volume/v3/f6e330c629e747e6b4eaf98bf4c31bff/snapshots/14329569-792b-420c-b9c0-ec453fc43bba => generated 527 bytes in 136 msecs (HTTP/1.1 200) 7 headers in 285 bytes (2 switches on core 0)
Feb 15 04:20:44.855730 dv-cinder-816104-2-smb devstack@c-api.service[109480]: INFO cinder.api.openstack.wsgi [None req-9d46d846-60d1-47e4-bcea-32db5a2a4d63 tempest-SnapshotsActionsTest-2035743603 tempest-SnapshotsActionsTest-2035743603-project-admin] POST http://10.222.0.35/volume/v3/f6e330c629e747e6b4eaf98bf4c31bff/snapshots/14329569-792b-420c-b9c0-ec453fc43bba/action
Feb 15 04:20:44.857087 dv-cinder-816104-2-smb devstack@c-api.service[109480]: DEBUG cinder.api.openstack.wsgi [None req-9d46d846-60d1-47e4-bcea-32db5a2a4d63 tempest-SnapshotsActionsTest-2035743603 tempest-SnapshotsActionsTest-2035743603-project-admin] Action body: b'{"os-reset_status": {"status": "available"}}' {{(pid=109480) get_method /opt/stack/cinder/cinder/api/openstack/wsgi.py:983}}
Feb 15 04:20:44.859730 dv-cinder-816104-2-smb devstack@c-api.service[109480]: DEBUG cinder.api.openstack.wsgi [None req-9d46d846-60d1-47e4-bcea-32db5a2a4d63 tempest-SnapshotsActionsTest-2035743603 tempest-SnapshotsActionsTest-2035743603-project-admin] Action: 'action', calling method: _reset_status, body: {"os-reset_status": {"status": "available"}} {{(pid=109480) _process_stack /opt/stack/cinder/cinder/api/openstack/wsgi.py:866}}
Feb 15 04:20:44.865748 dv-cinder-816104-2-smb devstack@c-api.service[109480]: DEBUG cinder.api.contrib.admin_actions [None req-9d46d846-60d1-47e4-bcea-32db5a2a4d63 tempest-SnapshotsActionsTest-2035743603 tempest-SnapshotsActionsTest-2035743603-project-admin] Updating snapshot '14329569-792b-420c-b9c0-ec453fc43bba' with '{'status': 'available'}' {{(pid=109480) _reset_status /opt/stack/cinder/cinder/api/contrib/admin_actions.py:100}}
