Feb 15 04:20:04.100836 dv-cinder-816104-2-iscsi neutron-server[102636]: DEBUG neutron.plugins.ml2.drivers.mech_agent [None req-929333ef-c5a8-49b7-adbb-5a6bd57fe263 None None] Checking segment: {'id': '893e466e-66a5-45bb-9724-e0a92ab9dee9', 'network_type': 'vlan', 'physical_network': 'physnet1', 'segmentation_id': 60, 'network_id': 'c49ed967-4df2-4c03-a3f7-11bc631a5279'} for mappings: {'physnet1': 'br-data'} with network types: ['local', 'flat', 'vlan'] {{(pid=102636) check_segment_for_agent /opt/stack/neutron/neutron/plugins/ml2/drivers/mech_agent.py:373}}
Feb 15 04:20:04.101184 dv-cinder-816104-2-iscsi neutron-server[102636]: DEBUG neutron_lib.callbacks.manager [None req-929333ef-c5a8-49b7-adbb-5a6bd57fe263 None None] Publish callbacks [] for ovs_bridge_name (None), before_read {{(pid=102636) _notify_loop /usr/local/lib/python3.8/dist-packages/neutron_lib/callbacks/manager.py:176}}
Feb 15 04:20:04.101444 dv-cinder-816104-2-iscsi neutron-server[102636]: DEBUG neutron.plugins.ml2.drivers.mech_agent [None req-929333ef-c5a8-49b7-adbb-5a6bd57fe263 None None] Bound using segment: {'id': '893e466e-66a5-45bb-9724-e0a92ab9dee9', 'network_type': 'vlan', 'physical_network': 'physnet1', 'segmentation_id': 60, 'network_id': 'c49ed967-4df2-4c03-a3f7-11bc631a5279'} {{(pid=102636) bind_port /opt/stack/neutron/neutron/plugins/ml2/drivers/mech_agent.py:120}}
Feb 15 04:20:04.101997 dv-cinder-816104-2-iscsi neutron-server[102636]: DEBUG neutron.plugins.ml2.managers [None req-929333ef-c5a8-49b7-adbb-5a6bd57fe263 None None] Bound port: 12a08514-3162-4e1a-98d9-ba47008b772b, host: dv-cinder-816104-2-iscsi, vif_type: ovs, vif_details: {"connectivity": "l2", "port_filter": true, "ovs_hybrid_plug": false, "datapath_type": "system", "bridge_name": "br-int"}, binding_levels: [{'bound_driver': 'openvswitch', 'bound_segment': {'id': '893e466e-66a5-45bb-9724-e0a92ab9dee9', 'network_type': 'vlan', 'physical_network': 'physnet1', 'segmentation_id': 60, 'network_id': 'c49ed967-4df2-4c03-a3f7-11bc631a5279'}}] {{(pid=102636) _bind_port_level /opt/stack/neutron/neutron/plugins/ml2/managers.py:932}}
Feb 15 04:20:04.102436 dv-cinder-816104-2-iscsi neutron-server[102636]: DEBUG neutron_lib.callbacks.manager [None req-929333ef-c5a8-49b7-adbb-5a6bd57fe263 None None] Publish callbacks ['neutron.plugins.ml2.plugin.SecurityGroupDbMixin._ensure_default_security_group_handler-1647999'] for port (12a08514-3162-4e1a-98d9-ba47008b772b), before_update {{(pid=102636) _notify_loop /usr/local/lib/python3.8/dist-packages/neutron_lib/callbacks/manager.py:176}}
Feb 15 04:20:04.276354 dv-cinder-816104-2-iscsi neutron-server[102635]: DEBUG neutron.api.rpc.handlers.resources_rpc [None req-fd6f2e81-8d9c-49ee-bbcb-0306116259f2 None None] Pushing event updated for resources: {'Port': ['ID=edcd783f-4a4b-4046-a712-c59635c85b39,revision_number=4']} {{(pid=102635) push /opt/stack/neutron/neutron/api/rpc/handlers/resources_rpc.py:237}}
Feb 15 04:20:04.287366 dv-cinder-816104-2-iscsi neutron-server[102633]: DEBUG neutron_lib.db.resource_extend [None req-733c84d4-04ce-4ac5-900c-9ee6e8e30f18 admin admin] It took 0.66 seconds to run function 'neutron_lib.db.resource_extend.apply_funcs' {{(pid=102633) wrapper /usr/local/lib/python3.8/dist-packages/oslo_utils/timeutils.py:386}}
Feb 15 04:20:04.342091 dv-cinder-816104-2-iscsi neutron-server[102636]: DEBUG neutron.plugins.ml2.db [None req-929333ef-c5a8-49b7-adbb-5a6bd57fe263 None None] For port 12a08514-3162-4e1a-98d9-ba47008b772b, host dv-cinder-816104-2-iscsi, cleared binding levels {{(pid=102636) clear_binding_levels /opt/stack/neutron/neutron/plugins/ml2/db.py:87}}
Feb 15 04:20:04.357014 dv-cinder-816104-2-iscsi neutron-server[102636]: DEBUG neutron.plugins.ml2.db [None req-929333ef-c5a8-49b7-adbb-5a6bd57fe263 None None] For port 12a08514-3162-4e1a-98d9-ba47008b772b, host dv-cinder-816104-2-iscsi, set binding levels [PortBindingLevel(driver='openvswitch',host='dv-cinder-816104-2-iscsi',level=0,port_id=12a08514-3162-4e1a-98d9-ba47008b772b,segment=NetworkSegment(893e466e-66a5-45bb-9724-e0a92ab9dee9),segment_id=893e466e-66a5-45bb-9724-e0a92ab9dee9)] {{(pid=102636) set_binding_levels /opt/stack/neutron/neutron/plugins/ml2/db.py:59}}
Feb 15 04:20:04.380949 dv-cinder-816104-2-iscsi neutron-server[102636]: DEBUG neutron_lib.callbacks.manager [None req-929333ef-c5a8-49b7-adbb-5a6bd57fe263 None None] Publish callbacks ['neutron.plugins.ml2.plugin.SecurityGroupServerNotifierRpcMixin._notify_sg_on_port_change-1648107', 'neutron.plugins.ml2.ovo_rpc._ObjectChangeHandler.handle_event-105457', 'neutron.api.rpc.agentnotifiers.dhcp_rpc_agent_api.DhcpAgentNotifyAPI._native_event_send_dhcp_notification-713571', 'neutron.db.l3_db.L3RpcNotifierMixin._notify_gateway_port_ip_changed-8734710173377', 'neutron.db.l3_dvrscheduler_db._notify_l3_agent_port_update-8734709782101', 'neutron.db.l3_hascheduler_db._notify_l3_agent_ha_port_update-8734709782119'] for port (12a08514-3162-4e1a-98d9-ba47008b772b), after_update {{(pid=102636) _notify_loop /usr/local/lib/python3.8/dist-packages/neutron_lib/callbacks/manager.py:176}}
Feb 15 04:20:04.412238 dv-cinder-816104-2-iscsi neutron-server[102635]: DEBUG neutron.db.provisioning_blocks [None req-fd6f2e81-8d9c-49ee-bbcb-0306116259f2 None None] Provisioning complete for port ed95016a-a25d-49d0-9aed-456bb80645fd triggered by entity L2. {{(pid=102635) provisioning_complete /opt/stack/neutron/neutron/db/provisioning_blocks.py:139}}
Feb 15 04:20:04.413249 dv-cinder-816104-2-iscsi neutron-server[102635]: DEBUG neutron_lib.callbacks.manager [None req-fd6f2e81-8d9c-49ee-bbcb-0306116259f2 None None] Publish callbacks ['neutron.plugins.ml2.plugin.Ml2Plugin._port_provisioned-1727159'] for port (ed95016a-a25d-49d0-9aed-456bb80645fd), provisioning_complete {{(pid=102635) _notify_loop /usr/local/lib/python3.8/dist-packages/neutron_lib/callbacks/manager.py:176}}
Feb 15 04:20:04.519889 dv-cinder-816104-2-iscsi neutron-server[102633]: DEBUG neutron.api.rpc.handlers.resources_rpc [None req-5691db03-3168-4ee7-b9e7-58ae87828b72 admin admin] Pushing event updated for resources: {'Port': ['ID=cf81a5c0-454f-452d-b00e-79048271ae01,revision_number=1']} {{(pid=102633) push /opt/stack/neutron/neutron/api/rpc/handlers/resources_rpc.py:237}}
Feb 15 04:20:04.563835 dv-cinder-816104-2-iscsi neutron-server[102633]: DEBUG neutron.pecan_wsgi.hooks.policy_enforcement [req-079b5df1-6d93-480e-a4d3-e2121ee51b71 req-44eb42d3-6e2c-4a25-9915-ef1adabe4906 tempest-DeleteServersTestJSON-1854689447 tempest-DeleteServersTestJSON-1854689447-project] Attributes excluded by policy engine: ['standard_attr_id', 'binding:profile', 'binding:host_id', 'binding:vif_type', 'binding:vif_details'] {{(pid=102633) _exclude_attributes_by_policy /opt/stack/neutron/neutron/pecan_wsgi/hooks/policy_enforcement.py:255}}
Feb 15 04:20:04.574808 dv-cinder-816104-2-iscsi neutron-server[102633]: INFO neutron.wsgi [req-079b5df1-6d93-480e-a4d3-e2121ee51b71 req-44eb42d3-6e2c-4a25-9915-ef1adabe4906 tempest-DeleteServersTestJSON-1854689447 tempest-DeleteServersTestJSON-1854689447-project] 10.222.0.45 "GET /v2.0/ports?device_id=e7ec6e38-42b9-43b6-9bb6-fc72a05b2607 HTTP/1.1" status: 200 len: 943 time: 0.9997067
Feb 15 04:20:04.581713 dv-cinder-816104-2-iscsi neutron-server[102633]: DEBUG neutron_lib.callbacks.manager [None req-733c84d4-04ce-4ac5-900c-9ee6e8e30f18 admin admin] Publish callbacks ['neutron.plugins.ml2.ovo_rpc._ObjectChangeHandler.handle_event-555782', 'neutron.api.rpc.agentnotifiers.dhcp_rpc_agent_api.DhcpAgentNotifyAPI._native_event_send_dhcp_notification-713571'] for network (32a827af-f7ac-4ee0-abbb-78313597b3f1), after_create {{(pid=102633) _notify_loop /usr/local/lib/python3.8/dist-packages/neutron_lib/callbacks/manager.py:176}}
Feb 15 04:20:04.582034 dv-cinder-816104-2-iscsi neutron-server[102635]: DEBUG neutron.db.provisioning_blocks [None req-7519a393-3ad1-42ce-920e-e973e117bd8d None None] Provisioning complete for port 12a08514-3162-4e1a-98d9-ba47008b772b triggered by entity DHCP. {{(pid=102635) provisioning_complete /opt/stack/neutron/neutron/db/provisioning_blocks.py:139}}
Feb 15 04:20:04.582506 dv-cinder-816104-2-iscsi neutron-server[102635]: DEBUG neutron_lib.callbacks.manager [None req-7519a393-3ad1-42ce-920e-e973e117bd8d None None] Publish callbacks ['neutron.plugins.ml2.plugin.Ml2Plugin._port_provisioned-1727159'] for port (12a08514-3162-4e1a-98d9-ba47008b772b), provisioning_complete {{(pid=102635) _notify_loop /usr/local/lib/python3.8/dist-packages/neutron_lib/callbacks/manager.py:176}}
Feb 15 04:20:04.583539 dv-cinder-816104-2-iscsi neutron-server[102633]: DEBUG neutron.pecan_wsgi.hooks.policy_enforcement [None req-733c84d4-04ce-4ac5-900c-9ee6e8e30f18 admin admin] Attributes excluded by policy engine: ['standard_attr_id', 'vlan_transparent'] {{(pid=102633) _exclude_attributes_by_policy /opt/stack/neutron/neutron/pecan_wsgi/hooks/policy_enforcement.py:255}}
Feb 15 04:20:04.584346 dv-cinder-816104-2-iscsi neutron-server[102633]: DEBUG neutron_lib.callbacks.manager [None req-733c84d4-04ce-4ac5-900c-9ee6e8e30f18 admin admin] Publish callbacks ['neutron.api.rpc.agentnotifiers.dhcp_rpc_agent_api.DhcpAgentNotifyAPI._send_dhcp_notification-713617'] for network (None), before_response {{(pid=102633) _notify_loop /usr/local/lib/python3.8/dist-packages/neutron_lib/callbacks/manager.py:176}}
Feb 15 04:20:04.619561 dv-cinder-816104-2-iscsi neutron-server[102634]: DEBUG neutron_lib.callbacks.manager [None req-b4f5d436-17f5-458f-879e-4e2a402f8e89 tempest-AttachVolumeTestJSON-1670434203 tempest-AttachVolumeTestJSON-1670434203-project] Publish callbacks [] for security_group (None), before_create {{(pid=102634) _notify_loop /usr/local/lib/python3.8/dist-packages/neutron_lib/callbacks/manager.py:176}}
Feb 15 04:20:04.662484 dv-cinder-816104-2-iscsi neutron-server[102636]: DEBUG neutron.api.rpc.handlers.resources_rpc [None req-01bab377-5f8f-4a31-af04-de5f229538bc None None] Pushing event updated for resources: {'Port': ['ID=12a08514-3162-4e1a-98d9-ba47008b772b,revision_number=4']} {{(pid=102636) push /opt/stack/neutron/neutron/api/rpc/handlers/resources_rpc.py:237}}
Feb 15 04:20:04.683869 dv-cinder-816104-2-iscsi neutron-server[102633]: DEBUG neutron.api.rpc.handlers.resources_rpc [None req-733c84d4-04ce-4ac5-900c-9ee6e8e30f18 admin admin] Pushing event updated for resources: {'Network': ['ID=32a827af-f7ac-4ee0-abbb-78313597b3f1,revision_number=1']} {{(pid=102633) push /opt/stack/neutron/neutron/api/rpc/handlers/resources_rpc.py:237}}
Feb 15 04:20:04.700122 dv-cinder-816104-2-iscsi neutron-server[102633]: DEBUG neutron_lib.callbacks.manager [None req-5691db03-3168-4ee7-b9e7-58ae87828b72 admin admin] Publish callbacks ['neutron.plugins.ml2.plugin.SecurityGroupDbMixin._ensure_default_security_group_handler-1647999'] for port (cf81a5c0-454f-452d-b00e-79048271ae01), before_update {{(pid=102633) _notify_loop /usr/local/lib/python3.8/dist-packages/neutron_lib/callbacks/manager.py:176}}
Feb 15 04:20:04.709503 dv-cinder-816104-2-iscsi neutron-server[102636]: DEBUG neutron.db.l3_dvrscheduler_db [None req-929333ef-c5a8-49b7-adbb-5a6bd57fe263 None None] Routers {'c9fea396-0fd8-4a83-909f-94149fea34f8'} bound to L3 agent in host dv-cinder-816104-2-iscsi {{(pid=102636) _get_router_ids_for_agent /opt/stack/neutron/neutron/db/l3_dvrscheduler_db.py:421}}
Feb 15 04:20:04.711850 dv-cinder-816104-2-iscsi neutron-server[102636]: DEBUG neutron.db.l3_hamode_db [None req-929333ef-c5a8-49b7-adbb-5a6bd57fe263 None None] neutron.services.l3_router.l3_router_plugin.L3RouterPlugin method get_ha_sync_data_for_host called with arguments (, 'dv-cinder-816104-2-iscsi', Agent(admin_state_up=True,agent_type='L3 agent',availability_zone='nova',binary='neutron-l3-agent',configurations={"agent_mode": "legacy", "ex_gw_ports": 1, "extensions": [], "floating_ips": 0, "handle_internal_only_routers": true, "interface_driver": "openvswitch", "interfaces": 1, "log_agent_heartbeats": false, "routers": 1},created_at=2022-02-15T04:11:36Z,description=,heartbeat_timestamp=2022-02-15T04:19:36Z,host='dv-cinder-816104-2-iscsi',id=1e7a25c6-bf60-46aa-936f-fea3b6d401bf,load=0,resource_versions=,resources_synced=,started_at=2022-02-15T04:11:36Z,topic='l3_agent')) {'router_ids': ['c9fea396-0fd8-4a83-909f-94149fea34f8'], 'active': True} {{(pid=102636) wrapper /usr/local/lib/python3.8/dist-packages/oslo_log/helpers.py:65}}
Feb 15 04:20:04.769938 dv-cinder-816104-2-iscsi neutron-server[102633]: INFO neutron.wsgi [req-079b5df1-6d93-480e-a4d3-e2121ee51b71 req-557d1eb1-596e-4428-acd1-63e5e103010d tempest-DeleteServersTestJSON-1854689447 tempest-DeleteServersTestJSON-1854689447-project] 10.222.0.45 "GET /v2.0/security-groups?id=78d2c263-2057-4c84-a1d0-803a75180105&fields=id&fields=name HTTP/1.1" status: 200 len: 286 time: 0.1937535
Feb 15 04:20:04.797377 dv-cinder-816104-2-iscsi neutron-server[102633]: INFO neutron.wsgi [None req-733c84d4-04ce-4ac5-900c-9ee6e8e30f18 admin admin] 10.222.0.45 "POST /v2.0/networks HTTP/1.1" status: 201 len: 897 time: 4.5386202
Feb 15 04:20:04.798986 dv-cinder-816104-2-iscsi neutron-server[102633]: DEBUG neutron.wsgi [-] (102633) accepted ('10.222.0.45', 51704) {{(pid=102633) server /usr/local/lib/python3.8/dist-packages/eventlet/wsgi.py:1004}}
Feb 15 04:20:04.813934 dv-cinder-816104-2-iscsi neutron-server[102633]: DEBUG neutron.api.v2.base [None req-998924b7-9b17-4375-8de0-278e5f1507a3 admin admin] Request body: {'subnet': {'network_id': '32a827af-f7ac-4ee0-abbb-78313597b3f1', 'cidr': '172.20.0.0/28', 'name': 'tempest-EncryptedVolumesExtendAttachedTest-1312793119-subnet', 'tenant_id': '6e7a8c39aa0b42b3b1a794153d4cce10', 'enable_dhcp': False, 'ip_version': 4}} {{(pid=102633) prepare_request_body /opt/stack/neutron/neutron/api/v2/base.py:729}}
Feb 15 04:20:04.866965 dv-cinder-816104-2-iscsi neutron-server[102633]: DEBUG neutron.wsgi [-] (102633) accepted ('10.222.0.45', 51708) {{(pid=102633) server /usr/local/lib/python3.8/dist-packages/eventlet/wsgi.py:1004}}
Feb 15 04:20:04.914698 dv-cinder-816104-2-iscsi neutron-server[102635]: DEBUG neutron.plugins.ml2.rpc [None req-fd6f2e81-8d9c-49ee-bbcb-0306116259f2 None None] Network 32a827af-f7ac-4ee0-abbb-78313597b3f1 details requested by agent ovs-agent-dv-cinder-816104-2-iscsi with host dv-cinder-816104-2-iscsi {{(pid=102635) get_network_details /opt/stack/neutron/neutron/plugins/ml2/rpc.py:248}}
Feb 15 04:20:04.914970 dv-cinder-816104-2-iscsi neutron-server[102633]: DEBUG neutron.pecan_wsgi.hooks.quota_enforcement [None req-998924b7-9b17-4375-8de0-278e5f1507a3 admin admin] Made reservation on behalf of 6e7a8c39aa0b42b3b1a794153d4cce10 for: {'subnet': 1} {{(pid=102633) before /opt/stack/neutron/neutron/pecan_wsgi/hooks/quota_enforcement.py:53}}
Feb 15 04:20:04.917625 dv-cinder-816104-2-iscsi neutron-server[102633]: DEBUG neutron_lib.callbacks.manager [None req-998924b7-9b17-4375-8de0-278e5f1507a3 admin admin] Publish callbacks [] for subnet (None), before_create {{(pid=102633) _notify_loop /usr/local/lib/python3.8/dist-packages/neutron_lib/callbacks/manager.py:176}}
Feb 15 04:20:04.921891 dv-cinder-816104-2-iscsi neutron-server[102635]: DEBUG neutron.plugins.ml2.plugin [None req-fd6f2e81-8d9c-49ee-bbcb-0306116259f2 None None] Current status of the port ed95016a-a25d-49d0-9aed-456bb80645fd is: ACTIVE; New status is: ACTIVE {{(pid=102635) _update_individual_port_db_status /opt/stack/neutron/neutron/plugins/ml2/plugin.py:2232}}
Feb 15 04:20:04.955060 dv-cinder-816104-2-iscsi neutron-server[102634]: DEBUG neutron_lib.callbacks.manager [None req-b4f5d436-17f5-458f-879e-4e2a402f8e89 tempest-AttachVolumeTestJSON-1670434203 tempest-AttachVolumeTestJSON-1670434203-project] Publish callbacks [] for security_group (364fca6b-c358-4266-81cb-3bf43d36311e), precommit_create {{(pid=102634) _notify_loop /usr/local/lib/python3.8/dist-packages/neutron_lib/callbacks/manager.py:176}}
Feb 15 04:20:04.984330 dv-cinder-816104-2-iscsi neutron-server[102634]: DEBUG neutron_lib.callbacks.manager [None req-b4f5d436-17f5-458f-879e-4e2a402f8e89 tempest-AttachVolumeTestJSON-1670434203 tempest-AttachVolumeTestJSON-1670434203-project] Publish callbacks ['neutron.plugins.ml2.ovo_rpc._ObjectChangeHandler.handle_event-555894'] for security_group (364fca6b-c358-4266-81cb-3bf43d36311e), after_create {{(pid=102634) _notify_loop /usr/local/lib/python3.8/dist-packages/neutron_lib/callbacks/manager.py:176}}
Feb 15 04:20:05.149211 dv-cinder-816104-2-iscsi neutron-server[102635]: DEBUG neutron.plugins.ml2.plugin [None req-7519a393-3ad1-42ce-920e-e973e117bd8d None None] Current status of the port 12a08514-3162-4e1a-98d9-ba47008b772b is: DOWN; New status is: ACTIVE {{(pid=102635) _update_individual_port_db_status /opt/stack/neutron/neutron/plugins/ml2/plugin.py:2232}}
Feb 15 04:20:05.149981 dv-cinder-816104-2-iscsi neutron-server[102635]: DEBUG neutron_lib.callbacks.manager [None req-7519a393-3ad1-42ce-920e-e973e117bd8d None None] Publish callbacks ['neutron.plugins.ml2.plugin.SecurityGroupDbMixin._ensure_default_security_group_handler-1647999'] for port (12a08514-3162-4e1a-98d9-ba47008b772b), before_update {{(pid=102635) _notify_loop /usr/local/lib/python3.8/dist-packages/neutron_lib/callbacks/manager.py:176}}
Feb 15 04:20:05.180832 dv-cinder-816104-2-iscsi neutron-server[102636]: DEBUG neutron.db.l3_dvr_db [None req-929333ef-c5a8-49b7-adbb-5a6bd57fe263 None None] Set router c9fea396-0fd8-4a83-909f-94149fea34f8 gateway port host: dv-cinder-816104-2-iscsi {{(pid=102636) _build_routers_list /opt/stack/neutron/neutron/db/l3_dvr_db.py:906}}
Feb 15 04:20:05.243940 dv-cinder-816104-2-iscsi neutron-server[102635]: DEBUG neutron.plugins.ml2.db [None req-7519a393-3ad1-42ce-920e-e973e117bd8d None None] For port 12a08514-3162-4e1a-98d9-ba47008b772b, host dv-cinder-816104-2-iscsi, got binding levels [PortBindingLevel(driver='openvswitch',host='dv-cinder-816104-2-iscsi',level=0,port_id=12a08514-3162-4e1a-98d9-ba47008b772b,segment=NetworkSegment(893e466e-66a5-45bb-9724-e0a92ab9dee9),segment_id=893e466e-66a5-45bb-9724-e0a92ab9dee9)] {{(pid=102635) get_binding_level_objs /opt/stack/neutron/neutron/plugins/ml2/db.py:74}}
Feb 15 04:20:05.248154 dv-cinder-816104-2-iscsi neutron-server[102634]: DEBUG neutron.pecan_wsgi.hooks.policy_enforcement [req-c417e2dc-f818-47ef-be51-f38ad7a34618 req-a6b6d0d0-7bd1-4a80-87b0-cdcf3615779d tempest-AttachVolumeNegativeTest-300826860 tempest-AttachVolumeNegativeTest-300826860-project] Attributes excluded by policy engine: ['standard_attr_id', 'binding:profile', 'binding:host_id', 'binding:vif_type', 'binding:vif_details'] {{(pid=102634) _exclude_attributes_by_policy /opt/stack/neutron/neutron/pecan_wsgi/hooks/policy_enforcement.py:255}}
Feb 15 04:20:05.261426 dv-cinder-816104-2-iscsi neutron-server[102635]: DEBUG neutron_lib.callbacks.manager [None req-7519a393-3ad1-42ce-920e-e973e117bd8d None None] Publish callbacks ['neutron.plugins.ml2.plugin.SecurityGroupServerNotifierRpcMixin._notify_sg_on_port_change-1648107', 'neutron.plugins.ml2.ovo_rpc._ObjectChangeHandler.handle_event-105457', 'neutron.api.rpc.agentnotifiers.dhcp_rpc_agent_api.DhcpAgentNotifyAPI._native_event_send_dhcp_notification-713571', 'neutron.db.l3_db.L3RpcNotifierMixin._notify_gateway_port_ip_changed-8734710173377', 'neutron.db.l3_dvrscheduler_db._notify_l3_agent_port_update-8734709782101', 'neutron.db.l3_hascheduler_db._notify_l3_agent_ha_port_update-8734709782119'] for port (12a08514-3162-4e1a-98d9-ba47008b772b), after_update {{(pid=102635) _notify_loop /usr/local/lib/python3.8/dist-packages/neutron_lib/callbacks/manager.py:176}}
Feb 15 04:20:05.263650 dv-cinder-816104-2-iscsi neutron-server[102634]: INFO neutron.wsgi [req-c417e2dc-f818-47ef-be51-f38ad7a34618 req-a6b6d0d0-7bd1-4a80-87b0-cdcf3615779d tempest-AttachVolumeNegativeTest-300826860 tempest-AttachVolumeNegativeTest-300826860-project] 10.222.0.45 "GET /v2.0/ports?device_id=f7e6b34f-7741-40e3-8f0d-379e3f1c7dbf HTTP/1.1" status: 200 len: 944 time: 1.0023918
Feb 15 04:20:05.356766 dv-cinder-816104-2-iscsi neutron-server[102634]: DEBUG neutron_lib.callbacks.manager [None req-b4f5d436-17f5-458f-879e-4e2a402f8e89 tempest-AttachVolumeTestJSON-1670434203 tempest-AttachVolumeTestJSON-1670434203-project] Publish callbacks [] for security_group (None), before_response {{(pid=102634) _notify_loop /usr/local/lib/python3.8/dist-packages/neutron_lib/callbacks/manager.py:176}}
Feb 15 04:20:05.368291 dv-cinder-816104-2-iscsi neutron-server[102634]: INFO neutron.wsgi [None req-b4f5d436-17f5-458f-879e-4e2a402f8e89 tempest-AttachVolumeTestJSON-1670434203 tempest-AttachVolumeTestJSON-1670434203-project] 10.222.0.45 "POST /v2.0/security-groups HTTP/1.1" status: 201 len: 1795 time: 1.3393946
Feb 15 04:20:05.383167 dv-cinder-816104-2-iscsi neutron-server[102633]: DEBUG neutron.wsgi [-] (102633) accepted ('10.222.0.45', 51722) {{(pid=102633) server /usr/local/lib/python3.8/dist-packages/eventlet/wsgi.py:1004}}
Feb 15 04:20:05.394332 dv-cinder-816104-2-iscsi neutron-server[102633]: DEBUG neutron_lib.callbacks.manager [None req-998924b7-9b17-4375-8de0-278e5f1507a3 admin admin] Publish callbacks ['neutron.plugins.ml2.ovo_rpc._ObjectChangeHandler.handle_event-442270', 'neutron.api.rpc.agentnotifiers.dhcp_rpc_agent_api.DhcpAgentNotifyAPI._native_event_send_dhcp_notification-713571'] for subnet (5ea4d1f9-bdd7-4bae-b107-761c6969c01e), after_create {{(pid=102633) _notify_loop /usr/local/lib/python3.8/dist-packages/neutron_lib/callbacks/manager.py:176}}
Feb 15 04:20:05.399560 dv-cinder-816104-2-iscsi neutron-server[102635]: DEBUG neutron.api.rpc.handlers.resources_rpc [None req-7519a393-3ad1-42ce-920e-e973e117bd8d None None] Pushing event updated for resources: {'Port': ['ID=12a08514-3162-4e1a-98d9-ba47008b772b,revision_number=5']} {{(pid=102635) push /opt/stack/neutron/neutron/api/rpc/handlers/resources_rpc.py:237}}
Feb 15 04:20:05.410842 dv-cinder-816104-2-iscsi neutron-server[102635]: DEBUG neutron.plugins.ml2.rpc [None req-fd6f2e81-8d9c-49ee-bbcb-0306116259f2 None None] Device edcd783f-4a4b-4046-a712-c59635c85b39 up at agent ovs-agent-dv-cinder-816104-2-iscsi {{(pid=102635) update_device_up /opt/stack/neutron/neutron/plugins/ml2/rpc.py:296}}
Feb 15 04:20:05.412277 dv-cinder-816104-2-iscsi neutron-server[102633]: DEBUG neutron.api.v2.base [None req-0766978f-3111-476c-92a8-2055bcdad007 tempest-AttachVolumeTestJSON-1670434203 tempest-AttachVolumeTestJSON-1670434203-project] Request body: {'security_group_rule': {'security_group_id': '364fca6b-c358-4266-81cb-3bf43d36311e', 'protocol': 'tcp', 'ethertype': 'IPv4', 'port_range_min': 22, 'port_range_max': 22, 'direction': 'ingress'}} {{(pid=102633) prepare_request_body /opt/stack/neutron/neutron/api/v2/base.py:729}}
Feb 15 04:20:05.441658 dv-cinder-816104-2-iscsi neutron-server[102634]: DEBUG neutron.pecan_wsgi.hooks.policy_enforcement [req-63c92f7c-5656-4153-b38a-f9a0bd749ba8 req-2bfcff12-cb74-48f4-a20e-b19e48d60349 service neutron] Attributes excluded by policy engine: ['standard_attr_id', 'vlan_transparent'] {{(pid=102634) _exclude_attributes_by_policy /opt/stack/neutron/neutron/pecan_wsgi/hooks/policy_enforcement.py:255}}
Feb 15 04:20:05.448481 dv-cinder-816104-2-iscsi neutron-server[102634]: INFO neutron.wsgi [req-63c92f7c-5656-4153-b38a-f9a0bd749ba8 req-2bfcff12-cb74-48f4-a20e-b19e48d60349 service neutron] 10.222.0.59 "GET /v2.0/networks?id=bfb96b13-817b-4246-b547-422f8cfd6b4a HTTP/1.1" status: 200 len: 911 time: 1.4862154
Feb 15 04:20:05.458605 dv-cinder-816104-2-iscsi neutron-server[102634]: DEBUG neutron.api.rpc.handlers.resources_rpc [None req-b4f5d436-17f5-458f-879e-4e2a402f8e89 tempest-AttachVolumeTestJSON-1670434203 tempest-AttachVolumeTestJSON-1670434203-project] Pushing event updated for resources: {'SecurityGroup': ['ID=364fca6b-c358-4266-81cb-3bf43d36311e,revision_number=1']} {{(pid=102634) push /opt/stack/neutron/neutron/api/rpc/handlers/resources_rpc.py:237}}
Feb 15 04:20:05.556948 dv-cinder-816104-2-iscsi neutron-server[102633]: DEBUG neutron.api.rpc.handlers.resources_rpc [None req-998924b7-9b17-4375-8de0-278e5f1507a3 admin admin] Pushing event updated for resources: {'Subnet': ['ID=5ea4d1f9-bdd7-4bae-b107-761c6969c01e,revision_number=0']} {{(pid=102633) push /opt/stack/neutron/neutron/api/rpc/handlers/resources_rpc.py:237}}
Feb 15 04:20:05.562120 dv-cinder-816104-2-iscsi neutron-server[102635]: DEBUG neutron.db.provisioning_blocks [None req-74e4f83d-b1eb-4f44-9830-6d865998a75f None None] Provisioning complete for port 12a08514-3162-4e1a-98d9-ba47008b772b triggered by entity DHCP. {{(pid=102635) provisioning_complete /opt/stack/neutron/neutron/db/provisioning_blocks.py:139}}
Feb 15 04:20:05.562594 dv-cinder-816104-2-iscsi neutron-server[102635]: DEBUG neutron_lib.callbacks.manager [None req-74e4f83d-b1eb-4f44-9830-6d865998a75f None None] Publish callbacks ['neutron.plugins.ml2.plugin.Ml2Plugin._port_provisioned-1727159'] for port (12a08514-3162-4e1a-98d9-ba47008b772b), provisioning_complete {{(pid=102635) _notify_loop /usr/local/lib/python3.8/dist-packages/neutron_lib/callbacks/manager.py:176}}
Feb 15 04:20:05.574601 dv-cinder-816104-2-iscsi neutron-server[102634]: INFO neutron.wsgi [req-63c92f7c-5656-4153-b38a-f9a0bd749ba8 req-acfa5a21-7409-497c-899e-9462cea45618 service neutron] 10.222.0.59 "GET /v2.0/floatingips?fixed_ip_address=172.20.0.3&port_id=69f21ab9-d078-4316-b53b-b12b447aebd4 HTTP/1.1" status: 200 len: 217 time: 0.1040010
Feb 15 04:20:05.592778 dv-cinder-816104-2-iscsi neutron-server[102634]: INFO neutron.wsgi [req-c417e2dc-f818-47ef-be51-f38ad7a34618 req-983a1e04-7a3d-4879-bf16-0ec6173c28c2 tempest-AttachVolumeNegativeTest-300826860 tempest-AttachVolumeNegativeTest-300826860-project] 10.222.0.45 "GET /v2.0/security-groups?id=be1a8eee-5f60-4bf8-8aed-1f01e34954f8&fields=id&fields=name HTTP/1.1" status: 200 len: 286 time: 0.3265085
Feb 15 04:20:05.652510 dv-cinder-816104-2-iscsi neutron-server[102635]: DEBUG neutron.db.provisioning_blocks [None req-fd6f2e81-8d9c-49ee-bbcb-0306116259f2 None None] Provisioning complete for port edcd783f-4a4b-4046-a712-c59635c85b39 triggered by entity L2. {{(pid=102635) provisioning_complete /opt/stack/neutron/neutron/db/provisioning_blocks.py:139}}
Feb 15 04:20:05.653159 dv-cinder-816104-2-iscsi neutron-server[102635]: DEBUG neutron_lib.callbacks.manager [None req-fd6f2e81-8d9c-49ee-bbcb-0306116259f2 None None] Publish callbacks ['neutron.plugins.ml2.plugin.Ml2Plugin._port_provisioned-1727159'] for port (edcd783f-4a4b-4046-a712-c59635c85b39), provisioning_complete {{(pid=102635) _notify_loop /usr/local/lib/python3.8/dist-packages/neutron_lib/callbacks/manager.py:176}}
Feb 15 04:20:05.666762 dv-cinder-816104-2-iscsi neutron-server[102634]: DEBUG neutron_lib.callbacks.manager [None req-f7c0f575-bda6-4c32-8e01-1b318176e419 tempest-AttachVolumeShelveTestJSON-868930975 tempest-AttachVolumeShelveTestJSON-868930975-project] Publish callbacks ['neutron.plugins.ml2.plugin.SecurityGroupDbMixin._ensure_default_security_group_handler-1647999'] for port (None), before_create {{(pid=102634) _notify_loop /usr/local/lib/python3.8/dist-packages/neutron_lib/callbacks/manager.py:176}}
Feb 15 04:20:05.670970 dv-cinder-816104-2-iscsi neutron-server[102636]: DEBUG neutron.db.l3_hamode_db [None req-929333ef-c5a8-49b7-adbb-5a6bd57fe263 None None] neutron.services.l3_router.l3_router_plugin.L3RouterPlugin method _process_sync_ha_data called with arguments (, [{'id': 'c9fea396-0fd8-4a83-909f-94149fea34f8', 'name': 'tempest-AttachVolumeTestJSON-1521098367-router', 'tenant_id': 'e4ef5a0f7e5040c0aa3d33d31fbbb206', 'admin_state_up': True, 'status': 'ACTIVE', 'external_gateway_info': {'network_id': 'e6fb9507-f434-4add-a536-b65ba033e5e7', 'external_fixed_ips': [{'subnet_id': 'ff2a616f-f347-4e09-a791-22c9c65ada0b', 'ip_address': '172.27.1.184'}], 'enable_snat': True}, 'gw_port_id': 'b6fe96b4-b564-4651-9420-39683b68d423', 'description': '', 'availability_zones': ['nova'], 'distributed': False, 'ha': False, 'ha_vr_id': 0, 'availability_zone_hints': [], 'routes': [], 'flavor_id': None, 'tags': [], 'created_at': '2022-02-15T04:19:35Z', 'updated_at': '2022-02-15T04:19:54Z', 'revision_number': 4, 'project_id': 'e4ef5a0f7e5040c0aa3d33d31fbbb206', 'gw_port': {'id': 'b6fe96b4-b564-4651-9420-39683b68d423', 'name': '', 'network_id': 'e6fb9507-f434-4add-a536-b65ba033e5e7', 'tenant_id': '', 'mac_address': 'fa:16:3e:4c:6f:77', 'admin_state_up': True, 'status': 'ACTIVE', 'device_id': 'c9fea396-0fd8-4a83-909f-94149fea34f8', 'device_owner': 'network:router_gateway', 'standard_attr_id': 75, 'fixed_ips': [{'subnet_id': 'ff2a616f-f347-4e09-a791-22c9c65ada0b', 'ip_address': '172.27.1.184', 'prefixlen': 24}], 'allowed_address_pairs': [], 'extra_dhcp_opts': [], 'security_groups': [], 'description': '', 'binding:vnic_type': 'normal', 'binding:profile': {}, 'binding:host_id': 'dv-cinder-816104-2-iscsi', 'binding:vif_type': 'ovs', 'binding:vif_details': {'connectivity': 'l2', 'port_filter': True, 'ovs_hybrid_plug': False, 'datapath_type': 'system', 'bridge_name': 'br-int', 'bound_drivers': {'0': 'openvswitch'}}, 'port_security_enabled': False, 'tags': [], 'created_at': '2022-02-15T04:19:38Z', 'updated_at': '2022-02-15T04:19:50Z', 'revision_number': 4, 'project_id': '', 'subnets': [{'id': 'ff2a616f-f347-4e09-a791-22c9c65ada0b', 'cidr': '172.27.1.0/24', 'gateway_ip': '172.27.1.1', 'dns_nameservers': [], 'ipv6_ra_mode': None, 'subnetpool_id': None}], 'extra_subnets': [], 'address_scopes': {4: None, 6: None}, 'mtu': 1500}, 'enable_snat': True, 'gw_port_host': 'dv-cinder-816104-2-iscsi', '_interfaces': [{'id': '12a08514-3162-4e1a-98d9-ba47008b772b', 'name': '', 'network_id': 'c49ed967-4df2-4c03-a3f7-11bc631a5279', 'tenant_id': 'e4ef5a0f7e5040c0aa3d33d31fbbb206', 'mac_address': 'fa:16:3e:2c:7b:8d', 'admin_state_up': True, 'status': 'DOWN', 'device_id': 'c9fea396-0fd8-4a83-909f-94149fea34f8', 'device_owner': 'network:router_interface', 'standard_attr_id': 91, 'fixed_ips': [{'subnet_id': '07051326-83bf-45b5-9e91-0b63b787c497', 'ip_address': '172.20.0.1', 'prefixlen': 28}], 'allowed_address_pairs': [], 'extra_dhcp_opts': [], 'security_groups': [], 'description': '', 'binding:vnic_type': 'normal', 'binding:profile': {}, 'binding:host_id': 'dv-cinder-816104-2-iscsi', 'binding:vif_type': 'ovs', 'binding:vif_details': {'connectivity': 'l2', 'port_filter': True, 'ovs_hybrid_plug': False, 'datapath_type': 'system', 'bridge_name': 'br-int', 'bound_drivers': {'0': 'openvswitch'}}, 'port_security_enabled': False, 'tags': [], 'created_at': '2022-02-15T04:19:47Z', 'updated_at': '2022-02-15T04:20:04Z', 'revision_number': 4, 'project_id': 'e4ef5a0f7e5040c0aa3d33d31fbbb206', 'subnets': [{'id': '07051326-83bf-45b5-9e91-0b63b787c497', 'cidr': '172.20.0.0/28', 'gateway_ip': '172.20.0.1', 'dns_nameservers': [], 'ipv6_ra_mode': None, 'subnetpool_id': None}], 'extra_subnets': [], 'address_scopes': {4: None, 6: None}, 'mtu': 1500}]}], 'dv-cinder-816104-2-iscsi', False) {} {{(pid=102636) wrapper /usr/local/lib/python3.8/dist-packages/oslo_log/helpers.py:65}}
Feb 15 04:20:05.708154 dv-cinder-816104-2-iscsi neutron-server[102633]: DEBUG neutron_lib.callbacks.manager [None req-58a33373-c526-4579-b73a-6a9f48fa8170 admin admin] Publish callbacks [] for security_group (None), before_create {{(pid=102633) _notify_loop /usr/local/lib/python3.8/dist-packages/neutron_lib/callbacks/manager.py:176}}
Feb 15 04:20:05.717454 dv-cinder-816104-2-iscsi neutron-server[102636]: DEBUG neutron.api.rpc.handlers.l3_rpc [None req-929333ef-c5a8-49b7-adbb-5a6bd57fe263 None None] The sync data for ids ['c9fea396-0fd8-4a83-909f-94149fea34f8'] in dv-cinder-816104-2-iscsi is: [{'id': 'c9fea396-0fd8-4a83-909f-94149fea34f8', 'name': 'tempest-AttachVolumeTestJSON-1521098367-router', 'tenant_id': 'e4ef5a0f7e5040c0aa3d33d31fbbb206', 'admin_state_up': True, 'status': 'ACTIVE', 'external_gateway_info': {'network_id': 'e6fb9507-f434-4add-a536-b65ba033e5e7', 'external_fixed_ips': [{'subnet_id': 'ff2a616f-f347-4e09-a791-22c9c65ada0b', 'ip_address': '172.27.1.184'}], 'enable_snat': True}, 'gw_port_id': 'b6fe96b4-b564-4651-9420-39683b68d423', 'description': '', 'availability_zones': ['nova'], 'distributed': False, 'ha': False, 'ha_vr_id': 0, 'availability_zone_hints': [], 'routes': [], 'flavor_id': None, 'tags': [], 'created_at': '2022-02-15T04:19:35Z', 'updated_at': '2022-02-15T04:19:54Z', 'revision_number': 4, 'project_id': 'e4ef5a0f7e5040c0aa3d33d31fbbb206', 'gw_port': {'id': 'b6fe96b4-b564-4651-9420-39683b68d423', 'name': '', 'network_id': 'e6fb9507-f434-4add-a536-b65ba033e5e7', 'tenant_id': '', 'mac_address': 'fa:16:3e:4c:6f:77', 'admin_state_up': True, 'status': 'ACTIVE', 'device_id': 'c9fea396-0fd8-4a83-909f-94149fea34f8', 'device_owner': 'network:router_gateway', 'standard_attr_id': 75, 'fixed_ips': [{'subnet_id': 'ff2a616f-f347-4e09-a791-22c9c65ada0b', 'ip_address': '172.27.1.184', 'prefixlen': 24}], 'allowed_address_pairs': [], 'extra_dhcp_opts': [], 'security_groups': [], 'description': '', 'binding:vnic_type': 'normal', 'binding:profile': {}, 'binding:host_id': 'dv-cinder-816104-2-iscsi', 'binding:vif_type': 'ovs', 'binding:vif_details': {'connectivity': 'l2', 'port_filter': True, 'ovs_hybrid_plug': False, 'datapath_type': 'system', 'bridge_name': 'br-int', 'bound_drivers': {'0': 'openvswitch'}}, 'port_security_enabled': False, 'tags': [], 'created_at': '2022-02-15T04:19:38Z', 'updated_at': '2022-02-15T04:19:50Z', 'revision_number': 4, 'project_id': '', 'subnets': [{'id': 'ff2a616f-f347-4e09-a791-22c9c65ada0b', 'cidr': '172.27.1.0/24', 'gateway_ip': '172.27.1.1', 'dns_nameservers': [], 'ipv6_ra_mode': None, 'subnetpool_id': None}], 'extra_subnets': [], 'address_scopes': {4: None, 6: None}, 'mtu': 1500}, 'enable_snat': True, 'gw_port_host': 'dv-cinder-816104-2-iscsi', '_interfaces': [{'id': '12a08514-3162-4e1a-98d9-ba47008b772b', 'name': '', 'network_id': 'c49ed967-4df2-4c03-a3f7-11bc631a5279', 'tenant_id': 'e4ef5a0f7e5040c0aa3d33d31fbbb206', 'mac_address': 'fa:16:3e:2c:7b:8d', 'admin_state_up': True, 'status': 'DOWN', 'device_id': 'c9fea396-0fd8-4a83-909f-94149fea34f8', 'device_owner': 'network:router_interface', 'standard_attr_id': 91, 'fixed_ips': [{'subnet_id': '07051326-83bf-45b5-9e91-0b63b787c497', 'ip_address': '172.20.0.1', 'prefixlen': 28}], 'allowed_address_pairs': [], 'extra_dhcp_opts': [], 'security_groups': [], 'description': '', 'binding:vnic_type': 'normal', 'binding:profile': {}, 'binding:host_id': 'dv-cinder-816104-2-iscsi', 'binding:vif_type': 'ovs', 'binding:vif_details': {'connectivity': 'l2', 'port_filter': True, 'ovs_hybrid_plug': False, 'datapath_type': 'system', 'bridge_name': 'br-int', 'bound_drivers': {'0': 'openvswitch'}}, 'port_security_enabled': False, 'tags': [], 'created_at': '2022-02-15T04:19:47Z', 'updated_at': '2022-02-15T04:20:04Z', 'revision_number': 4, 'project_id': 'e4ef5a0f7e5040c0aa3d33d31fbbb206', 'subnets': [{'id': '07051326-83bf-45b5-9e91-0b63b787c497', 'cidr': '172.20.0.0/28', 'gateway_ip': '172.20.0.1', 'dns_nameservers': [], 'ipv6_ra_mode': None, 'subnetpool_id': None}], 'extra_subnets': [], 'address_scopes': {4: None, 6: None}, 'mtu': 1500}]}] {{(pid=102636) sync_routers /opt/stack/neutron/neutron/api/rpc/handlers/l3_rpc.py:137}}
Feb 15 04:20:05.738435 dv-cinder-816104-2-iscsi neutron-server[102634]: DEBUG neutron.pecan_wsgi.hooks.policy_enforcement [req-63c92f7c-5656-4153-b38a-f9a0bd749ba8 req-50320b51-7a70-486e-af4e-d2b014d9b25e service neutron] Attributes excluded by policy engine: ['standard_attr_id', 'shared'] {{(pid=102634) _exclude_attributes_by_policy /opt/stack/neutron/neutron/pecan_wsgi/hooks/policy_enforcement.py:255}}
Feb 15 04:20:05.740166 dv-cinder-816104-2-iscsi neutron-server[102634]: INFO neutron.wsgi [req-63c92f7c-5656-4153-b38a-f9a0bd749ba8 req-50320b51-7a70-486e-af4e-d2b014d9b25e service neutron] 10.222.0.59 "GET /v2.0/subnets?id=ab75fbfe-d28a-4597-bc81-918f2b53f28f HTTP/1.1" status: 200 len: 851 time: 0.1424961
Feb 15 04:20:05.815676 dv-cinder-816104-2-iscsi neutron-server[102633]: DEBUG neutron_lib.callbacks.manager [None req-0766978f-3111-476c-92a8-2055bcdad007 tempest-AttachVolumeTestJSON-1670434203 tempest-AttachVolumeTestJSON-1670434203-project] Publish callbacks [] for security_group_rule (a4a3eb13-2ea5-4fd5-b1f4-a1f24399fcc4), before_create {{(pid=102633) _notify_loop /usr/local/lib/python3.8/dist-packages/neutron_lib/callbacks/manager.py:176}}
Feb 15 04:20:05.846663 dv-cinder-816104-2-iscsi neutron-server[102634]: INFO neutron.wsgi [req-63c92f7c-5656-4153-b38a-f9a0bd749ba8 req-01552377-d13d-4768-b06e-91381a86bb49 service neutron] 10.222.0.59 "GET /v2.0/ports?network_id=bfb96b13-817b-4246-b547-422f8cfd6b4a&device_owner=network%3Adhcp HTTP/1.1" status: 200 len: 210 time: 0.0814121
Feb 15 04:20:05.914346 dv-cinder-816104-2-iscsi neutron-server[102633]: DEBUG neutron.plugins.ml2.drivers.mech_agent [None req-998924b7-9b17-4375-8de0-278e5f1507a3 admin admin] Checking segment: {'id': '3bbc9249-6e31-458b-af50-a4849d78643b', 'network_type': 'vlan', 'physical_network': 'physnet1', 'segmentation_id': 52, 'network_id': '32a827af-f7ac-4ee0-abbb-78313597b3f1'} for mappings: {'physnet1': 'br-data'} with network types: ['local', 'flat', 'vlan'] {{(pid=102633) check_segment_for_agent /opt/stack/neutron/neutron/plugins/ml2/drivers/mech_agent.py:373}}
Feb 15 04:20:05.915124 dv-cinder-816104-2-iscsi neutron-server[102633]: DEBUG neutron.scheduler.dhcp_agent_scheduler [None req-998924b7-9b17-4375-8de0-278e5f1507a3 admin admin] Network hostable DHCP agents. Network: 32a827af-f7ac-4ee0-abbb-78313597b3f1, hostable agents: ['8ae8e7a4-55a3-4d68-87a0-8671ef43234c'], hosted agents: [] {{(pid=102633) _get_network_hostable_dhcp_agents /opt/stack/neutron/neutron/scheduler/dhcp_agent_scheduler.py:329}}
Feb 15 04:20:05.959563 dv-cinder-816104-2-iscsi neutron-server[102635]: DEBUG neutron.plugins.ml2.plugin [None req-74e4f83d-b1eb-4f44-9830-6d865998a75f None None] Current status of the port 12a08514-3162-4e1a-98d9-ba47008b772b is: ACTIVE; New status is: ACTIVE {{(pid=102635) _update_individual_port_db_status /opt/stack/neutron/neutron/plugins/ml2/plugin.py:2232}}
Feb 15 04:20:05.975666 dv-cinder-816104-2-iscsi neutron-server[102635]: DEBUG neutron.plugins.ml2.plugin [None req-fd6f2e81-8d9c-49ee-bbcb-0306116259f2 None None] Current status of the port edcd783f-4a4b-4046-a712-c59635c85b39 is: ACTIVE; New status is: ACTIVE {{(pid=102635) _update_individual_port_db_status /opt/stack/neutron/neutron/plugins/ml2/plugin.py:2232}}
Feb 15 04:20:06.060585 dv-cinder-816104-2-iscsi neutron-server[102635]: DEBUG neutron_lib.callbacks.manager [None req-dcb8ef26-8fa0-4d46-90c0-7b562c76bcb8 None None] Publish callbacks ['neutron.services.segments.db._update_segment_host_mapping_for_agent-8734710277214', 'neutron.plugins.ml2.plugin.Ml2Plugin._retry_binding_revived_agents-1727081'] for agent (1e7a25c6-bf60-46aa-936f-fea3b6d401bf), after_update {{(pid=102635) _notify_loop /usr/local/lib/python3.8/dist-packages/neutron_lib/callbacks/manager.py:176}}
Feb 15 04:20:06.169722 dv-cinder-816104-2-iscsi neutron-server[102633]: DEBUG neutron_lib.callbacks.manager [None req-0766978f-3111-476c-92a8-2055bcdad007 tempest-AttachVolumeTestJSON-1670434203 tempest-AttachVolumeTestJSON-1670434203-project] Publish callbacks [] for security_group_rule (a4a3eb13-2ea5-4fd5-b1f4-a1f24399fcc4), precommit_create {{(pid=102633) _notify_loop /usr/local/lib/python3.8/dist-packages/neutron_lib/callbacks/manager.py:176}}
Feb 15 04:20:06.175974 dv-cinder-816104-2-iscsi neutron-server[102634]: DEBUG neutron.db.db_base_plugin_common [None req-f7c0f575-bda6-4c32-8e01-1b318176e419 tempest-AttachVolumeShelveTestJSON-868930975 tempest-AttachVolumeShelveTestJSON-868930975-project] Allocated IP 172.27.1.186 (e6fb9507-f434-4add-a536-b65ba033e5e7/ff2a616f-f347-4e09-a791-22c9c65ada0b/4f8ce081-161e-4d16-8e66-99837542c03c) {{(pid=102634) _store_ip_allocation /opt/stack/neutron/neutron/db/db_base_plugin_common.py:131}}
Feb 15 04:20:06.186938 dv-cinder-816104-2-iscsi neutron-server[102633]: DEBUG neutron.scheduler.dhcp_agent_scheduler [None req-998924b7-9b17-4375-8de0-278e5f1507a3 admin admin] Network 32a827af-f7ac-4ee0-abbb-78313597b3f1 is scheduled to be hosted by DHCP agent 8ae8e7a4-55a3-4d68-87a0-8671ef43234c with binding_index 1 {{(pid=102633) bind /opt/stack/neutron/neutron/scheduler/dhcp_agent_scheduler.py:227}}
Feb 15 04:20:06.206177 dv-cinder-816104-2-iscsi neutron-server[102633]: DEBUG neutron_lib.callbacks.manager [None req-58a33373-c526-4579-b73a-6a9f48fa8170 admin admin] Publish callbacks [] for security_group (ff0afb68-7c28-46b3-8922-499dfaab3ae3), precommit_create {{(pid=102633) _notify_loop /usr/local/lib/python3.8/dist-packages/neutron_lib/callbacks/manager.py:176}}
Feb 15 04:20:06.215371 dv-cinder-816104-2-iscsi neutron-server[102633]: DEBUG neutron_lib.callbacks.manager [None req-0766978f-3111-476c-92a8-2055bcdad007 tempest-AttachVolumeTestJSON-1670434203 tempest-AttachVolumeTestJSON-1670434203-project] Publish callbacks ['neutron.plugins.ml2.ovo_rpc._ObjectChangeHandler.handle_event-526819'] for security_group_rule (a4a3eb13-2ea5-4fd5-b1f4-a1f24399fcc4), after_create {{(pid=102633) _notify_loop /usr/local/lib/python3.8/dist-packages/neutron_lib/callbacks/manager.py:176}}
Feb 15 04:20:06.221712 dv-cinder-816104-2-iscsi neutron-server[102634]: INFO neutron.wsgi [req-63c92f7c-5656-4153-b38a-f9a0bd749ba8 req-9082ffdb-d5af-4e7e-86d7-9dd95009a65d service neutron] 10.222.0.59 "GET /v2.0/networks/bfb96b13-817b-4246-b547-422f8cfd6b4a?fields=segments HTTP/1.1" status: 200 len: 212 time: 0.3711014
Feb 15 04:20:06.229048 dv-cinder-816104-2-iscsi neutron-server[102633]: DEBUG neutron_lib.callbacks.manager [None req-5691db03-3168-4ee7-b9e7-58ae87828b72 admin admin] Publish callbacks [] for port (cf81a5c0-454f-452d-b00e-79048271ae01), precommit_update {{(pid=102633) _notify_loop /usr/local/lib/python3.8/dist-packages/neutron_lib/callbacks/manager.py:176}}
Feb 15 04:20:06.248574 dv-cinder-816104-2-iscsi neutron-server[102633]: DEBUG neutron_lib.callbacks.manager [None req-58a33373-c526-4579-b73a-6a9f48fa8170 admin admin] Publish callbacks ['neutron.plugins.ml2.ovo_rpc._ObjectChangeHandler.handle_event-555894'] for security_group (ff0afb68-7c28-46b3-8922-499dfaab3ae3), after_create {{(pid=102633) _notify_loop /usr/local/lib/python3.8/dist-packages/neutron_lib/callbacks/manager.py:176}}
Feb 15 04:20:06.264957 dv-cinder-816104-2-iscsi neutron-server[102633]: DEBUG neutron_lib.callbacks.manager [None req-5691db03-3168-4ee7-b9e7-58ae87828b72 admin admin] Publish callbacks ['neutron.plugins.ml2.plugin.SecurityGroupServerNotifierRpcMixin._notify_sg_on_port_change-1648107', 'neutron.plugins.ml2.ovo_rpc._ObjectChangeHandler.handle_event-105457', 'neutron.api.rpc.agentnotifiers.dhcp_rpc_agent_api.DhcpAgentNotifyAPI._native_event_send_dhcp_notification-713571', 'neutron.db.l3_db.L3RpcNotifierMixin._notify_gateway_port_ip_changed-8734710173377', 'neutron.db.l3_dvrscheduler_db._notify_l3_agent_port_update-8734709782101', 'neutron.db.l3_hascheduler_db._notify_l3_agent_ha_port_update-8734709782119'] for port (cf81a5c0-454f-452d-b00e-79048271ae01), after_update {{(pid=102633) _notify_loop /usr/local/lib/python3.8/dist-packages/neutron_lib/callbacks/manager.py:176}}
Feb 15 04:20:06.266718 dv-cinder-816104-2-iscsi neutron-server[102633]: DEBUG neutron_lib.callbacks.manager [None req-5691db03-3168-4ee7-b9e7-58ae87828b72 admin admin] Publish callbacks ['neutron.api.rpc.agentnotifiers.dhcp_rpc_agent_api.DhcpAgentNotifyAPI._after_router_interface_created-713549', 'neutron.services.l3_router.l3_router_plugin.DVRResourceOperationHandler._update_snat_v6_addrs_after_intf_update-639701'] for router_interface (a818bd04-4f62-41c3-b310-352af06ecf31), after_create {{(pid=102633) _notify_loop /usr/local/lib/python3.8/dist-packages/neutron_lib/callbacks/manager.py:176}}
Feb 15 04:20:06.287165 dv-cinder-816104-2-iscsi neutron-server[102633]: DEBUG neutron.scheduler.base_scheduler [None req-998924b7-9b17-4375-8de0-278e5f1507a3 admin admin] Resources bound (agent type, host, resource id): (DHCP agent, dv-cinder-816104-2-iscsi, 32a827af-f7ac-4ee0-abbb-78313597b3f1) {{(pid=102633) schedule /opt/stack/neutron/neutron/scheduler/base_scheduler.py:57}}
Feb 15 04:20:06.295568 dv-cinder-816104-2-iscsi neutron-server[102633]: DEBUG neutron.pecan_wsgi.hooks.policy_enforcement [None req-998924b7-9b17-4375-8de0-278e5f1507a3 admin admin] Attributes excluded by policy engine: ['standard_attr_id', 'shared', 'network'] {{(pid=102633) _exclude_attributes_by_policy /opt/stack/neutron/neutron/pecan_wsgi/hooks/policy_enforcement.py:255}}
Feb 15 04:20:06.297118 dv-cinder-816104-2-iscsi neutron-server[102633]: DEBUG neutron_lib.callbacks.manager [None req-998924b7-9b17-4375-8de0-278e5f1507a3 admin admin] Publish callbacks ['neutron.api.rpc.agentnotifiers.dhcp_rpc_agent_api.DhcpAgentNotifyAPI._send_dhcp_notification-713617'] for subnet (None), before_response {{(pid=102633) _notify_loop /usr/local/lib/python3.8/dist-packages/neutron_lib/callbacks/manager.py:176}}
Feb 15 04:20:06.298386 dv-cinder-816104-2-iscsi neutron-server[102635]: DEBUG neutron.api.rpc.handlers.dhcp_rpc [None req-a7d47754-41dd-47c2-902a-74a0d4a8196e None None] Network 32a827af-f7ac-4ee0-abbb-78313597b3f1 requested from dv-cinder-816104-2-iscsi {{(pid=102635) get_network_info /opt/stack/neutron/neutron/api/rpc/handlers/dhcp_rpc.py:191}}
Feb 15 04:20:06.316445 dv-cinder-816104-2-iscsi neutron-server[102633]: DEBUG neutron.pecan_wsgi.hooks.policy_enforcement [req-edb38d14-0875-4982-b43a-88babda74311 req-e9bfe56f-f1be-4fc3-8ab8-3f0cbda72a8c tempest-DeleteServersTestJSON-1854689447 tempest-DeleteServersTestJSON-1854689447-project] Attributes excluded by policy engine: ['standard_attr_id', 'binding:profile', 'binding:host_id', 'binding:vif_type', 'binding:vif_details'] {{(pid=102633) _exclude_attributes_by_policy /opt/stack/neutron/neutron/pecan_wsgi/hooks/policy_enforcement.py:255}}
Feb 15 04:20:06.322847 dv-cinder-816104-2-iscsi neutron-server[102633]: INFO neutron.wsgi [req-edb38d14-0875-4982-b43a-88babda74311 req-e9bfe56f-f1be-4fc3-8ab8-3f0cbda72a8c tempest-DeleteServersTestJSON-1854689447 tempest-DeleteServersTestJSON-1854689447-project] 10.222.0.45 "GET /v2.0/ports?device_id=e7ec6e38-42b9-43b6-9bb6-fc72a05b2607 HTTP/1.1" status: 200 len: 943 time: 0.3773251
Feb 15 04:20:06.411651 dv-cinder-816104-2-iscsi neutron-server[102633]: DEBUG neutron.api.rpc.handlers.resources_rpc [None req-0766978f-3111-476c-92a8-2055bcdad007 tempest-AttachVolumeTestJSON-1670434203 tempest-AttachVolumeTestJSON-1670434203-project] Pushing event updated for resources: {'SecurityGroupRule': ['ID=a4a3eb13-2ea5-4fd5-b1f4-a1f24399fcc4,revision_number=0']} {{(pid=102633) push /opt/stack/neutron/neutron/api/rpc/handlers/resources_rpc.py:237}}
Feb 15 04:20:06.414939 dv-cinder-816104-2-iscsi neutron-server[102633]: DEBUG neutron.api.rpc.handlers.resources_rpc [None req-58a33373-c526-4579-b73a-6a9f48fa8170 admin admin] Pushing event updated for resources: {'SecurityGroup': ['ID=ff0afb68-7c28-46b3-8922-499dfaab3ae3,revision_number=1']} {{(pid=102633) push /opt/stack/neutron/neutron/api/rpc/handlers/resources_rpc.py:237}}
Feb 15 04:20:06.494003 dv-cinder-816104-2-iscsi neutron-server[102635]: DEBUG neutron_lib.callbacks.manager [None req-aad2a230-2dc2-40c9-834a-ad00316a9002 None None] Publish callbacks ['neutron.services.segments.db._update_segment_host_mapping_for_agent-8734710277214', 'neutron.plugins.ml2.plugin.Ml2Plugin._retry_binding_revived_agents-1727081'] for agent (e97e2151-7c76-4795-ba46-39d06185ac80), after_update {{(pid=102635) _notify_loop /usr/local/lib/python3.8/dist-packages/neutron_lib/callbacks/manager.py:176}}
Feb 15 04:20:06.526902 dv-cinder-816104-2-iscsi neutron-server[102633]: DEBUG neutron.api.rpc.handlers.resources_rpc [None req-5691db03-3168-4ee7-b9e7-58ae87828b72 admin admin] Pushing event updated for resources: {'Port': ['ID=cf81a5c0-454f-452d-b00e-79048271ae01,revision_number=2']} {{(pid=102633) push /opt/stack/neutron/neutron/api/rpc/handlers/resources_rpc.py:237}}
Feb 15 04:20:06.561904 dv-cinder-816104-2-iscsi neutron-server[102634]: INFO neutron.wsgi [req-63c92f7c-5656-4153-b38a-f9a0bd749ba8 req-49504155-74f4-4d48-9ee0-ec972979b20a service neutron] 10.222.0.59 "GET /v2.0/networks/bfb96b13-817b-4246-b547-422f8cfd6b4a?fields=provider%3Aphysical_network&fields=provider%3Anetwork_type HTTP/1.1" status: 200 len: 281 time: 0.3252819
Feb 15 04:20:06.563903 dv-cinder-816104-2-iscsi neutron-server[102633]: DEBUG neutron_lib.callbacks.manager [None req-0766978f-3111-476c-92a8-2055bcdad007 tempest-AttachVolumeTestJSON-1670434203 tempest-AttachVolumeTestJSON-1670434203-project] Publish callbacks [] for security_group_rule (None), before_response {{(pid=102633) _notify_loop /usr/local/lib/python3.8/dist-packages/neutron_lib/callbacks/manager.py:176}}
Feb 15 04:20:06.566820 dv-cinder-816104-2-iscsi neutron-server[102633]: INFO neutron.wsgi [None req-0766978f-3111-476c-92a8-2055bcdad007 tempest-AttachVolumeTestJSON-1670434203 tempest-AttachVolumeTestJSON-1670434203-project] 10.222.0.45 "POST /v2.0/security-group-rules HTTP/1.1" status: 201 len: 764 time: 1.1818774
Feb 15 04:20:06.585855 dv-cinder-816104-2-iscsi neutron-server[102634]: DEBUG neutron_lib.callbacks.manager [None req-f7c0f575-bda6-4c32-8e01-1b318176e419 tempest-AttachVolumeShelveTestJSON-868930975 tempest-AttachVolumeShelveTestJSON-868930975-project] Publish callbacks [] for port (4f8ce081-161e-4d16-8e66-99837542c03c), precommit_create {{(pid=102634) _notify_loop /usr/local/lib/python3.8/dist-packages/neutron_lib/callbacks/manager.py:176}}
Feb 15 04:20:06.591216 dv-cinder-816104-2-iscsi neutron-server[102635]: DEBUG neutron.api.rpc.handlers.dhcp_rpc [None req-86703d29-b0eb-43ab-b699-502429f74643 None None] Network 32a827af-f7ac-4ee0-abbb-78313597b3f1 requested from dv-cinder-816104-2-iscsi {{(pid=102635) get_network_info /opt/stack/neutron/neutron/api/rpc/handlers/dhcp_rpc.py:191}}
Feb 15 04:20:06.653194 dv-cinder-816104-2-iscsi neutron-server[102634]: DEBUG neutron.wsgi [-] (102634) accepted ('10.222.0.45', 51736) {{(pid=102634) server /usr/local/lib/python3.8/dist-packages/eventlet/wsgi.py:1004}}
