Oct 29 13:34:27.541924 dv-cinder-815884-1-smb neutron-server[101302]: INFO neutron.wsgi [req-6c937912-c9dd-475a-8f27-11ea864c3279 req-7e54588c-7fab-43e1-a3ed-ab8a871ac742 service neutron] 10.222.0.72 "GET /v2.0/ports?tenant_id=1a2675f50b774f40babb38e22043e33c&device_id=2de48b5c-2b75-4dd8-8ebc-f0449940a048 HTTP/1.1" status: 200 len: 1097 time: 0.0465932
Oct 29 13:34:27.609569 dv-cinder-815884-1-smb neutron-server[101302]: INFO neutron.wsgi [req-6c937912-c9dd-475a-8f27-11ea864c3279 req-42013eea-594d-4b57-ae01-0074d14f8348 service neutron] 10.222.0.72 "GET /v2.0/floatingips?fixed_ip_address=172.20.0.11&port_id=99ab3396-9873-4930-a8d0-4e1fed7df654 HTTP/1.1" status: 200 len: 217 time: 0.0565555
Oct 29 13:34:27.719096 dv-cinder-815884-1-smb neutron-server[101302]: DEBUG neutron.pecan_wsgi.hooks.policy_enforcement [req-6c937912-c9dd-475a-8f27-11ea864c3279 req-fb498c2a-dee1-4122-9867-23102af479ce service neutron] Attributes excluded by policy engine: ['standard_attr_id', 'shared', 'segment_id'] {{(pid=101302) _exclude_attributes_by_policy /opt/stack/neutron/neutron/pecan_wsgi/hooks/policy_enforcement.py:255}}
Oct 29 13:34:27.719096 dv-cinder-815884-1-smb neutron-server[101302]: INFO neutron.wsgi [req-6c937912-c9dd-475a-8f27-11ea864c3279 req-fb498c2a-dee1-4122-9867-23102af479ce service neutron] 10.222.0.72 "GET /v2.0/subnets?id=a4b8a8e0-4f68-44c0-808a-fedf605d1eae HTTP/1.1" status: 200 len: 853 time: 0.0932240
Oct 29 13:34:27.769654 dv-cinder-815884-1-smb neutron-server[101302]: INFO neutron.wsgi [req-6c937912-c9dd-475a-8f27-11ea864c3279 req-28795c05-cb85-4360-b19c-687ace5154c7 service neutron] 10.222.0.72 "GET /v2.0/ports?network_id=3bb0e9ca-8ed7-42bd-83f0-47f1fedbc164&device_owner=network%3Adhcp HTTP/1.1" status: 200 len: 210 time: 0.0373223
Oct 29 13:34:27.956656 dv-cinder-815884-1-smb neutron-server[101302]: DEBUG neutron.pecan_wsgi.hooks.policy_enforcement [req-3371caf4-f515-47df-85bb-5166acb7304c req-55c15720-f8c9-429e-bc89-277b44901c3d tempest-AttachVolumeNegativeTest-679818894 tempest-AttachVolumeNegativeTest-679818894-project] Attributes excluded by policy engine: ['standard_attr_id', 'binding:profile', 'binding:host_id', 'binding:vif_type', 'binding:vif_details'] {{(pid=101302) _exclude_attributes_by_policy /opt/stack/neutron/neutron/pecan_wsgi/hooks/policy_enforcement.py:255}}
Oct 29 13:34:27.960364 dv-cinder-815884-1-smb neutron-server[101302]: INFO neutron.wsgi [req-3371caf4-f515-47df-85bb-5166acb7304c req-55c15720-f8c9-429e-bc89-277b44901c3d tempest-AttachVolumeNegativeTest-679818894 tempest-AttachVolumeNegativeTest-679818894-project] 10.222.0.71 "GET /v2.0/ports?device_id=2de48b5c-2b75-4dd8-8ebc-f0449940a048 HTTP/1.1" status: 200 len: 944 time: 0.0884297
Oct 29 13:34:27.964565 dv-cinder-815884-1-smb neutron-server[101302]: INFO neutron.wsgi [req-6c937912-c9dd-475a-8f27-11ea864c3279 req-3fe4c1bb-4712-46f0-8b3d-7c6f7e64146b service neutron] 10.222.0.72 "GET /v2.0/networks/3bb0e9ca-8ed7-42bd-83f0-47f1fedbc164?fields=segments HTTP/1.1" status: 200 len: 212 time: 0.1767411
Oct 29 13:34:28.058203 dv-cinder-815884-1-smb neutron-server[101302]: INFO neutron.wsgi [req-3371caf4-f515-47df-85bb-5166acb7304c req-4c0ef2cc-c0b4-4178-9ab0-73e0a52f9a6d tempest-AttachVolumeNegativeTest-679818894 tempest-AttachVolumeNegativeTest-679818894-project] 10.222.0.71 "GET /v2.0/security-groups?id=17136145-c6ca-4c8a-9e15-e448623bccdc&fields=id&fields=name HTTP/1.1" status: 200 len: 286 time: 0.0908718
Oct 29 13:34:28.100599 dv-cinder-815884-1-smb neutron-server[101302]: INFO neutron.wsgi [req-6c937912-c9dd-475a-8f27-11ea864c3279 req-5dbb3393-3ff5-4170-a66a-2c8540afb578 service neutron] 10.222.0.72 "GET /v2.0/networks/3bb0e9ca-8ed7-42bd-83f0-47f1fedbc164?fields=provider%3Aphysical_network&fields=provider%3Anetwork_type HTTP/1.1" status: 200 len: 281 time: 0.1146333
Oct 29 13:34:28.233268 dv-cinder-815884-1-smb neutron-server[101302]: DEBUG neutron.pecan_wsgi.hooks.policy_enforcement [req-720a395b-5e59-4e3c-bdb7-639273945d8c req-6f660cb4-75ac-447b-8ff8-bb64aca023f9 service neutron] Attributes excluded by policy engine: ['standard_attr_id'] {{(pid=101302) _exclude_attributes_by_policy /opt/stack/neutron/neutron/pecan_wsgi/hooks/policy_enforcement.py:255}}
Oct 29 13:34:28.235979 dv-cinder-815884-1-smb neutron-server[101302]: INFO neutron.wsgi [req-720a395b-5e59-4e3c-bdb7-639273945d8c req-6f660cb4-75ac-447b-8ff8-bb64aca023f9 service neutron] 10.222.0.72 "GET /v2.0/ports?tenant_id=1a2675f50b774f40babb38e22043e33c&device_id=2de48b5c-2b75-4dd8-8ebc-f0449940a048 HTTP/1.1" status: 200 len: 1097 time: 0.0646753
Oct 29 13:34:28.387624 dv-cinder-815884-1-smb neutron-server[101302]: DEBUG neutron.pecan_wsgi.hooks.policy_enforcement [req-720a395b-5e59-4e3c-bdb7-639273945d8c req-f9ad8806-5747-4be2-8566-0b933dc9cf66 service neutron] Attributes excluded by policy engine: ['standard_attr_id', 'vlan_transparent'] {{(pid=101302) _exclude_attributes_by_policy /opt/stack/neutron/neutron/pecan_wsgi/hooks/policy_enforcement.py:255}}
Oct 29 13:34:28.390389 dv-cinder-815884-1-smb neutron-server[101302]: INFO neutron.wsgi [req-720a395b-5e59-4e3c-bdb7-639273945d8c req-f9ad8806-5747-4be2-8566-0b933dc9cf66 service neutron] 10.222.0.72 "GET /v2.0/networks?id=3bb0e9ca-8ed7-42bd-83f0-47f1fedbc164 HTTP/1.1" status: 200 len: 914 time: 0.1311886
Oct 29 13:34:28.395615 dv-cinder-815884-1-smb neutron-server[101301]: DEBUG neutron.wsgi [-] (101301) accepted ('10.222.0.71', 60596) {{(pid=101301) server /usr/local/lib/python3.8/dist-packages/eventlet/wsgi.py:982}}
Oct 29 13:34:28.450303 dv-cinder-815884-1-smb neutron-server[101302]: INFO neutron.wsgi [req-720a395b-5e59-4e3c-bdb7-639273945d8c req-47013f48-4f97-43c5-80a5-2b8994e3de57 service neutron] 10.222.0.72 "GET /v2.0/floatingips?fixed_ip_address=172.20.0.11&port_id=99ab3396-9873-4930-a8d0-4e1fed7df654 HTTP/1.1" status: 200 len: 217 time: 0.0498519
Oct 29 13:34:28.543626 dv-cinder-815884-1-smb neutron-server[101302]: DEBUG neutron.pecan_wsgi.hooks.policy_enforcement [req-720a395b-5e59-4e3c-bdb7-639273945d8c req-dd36d775-b118-4e5a-9bce-c9a66093e56a service neutron] Attributes excluded by policy engine: ['standard_attr_id', 'shared', 'segment_id'] {{(pid=101302) _exclude_attributes_by_policy /opt/stack/neutron/neutron/pecan_wsgi/hooks/policy_enforcement.py:255}}
Oct 29 13:34:28.545081 dv-cinder-815884-1-smb neutron-server[101302]: INFO neutron.wsgi [req-720a395b-5e59-4e3c-bdb7-639273945d8c req-dd36d775-b118-4e5a-9bce-c9a66093e56a service neutron] 10.222.0.72 "GET /v2.0/subnets?id=a4b8a8e0-4f68-44c0-808a-fedf605d1eae HTTP/1.1" status: 200 len: 853 time: 0.0874090
Oct 29 13:34:28.557692 dv-cinder-815884-1-smb neutron-server[101302]: DEBUG neutron.pecan_wsgi.hooks.policy_enforcement [req-b103f61b-1447-42c8-b531-122c95d8e53f req-bd18bb57-40af-4c93-a637-a95e2a7b8cb5 tempest-ServerRescueNegativeTestJSON-1958771336 tempest-ServerRescueNegativeTestJSON-1958771336-project] Attributes excluded by policy engine: ['standard_attr_id', 'binding:profile', 'binding:host_id', 'binding:vif_type', 'binding:vif_details'] {{(pid=101302) _exclude_attributes_by_policy /opt/stack/neutron/neutron/pecan_wsgi/hooks/policy_enforcement.py:255}}
Oct 29 13:34:28.559268 dv-cinder-815884-1-smb neutron-server[101302]: INFO neutron.wsgi [req-b103f61b-1447-42c8-b531-122c95d8e53f req-bd18bb57-40af-4c93-a637-a95e2a7b8cb5 tempest-ServerRescueNegativeTestJSON-1958771336 tempest-ServerRescueNegativeTestJSON-1958771336-project] 10.222.0.71 "GET /v2.0/ports?device_id=15f12763-201c-412c-bf6c-444a5d605ae0 HTTP/1.1" status: 200 len: 945 time: 0.0661049
Oct 29 13:34:28.587739 dv-cinder-815884-1-smb neutron-server[101302]: INFO neutron.wsgi [req-720a395b-5e59-4e3c-bdb7-639273945d8c req-33b5b33f-a503-48af-8f72-998d24a36811 service neutron] 10.222.0.72 "GET /v2.0/ports?network_id=3bb0e9ca-8ed7-42bd-83f0-47f1fedbc164&device_owner=network%3Adhcp HTTP/1.1" status: 200 len: 210 time: 0.0274425
Oct 29 13:34:28.663640 dv-cinder-815884-1-smb neutron-server[101301]: DEBUG neutron_lib.callbacks.manager [None req-fdfc7361-c1f9-454a-904b-2287e234cf06 admin admin] Notify callbacks [] for security_group, before_create {{(pid=101301) _notify_loop /usr/local/lib/python3.8/dist-packages/neutron_lib/callbacks/manager.py:192}}
Oct 29 13:34:28.667868 dv-cinder-815884-1-smb neutron-server[101302]: INFO neutron.wsgi [req-b103f61b-1447-42c8-b531-122c95d8e53f req-ec735bc7-cc61-4fd2-8d4a-b19596097564 tempest-ServerRescueNegativeTestJSON-1958771336 tempest-ServerRescueNegativeTestJSON-1958771336-project] 10.222.0.71 "GET /v2.0/security-groups?id=aa59cc39-b70d-4c75-bb31-b23183382881&fields=id&fields=name HTTP/1.1" status: 200 len: 286 time: 0.0993712
Oct 29 13:34:28.726500 dv-cinder-815884-1-smb neutron-server[101302]: INFO neutron.wsgi [req-720a395b-5e59-4e3c-bdb7-639273945d8c req-95727303-ec63-4441-8f0e-1794dea38141 service neutron] 10.222.0.72 "GET /v2.0/networks/3bb0e9ca-8ed7-42bd-83f0-47f1fedbc164?fields=segments HTTP/1.1" status: 200 len: 212 time: 0.1226592
Oct 29 13:34:28.763522 dv-cinder-815884-1-smb neutron-server[101302]: DEBUG neutron.wsgi [-] (101302) accepted ('10.222.0.71', 60610) {{(pid=101302) server /usr/local/lib/python3.8/dist-packages/eventlet/wsgi.py:982}}
Oct 29 13:34:28.768392 dv-cinder-815884-1-smb neutron-server[101301]: DEBUG neutron_lib.callbacks.manager [None req-fdfc7361-c1f9-454a-904b-2287e234cf06 admin admin] Notify callbacks [] for security_group, precommit_create {{(pid=101301) _notify_loop /usr/local/lib/python3.8/dist-packages/neutron_lib/callbacks/manager.py:192}}
Oct 29 13:34:28.772868 dv-cinder-815884-1-smb neutron-server[101301]: DEBUG neutron_lib.callbacks.manager [None req-fdfc7361-c1f9-454a-904b-2287e234cf06 admin admin] Notify callbacks ['neutron.plugins.ml2.ovo_rpc._ObjectChangeHandler.handle_event-303974'] for security_group, after_create {{(pid=101301) _notify_loop /usr/local/lib/python3.8/dist-packages/neutron_lib/callbacks/manager.py:192}}
Oct 29 13:34:28.805255 dv-cinder-815884-1-smb neutron-server[101301]: DEBUG neutron.api.rpc.handlers.resources_rpc [None req-fdfc7361-c1f9-454a-904b-2287e234cf06 admin admin] Pushing event updated for resources: {'SecurityGroup': ['ID=b6a6430d-9c7a-483a-91fb-4088fa839022,revision_number=1']} {{(pid=101301) push /opt/stack/neutron/neutron/api/rpc/handlers/resources_rpc.py:237}}
Oct 29 13:34:28.817560 dv-cinder-815884-1-smb neutron-server[101301]: INFO neutron.wsgi [None req-fdfc7361-c1f9-454a-904b-2287e234cf06 admin admin] 10.222.0.71 "GET /v2.0/security-groups?tenant_id=3c0534600d414cb4a39b488b33207548&name=default HTTP/1.1" status: 200 len: 2979 time: 0.4209011
Oct 29 13:34:28.823128 dv-cinder-815884-1-smb neutron-server[101301]: DEBUG neutron.wsgi [-] (101301) accepted ('10.222.0.71', 60614) {{(pid=101301) server /usr/local/lib/python3.8/dist-packages/eventlet/wsgi.py:982}}
Oct 29 13:34:28.852926 dv-cinder-815884-1-smb neutron-server[101302]: INFO neutron.wsgi [req-720a395b-5e59-4e3c-bdb7-639273945d8c req-6eba5b8d-9d6f-4332-8ff3-a20470d36a47 service neutron] 10.222.0.72 "GET /v2.0/networks/3bb0e9ca-8ed7-42bd-83f0-47f1fedbc164?fields=provider%3Aphysical_network&fields=provider%3Anetwork_type HTTP/1.1" status: 200 len: 281 time: 0.1151497
Oct 29 13:34:28.877334 dv-cinder-815884-1-smb neutron-server[101301]: DEBUG neutron_lib.callbacks.manager [None req-f11ad422-a300-452d-a1ec-08f6f9789feb admin admin] Notify callbacks [] for security_group, before_delete {{(pid=101301) _notify_loop /usr/local/lib/python3.8/dist-packages/neutron_lib/callbacks/manager.py:192}}
Oct 29 13:34:28.899440 dv-cinder-815884-1-smb neutron-server[101301]: DEBUG neutron_lib.callbacks.manager [None req-f11ad422-a300-452d-a1ec-08f6f9789feb admin admin] Notify callbacks [] for security_group, precommit_delete {{(pid=101301) _notify_loop /usr/local/lib/python3.8/dist-packages/neutron_lib/callbacks/manager.py:192}}
Oct 29 13:34:28.945950 dv-cinder-815884-1-smb neutron-server[101302]: DEBUG neutron_lib.callbacks.manager [None req-28e39f69-0b59-4741-b1c4-4c6475af3768 admin admin] Notify callbacks [] for security_group, before_create {{(pid=101302) _notify_loop /usr/local/lib/python3.8/dist-packages/neutron_lib/callbacks/manager.py:192}}
Oct 29 13:34:28.948910 dv-cinder-815884-1-smb neutron-server[101301]: DEBUG neutron_lib.callbacks.manager [None req-f11ad422-a300-452d-a1ec-08f6f9789feb admin admin] Notify callbacks ['neutron.plugins.ml2.ovo_rpc._ObjectChangeHandler.handle_event-303974'] for security_group, after_delete {{(pid=101301) _notify_loop /usr/local/lib/python3.8/dist-packages/neutron_lib/callbacks/manager.py:192}}
Oct 29 13:34:28.951918 dv-cinder-815884-1-smb neutron-server[101301]: DEBUG neutron_lib.callbacks.manager [None req-f11ad422-a300-452d-a1ec-08f6f9789feb admin admin] Notify callbacks [] for security_group, before_response {{(pid=101301) _notify_loop /usr/local/lib/python3.8/dist-packages/neutron_lib/callbacks/manager.py:192}}
Oct 29 13:34:28.953112 dv-cinder-815884-1-smb neutron-server[101301]: INFO neutron.wsgi [None req-f11ad422-a300-452d-a1ec-08f6f9789feb admin admin] 10.222.0.71 "DELETE /v2.0/security-groups/b6a6430d-9c7a-483a-91fb-4088fa839022 HTTP/1.1" status: 204 len: 168 time: 0.1291192
Oct 29 13:34:28.961416 dv-cinder-815884-1-smb neutron-server[101301]: DEBUG neutron.api.rpc.handlers.resources_rpc [None req-f11ad422-a300-452d-a1ec-08f6f9789feb admin admin] Pushing event deleted for resources: {'SecurityGroup': ['ID=b6a6430d-9c7a-483a-91fb-4088fa839022,revision_number=None']} {{(pid=101301) push /opt/stack/neutron/neutron/api/rpc/handlers/resources_rpc.py:237}}
Oct 29 13:34:29.047196 dv-cinder-815884-1-smb neutron-server[101302]: DEBUG neutron_lib.callbacks.manager [None req-28e39f69-0b59-4741-b1c4-4c6475af3768 admin admin] Notify callbacks [] for security_group, precommit_create {{(pid=101302) _notify_loop /usr/local/lib/python3.8/dist-packages/neutron_lib/callbacks/manager.py:192}}
Oct 29 13:34:29.051743 dv-cinder-815884-1-smb neutron-server[101302]: DEBUG neutron_lib.callbacks.manager [None req-28e39f69-0b59-4741-b1c4-4c6475af3768 admin admin] Notify callbacks ['neutron.plugins.ml2.ovo_rpc._ObjectChangeHandler.handle_event-303974'] for security_group, after_create {{(pid=101302) _notify_loop /usr/local/lib/python3.8/dist-packages/neutron_lib/callbacks/manager.py:192}}
Oct 29 13:34:29.094092 dv-cinder-815884-1-smb neutron-server[101301]: DEBUG neutron.wsgi [-] (101301) accepted ('10.222.0.71', 60626) {{(pid=101301) server /usr/local/lib/python3.8/dist-packages/eventlet/wsgi.py:982}}
Oct 29 13:34:29.095996 dv-cinder-815884-1-smb neutron-server[101302]: INFO neutron.wsgi [None req-28e39f69-0b59-4741-b1c4-4c6475af3768 admin admin] 10.222.0.71 "GET /v2.0/security-groups?tenant_id=52978150b6de4653ac11878b08547838&name=default HTTP/1.1" status: 200 len: 2979 time: 0.3313489
Oct 29 13:34:29.096952 dv-cinder-815884-1-smb neutron-server[101302]: DEBUG neutron.api.rpc.handlers.resources_rpc [None req-28e39f69-0b59-4741-b1c4-4c6475af3768 admin admin] Pushing event updated for resources: {'SecurityGroup': ['ID=faa5bc1a-d63c-4de6-be0e-99e07ce001ae,revision_number=1']} {{(pid=101302) push /opt/stack/neutron/neutron/api/rpc/handlers/resources_rpc.py:237}}
Oct 29 13:34:29.164357 dv-cinder-815884-1-smb neutron-server[101301]: DEBUG neutron_lib.callbacks.manager [None req-8899770a-1f63-49f6-b529-98eadf9cbf33 admin admin] Notify callbacks [] for security_group, before_delete {{(pid=101301) _notify_loop /usr/local/lib/python3.8/dist-packages/neutron_lib/callbacks/manager.py:192}}
Oct 29 13:34:29.188475 dv-cinder-815884-1-smb neutron-server[101301]: DEBUG neutron_lib.callbacks.manager [None req-8899770a-1f63-49f6-b529-98eadf9cbf33 admin admin] Notify callbacks [] for security_group, precommit_delete {{(pid=101301) _notify_loop /usr/local/lib/python3.8/dist-packages/neutron_lib/callbacks/manager.py:192}}
Oct 29 13:34:29.212140 dv-cinder-815884-1-smb neutron-server[101302]: DEBUG neutron.pecan_wsgi.hooks.policy_enforcement [req-09613a03-6dd2-4fa1-b223-14d434dbd56d req-6413715f-7a10-4f69-9042-479917dfcdd7 tempest-AttachVolumeNegativeTest-679818894 tempest-AttachVolumeNegativeTest-679818894-project] Attributes excluded by policy engine: ['standard_attr_id', 'binding:profile', 'binding:host_id', 'binding:vif_type', 'binding:vif_details'] {{(pid=101302) _exclude_attributes_by_policy /opt/stack/neutron/neutron/pecan_wsgi/hooks/policy_enforcement.py:255}}
Oct 29 13:34:29.214109 dv-cinder-815884-1-smb neutron-server[101302]: INFO neutron.wsgi [req-09613a03-6dd2-4fa1-b223-14d434dbd56d req-6413715f-7a10-4f69-9042-479917dfcdd7 tempest-AttachVolumeNegativeTest-679818894 tempest-AttachVolumeNegativeTest-679818894-project] 10.222.0.71 "GET /v2.0/ports?device_id=2de48b5c-2b75-4dd8-8ebc-f0449940a048 HTTP/1.1" status: 200 len: 944 time: 0.0574772
Oct 29 13:34:29.255668 dv-cinder-815884-1-smb neutron-server[101302]: INFO neutron.wsgi [req-09613a03-6dd2-4fa1-b223-14d434dbd56d req-3c7440c7-f458-4f05-832c-55c1cc650936 tempest-AttachVolumeNegativeTest-679818894 tempest-AttachVolumeNegativeTest-679818894-project] 10.222.0.71 "GET /v2.0/security-groups?id=17136145-c6ca-4c8a-9e15-e448623bccdc&fields=id&fields=name HTTP/1.1" status: 200 len: 286 time: 0.0353405
Oct 29 13:34:29.256655 dv-cinder-815884-1-smb neutron-server[101301]: DEBUG neutron_lib.callbacks.manager [None req-8899770a-1f63-49f6-b529-98eadf9cbf33 admin admin] Notify callbacks ['neutron.plugins.ml2.ovo_rpc._ObjectChangeHandler.handle_event-303974'] for security_group, after_delete {{(pid=101301) _notify_loop /usr/local/lib/python3.8/dist-packages/neutron_lib/callbacks/manager.py:192}}
Oct 29 13:34:29.261268 dv-cinder-815884-1-smb neutron-server[101301]: DEBUG neutron_lib.callbacks.manager [None req-8899770a-1f63-49f6-b529-98eadf9cbf33 admin admin] Notify callbacks [] for security_group, before_response {{(pid=101301) _notify_loop /usr/local/lib/python3.8/dist-packages/neutron_lib/callbacks/manager.py:192}}
Oct 29 13:34:29.264290 dv-cinder-815884-1-smb neutron-server[101301]: INFO neutron.wsgi [None req-8899770a-1f63-49f6-b529-98eadf9cbf33 admin admin] 10.222.0.71 "DELETE /v2.0/security-groups/faa5bc1a-d63c-4de6-be0e-99e07ce001ae HTTP/1.1" status: 204 len: 168 time: 0.1692045
Oct 29 13:34:29.289334 dv-cinder-815884-1-smb neutron-server[101301]: DEBUG neutron.api.rpc.handlers.resources_rpc [None req-8899770a-1f63-49f6-b529-98eadf9cbf33 admin admin] Pushing event deleted for resources: {'SecurityGroup': ['ID=faa5bc1a-d63c-4de6-be0e-99e07ce001ae,revision_number=None']} {{(pid=101301) push /opt/stack/neutron/neutron/api/rpc/handlers/resources_rpc.py:237}}
Oct 29 13:34:29.672822 dv-cinder-815884-1-smb neutron-server[101301]: DEBUG neutron.wsgi [-] (101301) accepted ('10.222.0.71', 60660) {{(pid=101301) server /usr/local/lib/python3.8/dist-packages/eventlet/wsgi.py:982}}
Oct 29 13:34:29.686303 dv-cinder-815884-1-smb neutron-server[101301]: DEBUG neutron_lib.callbacks.manager [None req-5b32bd80-c563-45cb-b4c5-cc81c3d76c28 admin admin] Notify callbacks [] for security_group, before_create {{(pid=101301) _notify_loop /usr/local/lib/python3.8/dist-packages/neutron_lib/callbacks/manager.py:192}}
Oct 29 13:34:29.772570 dv-cinder-815884-1-smb neutron-server[101301]: DEBUG neutron_lib.callbacks.manager [None req-5b32bd80-c563-45cb-b4c5-cc81c3d76c28 admin admin] Notify callbacks [] for security_group, precommit_create {{(pid=101301) _notify_loop /usr/local/lib/python3.8/dist-packages/neutron_lib/callbacks/manager.py:192}}
Oct 29 13:34:29.778971 dv-cinder-815884-1-smb neutron-server[101301]: DEBUG neutron_lib.callbacks.manager [None req-5b32bd80-c563-45cb-b4c5-cc81c3d76c28 admin admin] Notify callbacks ['neutron.plugins.ml2.ovo_rpc._ObjectChangeHandler.handle_event-303974'] for security_group, after_create {{(pid=101301) _notify_loop /usr/local/lib/python3.8/dist-packages/neutron_lib/callbacks/manager.py:192}}
Oct 29 13:34:29.791595 dv-cinder-815884-1-smb neutron-server[101302]: DEBUG neutron.pecan_wsgi.hooks.policy_enforcement [req-41cc99ab-4271-4b13-9264-5a4adb19b586 req-1401b25a-a24e-48d1-9720-ef9c0680dd12 tempest-ServerRescueNegativeTestJSON-1958771336 tempest-ServerRescueNegativeTestJSON-1958771336-project] Attributes excluded by policy engine: ['standard_attr_id', 'binding:profile', 'binding:host_id', 'binding:vif_type', 'binding:vif_details'] {{(pid=101302) _exclude_attributes_by_policy /opt/stack/neutron/neutron/pecan_wsgi/hooks/policy_enforcement.py:255}}
Oct 29 13:34:29.795616 dv-cinder-815884-1-smb neutron-server[101302]: INFO neutron.wsgi [req-41cc99ab-4271-4b13-9264-5a4adb19b586 req-1401b25a-a24e-48d1-9720-ef9c0680dd12 tempest-ServerRescueNegativeTestJSON-1958771336 tempest-ServerRescueNegativeTestJSON-1958771336-project] 10.222.0.71 "GET /v2.0/ports?device_id=15f12763-201c-412c-bf6c-444a5d605ae0 HTTP/1.1" status: 200 len: 945 time: 0.0544791
Oct 29 13:34:29.823710 dv-cinder-815884-1-smb neutron-server[101301]: INFO neutron.wsgi [None req-5b32bd80-c563-45cb-b4c5-cc81c3d76c28 admin admin] 10.222.0.71 "GET /v2.0/security-groups?tenant_id=47d6f637e0d74e219e327109ae348b88&name=default HTTP/1.1" status: 200 len: 2979 time: 0.1472888
Oct 29 13:34:29.823710 dv-cinder-815884-1-smb neutron-server[101301]: DEBUG neutron.api.rpc.handlers.resources_rpc [None req-5b32bd80-c563-45cb-b4c5-cc81c3d76c28 admin admin] Pushing event updated for resources: {'SecurityGroup': ['ID=24531d2e-e564-4b54-ac94-0aeddfb5be55,revision_number=1']} {{(pid=101301) push /opt/stack/neutron/neutron/api/rpc/handlers/resources_rpc.py:237}}
Oct 29 13:34:29.823950 dv-cinder-815884-1-smb neutron-server[101302]: DEBUG neutron.wsgi [-] (101302) accepted ('10.222.0.71', 60666) {{(pid=101302) server /usr/local/lib/python3.8/dist-packages/eventlet/wsgi.py:982}}
Oct 29 13:34:29.855739 dv-cinder-815884-1-smb neutron-server[101302]: INFO neutron.wsgi [req-41cc99ab-4271-4b13-9264-5a4adb19b586 req-d57313be-f8a8-42d6-8733-1d42de037a3a tempest-ServerRescueNegativeTestJSON-1958771336 tempest-ServerRescueNegativeTestJSON-1958771336-project] 10.222.0.71 "GET /v2.0/security-groups?id=aa59cc39-b70d-4c75-bb31-b23183382881&fields=id&fields=name HTTP/1.1" status: 200 len: 286 time: 0.0556355
Oct 29 13:34:29.891274 dv-cinder-815884-1-smb neutron-server[101302]: DEBUG neutron_lib.callbacks.manager [None req-ca3bda48-68d7-4c34-98e2-4daa5b6b9416 admin admin] Notify callbacks [] for security_group, before_delete {{(pid=101302) _notify_loop /usr/local/lib/python3.8/dist-packages/neutron_lib/callbacks/manager.py:192}}
Oct 29 13:34:29.912112 dv-cinder-815884-1-smb neutron-server[101302]: DEBUG neutron_lib.callbacks.manager [None req-ca3bda48-68d7-4c34-98e2-4daa5b6b9416 admin admin] Notify callbacks [] for security_group, precommit_delete {{(pid=101302) _notify_loop /usr/local/lib/python3.8/dist-packages/neutron_lib/callbacks/manager.py:192}}
Oct 29 13:34:29.958918 dv-cinder-815884-1-smb neutron-server[101302]: DEBUG neutron_lib.callbacks.manager [None req-ca3bda48-68d7-4c34-98e2-4daa5b6b9416 admin admin] Notify callbacks ['neutron.plugins.ml2.ovo_rpc._ObjectChangeHandler.handle_event-303974'] for security_group, after_delete {{(pid=101302) _notify_loop /usr/local/lib/python3.8/dist-packages/neutron_lib/callbacks/manager.py:192}}
Oct 29 13:34:29.961511 dv-cinder-815884-1-smb neutron-server[101302]: DEBUG neutron_lib.callbacks.manager [None req-ca3bda48-68d7-4c34-98e2-4daa5b6b9416 admin admin] Notify callbacks [] for security_group, before_response {{(pid=101302) _notify_loop /usr/local/lib/python3.8/dist-packages/neutron_lib/callbacks/manager.py:192}}
Oct 29 13:34:29.962716 dv-cinder-815884-1-smb neutron-server[101302]: INFO neutron.wsgi [None req-ca3bda48-68d7-4c34-98e2-4daa5b6b9416 admin admin] 10.222.0.71 "DELETE /v2.0/security-groups/24531d2e-e564-4b54-ac94-0aeddfb5be55 HTTP/1.1" status: 204 len: 168 time: 0.1377754
Oct 29 13:34:29.971932 dv-cinder-815884-1-smb neutron-server[101302]: DEBUG neutron.api.rpc.handlers.resources_rpc [None req-ca3bda48-68d7-4c34-98e2-4daa5b6b9416 admin admin] Pushing event deleted for resources: {'SecurityGroup': ['ID=24531d2e-e564-4b54-ac94-0aeddfb5be55,revision_number=None']} {{(pid=101302) push /opt/stack/neutron/neutron/api/rpc/handlers/resources_rpc.py:237}}
Oct 29 13:34:30.423255 dv-cinder-815884-1-smb neutron-server[101302]: DEBUG neutron.pecan_wsgi.hooks.policy_enforcement [req-ce5fef84-e45c-44ba-b5d9-3b64c0467c68 req-3103444c-cc55-4edf-b91c-47e9e6d5a014 tempest-AttachVolumeNegativeTest-679818894 tempest-AttachVolumeNegativeTest-679818894-project] Attributes excluded by policy engine: ['standard_attr_id', 'binding:profile', 'binding:host_id', 'binding:vif_type', 'binding:vif_details'] {{(pid=101302) _exclude_attributes_by_policy /opt/stack/neutron/neutron/pecan_wsgi/hooks/policy_enforcement.py:255}}
Oct 29 13:34:30.424651 dv-cinder-815884-1-smb neutron-server[101302]: INFO neutron.wsgi [req-ce5fef84-e45c-44ba-b5d9-3b64c0467c68 req-3103444c-cc55-4edf-b91c-47e9e6d5a014 tempest-AttachVolumeNegativeTest-679818894 tempest-AttachVolumeNegativeTest-679818894-project] 10.222.0.71 "GET /v2.0/ports?device_id=2de48b5c-2b75-4dd8-8ebc-f0449940a048 HTTP/1.1" status: 200 len: 944 time: 0.0774415
Oct 29 13:34:30.466553 dv-cinder-815884-1-smb neutron-server[101302]: INFO neutron.wsgi [req-ce5fef84-e45c-44ba-b5d9-3b64c0467c68 req-247e58f7-7ccd-4b63-95c9-009656912e25 tempest-AttachVolumeNegativeTest-679818894 tempest-AttachVolumeNegativeTest-679818894-project] 10.222.0.71 "GET /v2.0/security-groups?id=17136145-c6ca-4c8a-9e15-e448623bccdc&fields=id&fields=name HTTP/1.1" status: 200 len: 286 time: 0.0353484
Oct 29 13:34:30.981773 dv-cinder-815884-1-smb neutron-server[101302]: DEBUG neutron.pecan_wsgi.hooks.policy_enforcement [req-ac8fb8a9-25f0-4211-8ae8-a4d6f9debc8b req-9e8754fd-94fa-41a9-8698-d6fcd938a4dc tempest-ServerRescueNegativeTestJSON-1958771336 tempest-ServerRescueNegativeTestJSON-1958771336-project] Attributes excluded by policy engine: ['standard_attr_id', 'binding:profile', 'binding:host_id', 'binding:vif_type', 'binding:vif_details'] {{(pid=101302) _exclude_attributes_by_policy /opt/stack/neutron/neutron/pecan_wsgi/hooks/policy_enforcement.py:255}}
Oct 29 13:34:30.983577 dv-cinder-815884-1-smb neutron-server[101302]: INFO neutron.wsgi [req-ac8fb8a9-25f0-4211-8ae8-a4d6f9debc8b req-9e8754fd-94fa-41a9-8698-d6fcd938a4dc tempest-ServerRescueNegativeTestJSON-1958771336 tempest-ServerRescueNegativeTestJSON-1958771336-project] 10.222.0.71 "GET /v2.0/ports?device_id=15f12763-201c-412c-bf6c-444a5d605ae0 HTTP/1.1" status: 200 len: 945 time: 0.0580945
Oct 29 13:34:31.018497 dv-cinder-815884-1-smb neutron-server[101303]: DEBUG neutron.plugins.ml2.rpc [None req-a8a76bad-8372-46bf-93d3-392aac52555a None None] Device 99ab3396-9873-4930-a8d0-4e1fed7df654 details requested by agent hyperv_hv-cinder-81588 with host hv-cinder-81588 {{(pid=101303) get_device_details /opt/stack/neutron/neutron/plugins/ml2/rpc.py:102}}
Oct 29 13:34:31.031715 dv-cinder-815884-1-smb neutron-server[101302]: INFO neutron.wsgi [req-ac8fb8a9-25f0-4211-8ae8-a4d6f9debc8b req-9816d371-8806-47d5-951f-449a95e2190e tempest-ServerRescueNegativeTestJSON-1958771336 tempest-ServerRescueNegativeTestJSON-1958771336-project] 10.222.0.71 "GET /v2.0/security-groups?id=aa59cc39-b70d-4c75-bb31-b23183382881&fields=id&fields=name HTTP/1.1" status: 200 len: 286 time: 0.0402675
Oct 29 13:34:31.139376 dv-cinder-815884-1-smb neutron-server[101303]: DEBUG neutron.plugins.ml2.db [None req-a8a76bad-8372-46bf-93d3-392aac52555a None None] For port 99ab3396-9873-4930-a8d0-4e1fed7df654, host hv-cinder-81588, got binding levels [PortBindingLevel(driver='hyperv',host='hv-cinder-81588',level=0,port_id=99ab3396-9873-4930-a8d0-4e1fed7df654,segment=NetworkSegment(d2b04e5e-f947-4ccc-bd5d-1e0889acc615),segment_id=d2b04e5e-f947-4ccc-bd5d-1e0889acc615)] {{(pid=101303) get_binding_level_objs /opt/stack/neutron/neutron/plugins/ml2/db.py:74}}
Oct 29 13:34:31.151896 dv-cinder-815884-1-smb neutron-server[101303]: DEBUG neutron.plugins.ml2.rpc [None req-a8a76bad-8372-46bf-93d3-392aac52555a None None] Returning: {'device': '99ab3396-9873-4930-a8d0-4e1fed7df654', 'network_id': '3bb0e9ca-8ed7-42bd-83f0-47f1fedbc164', 'port_id': '99ab3396-9873-4930-a8d0-4e1fed7df654', 'mac_address': 'fa:16:3e:22:56:84', 'admin_state_up': True, 'network_type': 'vlan', 'segmentation_id': 439, 'physical_network': 'physnet1', 'mtu': 1500, 'fixed_ips': [{'subnet_id': 'a4b8a8e0-4f68-44c0-808a-fedf605d1eae', 'ip_address': '172.20.0.11'}], 'device_owner': 'compute:nova', 'allowed_address_pairs': [], 'port_security_enabled': True, 'qos_policy_id': None, 'network_qos_policy_id': None, 'profile': {}, 'propagate_uplink_status': False} {{(pid=101303) _get_device_details /opt/stack/neutron/neutron/plugins/ml2/rpc.py:184}}
Oct 29 13:34:31.189677 dv-cinder-815884-1-smb neutron-server[101303]: DEBUG neutron_lib.callbacks.manager [None req-a8a76bad-8372-46bf-93d3-392aac52555a None None] Notify callbacks ['neutron.plugins.ml2.plugin.SecurityGroupDbMixin._ensure_default_security_group_handler-653368'] for port, before_update {{(pid=101303) _notify_loop /usr/local/lib/python3.8/dist-packages/neutron_lib/callbacks/manager.py:192}}
Oct 29 13:34:31.204020 dv-cinder-815884-1-smb neutron-server[101303]: DEBUG neutron.notifiers.nova [None req-a8a76bad-8372-46bf-93d3-392aac52555a None None] Ignoring state change previous_port_status: DOWN current_port_status: BUILD port_id 99ab3396-9873-4930-a8d0-4e1fed7df654 {{(pid=101303) record_port_status_changed /opt/stack/neutron/neutron/notifiers/nova.py:224}}
Oct 29 13:34:31.225649 dv-cinder-815884-1-smb neutron-server[101303]: DEBUG neutron.plugins.ml2.db [None req-a8a76bad-8372-46bf-93d3-392aac52555a None None] For port 99ab3396-9873-4930-a8d0-4e1fed7df654, host hv-cinder-81588, got binding levels [PortBindingLevel(driver='hyperv',host='hv-cinder-81588',level=0,port_id=99ab3396-9873-4930-a8d0-4e1fed7df654,segment=NetworkSegment(d2b04e5e-f947-4ccc-bd5d-1e0889acc615),segment_id=d2b04e5e-f947-4ccc-bd5d-1e0889acc615)] {{(pid=101303) get_binding_level_objs /opt/stack/neutron/neutron/plugins/ml2/db.py:74}}
Oct 29 13:34:31.230874 dv-cinder-815884-1-smb neutron-server[101303]: DEBUG neutron_lib.callbacks.manager [None req-a8a76bad-8372-46bf-93d3-392aac52555a None None] Notify callbacks ['neutron.plugins.ml2.plugin.SecurityGroupServerNotifierRpcMixin._notify_sg_on_port_change-653561', 'neutron.plugins.ml2.ovo_rpc._ObjectChangeHandler.handle_event-1967046', 'neutron.api.rpc.agentnotifiers.dhcp_rpc_agent_api.DhcpAgentNotifyAPI._native_event_send_dhcp_notification-1601861', 'neutron.db.l3_db.L3RpcNotifierMixin._notify_gateway_port_ip_changed-8756697116474', 'neutron.db.l3_dvrscheduler_db._notify_l3_agent_port_update-8756696597306', 'neutron.db.l3_hascheduler_db._notify_l3_agent_ha_port_update-8756696597324'] for port, after_update {{(pid=101303) _notify_loop /usr/local/lib/python3.8/dist-packages/neutron_lib/callbacks/manager.py:192}}
Oct 29 13:34:31.295149 dv-cinder-815884-1-smb neutron-server[101303]: DEBUG neutron.api.rpc.handlers.resources_rpc [None req-a8a76bad-8372-46bf-93d3-392aac52555a None None] Pushing event updated for resources: {'Port': ['ID=99ab3396-9873-4930-a8d0-4e1fed7df654,revision_number=4']} {{(pid=101303) push /opt/stack/neutron/neutron/api/rpc/handlers/resources_rpc.py:237}}
Oct 29 13:34:31.302464 dv-cinder-815884-1-smb neutron-server[101303]: DEBUG neutron.api.rpc.callbacks.version_manager [None req-a8a76bad-8372-46bf-93d3-392aac52555a None None] Version for resource type AddressGroup changed None to 1.2 on consumer Open vSwitch agent@dv-cinder-815884-1-smb {{(pid=101303) _set_version /opt/stack/neutron/neutron/api/rpc/callbacks/version_manager.py:113}}
Oct 29 13:34:31.302820 dv-cinder-815884-1-smb neutron-server[101303]: DEBUG neutron.api.rpc.callbacks.version_manager [None req-a8a76bad-8372-46bf-93d3-392aac52555a None None] Version for resource type ConntrackHelper changed None to 1.0 on consumer Open vSwitch agent@dv-cinder-815884-1-smb {{(pid=101303) _set_version /opt/stack/neutron/neutron/api/rpc/callbacks/version_manager.py:113}}
Oct 29 13:34:31.303187 dv-cinder-815884-1-smb neutron-server[101303]: DEBUG neutron.api.rpc.callbacks.version_manager [None req-a8a76bad-8372-46bf-93d3-392aac52555a None None] Version for resource type Log changed None to 1.0 on consumer Open vSwitch agent@dv-cinder-815884-1-smb {{(pid=101303) _set_version /opt/stack/neutron/neutron/api/rpc/callbacks/version_manager.py:113}}
Oct 29 13:34:31.303522 dv-cinder-815884-1-smb neutron-server[101303]: DEBUG neutron.api.rpc.callbacks.version_manager [None req-a8a76bad-8372-46bf-93d3-392aac52555a None None] Version for resource type Network changed None to 1.1 on consumer Open vSwitch agent@dv-cinder-815884-1-smb {{(pid=101303) _set_version /opt/stack/neutron/neutron/api/rpc/callbacks/version_manager.py:113}}
Oct 29 13:34:31.303904 dv-cinder-815884-1-smb neutron-server[101303]: DEBUG neutron.api.rpc.callbacks.version_manager [None req-a8a76bad-8372-46bf-93d3-392aac52555a None None] Version for resource type Port changed None to 1.7 on consumer Open vSwitch agent@dv-cinder-815884-1-smb {{(pid=101303) _set_version /opt/stack/neutron/neutron/api/rpc/callbacks/version_manager.py:113}}
Oct 29 13:34:31.304738 dv-cinder-815884-1-smb neutron-server[101303]: DEBUG neutron.api.rpc.callbacks.version_manager [None req-a8a76bad-8372-46bf-93d3-392aac52555a None None] Version for resource type PortForwarding changed None to 1.2 on consumer Open vSwitch agent@dv-cinder-815884-1-smb {{(pid=101303) _set_version /opt/stack/neutron/neutron/api/rpc/callbacks/version_manager.py:113}}
Oct 29 13:34:31.305064 dv-cinder-815884-1-smb neutron-server[101303]: DEBUG neutron.api.rpc.callbacks.version_manager [None req-a8a76bad-8372-46bf-93d3-392aac52555a None None] Version for resource type QosPolicy changed None to 1.9 on consumer Open vSwitch agent@dv-cinder-815884-1-smb {{(pid=101303) _set_version /opt/stack/neutron/neutron/api/rpc/callbacks/version_manager.py:113}}
Oct 29 13:34:31.305391 dv-cinder-815884-1-smb neutron-server[101303]: DEBUG neutron.api.rpc.callbacks.version_manager [None req-a8a76bad-8372-46bf-93d3-392aac52555a None None] Version for resource type SecurityGroup changed None to 1.4 on consumer Open vSwitch agent@dv-cinder-815884-1-smb {{(pid=101303) _set_version /opt/stack/neutron/neutron/api/rpc/callbacks/version_manager.py:113}}
Oct 29 13:34:31.305715 dv-cinder-815884-1-smb neutron-server[101303]: DEBUG neutron.api.rpc.callbacks.version_manager [None req-a8a76bad-8372-46bf-93d3-392aac52555a None None] Version for resource type SecurityGroupRule changed None to 1.2 on consumer Open vSwitch agent@dv-cinder-815884-1-smb {{(pid=101303) _set_version /opt/stack/neutron/neutron/api/rpc/callbacks/version_manager.py:113}}
Oct 29 13:34:31.306038 dv-cinder-815884-1-smb neutron-server[101303]: DEBUG neutron.api.rpc.callbacks.version_manager [None req-a8a76bad-8372-46bf-93d3-392aac52555a None None] Version for resource type SubPort changed None to 1.0 on consumer Open vSwitch agent@dv-cinder-815884-1-smb {{(pid=101303) _set_version /opt/stack/neutron/neutron/api/rpc/callbacks/version_manager.py:113}}
Oct 29 13:34:31.306362 dv-cinder-815884-1-smb neutron-server[101303]: DEBUG neutron.api.rpc.callbacks.version_manager [None req-a8a76bad-8372-46bf-93d3-392aac52555a None None] Version for resource type Subnet changed None to 1.1 on consumer Open vSwitch agent@dv-cinder-815884-1-smb {{(pid=101303) _set_version /opt/stack/neutron/neutron/api/rpc/callbacks/version_manager.py:113}}
Oct 29 13:34:31.306681 dv-cinder-815884-1-smb neutron-server[101303]: DEBUG neutron.api.rpc.callbacks.version_manager [None req-a8a76bad-8372-46bf-93d3-392aac52555a None None] Version for resource type Trunk changed None to 1.1 on consumer Open vSwitch agent@dv-cinder-815884-1-smb {{(pid=101303) _set_version /opt/stack/neutron/neutron/api/rpc/callbacks/version_manager.py:113}}
Oct 29 13:34:31.625962 dv-cinder-815884-1-smb neutron-server[101303]: DEBUG neutron.plugins.ml2.db [None req-a8a76bad-8372-46bf-93d3-392aac52555a None None] get_ports_and_sgs() called for port_ids ['99ab3396-9873-4930-a8d0-4e1fed7df654'] {{(pid=101303) get_ports_and_sgs /opt/stack/neutron/neutron/plugins/ml2/db.py:156}}
Oct 29 13:34:31.629770 dv-cinder-815884-1-smb neutron-server[101302]: DEBUG neutron.pecan_wsgi.hooks.policy_enforcement [req-23e27cf8-74c2-424f-9eb6-327684c3eebb req-4d221d93-97e0-4333-bd0f-1318a5da00f0 tempest-AttachVolumeNegativeTest-679818894 tempest-AttachVolumeNegativeTest-679818894-project] Attributes excluded by policy engine: ['standard_attr_id', 'binding:profile', 'binding:host_id', 'binding:vif_type', 'binding:vif_details'] {{(pid=101302) _exclude_attributes_by_policy /opt/stack/neutron/neutron/pecan_wsgi/hooks/policy_enforcement.py:255}}
Oct 29 13:34:31.631791 dv-cinder-815884-1-smb neutron-server[101302]: INFO neutron.wsgi [req-23e27cf8-74c2-424f-9eb6-327684c3eebb req-4d221d93-97e0-4333-bd0f-1318a5da00f0 tempest-AttachVolumeNegativeTest-679818894 tempest-AttachVolumeNegativeTest-679818894-project] 10.222.0.71 "GET /v2.0/ports?device_id=2de48b5c-2b75-4dd8-8ebc-f0449940a048 HTTP/1.1" status: 200 len: 945 time: 0.0783870
Oct 29 13:34:31.713750 dv-cinder-815884-1-smb neutron-server[101302]: INFO neutron.wsgi [req-23e27cf8-74c2-424f-9eb6-327684c3eebb req-6bd7bdd9-cb8a-4e85-a220-9b6e761f11ac tempest-AttachVolumeNegativeTest-679818894 tempest-AttachVolumeNegativeTest-679818894-project] 10.222.0.71 "GET /v2.0/security-groups?id=17136145-c6ca-4c8a-9e15-e448623bccdc&fields=id&fields=name HTTP/1.1" status: 200 len: 286 time: 0.0713129
Oct 29 13:34:32.148262 dv-cinder-815884-1-smb neutron-server[101302]: DEBUG neutron.pecan_wsgi.hooks.policy_enforcement [req-729e7730-0e3f-4149-a5e2-540bb28a2643 req-3d8486cb-db76-43a2-a0f3-21a7baa9f866 tempest-ServerRescueNegativeTestJSON-1958771336 tempest-ServerRescueNegativeTestJSON-1958771336-project] Attributes excluded by policy engine: ['standard_attr_id', 'binding:profile', 'binding:host_id', 'binding:vif_type', 'binding:vif_details'] {{(pid=101302) _exclude_attributes_by_policy /opt/stack/neutron/neutron/pecan_wsgi/hooks/policy_enforcement.py:255}}
Oct 29 13:34:32.149742 dv-cinder-815884-1-smb neutron-server[101302]: INFO neutron.wsgi [req-729e7730-0e3f-4149-a5e2-540bb28a2643 req-3d8486cb-db76-43a2-a0f3-21a7baa9f866 tempest-ServerRescueNegativeTestJSON-1958771336 tempest-ServerRescueNegativeTestJSON-1958771336-project] 10.222.0.71 "GET /v2.0/ports?device_id=15f12763-201c-412c-bf6c-444a5d605ae0 HTTP/1.1" status: 200 len: 945 time: 0.0486181
Oct 29 13:34:32.188312 dv-cinder-815884-1-smb neutron-server[101302]: INFO neutron.wsgi [req-729e7730-0e3f-4149-a5e2-540bb28a2643 req-f81f0c78-2a2d-40bf-ac34-79152960a032 tempest-ServerRescueNegativeTestJSON-1958771336 tempest-ServerRescueNegativeTestJSON-1958771336-project] 10.222.0.71 "GET /v2.0/security-groups?id=aa59cc39-b70d-4c75-bb31-b23183382881&fields=id&fields=name HTTP/1.1" status: 200 len: 286 time: 0.0319779
Oct 29 13:34:32.838522 dv-cinder-815884-1-smb neutron-server[101302]: DEBUG neutron.pecan_wsgi.hooks.policy_enforcement [req-0dfd00a7-e70a-401d-8fa1-a4bdaa446be5 req-3962d408-31e6-44d3-aa93-e15672495e5c tempest-AttachVolumeNegativeTest-679818894 tempest-AttachVolumeNegativeTest-679818894-project] Attributes excluded by policy engine: ['standard_attr_id', 'binding:profile', 'binding:host_id', 'binding:vif_type', 'binding:vif_details'] {{(pid=101302) _exclude_attributes_by_policy /opt/stack/neutron/neutron/pecan_wsgi/hooks/policy_enforcement.py:255}}
Oct 29 13:34:32.843646 dv-cinder-815884-1-smb neutron-server[101302]: INFO neutron.wsgi [req-0dfd00a7-e70a-401d-8fa1-a4bdaa446be5 req-3962d408-31e6-44d3-aa93-e15672495e5c tempest-AttachVolumeNegativeTest-679818894 tempest-AttachVolumeNegativeTest-679818894-project] 10.222.0.71 "GET /v2.0/ports?device_id=2de48b5c-2b75-4dd8-8ebc-f0449940a048 HTTP/1.1" status: 200 len: 945 time: 0.0640543
Oct 29 13:34:32.888873 dv-cinder-815884-1-smb neutron-server[101302]: INFO neutron.wsgi [req-0dfd00a7-e70a-401d-8fa1-a4bdaa446be5 req-922d0674-6341-465f-bb0d-2efb8a003ceb tempest-AttachVolumeNegativeTest-679818894 tempest-AttachVolumeNegativeTest-679818894-project] 10.222.0.71 "GET /v2.0/security-groups?id=17136145-c6ca-4c8a-9e15-e448623bccdc&fields=id&fields=name HTTP/1.1" status: 200 len: 286 time: 0.0422909
Oct 29 13:34:33.026066 dv-cinder-815884-1-smb neutron-server[101303]: DEBUG neutron.plugins.ml2.rpc [None req-a8a76bad-8372-46bf-93d3-392aac52555a None None] Device 99ab3396-9873-4930-a8d0-4e1fed7df654 up at agent hyperv_hv-cinder-81588 {{(pid=101303) update_device_up /opt/stack/neutron/neutron/plugins/ml2/rpc.py:296}}
Oct 29 13:34:33.081259 dv-cinder-815884-1-smb neutron-server[101303]: DEBUG neutron.db.provisioning_blocks [None req-a8a76bad-8372-46bf-93d3-392aac52555a None None] Provisioning for port 99ab3396-9873-4930-a8d0-4e1fed7df654 completed by entity L2. {{(pid=101303) provisioning_complete /opt/stack/neutron/neutron/db/provisioning_blocks.py:133}}
Oct 29 13:34:33.086370 dv-cinder-815884-1-smb neutron-server[101303]: DEBUG neutron.db.provisioning_blocks [None req-a8a76bad-8372-46bf-93d3-392aac52555a None None] Provisioning complete for port 99ab3396-9873-4930-a8d0-4e1fed7df654 triggered by entity L2. {{(pid=101303) provisioning_complete /opt/stack/neutron/neutron/db/provisioning_blocks.py:139}}
Oct 29 13:34:33.086781 dv-cinder-815884-1-smb neutron-server[101303]: DEBUG neutron_lib.callbacks.manager [None req-a8a76bad-8372-46bf-93d3-392aac52555a None None] Notify callbacks ['neutron.plugins.ml2.plugin.Ml2Plugin._port_provisioned-525916'] for port, provisioning_complete {{(pid=101303) _notify_loop /usr/local/lib/python3.8/dist-packages/neutron_lib/callbacks/manager.py:192}}
Oct 29 13:34:33.185782 dv-cinder-815884-1-smb neutron-server[101303]: DEBUG neutron_lib.callbacks.manager [None req-a8a76bad-8372-46bf-93d3-392aac52555a None None] Notify callbacks ['neutron.plugins.ml2.plugin.SecurityGroupDbMixin._ensure_default_security_group_handler-653368'] for port, before_update {{(pid=101303) _notify_loop /usr/local/lib/python3.8/dist-packages/neutron_lib/callbacks/manager.py:192}}
Oct 29 13:34:33.210721 dv-cinder-815884-1-smb neutron-server[101303]: DEBUG neutron.notifiers.nova [-] Sending events: [{'server_uuid': '2de48b5c-2b75-4dd8-8ebc-f0449940a048', 'name': 'network-vif-plugged', 'status': 'completed', 'tag': '99ab3396-9873-4930-a8d0-4e1fed7df654'}] {{(pid=101303) send_events /opt/stack/neutron/neutron/notifiers/nova.py:262}}
Oct 29 13:34:33.217934 dv-cinder-815884-1-smb neutron-server[101303]: DEBUG novaclient.v2.client [-] REQ: curl -g -i --cacert "/opt/stack/data/ca-bundle.pem" -X POST http://10.222.0.71/compute/v2.1/os-server-external-events -H "Accept: application/json" -H "Content-Type: application/json" -H "User-Agent: python-novaclient" -H "X-Auth-Token: {SHA256}fad009728cc144c8633541a1561efb9d62ef1dd95af377a29fdeb4e321edc9dc" -H "X-OpenStack-Nova-API-Version: 2.1" -H "X-OpenStack-Request-ID: req-49af4218-bda5-452a-9961-c15fa7e17569" -d '{"events": [{"server_uuid": "2de48b5c-2b75-4dd8-8ebc-f0449940a048", "name": "network-vif-plugged", "status": "completed", "tag": "99ab3396-9873-4930-a8d0-4e1fed7df654"}]}' {{(pid=101303) _http_log_request /usr/local/lib/python3.8/dist-packages/keystoneauth1/session.py:519}}
Oct 29 13:34:33.236054 dv-cinder-815884-1-smb neutron-server[101303]: DEBUG neutron.plugins.ml2.db [None req-a8a76bad-8372-46bf-93d3-392aac52555a None None] For port 99ab3396-9873-4930-a8d0-4e1fed7df654, host hv-cinder-81588, got binding levels [PortBindingLevel(driver='hyperv',host='hv-cinder-81588',level=0,port_id=99ab3396-9873-4930-a8d0-4e1fed7df654,segment=NetworkSegment(d2b04e5e-f947-4ccc-bd5d-1e0889acc615),segment_id=d2b04e5e-f947-4ccc-bd5d-1e0889acc615)] {{(pid=101303) get_binding_level_objs /opt/stack/neutron/neutron/plugins/ml2/db.py:74}}
Oct 29 13:34:33.247859 dv-cinder-815884-1-smb neutron-server[101303]: DEBUG neutron_lib.callbacks.manager [None req-a8a76bad-8372-46bf-93d3-392aac52555a None None] Notify callbacks ['neutron.plugins.ml2.plugin.SecurityGroupServerNotifierRpcMixin._notify_sg_on_port_change-653561', 'neutron.plugins.ml2.ovo_rpc._ObjectChangeHandler.handle_event-1967046', 'neutron.api.rpc.agentnotifiers.dhcp_rpc_agent_api.DhcpAgentNotifyAPI._native_event_send_dhcp_notification-1601861', 'neutron.db.l3_db.L3RpcNotifierMixin._notify_gateway_port_ip_changed-8756697116474', 'neutron.db.l3_dvrscheduler_db._notify_l3_agent_port_update-8756696597306', 'neutron.db.l3_hascheduler_db._notify_l3_agent_ha_port_update-8756696597324'] for port, after_update {{(pid=101303) _notify_loop /usr/local/lib/python3.8/dist-packages/neutron_lib/callbacks/manager.py:192}}
Oct 29 13:34:33.293885 dv-cinder-815884-1-smb neutron-server[101303]: DEBUG novaclient.v2.client [-] RESP: [200] Connection: close Content-Length: 183 Content-Type: application/json Date: Fri, 29 Oct 2021 13:34:33 GMT OpenStack-API-Version: compute 2.1 Server: Apache/2.4.41 (Ubuntu) Vary: OpenStack-API-Version,X-OpenStack-Nova-API-Version X-OpenStack-Nova-API-Version: 2.1 x-compute-request-id: req-1ed6d4b0-1e74-458e-95ce-7c1acd481031 x-openstack-request-id: req-1ed6d4b0-1e74-458e-95ce-7c1acd481031 {{(pid=101303) _http_log_response /usr/local/lib/python3.8/dist-packages/keystoneauth1/session.py:550}}
Oct 29 13:34:33.294354 dv-cinder-815884-1-smb neutron-server[101303]: DEBUG novaclient.v2.client [-] RESP BODY: {"events": [{"server_uuid": "2de48b5c-2b75-4dd8-8ebc-f0449940a048", "name": "network-vif-plugged", "status": "completed", "tag": "99ab3396-9873-4930-a8d0-4e1fed7df654", "code": 200}]} {{(pid=101303) _http_log_response /usr/local/lib/python3.8/dist-packages/keystoneauth1/session.py:582}}
Oct 29 13:34:33.294604 dv-cinder-815884-1-smb neutron-server[101303]: DEBUG novaclient.v2.client [-] POST call to compute for http://10.222.0.71/compute/v2.1/os-server-external-events used request id req-1ed6d4b0-1e74-458e-95ce-7c1acd481031 {{(pid=101303) request /usr/local/lib/python3.8/dist-packages/keystoneauth1/session.py:954}}
Oct 29 13:34:33.295033 dv-cinder-815884-1-smb neutron-server[101303]: INFO neutron.notifiers.nova [-] Nova event response: {'server_uuid': '2de48b5c-2b75-4dd8-8ebc-f0449940a048', 'name': 'network-vif-plugged', 'status': 'completed', 'tag': '99ab3396-9873-4930-a8d0-4e1fed7df654', 'code': 200}
Oct 29 13:34:33.326367 dv-cinder-815884-1-smb neutron-server[101303]: DEBUG neutron.api.rpc.handlers.resources_rpc [None req-a8a76bad-8372-46bf-93d3-392aac52555a None None] Pushing event updated for resources: {'Port': ['ID=99ab3396-9873-4930-a8d0-4e1fed7df654,revision_number=5']} {{(pid=101303) push /opt/stack/neutron/neutron/api/rpc/handlers/resources_rpc.py:237}}
Oct 29 13:34:33.372838 dv-cinder-815884-1-smb neutron-server[101302]: DEBUG neutron.pecan_wsgi.hooks.policy_enforcement [req-90792725-29cd-4fa2-8ffd-87cd32c217c7 req-70840d08-0743-482d-846b-9b30343a5de0 tempest-ServerRescueNegativeTestJSON-1958771336 tempest-ServerRescueNegativeTestJSON-1958771336-project] Attributes excluded by policy engine: ['standard_attr_id', 'binding:profile', 'binding:host_id', 'binding:vif_type', 'binding:vif_details'] {{(pid=101302) _exclude_attributes_by_policy /opt/stack/neutron/neutron/pecan_wsgi/hooks/policy_enforcement.py:255}}
Oct 29 13:34:33.374467 dv-cinder-815884-1-smb neutron-server[101302]: INFO neutron.wsgi [req-90792725-29cd-4fa2-8ffd-87cd32c217c7 req-70840d08-0743-482d-846b-9b30343a5de0 tempest-ServerRescueNegativeTestJSON-1958771336 tempest-ServerRescueNegativeTestJSON-1958771336-project] 10.222.0.71 "GET /v2.0/ports?device_id=15f12763-201c-412c-bf6c-444a5d605ae0 HTTP/1.1" status: 200 len: 945 time: 0.0897398
Oct 29 13:34:33.421143 dv-cinder-815884-1-smb neutron-server[101302]: INFO neutron.wsgi [req-90792725-29cd-4fa2-8ffd-87cd32c217c7 req-301bbcaf-0299-4944-adfe-f899b20c06d9 tempest-ServerRescueNegativeTestJSON-1958771336 tempest-ServerRescueNegativeTestJSON-1958771336-project] 10.222.0.71 "GET /v2.0/security-groups?id=aa59cc39-b70d-4c75-bb31-b23183382881&fields=id&fields=name HTTP/1.1" status: 200 len: 286 time: 0.0369925
Oct 29 13:34:33.462362 dv-cinder-815884-1-smb neutron-server[101301]: DEBUG neutron.wsgi [-] (101301) accepted ('10.222.0.71', 60846) {{(pid=101301) server /usr/local/lib/python3.8/dist-packages/eventlet/wsgi.py:982}}
Oct 29 13:34:33.507804 dv-cinder-815884-1-smb neutron-server[101302]: DEBUG neutron.pecan_wsgi.hooks.policy_enforcement [req-de784674-5b0a-48fa-aae7-7046427959b7 req-a0c33766-0888-4915-b4d4-d1754acb5d59 service neutron] Attributes excluded by policy engine: ['standard_attr_id'] {{(pid=101302) _exclude_attributes_by_policy /opt/stack/neutron/neutron/pecan_wsgi/hooks/policy_enforcement.py:255}}
Oct 29 13:34:33.509298 dv-cinder-815884-1-smb neutron-server[101302]: INFO neutron.wsgi [req-de784674-5b0a-48fa-aae7-7046427959b7 req-a0c33766-0888-4915-b4d4-d1754acb5d59 service neutron] 10.222.0.72 "GET /v2.0/ports?device_id=2de48b5c-2b75-4dd8-8ebc-f0449940a048 HTTP/1.1" status: 200 len: 1099 time: 0.0397952
Oct 29 13:34:33.551491 dv-cinder-815884-1-smb neutron-server[101302]: INFO neutron.wsgi [req-de784674-5b0a-48fa-aae7-7046427959b7 req-d1bedbd4-a8ff-4c69-bce9-7d3015f97aab service neutron] 10.222.0.72 "GET /v2.0/security-groups?id=17136145-c6ca-4c8a-9e15-e448623bccdc&fields=id&fields=name HTTP/1.1" status: 200 len: 286 time: 0.0297775
Oct 29 13:34:33.567856 dv-cinder-815884-1-smb neutron-server[101301]: DEBUG neutron_lib.callbacks.manager [None req-c622ed7f-fe7d-499d-af2f-1f53d1b0b87d admin admin] Notify callbacks [] for security_group, before_create {{(pid=101301) _notify_loop /usr/local/lib/python3.8/dist-packages/neutron_lib/callbacks/manager.py:192}}
Oct 29 13:34:33.654824 dv-cinder-815884-1-smb neutron-server[101301]: DEBUG neutron_lib.callbacks.manager [None req-c622ed7f-fe7d-499d-af2f-1f53d1b0b87d admin admin] Notify callbacks [] for security_group, precommit_create {{(pid=101301) _notify_loop /usr/local/lib/python3.8/dist-packages/neutron_lib/callbacks/manager.py:192}}
